[INFO] fetching crate dioxus-document 0.6.0...
[INFO] testing dioxus-document-0.6.0 against beta-2024-12-08 for beta-1.84.0-4-retry
[INFO] extracting crate dioxus-document 0.6.0 into /workspace/builds/worker-1-tc2/source
[INFO] validating manifest of crates.io crate dioxus-document 0.6.0 on toolchain beta-2024-12-08
[INFO] running `Command { std: CARGO_HOME="/workspace/cargo-home" RUSTUP_HOME="/workspace/rustup-home" "/workspace/cargo-home/bin/cargo" "+beta-2024-12-08" "metadata" "--manifest-path" "Cargo.toml" "--no-deps", kill_on_drop: false }`
[INFO] started tweaking crates.io crate dioxus-document 0.6.0
[INFO] finished tweaking crates.io crate dioxus-document 0.6.0
[INFO] tweaked toml for crates.io crate dioxus-document 0.6.0 written to /workspace/builds/worker-1-tc2/source/Cargo.toml
[INFO] running `Command { std: CARGO_HOME="/workspace/cargo-home" RUSTUP_HOME="/workspace/rustup-home" "/workspace/cargo-home/bin/cargo" "+beta-2024-12-08" "generate-lockfile" "--manifest-path" "Cargo.toml", kill_on_drop: false }`
[INFO] [stderr]     Updating crates.io index
[INFO] [stderr]      Locking 75 packages to latest compatible versions
[INFO] running `Command { std: CARGO_HOME="/workspace/cargo-home" RUSTUP_HOME="/workspace/rustup-home" "/workspace/cargo-home/bin/cargo" "+beta-2024-12-08" "fetch" "--manifest-path" "Cargo.toml", kill_on_drop: false }`
[INFO] running `Command { std: "docker" "create" "-v" "/var/lib/crater-agent-workspace/builds/worker-1-tc2/target:/opt/rustwide/target:rw,Z" "-v" "/var/lib/crater-agent-workspace/builds/worker-1-tc2/source:/opt/rustwide/workdir:ro,Z" "-v" "/var/lib/crater-agent-workspace/cargo-home:/opt/rustwide/cargo-home:ro,Z" "-v" "/var/lib/crater-agent-workspace/rustup-home:/opt/rustwide/rustup-home:ro,Z" "-e" "SOURCE_DIR=/opt/rustwide/workdir" "-e" "CARGO_TARGET_DIR=/opt/rustwide/target" "-e" "CARGO_HOME=/opt/rustwide/cargo-home" "-e" "RUSTUP_HOME=/opt/rustwide/rustup-home" "-w" "/opt/rustwide/workdir" "-m" "1610612736" "--user" "0:0" "--network" "none" "ghcr.io/rust-lang/crates-build-env/linux@sha256:f3a9d4ad9d972b27faf3965f35b62e55ba32bbce8f20bc8fe909558a86702fde" "/opt/rustwide/cargo-home/bin/cargo" "+beta-2024-12-08" "metadata" "--no-deps" "--format-version=1", kill_on_drop: false }`
[INFO] [stdout] ec45167fa1459ba1d0cbc09fa17d8160128da9f077225813ae06bb0326e99781
[INFO] running `Command { std: "docker" "start" "-a" "ec45167fa1459ba1d0cbc09fa17d8160128da9f077225813ae06bb0326e99781", kill_on_drop: false }`
[INFO] running `Command { std: "docker" "inspect" "ec45167fa1459ba1d0cbc09fa17d8160128da9f077225813ae06bb0326e99781", kill_on_drop: false }`
[INFO] running `Command { std: "docker" "rm" "-f" "ec45167fa1459ba1d0cbc09fa17d8160128da9f077225813ae06bb0326e99781", kill_on_drop: false }`
[INFO] [stdout] ec45167fa1459ba1d0cbc09fa17d8160128da9f077225813ae06bb0326e99781
[INFO] running `Command { std: "docker" "create" "-v" "/var/lib/crater-agent-workspace/builds/worker-1-tc2/target:/opt/rustwide/target:rw,Z" "-v" "/var/lib/crater-agent-workspace/builds/worker-1-tc2/source:/opt/rustwide/workdir:ro,Z" "-v" "/var/lib/crater-agent-workspace/cargo-home:/opt/rustwide/cargo-home:ro,Z" "-v" "/var/lib/crater-agent-workspace/rustup-home:/opt/rustwide/rustup-home:ro,Z" "-e" "SOURCE_DIR=/opt/rustwide/workdir" "-e" "CARGO_TARGET_DIR=/opt/rustwide/target" "-e" "CARGO_INCREMENTAL=0" "-e" "RUST_BACKTRACE=full" "-e" "RUSTFLAGS=--cap-lints=warn" "-e" "RUSTDOCFLAGS=--cap-lints=warn" "-e" "CARGO_HOME=/opt/rustwide/cargo-home" "-e" "RUSTUP_HOME=/opt/rustwide/rustup-home" "-w" "/opt/rustwide/workdir" "-m" "1610612736" "--user" "0:0" "--network" "none" "ghcr.io/rust-lang/crates-build-env/linux@sha256:f3a9d4ad9d972b27faf3965f35b62e55ba32bbce8f20bc8fe909558a86702fde" "/opt/rustwide/cargo-home/bin/cargo" "+beta-2024-12-08" "build" "--frozen" "--message-format=json", kill_on_drop: false }`
[INFO] [stdout] a98c8b18ce89217b94e8fe1a530ad8f88e0363cf300e96bccf04eaa0525bc539
[INFO] running `Command { std: "docker" "start" "-a" "a98c8b18ce89217b94e8fe1a530ad8f88e0363cf300e96bccf04eaa0525bc539", kill_on_drop: false }`
[INFO] [stderr]    Compiling proc-macro2 v1.0.92
[INFO] [stderr]    Compiling unicode-ident v1.0.14
[INFO] [stderr]    Compiling autocfg v1.4.0
[INFO] [stderr]    Compiling version_check v0.9.5
[INFO] [stderr]    Compiling once_cell v1.20.2
[INFO] [stderr]    Compiling libc v0.2.168
[INFO] [stderr]    Compiling parking_lot_core v0.9.10
[INFO] [stderr]    Compiling pin-project-lite v0.2.15
[INFO] [stderr]    Compiling serde v1.0.216
[INFO] [stderr]    Compiling tracing-core v0.1.33
[INFO] [stderr]    Compiling smallvec v1.13.2
[INFO] [stderr]    Compiling cfg-if v1.0.0
[INFO] [stderr]    Compiling scopeguard v1.2.0
[INFO] [stderr]    Compiling fnv v1.0.7
[INFO] [stderr]    Compiling unicode-xid v0.2.6
[INFO] [stderr]    Compiling slotmap v1.0.7
[INFO] [stderr]    Compiling futures-core v0.3.31
[INFO] [stderr]    Compiling rustversion v1.0.18
[INFO] [stderr]    Compiling ident_case v1.0.1
[INFO] [stderr]    Compiling lock_api v0.4.12
[INFO] [stderr]    Compiling slab v0.4.9
[INFO] [stderr]    Compiling proc-macro2-diagnostics v0.10.1
[INFO] [stderr]    Compiling pin-utils v0.1.0
[INFO] [stderr]    Compiling futures-task v0.3.31
[INFO] [stderr]    Compiling futures-channel v0.3.31
[INFO] [stderr]    Compiling num-traits v0.2.19
[INFO] [stderr]    Compiling quote v1.0.37
[INFO] [stderr]    Compiling syn v2.0.90
[INFO] [stderr]    Compiling dioxus-core-types v0.6.0
[INFO] [stderr]    Compiling longest-increasing-subsequence v0.1.0
[INFO] [stderr]    Compiling rustc-hash v1.1.0
[INFO] [stderr]    Compiling unicode-segmentation v1.12.0
[INFO] [stderr]    Compiling futures-util v0.3.31
[INFO] [stderr]    Compiling lazy-js-bundle v0.6.0
[INFO] [stderr]    Compiling const_format_proc_macros v0.2.34
[INFO] [stderr]    Compiling parking_lot v0.12.3
[INFO] [stderr]    Compiling bitflags v2.6.0
[INFO] [stderr]    Compiling convert_case v0.6.0
[INFO] [stderr]    Compiling serde_json v1.0.133
[INFO] [stderr]    Compiling keyboard-types v0.7.0
[INFO] [stderr]    Compiling dioxus-document v0.6.0 (/opt/rustwide/workdir)
[INFO] [stderr]    Compiling memchr v2.7.4
[INFO] [stderr]    Compiling itoa v1.0.14
[INFO] [stderr]    Compiling const_format v0.2.34
[INFO] [stderr]    Compiling ryu v1.0.18
[INFO] [stderr]    Compiling euclid v0.22.11
[INFO] [stderr]    Compiling darling_core v0.20.10
[INFO] [stderr]    Compiling dioxus-rsx v0.6.0
[INFO] [stderr]    Compiling serde_derive v1.0.216
[INFO] [stderr]    Compiling tracing-attributes v0.1.28
[INFO] [stderr]    Compiling pin-project-internal v1.1.7
[INFO] [stderr]    Compiling warnings-macro v0.2.0
[INFO] [stderr]    Compiling dioxus-html-internal-macro v0.6.0
[INFO] [stderr]    Compiling dioxus-core-macro v0.6.0
[INFO] [stderr]    Compiling pin-project v1.1.7
[INFO] [stderr]    Compiling darling_macro v0.20.10
[INFO] [stderr]    Compiling tracing v0.1.41
[INFO] [stderr]    Compiling generational-box v0.6.0
[INFO] [stderr]    Compiling warnings v0.2.1
[INFO] [stderr]    Compiling darling v0.20.10
[INFO] [stderr]    Compiling enumset_derive v0.10.0
[INFO] [stderr]    Compiling enumset v1.1.5
[INFO] [stderr]    Compiling dioxus-core v0.6.0
[INFO] [stderr]    Compiling dioxus-signals v0.6.0
[INFO] [stderr]    Compiling dioxus-hooks v0.6.0
[INFO] [stderr]    Compiling dioxus-html v0.6.0
[INFO] [stderr]     Finished `dev` profile [unoptimized + debuginfo] target(s) in 55.04s
[INFO] running `Command { std: "docker" "inspect" "a98c8b18ce89217b94e8fe1a530ad8f88e0363cf300e96bccf04eaa0525bc539", kill_on_drop: false }`
[INFO] running `Command { std: "docker" "rm" "-f" "a98c8b18ce89217b94e8fe1a530ad8f88e0363cf300e96bccf04eaa0525bc539", kill_on_drop: false }`
[INFO] [stdout] a98c8b18ce89217b94e8fe1a530ad8f88e0363cf300e96bccf04eaa0525bc539
[INFO] running `Command { std: "docker" "create" "-v" "/var/lib/crater-agent-workspace/builds/worker-1-tc2/target:/opt/rustwide/target:rw,Z" "-v" "/var/lib/crater-agent-workspace/builds/worker-1-tc2/source:/opt/rustwide/workdir:ro,Z" "-v" "/var/lib/crater-agent-workspace/cargo-home:/opt/rustwide/cargo-home:ro,Z" "-v" "/var/lib/crater-agent-workspace/rustup-home:/opt/rustwide/rustup-home:ro,Z" "-e" "SOURCE_DIR=/opt/rustwide/workdir" "-e" "CARGO_TARGET_DIR=/opt/rustwide/target" "-e" "CARGO_INCREMENTAL=0" "-e" "RUST_BACKTRACE=full" "-e" "RUSTFLAGS=--cap-lints=warn" "-e" "RUSTDOCFLAGS=--cap-lints=warn" "-e" "CARGO_HOME=/opt/rustwide/cargo-home" "-e" "RUSTUP_HOME=/opt/rustwide/rustup-home" "-w" "/opt/rustwide/workdir" "-m" "1610612736" "--user" "0:0" "--network" "none" "ghcr.io/rust-lang/crates-build-env/linux@sha256:f3a9d4ad9d972b27faf3965f35b62e55ba32bbce8f20bc8fe909558a86702fde" "/opt/rustwide/cargo-home/bin/cargo" "+beta-2024-12-08" "test" "--frozen" "--no-run" "--message-format=json", kill_on_drop: false }`
[INFO] [stdout] b95e5f682e59bdc23b0e10b7e4ffd2250134d35317ec151c56e7494351de7c31
[INFO] running `Command { std: "docker" "start" "-a" "b95e5f682e59bdc23b0e10b7e4ffd2250134d35317ec151c56e7494351de7c31", kill_on_drop: false }`
[INFO] [stderr]    Compiling dioxus-document v0.6.0 (/opt/rustwide/workdir)
[INFO] [stderr]     Finished `test` profile [unoptimized + debuginfo] target(s) in 0.96s
[INFO] running `Command { std: "docker" "inspect" "b95e5f682e59bdc23b0e10b7e4ffd2250134d35317ec151c56e7494351de7c31", kill_on_drop: false }`
[INFO] running `Command { std: "docker" "rm" "-f" "b95e5f682e59bdc23b0e10b7e4ffd2250134d35317ec151c56e7494351de7c31", kill_on_drop: false }`
[INFO] [stdout] b95e5f682e59bdc23b0e10b7e4ffd2250134d35317ec151c56e7494351de7c31
[INFO] running `Command { std: "docker" "create" "-v" "/var/lib/crater-agent-workspace/builds/worker-1-tc2/target:/opt/rustwide/target:rw,Z" "-v" "/var/lib/crater-agent-workspace/builds/worker-1-tc2/source:/opt/rustwide/workdir:ro,Z" "-v" "/var/lib/crater-agent-workspace/cargo-home:/opt/rustwide/cargo-home:ro,Z" "-v" "/var/lib/crater-agent-workspace/rustup-home:/opt/rustwide/rustup-home:ro,Z" "-e" "SOURCE_DIR=/opt/rustwide/workdir" "-e" "CARGO_TARGET_DIR=/opt/rustwide/target" "-e" "CARGO_INCREMENTAL=0" "-e" "RUST_BACKTRACE=full" "-e" "RUSTFLAGS=--cap-lints=warn" "-e" "RUSTDOCFLAGS=--cap-lints=warn" "-e" "CARGO_HOME=/opt/rustwide/cargo-home" "-e" "RUSTUP_HOME=/opt/rustwide/rustup-home" "-w" "/opt/rustwide/workdir" "-m" "1610612736" "--user" "0:0" "--network" "none" "ghcr.io/rust-lang/crates-build-env/linux@sha256:f3a9d4ad9d972b27faf3965f35b62e55ba32bbce8f20bc8fe909558a86702fde" "/opt/rustwide/cargo-home/bin/cargo" "+beta-2024-12-08" "test" "--frozen", kill_on_drop: false }`
[INFO] [stdout] 56604b7d79c5653ac5426cc63e7f51fb874c9ac8da60bd38d55fd5b4cc6b9c12
[INFO] running `Command { std: "docker" "start" "-a" "56604b7d79c5653ac5426cc63e7f51fb874c9ac8da60bd38d55fd5b4cc6b9c12", kill_on_drop: false }`
[INFO] [stderr]     Finished `test` profile [unoptimized + debuginfo] target(s) in 0.08s
[INFO] [stderr]      Running unittests src/lib.rs (/opt/rustwide/target/debug/deps/dioxus_document-ce6859fb8c04db02)
[INFO] [stdout] 
[INFO] [stdout] running 0 tests
[INFO] [stdout] 
[INFO] [stdout] test result: ok. 0 passed; 0 failed; 0 ignored; 0 measured; 0 filtered out; finished in 0.00s
[INFO] [stdout] 
[INFO] [stderr]    Doc-tests dioxus_document
[INFO] [stdout] 
[INFO] [stdout] running 20 tests
[INFO] [stdout] test src/elements/title.rs - elements::title::Title (line 20) - compile ... FAILED
[INFO] [stdout] test src/elements/style.rs - elements::style::Style (line 47) - compile ... FAILED
[INFO] [stdout] test src/elements/stylesheet.rs - elements::stylesheet::Stylesheet (line 8) ... FAILED
[INFO] [stdout] test src/elements/mod.rs - elements (line 22) - compile ... FAILED
[INFO] [stdout] test src/elements/link.rs - elements::link::Link (line 82) - compile ... FAILED
[INFO] [stdout] test src/elements/script.rs - elements::script::Script (line 71) - compile ... FAILED
[INFO] [stdout] test src/elements/meta.rs - elements::meta::Meta (line 44) - compile ... FAILED
[INFO] [stdout] test src/eval.rs - eval (line 37) ... FAILED
[INFO] [stdout] test src/elements/mod.rs - elements (line 42) - compile ... FAILED
[INFO] [stdout] test src/eval.rs - eval (line 67) ... FAILED
[INFO] [stdout] test src/eval.rs - eval (line 13) ... FAILED
[INFO] [stdout] test src/eval.rs - eval::Eval (line 75) ... FAILED
[INFO] [stdout] test src/eval.rs - eval::Eval (line 45) ... FAILED
[INFO] [stdout] test src/eval.rs - eval::Eval (line 21) ... FAILED
[INFO] [stdout] test src/eval.rs - eval::Eval (line 104) ... FAILED
[INFO] [stdout] test src/eval.rs - eval (line 96) ... FAILED
[INFO] [stdout] test src/lib.rs - eval (line 122) ... FAILED
[INFO] [stdout] test src/lib.rs - eval (line 93) ... FAILED
[INFO] [stdout] test src/lib.rs - eval (line 39) ... FAILED
[INFO] [stdout] test src/lib.rs - eval (line 63) ... FAILED
[INFO] [stdout] 
[INFO] [stdout] failures:
[INFO] [stdout] 
[INFO] [stdout] ---- src/elements/title.rs - elements::title::Title (line 20) stdout ----
[INFO] [stdout] error[E0433]: failed to resolve: use of undeclared crate or module `dioxus`
[INFO] [stdout]  --> src/elements/title.rs:21:5
[INFO] [stdout]   |
[INFO] [stdout] 3 | use dioxus::prelude::*;
[INFO] [stdout]   |     ^^^^^^ use of undeclared crate or module `dioxus`
[INFO] [stdout] 
[INFO] [stdout] error: cannot find macro `rsx` in this scope
[INFO] [stdout]  --> src/elements/title.rs:23:5
[INFO] [stdout]   |
[INFO] [stdout] 5 |     rsx! {
[INFO] [stdout]   |     ^^^
[INFO] [stdout]   |
[INFO] [stdout] help: consider importing this macro
[INFO] [stdout]   |
[INFO] [stdout] 2 + use dioxus_core_macro::rsx;
[INFO] [stdout]   |
[INFO] [stdout] 
[INFO] [stdout] error[E0412]: cannot find type `Element` in this scope
[INFO] [stdout]  --> src/elements/title.rs:22:13
[INFO] [stdout]   |
[INFO] [stdout] 4 | fn App() -> Element {
[INFO] [stdout]   |             ^^^^^^^ not found in this scope
[INFO] [stdout]   |
[INFO] [stdout] help: consider importing this type alias
[INFO] [stdout]   |
[INFO] [stdout] 2 + use dioxus_core::Element;
[INFO] [stdout]   |
[INFO] [stdout] 
[INFO] [stdout] error: aborting due to 3 previous errors
[INFO] [stdout] 
[INFO] [stdout] Some errors have detailed explanations: E0412, E0433.
[INFO] [stdout] For more information about an error, try `rustc --explain E0412`.
[INFO] [stdout] Couldn't compile the test.
[INFO] [stdout] ---- src/elements/style.rs - elements::style::Style (line 47) stdout ----
[INFO] [stdout] error[E0433]: failed to resolve: use of undeclared crate or module `dioxus`
[INFO] [stdout]  --> src/elements/style.rs:48:5
[INFO] [stdout]   |
[INFO] [stdout] 3 | use dioxus::prelude::*;
[INFO] [stdout]   |     ^^^^^^ use of undeclared crate or module `dioxus`
[INFO] [stdout] 
[INFO] [stdout] error: cannot find macro `rsx` in this scope
[INFO] [stdout]  --> src/elements/style.rs:50:5
[INFO] [stdout]   |
[INFO] [stdout] 5 |     rsx! {
[INFO] [stdout]   |     ^^^
[INFO] [stdout]   |
[INFO] [stdout] help: consider importing this macro
[INFO] [stdout]   |
[INFO] [stdout] 2 + use dioxus_core_macro::rsx;
[INFO] [stdout]   |
[INFO] [stdout] 
[INFO] [stdout] error[E0412]: cannot find type `Element` in this scope
[INFO] [stdout]  --> src/elements/style.rs:49:23
[INFO] [stdout]   |
[INFO] [stdout] 4 | fn RedBackground() -> Element {
[INFO] [stdout]   |                       ^^^^^^^ not found in this scope
[INFO] [stdout]   |
[INFO] [stdout] help: consider importing this type alias
[INFO] [stdout]   |
[INFO] [stdout] 2 + use dioxus_core::Element;
[INFO] [stdout]   |
[INFO] [stdout] 
[INFO] [stdout] error: aborting due to 3 previous errors
[INFO] [stdout] 
[INFO] [stdout] Some errors have detailed explanations: E0412, E0433.
[INFO] [stdout] For more information about an error, try `rustc --explain E0412`.
[INFO] [stdout] Couldn't compile the test.
[INFO] [stdout] ---- src/elements/stylesheet.rs - elements::stylesheet::Stylesheet (line 8) stdout ----
[INFO] [stdout] error[E0433]: failed to resolve: use of undeclared crate or module `dioxus`
[INFO] [stdout]  --> src/elements/stylesheet.rs:9:5
[INFO] [stdout]   |
[INFO] [stdout] 3 | use dioxus::prelude::*;
[INFO] [stdout]   |     ^^^^^^ use of undeclared crate or module `dioxus`
[INFO] [stdout] 
[INFO] [stdout] error: cannot find macro `rsx` in this scope
[INFO] [stdout]  --> src/elements/stylesheet.rs:11:5
[INFO] [stdout]   |
[INFO] [stdout] 5 |     rsx! {
[INFO] [stdout]   |     ^^^
[INFO] [stdout]   |
[INFO] [stdout] help: consider importing this macro
[INFO] [stdout]   |
[INFO] [stdout] 2 + use dioxus_core_macro::rsx;
[INFO] [stdout]   |
[INFO] [stdout] 
[INFO] [stdout] error[E0412]: cannot find type `Element` in this scope
[INFO] [stdout]  --> src/elements/stylesheet.rs:10:23
[INFO] [stdout]   |
[INFO] [stdout] 4 | fn RedBackground() -> Element {
[INFO] [stdout]   |                       ^^^^^^^ not found in this scope
[INFO] [stdout]   |
[INFO] [stdout] help: consider importing this type alias
[INFO] [stdout]   |
[INFO] [stdout] 2 + use dioxus_core::Element;
[INFO] [stdout]   |
[INFO] [stdout] 
[INFO] [stdout] error: aborting due to 3 previous errors
[INFO] [stdout] 
[INFO] [stdout] Some errors have detailed explanations: E0412, E0433.
[INFO] [stdout] For more information about an error, try `rustc --explain E0412`.
[INFO] [stdout] Couldn't compile the test.
[INFO] [stdout] ---- src/elements/mod.rs - elements (line 22) stdout ----
[INFO] [stdout] error[E0433]: failed to resolve: use of undeclared crate or module `dioxus`
[INFO] [stdout]  --> src/elements/mod.rs:23:5
[INFO] [stdout]   |
[INFO] [stdout] 3 | use dioxus::prelude::*;
[INFO] [stdout]   |     ^^^^^^ use of undeclared crate or module `dioxus`
[INFO] [stdout] 
[INFO] [stdout] error: cannot find macro `rsx` in this scope
[INFO] [stdout]  --> src/elements/mod.rs:25:5
[INFO] [stdout]   |
[INFO] [stdout] 5 |     rsx! {
[INFO] [stdout]   |     ^^^
[INFO] [stdout]   |
[INFO] [stdout] help: consider importing this macro
[INFO] [stdout]   |
[INFO] [stdout] 2 + use dioxus_core_macro::rsx;
[INFO] [stdout]   |
[INFO] [stdout] 
[INFO] [stdout] error[E0412]: cannot find type `Element` in this scope
[INFO] [stdout]  --> src/elements/mod.rs:24:43
[INFO] [stdout]   |
[INFO] [stdout] 4 | fn RedirectToDioxusHomepageWithoutJS() -> Element {
[INFO] [stdout]   |                                           ^^^^^^^ not found in this scope
[INFO] [stdout]   |
[INFO] [stdout] help: consider importing this type alias
[INFO] [stdout]   |
[INFO] [stdout] 2 + use dioxus_core::Element;
[INFO] [stdout]   |
[INFO] [stdout] 
[INFO] [stdout] error: aborting due to 3 previous errors
[INFO] [stdout] 
[INFO] [stdout] Some errors have detailed explanations: E0412, E0433.
[INFO] [stdout] For more information about an error, try `rustc --explain E0412`.
[INFO] [stdout] Couldn't compile the test.
[INFO] [stdout] ---- src/elements/link.rs - elements::link::Link (line 82) stdout ----
[INFO] [stdout] error[E0433]: failed to resolve: use of undeclared crate or module `dioxus`
[INFO] [stdout]  --> src/elements/link.rs:83:5
[INFO] [stdout]   |
[INFO] [stdout] 3 | use dioxus::prelude::*;
[INFO] [stdout]   |     ^^^^^^ use of undeclared crate or module `dioxus`
[INFO] [stdout] 
[INFO] [stdout] error: cannot find macro `rsx` in this scope
[INFO] [stdout]  --> src/elements/link.rs:85:5
[INFO] [stdout]   |
[INFO] [stdout] 5 |     rsx! {
[INFO] [stdout]   |     ^^^
[INFO] [stdout]   |
[INFO] [stdout] help: consider importing this macro
[INFO] [stdout]   |
[INFO] [stdout] 2 + use dioxus_core_macro::rsx;
[INFO] [stdout]   |
[INFO] [stdout] 
[INFO] [stdout] error[E0412]: cannot find type `Element` in this scope
[INFO] [stdout]  --> src/elements/link.rs:84:23
[INFO] [stdout]   |
[INFO] [stdout] 4 | fn RedBackground() -> Element {
[INFO] [stdout]   |                       ^^^^^^^ not found in this scope
[INFO] [stdout]   |
[INFO] [stdout] help: consider importing this type alias
[INFO] [stdout]   |
[INFO] [stdout] 2 + use dioxus_core::Element;
[INFO] [stdout]   |
[INFO] [stdout] 
[INFO] [stdout] error: aborting due to 3 previous errors
[INFO] [stdout] 
[INFO] [stdout] Some errors have detailed explanations: E0412, E0433.
[INFO] [stdout] For more information about an error, try `rustc --explain E0412`.
[INFO] [stdout] Couldn't compile the test.
[INFO] [stdout] ---- src/elements/script.rs - elements::script::Script (line 71) stdout ----
[INFO] [stdout] error[E0433]: failed to resolve: use of undeclared crate or module `dioxus`
[INFO] [stdout]  --> src/elements/script.rs:72:5
[INFO] [stdout]   |
[INFO] [stdout] 3 | use dioxus::prelude::*;
[INFO] [stdout]   |     ^^^^^^ use of undeclared crate or module `dioxus`
[INFO] [stdout] 
[INFO] [stdout] error: cannot find macro `rsx` in this scope
[INFO] [stdout]  --> src/elements/script.rs:74:5
[INFO] [stdout]   |
[INFO] [stdout] 5 |     rsx! {
[INFO] [stdout]   |     ^^^
[INFO] [stdout]   |
[INFO] [stdout] help: consider importing this macro
[INFO] [stdout]   |
[INFO] [stdout] 2 + use dioxus_core_macro::rsx;
[INFO] [stdout]   |
[INFO] [stdout] 
[INFO] [stdout] error[E0412]: cannot find type `Element` in this scope
[INFO] [stdout]  --> src/elements/script.rs:73:20
[INFO] [stdout]   |
[INFO] [stdout] 4 | fn LoadScript() -> Element {
[INFO] [stdout]   |                    ^^^^^^^ not found in this scope
[INFO] [stdout]   |
[INFO] [stdout] help: consider importing this type alias
[INFO] [stdout]   |
[INFO] [stdout] 2 + use dioxus_core::Element;
[INFO] [stdout]   |
[INFO] [stdout] 
[INFO] [stdout] error: aborting due to 3 previous errors
[INFO] [stdout] 
[INFO] [stdout] Some errors have detailed explanations: E0412, E0433.
[INFO] [stdout] For more information about an error, try `rustc --explain E0412`.
[INFO] [stdout] Couldn't compile the test.
[INFO] [stdout] ---- src/elements/meta.rs - elements::meta::Meta (line 44) stdout ----
[INFO] [stdout] error[E0433]: failed to resolve: use of undeclared crate or module `dioxus`
[INFO] [stdout]  --> src/elements/meta.rs:45:5
[INFO] [stdout]   |
[INFO] [stdout] 3 | use dioxus::prelude::*;
[INFO] [stdout]   |     ^^^^^^ use of undeclared crate or module `dioxus`
[INFO] [stdout] 
[INFO] [stdout] error: cannot find macro `rsx` in this scope
[INFO] [stdout]  --> src/elements/meta.rs:47:5
[INFO] [stdout]   |
[INFO] [stdout] 5 |     rsx! {
[INFO] [stdout]   |     ^^^
[INFO] [stdout]   |
[INFO] [stdout] help: consider importing this macro
[INFO] [stdout]   |
[INFO] [stdout] 2 + use dioxus_core_macro::rsx;
[INFO] [stdout]   |
[INFO] [stdout] 
[INFO] [stdout] error[E0412]: cannot find type `Element` in this scope
[INFO] [stdout]  --> src/elements/meta.rs:46:43
[INFO] [stdout]   |
[INFO] [stdout] 4 | fn RedirectToDioxusHomepageWithoutJS() -> Element {
[INFO] [stdout]   |                                           ^^^^^^^ not found in this scope
[INFO] [stdout]   |
[INFO] [stdout] help: consider importing this type alias
[INFO] [stdout]   |
[INFO] [stdout] 2 + use dioxus_core::Element;
[INFO] [stdout]   |
[INFO] [stdout] 
[INFO] [stdout] error: aborting due to 3 previous errors
[INFO] [stdout] 
[INFO] [stdout] Some errors have detailed explanations: E0412, E0433.
[INFO] [stdout] For more information about an error, try `rustc --explain E0412`.
[INFO] [stdout] Couldn't compile the test.
[INFO] [stdout] ---- src/eval.rs - eval (line 37) stdout ----
[INFO] [stdout] error[E0433]: failed to resolve: use of undeclared crate or module `dioxus`
[INFO] [stdout]  --> src/eval.rs:38:5
[INFO] [stdout]   |
[INFO] [stdout] 3 | use dioxus::prelude::*;
[INFO] [stdout]   |     ^^^^^^ use of undeclared crate or module `dioxus`
[INFO] [stdout] 
[INFO] [stdout] error: cannot find macro `rsx` in this scope
[INFO] [stdout]  --> src/eval.rs:41:5
[INFO] [stdout]   |
[INFO] [stdout] 6 |     rsx! {
[INFO] [stdout]   |     ^^^
[INFO] [stdout]   |
[INFO] [stdout] help: consider importing this macro
[INFO] [stdout]   |
[INFO] [stdout] 2 + use dioxus_core_macro::rsx;
[INFO] [stdout]   |
[INFO] [stdout] 
[INFO] [stdout] error[E0412]: cannot find type `Element` in this scope
[INFO] [stdout]  --> src/eval.rs:40:13
[INFO] [stdout]   |
[INFO] [stdout] 5 | fn app() -> Element {
[INFO] [stdout]   |             ^^^^^^^ not found in this scope
[INFO] [stdout]   |
[INFO] [stdout] help: consider importing this type alias
[INFO] [stdout]   |
[INFO] [stdout] 2 + use dioxus_core::Element;
[INFO] [stdout]   |
[INFO] [stdout] 
[INFO] [stdout] error: aborting due to 3 previous errors
[INFO] [stdout] 
[INFO] [stdout] Some errors have detailed explanations: E0412, E0433.
[INFO] [stdout] For more information about an error, try `rustc --explain E0412`.
[INFO] [stdout] Couldn't compile the test.
[INFO] [stdout] ---- src/elements/mod.rs - elements (line 42) stdout ----
[INFO] [stdout] error[E0433]: failed to resolve: use of undeclared crate or module `dioxus`
[INFO] [stdout]  --> src/elements/mod.rs:43:5
[INFO] [stdout]   |
[INFO] [stdout] 3 | use dioxus::prelude::*;
[INFO] [stdout]   |     ^^^^^^ use of undeclared crate or module `dioxus`
[INFO] [stdout] 
[INFO] [stdout] error: cannot find macro `rsx` in this scope
[INFO] [stdout]  --> src/elements/mod.rs:47:5
[INFO] [stdout]   |
[INFO] [stdout] 7 |     rsx! {
[INFO] [stdout]   |     ^^^
[INFO] [stdout]   |
[INFO] [stdout] help: consider importing this macro
[INFO] [stdout]   |
[INFO] [stdout] 2 + use dioxus_core_macro::rsx;
[INFO] [stdout]   |
[INFO] [stdout] 
[INFO] [stdout] error: cannot find attribute `component` in this scope
[INFO] [stdout]  --> src/elements/mod.rs:44:3
[INFO] [stdout]   |
[INFO] [stdout] 4 | #[component]
[INFO] [stdout]   |   ^^^^^^^^^
[INFO] [stdout]   |
[INFO] [stdout] help: consider importing this attribute macro
[INFO] [stdout]   |
[INFO] [stdout] 2 + use dioxus_core_macro::component;
[INFO] [stdout]   |
[INFO] [stdout] 
[INFO] [stdout] error[E0412]: cannot find type `Element` in this scope
[INFO] [stdout]  --> src/elements/mod.rs:45:23
[INFO] [stdout]   |
[INFO] [stdout] 5 | fn LoadData(children: Element) -> Element { unimplemented!() }
[INFO] [stdout]   |                       ^^^^^^^ not found in this scope
[INFO] [stdout]   |
[INFO] [stdout] help: consider importing this type alias
[INFO] [stdout]   |
[INFO] [stdout] 2 + use dioxus_core::Element;
[INFO] [stdout]   |
[INFO] [stdout] 
[INFO] [stdout] error[E0412]: cannot find type `Element` in this scope
[INFO] [stdout]  --> src/elements/mod.rs:45:35
[INFO] [stdout]   |
[INFO] [stdout] 5 | fn LoadData(children: Element) -> Element { unimplemented!() }
[INFO] [stdout]   |                                   ^^^^^^^ not found in this scope
[INFO] [stdout]   |
[INFO] [stdout] help: consider importing this type alias
[INFO] [stdout]   |
[INFO] [stdout] 2 + use dioxus_core::Element;
[INFO] [stdout]   |
[INFO] [stdout] 
[INFO] [stdout] error[E0412]: cannot find type `Element` in this scope
[INFO] [stdout]  --> src/elements/mod.rs:46:13
[INFO] [stdout]   |
[INFO] [stdout] 6 | fn App() -> Element {
[INFO] [stdout]   |             ^^^^^^^ not found in this scope
[INFO] [stdout]   |
[INFO] [stdout] help: consider importing this type alias
[INFO] [stdout]   |
[INFO] [stdout] 2 + use dioxus_core::Element;
[INFO] [stdout]   |
[INFO] [stdout] 
[INFO] [stdout] error: aborting due to 6 previous errors
[INFO] [stdout] 
[INFO] [stdout] Some errors have detailed explanations: E0412, E0433.
[INFO] [stdout] For more information about an error, try `rustc --explain E0412`.
[INFO] [stdout] Couldn't compile the test.
[INFO] [stdout] ---- src/eval.rs - eval (line 67) stdout ----
[INFO] [stdout] error[E0433]: failed to resolve: use of undeclared crate or module `dioxus`
[INFO] [stdout]  --> src/eval.rs:68:5
[INFO] [stdout]   |
[INFO] [stdout] 3 | use dioxus::prelude::*;
[INFO] [stdout]   |     ^^^^^^ use of undeclared crate or module `dioxus`
[INFO] [stdout] 
[INFO] [stdout] error: cannot find macro `rsx` in this scope
[INFO] [stdout]  --> src/eval.rs:71:5
[INFO] [stdout]   |
[INFO] [stdout] 6 |     rsx! {
[INFO] [stdout]   |     ^^^
[INFO] [stdout]   |
[INFO] [stdout] help: consider importing this macro
[INFO] [stdout]   |
[INFO] [stdout] 2 + use dioxus_core_macro::rsx;
[INFO] [stdout]   |
[INFO] [stdout] 
[INFO] [stdout] error[E0412]: cannot find type `Element` in this scope
[INFO] [stdout]  --> src/eval.rs:70:13
[INFO] [stdout]   |
[INFO] [stdout] 5 | fn app() -> Element {
[INFO] [stdout]   |             ^^^^^^^ not found in this scope
[INFO] [stdout]   |
[INFO] [stdout] help: consider importing this type alias
[INFO] [stdout]   |
[INFO] [stdout] 2 + use dioxus_core::Element;
[INFO] [stdout]   |
[INFO] [stdout] 
[INFO] [stdout] error: aborting due to 3 previous errors
[INFO] [stdout] 
[INFO] [stdout] Some errors have detailed explanations: E0412, E0433.
[INFO] [stdout] For more information about an error, try `rustc --explain E0412`.
[INFO] [stdout] Couldn't compile the test.
[INFO] [stdout] ---- src/eval.rs - eval (line 13) stdout ----
[INFO] [stdout] error[E0433]: failed to resolve: use of undeclared crate or module `dioxus`
[INFO] [stdout]  --> src/eval.rs:14:5
[INFO] [stdout]   |
[INFO] [stdout] 3 | use dioxus::prelude::*;
[INFO] [stdout]   |     ^^^^^^ use of undeclared crate or module `dioxus`
[INFO] [stdout] 
[INFO] [stdout] error: cannot find macro `rsx` in this scope
[INFO] [stdout]  --> src/eval.rs:17:5
[INFO] [stdout]   |
[INFO] [stdout] 6 |     rsx! {
[INFO] [stdout]   |     ^^^
[INFO] [stdout]   |
[INFO] [stdout] help: consider importing this macro
[INFO] [stdout]   |
[INFO] [stdout] 2 + use dioxus_core_macro::rsx;
[INFO] [stdout]   |
[INFO] [stdout] 
[INFO] [stdout] error[E0412]: cannot find type `Element` in this scope
[INFO] [stdout]  --> src/eval.rs:16:13
[INFO] [stdout]   |
[INFO] [stdout] 5 | fn App() -> Element {
[INFO] [stdout]   |             ^^^^^^^ not found in this scope
[INFO] [stdout]   |
[INFO] [stdout] help: consider importing this type alias
[INFO] [stdout]   |
[INFO] [stdout] 2 + use dioxus_core::Element;
[INFO] [stdout]   |
[INFO] [stdout] 
[INFO] [stdout] error: aborting due to 3 previous errors
[INFO] [stdout] 
[INFO] [stdout] Some errors have detailed explanations: E0412, E0433.
[INFO] [stdout] For more information about an error, try `rustc --explain E0412`.
[INFO] [stdout] Couldn't compile the test.
[INFO] [stdout] ---- src/eval.rs - eval::Eval (line 75) stdout ----
[INFO] [stdout] error[E0433]: failed to resolve: use of undeclared crate or module `dioxus`
[INFO] [stdout]  --> src/eval.rs:76:5
[INFO] [stdout]   |
[INFO] [stdout] 3 | use dioxus::prelude::*;
[INFO] [stdout]   |     ^^^^^^ use of undeclared crate or module `dioxus`
[INFO] [stdout] 
[INFO] [stdout] error: cannot find macro `rsx` in this scope
[INFO] [stdout]  --> src/eval.rs:79:5
[INFO] [stdout]   |
[INFO] [stdout] 6 |     rsx! {
[INFO] [stdout]   |     ^^^
[INFO] [stdout]   |
[INFO] [stdout] help: consider importing this macro
[INFO] [stdout]   |
[INFO] [stdout] 2 + use dioxus_core_macro::rsx;
[INFO] [stdout]   |
[INFO] [stdout] 
[INFO] [stdout] error[E0412]: cannot find type `Element` in this scope
[INFO] [stdout]  --> src/eval.rs:78:13
[INFO] [stdout]   |
[INFO] [stdout] 5 | fn app() -> Element {
[INFO] [stdout]   |             ^^^^^^^ not found in this scope
[INFO] [stdout]   |
[INFO] [stdout] help: consider importing this type alias
[INFO] [stdout]   |
[INFO] [stdout] 2 + use dioxus_core::Element;
[INFO] [stdout]   |
[INFO] [stdout] 
[INFO] [stdout] error: aborting due to 3 previous errors
[INFO] [stdout] 
[INFO] [stdout] Some errors have detailed explanations: E0412, E0433.
[INFO] [stdout] For more information about an error, try `rustc --explain E0412`.
[INFO] [stdout] Couldn't compile the test.
[INFO] [stdout] ---- src/eval.rs - eval::Eval (line 45) stdout ----
[INFO] [stdout] error[E0433]: failed to resolve: use of undeclared crate or module `dioxus`
[INFO] [stdout]  --> src/eval.rs:46:5
[INFO] [stdout]   |
[INFO] [stdout] 3 | use dioxus::prelude::*;
[INFO] [stdout]   |     ^^^^^^ use of undeclared crate or module `dioxus`
[INFO] [stdout] 
[INFO] [stdout] error: cannot find macro `rsx` in this scope
[INFO] [stdout]  --> src/eval.rs:49:5
[INFO] [stdout]   |
[INFO] [stdout] 6 |     rsx! {
[INFO] [stdout]   |     ^^^
[INFO] [stdout]   |
[INFO] [stdout] help: consider importing this macro
[INFO] [stdout]   |
[INFO] [stdout] 2 + use dioxus_core_macro::rsx;
[INFO] [stdout]   |
[INFO] [stdout] 
[INFO] [stdout] error[E0412]: cannot find type `Element` in this scope
[INFO] [stdout]  --> src/eval.rs:48:13
[INFO] [stdout]   |
[INFO] [stdout] 5 | fn app() -> Element {
[INFO] [stdout]   |             ^^^^^^^ not found in this scope
[INFO] [stdout]   |
[INFO] [stdout] help: consider importing this type alias
[INFO] [stdout]   |
[INFO] [stdout] 2 + use dioxus_core::Element;
[INFO] [stdout]   |
[INFO] [stdout] 
[INFO] [stdout] error: aborting due to 3 previous errors
[INFO] [stdout] 
[INFO] [stdout] Some errors have detailed explanations: E0412, E0433.
[INFO] [stdout] For more information about an error, try `rustc --explain E0412`.
[INFO] [stdout] Couldn't compile the test.
[INFO] [stdout] ---- src/eval.rs - eval::Eval (line 21) stdout ----
[INFO] [stdout] error[E0433]: failed to resolve: use of undeclared crate or module `dioxus`
[INFO] [stdout]  --> src/eval.rs:22:5
[INFO] [stdout]   |
[INFO] [stdout] 3 | use dioxus::prelude::*;
[INFO] [stdout]   |     ^^^^^^ use of undeclared crate or module `dioxus`
[INFO] [stdout] 
[INFO] [stdout] error: cannot find macro `rsx` in this scope
[INFO] [stdout]  --> src/eval.rs:25:5
[INFO] [stdout]   |
[INFO] [stdout] 6 |     rsx! {
[INFO] [stdout]   |     ^^^
[INFO] [stdout]   |
[INFO] [stdout] help: consider importing this macro
[INFO] [stdout]   |
[INFO] [stdout] 2 + use dioxus_core_macro::rsx;
[INFO] [stdout]   |
[INFO] [stdout] 
[INFO] [stdout] error[E0412]: cannot find type `Element` in this scope
[INFO] [stdout]  --> src/eval.rs:24:13
[INFO] [stdout]   |
[INFO] [stdout] 5 | fn App() -> Element {
[INFO] [stdout]   |             ^^^^^^^ not found in this scope
[INFO] [stdout]   |
[INFO] [stdout] help: consider importing this type alias
[INFO] [stdout]   |
[INFO] [stdout] 2 + use dioxus_core::Element;
[INFO] [stdout]   |
[INFO] [stdout] 
[INFO] [stdout] error: aborting due to 3 previous errors
[INFO] [stdout] 
[INFO] [stdout] Some errors have detailed explanations: E0412, E0433.
[INFO] [stdout] For more information about an error, try `rustc --explain E0412`.
[INFO] [stdout] Couldn't compile the test.
[INFO] [stdout] ---- src/eval.rs - eval::Eval (line 104) stdout ----
[INFO] [stdout] error[E0433]: failed to resolve: use of undeclared crate or module `dioxus`
[INFO] [stdout]  --> src/eval.rs:105:5
[INFO] [stdout]   |
[INFO] [stdout] 3 | use dioxus::prelude::*;
[INFO] [stdout]   |     ^^^^^^ use of undeclared crate or module `dioxus`
[INFO] [stdout] 
[INFO] [stdout] error: cannot find macro `rsx` in this scope
[INFO] [stdout]   --> src/eval.rs:126:5
[INFO] [stdout]    |
[INFO] [stdout] 24 |     rsx! {
[INFO] [stdout]    |     ^^^
[INFO] [stdout]    |
[INFO] [stdout] help: consider importing this macro
[INFO] [stdout]    |
[INFO] [stdout] 2  + use dioxus_core_macro::rsx;
[INFO] [stdout]    |
[INFO] [stdout] 
[INFO] [stdout] error[E0412]: cannot find type `Element` in this scope
[INFO] [stdout]   --> src/eval.rs:113:13
[INFO] [stdout]    |
[INFO] [stdout] 11 | fn app() -> Element {
[INFO] [stdout]    |             ^^^^^^^ not found in this scope
[INFO] [stdout]    |
[INFO] [stdout] help: consider importing this type alias
[INFO] [stdout]    |
[INFO] [stdout] 2  + use dioxus_core::Element;
[INFO] [stdout]    |
[INFO] [stdout] 
[INFO] [stdout] error[E0425]: cannot find function `spawn` in this scope
[INFO] [stdout]   --> src/eval.rs:119:9
[INFO] [stdout]    |
[INFO] [stdout] 17 |         spawn(async {
[INFO] [stdout]    |         ^^^^^ not found in this scope
[INFO] [stdout]    |
[INFO] [stdout] help: consider importing one of these functions
[INFO] [stdout]    |
[INFO] [stdout] 2  + use std::thread::spawn;
[INFO] [stdout]    |
[INFO] [stdout] 2  + use dioxus_core::prelude::spawn;
[INFO] [stdout]    |
[INFO] [stdout] 
[INFO] [stdout] error[E0433]: failed to resolve: use of undeclared crate or module `document`
[INFO] [stdout]   --> src/eval.rs:120:25
[INFO] [stdout]    |
[INFO] [stdout] 18 |             let count = document::eval(SCRIPT).await;
[INFO] [stdout]    |                         ^^^^^^^^ use of undeclared crate or module `document`
[INFO] [stdout] 
[INFO] [stdout] error[E0425]: cannot find function `use_effect` in this scope
[INFO] [stdout]   --> src/eval.rs:118:5
[INFO] [stdout]    |
[INFO] [stdout] 16 |     use_effect(move || {
[INFO] [stdout]    |     ^^^^^^^^^^ not found in this scope
[INFO] [stdout] 
[INFO] [stdout] error: aborting due to 6 previous errors
[INFO] [stdout] 
[INFO] [stdout] Some errors have detailed explanations: E0412, E0425, E0433.
[INFO] [stdout] For more information about an error, try `rustc --explain E0412`.
[INFO] [stdout] Couldn't compile the test.
[INFO] [stdout] ---- src/eval.rs - eval (line 96) stdout ----
[INFO] [stdout] error[E0433]: failed to resolve: use of undeclared crate or module `dioxus`
[INFO] [stdout]  --> src/eval.rs:97:5
[INFO] [stdout]   |
[INFO] [stdout] 3 | use dioxus::prelude::*;
[INFO] [stdout]   |     ^^^^^^ use of undeclared crate or module `dioxus`
[INFO] [stdout] 
[INFO] [stdout] error: cannot find macro `rsx` in this scope
[INFO] [stdout]   --> src/eval.rs:118:5
[INFO] [stdout]    |
[INFO] [stdout] 24 |     rsx! {
[INFO] [stdout]    |     ^^^
[INFO] [stdout]    |
[INFO] [stdout] help: consider importing this macro
[INFO] [stdout]    |
[INFO] [stdout] 2  + use dioxus_core_macro::rsx;
[INFO] [stdout]    |
[INFO] [stdout] 
[INFO] [stdout] error[E0412]: cannot find type `Element` in this scope
[INFO] [stdout]   --> src/eval.rs:105:13
[INFO] [stdout]    |
[INFO] [stdout] 11 | fn app() -> Element {
[INFO] [stdout]    |             ^^^^^^^ not found in this scope
[INFO] [stdout]    |
[INFO] [stdout] help: consider importing this type alias
[INFO] [stdout]    |
[INFO] [stdout] 2  + use dioxus_core::Element;
[INFO] [stdout]    |
[INFO] [stdout] 
[INFO] [stdout] error[E0425]: cannot find function `spawn` in this scope
[INFO] [stdout]   --> src/eval.rs:111:9
[INFO] [stdout]    |
[INFO] [stdout] 17 |         spawn(async {
[INFO] [stdout]    |         ^^^^^ not found in this scope
[INFO] [stdout]    |
[INFO] [stdout] help: consider importing one of these functions
[INFO] [stdout]    |
[INFO] [stdout] 2  + use std::thread::spawn;
[INFO] [stdout]    |
[INFO] [stdout] 2  + use dioxus_core::prelude::spawn;
[INFO] [stdout]    |
[INFO] [stdout] 
[INFO] [stdout] error[E0433]: failed to resolve: use of undeclared crate or module `document`
[INFO] [stdout]   --> src/eval.rs:112:25
[INFO] [stdout]    |
[INFO] [stdout] 18 |             let count = document::eval(SCRIPT).await;
[INFO] [stdout]    |                         ^^^^^^^^ use of undeclared crate or module `document`
[INFO] [stdout] 
[INFO] [stdout] error[E0425]: cannot find function `use_effect` in this scope
[INFO] [stdout]   --> src/eval.rs:110:5
[INFO] [stdout]    |
[INFO] [stdout] 16 |     use_effect(move || {
[INFO] [stdout]    |     ^^^^^^^^^^ not found in this scope
[INFO] [stdout] 
[INFO] [stdout] error: aborting due to 6 previous errors
[INFO] [stdout] 
[INFO] [stdout] Some errors have detailed explanations: E0412, E0425, E0433.
[INFO] [stdout] For more information about an error, try `rustc --explain E0412`.
[INFO] [stdout] Couldn't compile the test.
[INFO] [stdout] ---- src/lib.rs - eval (line 122) stdout ----
[INFO] [stdout] error[E0433]: failed to resolve: use of undeclared crate or module `dioxus`
[INFO] [stdout]  --> src/lib.rs:123:5
[INFO] [stdout]   |
[INFO] [stdout] 3 | use dioxus::prelude::*;
[INFO] [stdout]   |     ^^^^^^ use of undeclared crate or module `dioxus`
[INFO] [stdout] 
[INFO] [stdout] error: cannot find macro `rsx` in this scope
[INFO] [stdout]   --> src/lib.rs:144:5
[INFO] [stdout]    |
[INFO] [stdout] 24 |     rsx! {
[INFO] [stdout]    |     ^^^
[INFO] [stdout]    |
[INFO] [stdout] help: consider importing this macro
[INFO] [stdout]    |
[INFO] [stdout] 2  + use dioxus_core_macro::rsx;
[INFO] [stdout]    |
[INFO] [stdout] 
[INFO] [stdout] error[E0412]: cannot find type `Element` in this scope
[INFO] [stdout]   --> src/lib.rs:131:13
[INFO] [stdout]    |
[INFO] [stdout] 11 | fn app() -> Element {
[INFO] [stdout]    |             ^^^^^^^ not found in this scope
[INFO] [stdout]    |
[INFO] [stdout] help: consider importing this type alias
[INFO] [stdout]    |
[INFO] [stdout] 2  + use dioxus_core::Element;
[INFO] [stdout]    |
[INFO] [stdout] 
[INFO] [stdout] error[E0425]: cannot find function `spawn` in this scope
[INFO] [stdout]   --> src/lib.rs:137:9
[INFO] [stdout]    |
[INFO] [stdout] 17 |         spawn(async {
[INFO] [stdout]    |         ^^^^^ not found in this scope
[INFO] [stdout]    |
[INFO] [stdout] help: consider importing one of these functions
[INFO] [stdout]    |
[INFO] [stdout] 2  + use std::thread::spawn;
[INFO] [stdout]    |
[INFO] [stdout] 2  + use dioxus_core::prelude::spawn;
[INFO] [stdout]    |
[INFO] [stdout] 
[INFO] [stdout] error[E0433]: failed to resolve: use of undeclared crate or module `document`
[INFO] [stdout]   --> src/lib.rs:138:25
[INFO] [stdout]    |
[INFO] [stdout] 18 |             let count = document::eval(SCRIPT).await;
[INFO] [stdout]    |                         ^^^^^^^^ use of undeclared crate or module `document`
[INFO] [stdout] 
[INFO] [stdout] error[E0425]: cannot find function `use_effect` in this scope
[INFO] [stdout]   --> src/lib.rs:136:5
[INFO] [stdout]    |
[INFO] [stdout] 16 |     use_effect(move || {
[INFO] [stdout]    |     ^^^^^^^^^^ not found in this scope
[INFO] [stdout] 
[INFO] [stdout] error: aborting due to 6 previous errors
[INFO] [stdout] 
[INFO] [stdout] Some errors have detailed explanations: E0412, E0425, E0433.
[INFO] [stdout] For more information about an error, try `rustc --explain E0412`.
[INFO] [stdout] Couldn't compile the test.
[INFO] [stdout] ---- src/lib.rs - eval (line 93) stdout ----
[INFO] [stdout] error[E0433]: failed to resolve: use of undeclared crate or module `dioxus`
[INFO] [stdout]  --> src/lib.rs:94:5
[INFO] [stdout]   |
[INFO] [stdout] 3 | use dioxus::prelude::*;
[INFO] [stdout]   |     ^^^^^^ use of undeclared crate or module `dioxus`
[INFO] [stdout] 
[INFO] [stdout] error: cannot find macro `rsx` in this scope
[INFO] [stdout]  --> src/lib.rs:97:5
[INFO] [stdout]   |
[INFO] [stdout] 6 |     rsx! {
[INFO] [stdout]   |     ^^^
[INFO] [stdout]   |
[INFO] [stdout] help: consider importing this macro
[INFO] [stdout]   |
[INFO] [stdout] 2 + use dioxus_core_macro::rsx;
[INFO] [stdout]   |
[INFO] [stdout] 
[INFO] [stdout] error[E0412]: cannot find type `Element` in this scope
[INFO] [stdout]  --> src/lib.rs:96:13
[INFO] [stdout]   |
[INFO] [stdout] 5 | fn app() -> Element {
[INFO] [stdout]   |             ^^^^^^^ not found in this scope
[INFO] [stdout]   |
[INFO] [stdout] help: consider importing this type alias
[INFO] [stdout]   |
[INFO] [stdout] 2 + use dioxus_core::Element;
[INFO] [stdout]   |
[INFO] [stdout] 
[INFO] [stdout] error: aborting due to 3 previous errors
[INFO] [stdout] 
[INFO] [stdout] Some errors have detailed explanations: E0412, E0433.
[INFO] [stdout] For more information about an error, try `rustc --explain E0412`.
[INFO] [stdout] Couldn't compile the test.
[INFO] [stdout] ---- src/lib.rs - eval (line 39) stdout ----
[INFO] [stdout] error[E0433]: failed to resolve: use of undeclared crate or module `dioxus`
[INFO] [stdout]  --> src/lib.rs:40:5
[INFO] [stdout]   |
[INFO] [stdout] 3 | use dioxus::prelude::*;
[INFO] [stdout]   |     ^^^^^^ use of undeclared crate or module `dioxus`
[INFO] [stdout] 
[INFO] [stdout] error: cannot find macro `rsx` in this scope
[INFO] [stdout]  --> src/lib.rs:43:5
[INFO] [stdout]   |
[INFO] [stdout] 6 |     rsx! {
[INFO] [stdout]   |     ^^^
[INFO] [stdout]   |
[INFO] [stdout] help: consider importing this macro
[INFO] [stdout]   |
[INFO] [stdout] 2 + use dioxus_core_macro::rsx;
[INFO] [stdout]   |
[INFO] [stdout] 
[INFO] [stdout] error[E0412]: cannot find type `Element` in this scope
[INFO] [stdout]  --> src/lib.rs:42:13
[INFO] [stdout]   |
[INFO] [stdout] 5 | fn App() -> Element {
[INFO] [stdout]   |             ^^^^^^^ not found in this scope
[INFO] [stdout]   |
[INFO] [stdout] help: consider importing this type alias
[INFO] [stdout]   |
[INFO] [stdout] 2 + use dioxus_core::Element;
[INFO] [stdout]   |
[INFO] [stdout] 
[INFO] [stdout] error: aborting due to 3 previous errors
[INFO] [stdout] 
[INFO] [stdout] Some errors have detailed explanations: E0412, E0433.
[INFO] [stdout] For more information about an error, try `rustc --explain E0412`.
[INFO] [stdout] Couldn't compile the test.
[INFO] [stdout] ---- src/lib.rs - eval (line 63) stdout ----
[INFO] [stdout] error[E0433]: failed to resolve: use of undeclared crate or module `dioxus`
[INFO] [stdout]  --> src/lib.rs:64:5
[INFO] [stdout]   |
[INFO] [stdout] 3 | use dioxus::prelude::*;
[INFO] [stdout]   |     ^^^^^^ use of undeclared crate or module `dioxus`
[INFO] [stdout] 
[INFO] [stdout] error: cannot find macro `rsx` in this scope
[INFO] [stdout]  --> src/lib.rs:67:5
[INFO] [stdout]   |
[INFO] [stdout] 6 |     rsx! {
[INFO] [stdout]   |     ^^^
[INFO] [stdout]   |
[INFO] [stdout] help: consider importing this macro
[INFO] [stdout]   |
[INFO] [stdout] 2 + use dioxus_core_macro::rsx;
[INFO] [stdout]   |
[INFO] [stdout] 
[INFO] [stdout] error[E0412]: cannot find type `Element` in this scope
[INFO] [stdout]  --> src/lib.rs:66:13
[INFO] [stdout]   |
[INFO] [stdout] 5 | fn app() -> Element {
[INFO] [stdout]   |             ^^^^^^^ not found in this scope
[INFO] [stdout]   |
[INFO] [stdout] help: consider importing this type alias
[INFO] [stdout]   |
[INFO] [stdout] 2 + use dioxus_core::Element;
[INFO] [stdout]   |
[INFO] [stdout] 
[INFO] [stdout] error: aborting due to 3 previous errors
[INFO] [stdout] 
[INFO] [stdout] Some errors have detailed explanations: E0412, E0433.
[INFO] [stdout] For more information about an error, try `rustc --explain E0412`.
[INFO] [stdout] Couldn't compile the test.
[INFO] [stdout] 
[INFO] [stdout] failures:
[INFO] [stdout]     src/elements/link.rs - elements::link::Link (line 82)
[INFO] [stdout]     src/elements/meta.rs - elements::meta::Meta (line 44)
[INFO] [stdout]     src/elements/mod.rs - elements (line 22)
[INFO] [stdout]     src/elements/mod.rs - elements (line 42)
[INFO] [stdout]     src/elements/script.rs - elements::script::Script (line 71)
[INFO] [stdout]     src/elements/style.rs - elements::style::Style (line 47)
[INFO] [stdout]     src/elements/stylesheet.rs - elements::stylesheet::Stylesheet (line 8)
[INFO] [stdout]     src/elements/title.rs - elements::title::Title (line 20)
[INFO] [stdout]     src/eval.rs - eval (line 13)
[INFO] [stdout]     src/eval.rs - eval (line 37)
[INFO] [stdout]     src/eval.rs - eval (line 67)
[INFO] [stdout]     src/eval.rs - eval (line 96)
[INFO] [stdout]     src/eval.rs - eval::Eval (line 104)
[INFO] [stdout]     src/eval.rs - eval::Eval (line 21)
[INFO] [stdout]     src/eval.rs - eval::Eval (line 45)
[INFO] [stdout]     src/eval.rs - eval::Eval (line 75)
[INFO] [stdout]     src/lib.rs - eval (line 122)
[INFO] [stdout]     src/lib.rs - eval (line 39)
[INFO] [stdout]     src/lib.rs - eval (line 63)
[INFO] [stdout]     src/lib.rs - eval (line 93)
[INFO] [stdout] 
[INFO] [stdout] test result: FAILED. 0 passed; 20 failed; 0 ignored; 0 measured; 0 filtered out; finished in 3.93s
[INFO] [stdout] 
[INFO] [stderr] error: doctest failed, to rerun pass `--doc`
[INFO] running `Command { std: "docker" "inspect" "56604b7d79c5653ac5426cc63e7f51fb874c9ac8da60bd38d55fd5b4cc6b9c12", kill_on_drop: false }`
[INFO] running `Command { std: "docker" "rm" "-f" "56604b7d79c5653ac5426cc63e7f51fb874c9ac8da60bd38d55fd5b4cc6b9c12", kill_on_drop: false }`
[INFO] [stdout] 56604b7d79c5653ac5426cc63e7f51fb874c9ac8da60bd38d55fd5b4cc6b9c12
