[INFO] fetching crate dilib 0.2.1...
[INFO] testing dilib-0.2.1 against 1.83.0 for beta-1.84.0-4-retry
[INFO] extracting crate dilib 0.2.1 into /workspace/builds/worker-4-tc1/source
[INFO] validating manifest of crates.io crate dilib 0.2.1 on toolchain 1.83.0
[INFO] running `Command { std: CARGO_HOME="/workspace/cargo-home" RUSTUP_HOME="/workspace/rustup-home" "/workspace/cargo-home/bin/cargo" "+1.83.0" "metadata" "--manifest-path" "Cargo.toml" "--no-deps", kill_on_drop: false }`
[INFO] started tweaking crates.io crate dilib 0.2.1
[INFO] finished tweaking crates.io crate dilib 0.2.1
[INFO] tweaked toml for crates.io crate dilib 0.2.1 written to /workspace/builds/worker-4-tc1/source/Cargo.toml
[INFO] running `Command { std: CARGO_HOME="/workspace/cargo-home" RUSTUP_HOME="/workspace/rustup-home" "/workspace/cargo-home/bin/cargo" "+1.83.0" "generate-lockfile" "--manifest-path" "Cargo.toml", kill_on_drop: false }`
[INFO] [stderr]     Updating crates.io index
[INFO] [stderr]      Locking 81 packages to latest compatible versions
[INFO] [stderr]       Adding criterion v0.3.6 (available: v0.5.1)
[INFO] [stderr]       Adding ctor v0.1.26 (available: v0.2.9)
[INFO] running `Command { std: CARGO_HOME="/workspace/cargo-home" RUSTUP_HOME="/workspace/rustup-home" "/workspace/cargo-home/bin/cargo" "+1.83.0" "fetch" "--manifest-path" "Cargo.toml", kill_on_drop: false }`
[INFO] [stderr]  Downloading crates ...
[INFO] [stderr]   Downloaded mattro v0.1.2
[INFO] [stderr]   Downloaded dilib-macros v0.2.1
[INFO] [stderr]   Downloaded dilib-derive v0.2.0
[INFO] running `Command { std: "docker" "create" "-v" "/var/lib/crater-agent-workspace/builds/worker-4-tc1/target:/opt/rustwide/target:rw,Z" "-v" "/var/lib/crater-agent-workspace/builds/worker-4-tc1/source:/opt/rustwide/workdir:ro,Z" "-v" "/var/lib/crater-agent-workspace/cargo-home:/opt/rustwide/cargo-home:ro,Z" "-v" "/var/lib/crater-agent-workspace/rustup-home:/opt/rustwide/rustup-home:ro,Z" "-e" "SOURCE_DIR=/opt/rustwide/workdir" "-e" "CARGO_TARGET_DIR=/opt/rustwide/target" "-e" "CARGO_HOME=/opt/rustwide/cargo-home" "-e" "RUSTUP_HOME=/opt/rustwide/rustup-home" "-w" "/opt/rustwide/workdir" "-m" "1610612736" "--user" "0:0" "--network" "none" "ghcr.io/rust-lang/crates-build-env/linux@sha256:f3a9d4ad9d972b27faf3965f35b62e55ba32bbce8f20bc8fe909558a86702fde" "/opt/rustwide/cargo-home/bin/cargo" "+1.83.0" "metadata" "--no-deps" "--format-version=1", kill_on_drop: false }`
[INFO] [stdout] 833bcfc1d54522a6c9cd96d196a0eb3ad71dfa3e1514362a241b5c05811fff49
[INFO] running `Command { std: "docker" "start" "-a" "833bcfc1d54522a6c9cd96d196a0eb3ad71dfa3e1514362a241b5c05811fff49", kill_on_drop: false }`
[INFO] running `Command { std: "docker" "inspect" "833bcfc1d54522a6c9cd96d196a0eb3ad71dfa3e1514362a241b5c05811fff49", kill_on_drop: false }`
[INFO] running `Command { std: "docker" "rm" "-f" "833bcfc1d54522a6c9cd96d196a0eb3ad71dfa3e1514362a241b5c05811fff49", kill_on_drop: false }`
[INFO] [stdout] 833bcfc1d54522a6c9cd96d196a0eb3ad71dfa3e1514362a241b5c05811fff49
[INFO] running `Command { std: "docker" "create" "-v" "/var/lib/crater-agent-workspace/builds/worker-4-tc1/target:/opt/rustwide/target:rw,Z" "-v" "/var/lib/crater-agent-workspace/builds/worker-4-tc1/source:/opt/rustwide/workdir:ro,Z" "-v" "/var/lib/crater-agent-workspace/cargo-home:/opt/rustwide/cargo-home:ro,Z" "-v" "/var/lib/crater-agent-workspace/rustup-home:/opt/rustwide/rustup-home:ro,Z" "-e" "SOURCE_DIR=/opt/rustwide/workdir" "-e" "CARGO_TARGET_DIR=/opt/rustwide/target" "-e" "CARGO_INCREMENTAL=0" "-e" "RUST_BACKTRACE=full" "-e" "RUSTFLAGS=--cap-lints=warn" "-e" "RUSTDOCFLAGS=--cap-lints=warn" "-e" "CARGO_HOME=/opt/rustwide/cargo-home" "-e" "RUSTUP_HOME=/opt/rustwide/rustup-home" "-w" "/opt/rustwide/workdir" "-m" "1610612736" "--user" "0:0" "--network" "none" "ghcr.io/rust-lang/crates-build-env/linux@sha256:f3a9d4ad9d972b27faf3965f35b62e55ba32bbce8f20bc8fe909558a86702fde" "/opt/rustwide/cargo-home/bin/cargo" "+1.83.0" "build" "--frozen" "--message-format=json", kill_on_drop: false }`
[INFO] [stdout] 1f8d3e6e041c7f77b98cb72d0945ce13ad2cdfb49a7e2596efadcf90559c6bcb
[INFO] running `Command { std: "docker" "start" "-a" "1f8d3e6e041c7f77b98cb72d0945ce13ad2cdfb49a7e2596efadcf90559c6bcb", kill_on_drop: false }`
[INFO] [stderr]    Compiling dilib v0.2.1 (/opt/rustwide/workdir)
[INFO] [stdout] warning: unused import: `lib_macros::*`
[INFO] [stdout]  --> src/lib.rs:5:9
[INFO] [stdout]   |
[INFO] [stdout] 5 | pub use lib_macros::*;
[INFO] [stdout]   |         ^^^^^^^^^^^^^
[INFO] [stdout]   |
[INFO] [stdout]   = note: `#[warn(unused_imports)]` on by default
[INFO] [stdout] 
[INFO] [stdout] 
[INFO] [stderr]     Finished `dev` profile [unoptimized + debuginfo] target(s) in 0.81s
[INFO] running `Command { std: "docker" "inspect" "1f8d3e6e041c7f77b98cb72d0945ce13ad2cdfb49a7e2596efadcf90559c6bcb", kill_on_drop: false }`
[INFO] running `Command { std: "docker" "rm" "-f" "1f8d3e6e041c7f77b98cb72d0945ce13ad2cdfb49a7e2596efadcf90559c6bcb", kill_on_drop: false }`
[INFO] [stdout] 1f8d3e6e041c7f77b98cb72d0945ce13ad2cdfb49a7e2596efadcf90559c6bcb
[INFO] running `Command { std: "docker" "create" "-v" "/var/lib/crater-agent-workspace/builds/worker-4-tc1/target:/opt/rustwide/target:rw,Z" "-v" "/var/lib/crater-agent-workspace/builds/worker-4-tc1/source:/opt/rustwide/workdir:ro,Z" "-v" "/var/lib/crater-agent-workspace/cargo-home:/opt/rustwide/cargo-home:ro,Z" "-v" "/var/lib/crater-agent-workspace/rustup-home:/opt/rustwide/rustup-home:ro,Z" "-e" "SOURCE_DIR=/opt/rustwide/workdir" "-e" "CARGO_TARGET_DIR=/opt/rustwide/target" "-e" "CARGO_INCREMENTAL=0" "-e" "RUST_BACKTRACE=full" "-e" "RUSTFLAGS=--cap-lints=warn" "-e" "RUSTDOCFLAGS=--cap-lints=warn" "-e" "CARGO_HOME=/opt/rustwide/cargo-home" "-e" "RUSTUP_HOME=/opt/rustwide/rustup-home" "-w" "/opt/rustwide/workdir" "-m" "1610612736" "--user" "0:0" "--network" "none" "ghcr.io/rust-lang/crates-build-env/linux@sha256:f3a9d4ad9d972b27faf3965f35b62e55ba32bbce8f20bc8fe909558a86702fde" "/opt/rustwide/cargo-home/bin/cargo" "+1.83.0" "test" "--frozen" "--no-run" "--message-format=json", kill_on_drop: false }`
[INFO] [stdout] 6df5ccd000858c734ad1437e662496fb34774f18298090847e12e2a5588359b4
[INFO] running `Command { std: "docker" "start" "-a" "6df5ccd000858c734ad1437e662496fb34774f18298090847e12e2a5588359b4", kill_on_drop: false }`
[INFO] [stderr]    Compiling proc-macro2 v1.0.92
[INFO] [stderr]    Compiling unicode-ident v1.0.14
[INFO] [stderr]    Compiling serde v1.0.216
[INFO] [stderr]    Compiling syn v1.0.109
[INFO] [stderr]    Compiling crossbeam-utils v0.8.20
[INFO] [stderr]    Compiling memchr v2.7.4
[INFO] [stderr]    Compiling autocfg v1.4.0
[INFO] [stderr]    Compiling linked-hash-map v0.5.6
[INFO] [stderr]    Compiling serde_json v1.0.133
[INFO] [stderr]    Compiling unicode-xid v0.2.6
[INFO] [stderr]    Compiling rayon-core v1.12.1
[INFO] [stderr]    Compiling itoa v1.0.14
[INFO] [stderr]    Compiling libc v0.2.168
[INFO] [stderr]    Compiling either v1.13.0
[INFO] [stderr]    Compiling ryu v1.0.18
[INFO] [stderr]    Compiling unicode-width v0.1.14
[INFO] [stderr]    Compiling plotters-backend v0.3.7
[INFO] [stderr]    Compiling regex-syntax v0.8.5
[INFO] [stderr]    Compiling bitflags v1.3.2
[INFO] [stderr]    Compiling dilib v0.2.1
[INFO] [stderr]    Compiling linked_hash_set v0.1.4
[INFO] [stderr]    Compiling half v1.8.3
[INFO] [stderr]    Compiling plotters-svg v0.3.7
[INFO] [stderr]    Compiling itertools v0.10.5
[INFO] [stderr]    Compiling cast v0.3.0
[INFO] [stderr]    Compiling same-file v1.0.6
[INFO] [stderr]    Compiling oorandom v11.1.4
[INFO] [stderr]    Compiling textwrap v0.11.0
[INFO] [stderr]    Compiling lazy_static v1.5.0
[INFO] [stderr]    Compiling walkdir v2.5.0
[INFO] [stderr]    Compiling num-traits v0.2.19
[INFO] [stderr]    Compiling once_cell v1.20.2
[INFO] [stdout] warning: unused import: `lib_macros::*`
[INFO] [stdout]  --> src/lib.rs:5:9
[INFO] [stdout]   |
[INFO] [stdout] 5 | pub use lib_macros::*;
[INFO] [stdout]   |         ^^^^^^^^^^^^^
[INFO] [stdout]   |
[INFO] [stdout]   = note: `#[warn(unused_imports)]` on by default
[INFO] [stdout] 
[INFO] [stdout] 
[INFO] [stderr]    Compiling clap v2.34.0
[INFO] [stderr]    Compiling csv-core v0.1.11
[INFO] [stderr]    Compiling crossbeam-epoch v0.9.18
[INFO] [stderr]    Compiling quote v1.0.37
[INFO] [stderr]    Compiling atty v0.2.14
[INFO] [stderr]    Compiling crossbeam-deque v0.8.5
[INFO] [stderr]    Compiling syn v2.0.90
[INFO] [stderr]    Compiling const_format_proc_macros v0.2.34
[INFO] [stderr]    Compiling regex-automata v0.4.9
[INFO] [stderr]    Compiling criterion-plot v0.4.5
[INFO] [stderr]    Compiling rayon v1.10.0
[INFO] [stderr]    Compiling plotters v0.3.7
[INFO] [stderr]    Compiling const_format v0.2.34
[INFO] [stderr]    Compiling regex v1.11.1
[INFO] [stderr]    Compiling csv v1.3.1
[INFO] [stderr]    Compiling serde_cbor v0.11.2
[INFO] [stderr]    Compiling serde_derive v1.0.216
[INFO] [stderr]    Compiling mattro v0.1.2
[INFO] [stderr]    Compiling tinytemplate v1.2.1
[INFO] [stderr]    Compiling dilib-derive v0.2.0
[INFO] [stderr]    Compiling ctor v0.1.26
[INFO] [stderr]    Compiling dilib-macros v0.2.1
[INFO] [stderr]    Compiling criterion v0.3.6
[INFO] [stderr]    Compiling dilib v0.2.1 (/opt/rustwide/workdir)
[INFO] [stdout] warning: unused import: `lib_macros::*`
[INFO] [stdout]  --> src/lib.rs:5:9
[INFO] [stdout]   |
[INFO] [stdout] 5 | pub use lib_macros::*;
[INFO] [stdout]   |         ^^^^^^^^^^^^^
[INFO] [stdout]   |
[INFO] [stdout]   = note: `#[warn(unused_imports)]` on by default
[INFO] [stdout] 
[INFO] [stdout] 
[INFO] [stdout] warning: method `get` is never used
[INFO] [stdout]    --> src/lib_macros.rs:361:12
[INFO] [stdout]     |
[INFO] [stdout] 360 |     trait Gen1<T1> {
[INFO] [stdout]     |           ---- method in this trait
[INFO] [stdout] 361 |         fn get(&self) -> &T1;
[INFO] [stdout]     |            ^^^
[INFO] [stdout]     |
[INFO] [stdout]     = note: `#[warn(dead_code)]` on by default
[INFO] [stdout] 
[INFO] [stdout] 
[INFO] [stdout] warning: method `get` is never used
[INFO] [stdout]    --> src/lib_macros.rs:365:12
[INFO] [stdout]     |
[INFO] [stdout] 364 |     trait Gen2<T1, T2> {
[INFO] [stdout]     |           ---- method in this trait
[INFO] [stdout] 365 |         fn get(&self) -> (&T1, &T2);
[INFO] [stdout]     |            ^^^
[INFO] [stdout] 
[INFO] [stdout] 
[INFO] [stdout] warning: method `get` is never used
[INFO] [stdout]    --> src/lib_macros.rs:369:12
[INFO] [stdout]     |
[INFO] [stdout] 368 |     trait Gen3<T1, T2, T3> {
[INFO] [stdout]     |           ---- method in this trait
[INFO] [stdout] 369 |         fn get(&self) -> (&T1, &T2, &T3);
[INFO] [stdout]     |            ^^^
[INFO] [stdout] 
[INFO] [stdout] 
[INFO] [stderr]     Finished `test` profile [unoptimized + debuginfo] target(s) in 26.81s
[INFO] running `Command { std: "docker" "inspect" "6df5ccd000858c734ad1437e662496fb34774f18298090847e12e2a5588359b4", kill_on_drop: false }`
[INFO] running `Command { std: "docker" "rm" "-f" "6df5ccd000858c734ad1437e662496fb34774f18298090847e12e2a5588359b4", kill_on_drop: false }`
[INFO] [stdout] 6df5ccd000858c734ad1437e662496fb34774f18298090847e12e2a5588359b4
[INFO] running `Command { std: "docker" "create" "-v" "/var/lib/crater-agent-workspace/builds/worker-4-tc1/target:/opt/rustwide/target:rw,Z" "-v" "/var/lib/crater-agent-workspace/builds/worker-4-tc1/source:/opt/rustwide/workdir:ro,Z" "-v" "/var/lib/crater-agent-workspace/cargo-home:/opt/rustwide/cargo-home:ro,Z" "-v" "/var/lib/crater-agent-workspace/rustup-home:/opt/rustwide/rustup-home:ro,Z" "-e" "SOURCE_DIR=/opt/rustwide/workdir" "-e" "CARGO_TARGET_DIR=/opt/rustwide/target" "-e" "CARGO_INCREMENTAL=0" "-e" "RUST_BACKTRACE=full" "-e" "RUSTFLAGS=--cap-lints=warn" "-e" "RUSTDOCFLAGS=--cap-lints=warn" "-e" "CARGO_HOME=/opt/rustwide/cargo-home" "-e" "RUSTUP_HOME=/opt/rustwide/rustup-home" "-w" "/opt/rustwide/workdir" "-m" "1610612736" "--user" "0:0" "--network" "none" "ghcr.io/rust-lang/crates-build-env/linux@sha256:f3a9d4ad9d972b27faf3965f35b62e55ba32bbce8f20bc8fe909558a86702fde" "/opt/rustwide/cargo-home/bin/cargo" "+1.83.0" "test" "--frozen", kill_on_drop: false }`
[INFO] [stdout] d81b1436e10f49c0bbc21599b9442a4cb1cdd7ee045b689ca8ccda0a058a2e4b
[INFO] running `Command { std: "docker" "start" "-a" "d81b1436e10f49c0bbc21599b9442a4cb1cdd7ee045b689ca8ccda0a058a2e4b", kill_on_drop: false }`
[INFO] [stderr] warning: unused import: `lib_macros::*`
[INFO] [stderr]  --> src/lib.rs:5:9
[INFO] [stderr]   |
[INFO] [stderr] 5 | pub use lib_macros::*;
[INFO] [stderr]   |         ^^^^^^^^^^^^^
[INFO] [stderr]   |
[INFO] [stderr]   = note: `#[warn(unused_imports)]` on by default
[INFO] [stderr] 
[INFO] [stderr] warning: `dilib` (lib) generated 1 warning (run `cargo fix --lib -p dilib` to apply 1 suggestion)
[INFO] [stderr] warning: method `get` is never used
[INFO] [stderr]    --> src/lib_macros.rs:361:12
[INFO] [stderr]     |
[INFO] [stderr] 360 |     trait Gen1<T1> {
[INFO] [stderr]     |           ---- method in this trait
[INFO] [stderr] 361 |         fn get(&self) -> &T1;
[INFO] [stderr]     |            ^^^
[INFO] [stderr]     |
[INFO] [stderr]     = note: `#[warn(dead_code)]` on by default
[INFO] [stderr] 
[INFO] [stderr] warning: method `get` is never used
[INFO] [stderr]    --> src/lib_macros.rs:365:12
[INFO] [stderr]     |
[INFO] [stderr] 364 |     trait Gen2<T1, T2> {
[INFO] [stderr]     |           ---- method in this trait
[INFO] [stderr] 365 |         fn get(&self) -> (&T1, &T2);
[INFO] [stderr]     |            ^^^
[INFO] [stderr] 
[INFO] [stderr] warning: method `get` is never used
[INFO] [stderr]    --> src/lib_macros.rs:369:12
[INFO] [stderr]     |
[INFO] [stderr] 368 |     trait Gen3<T1, T2, T3> {
[INFO] [stderr]     |           ---- method in this trait
[INFO] [stderr] 369 |         fn get(&self) -> (&T1, &T2, &T3);
[INFO] [stderr]     |            ^^^
[INFO] [stderr] 
[INFO] [stderr] warning: `dilib` (lib test) generated 4 warnings (1 duplicate)
[INFO] [stderr]     Finished `test` profile [unoptimized + debuginfo] target(s) in 0.10s
[INFO] [stderr]      Running unittests src/lib.rs (/opt/rustwide/target/debug/deps/dilib-8edcd6d17336d3ab)
[INFO] [stdout] 
[INFO] [stdout] running 23 tests
[INFO] [stdout] test container::tests::clear_test ... ok
[INFO] [stdout] test container::tests::deps_test ... ok
[INFO] [stdout] test container::tests::get_all_test ... ok
[INFO] [stdout] test container::tests::get_test ... ok
[INFO] [stdout] test container::tests::get_with_name_test ... ok
[INFO] [stdout] test container::tests::contains_test ... ok
[INFO] [stdout] test container::tests::providers_test ... ok
[INFO] [stdout] test container::tests::remove_test ... ok
[INFO] [stdout] test container::tests::iter_test ... ok
[INFO] [stdout] test container::tests::scoped_with_name_test ... ok
[INFO] [stdout] test container::tests::singleton_test ... ok
[INFO] [stdout] test container::tests::scoped_test ... ok
[INFO] [stdout] test key::tests::new_test ... ok
[INFO] [stdout] test key::tests::of_test ... ok
[INFO] [stdout] test key::tests::with_name_test ... ok
[INFO] [stdout] test container::tests::deps_with_name_test ... ok
[INFO] [stdout] test lib_macros::tests::compile_get_scoped_trait_test_1 ... ok
[INFO] [stdout] test lib_macros::tests::compile_get_scoped_trait_test_2 ... ok
[INFO] [stdout] test scoped::tests::call_construct_test ... ok
[INFO] [stdout] test lib_macros::tests::compile_get_resolved_trait ... ok
[INFO] [stdout] test scoped::tests::call_factory_test ... ok
[INFO] [stdout] test lib_macros::tests::compile_get_scoped_trait_test_3 ... ok
[INFO] [stdout] test container::tests::singleton_with_name_test ... ok
[INFO] [stdout] 
[INFO] [stdout] test result: ok. 23 passed; 0 failed; 0 ignored; 0 measured; 0 filtered out; finished in 0.01s
[INFO] [stderr]    Doc-tests dilib
[INFO] [stdout] 
[INFO] [stdout] 
[INFO] [stdout] running 14 tests
[INFO] [stdout] test /opt/rustwide/target/debug/build/dilib-74291f9073f4512a/out/README-lib.md - (line 32) ... FAILED
[INFO] [stdout] test src/container.rs - container::_dummy (line 357) ... FAILED
[INFO] [stdout] test /opt/rustwide/target/debug/build/dilib-74291f9073f4512a/out/README-lib.md - (line 321) ... FAILED
[INFO] [stdout] test /opt/rustwide/target/debug/build/dilib-74291f9073f4512a/out/README-lib.md - (line 95) ... FAILED
[INFO] [stdout] test /opt/rustwide/target/debug/build/dilib-74291f9073f4512a/out/README-lib.md - (line 193) ... FAILED
[INFO] [stdout] test /opt/rustwide/target/debug/build/dilib-74291f9073f4512a/out/README-lib.md - (line 132) ... FAILED
[INFO] [stdout] test /opt/rustwide/target/debug/build/dilib-74291f9073f4512a/out/README-lib.md - (line 109) ... FAILED
[INFO] [stdout] test /opt/rustwide/target/debug/build/dilib-74291f9073f4512a/out/README-lib.md - (line 354) ... FAILED
[INFO] [stdout] test src/injectable.rs - injectable::Inject (line 6) ... FAILED
[INFO] [stdout] test src/lib_macros.rs - lib_macros::add_singleton_trait (line 175) ... FAILED
[INFO] [stdout] test src/lib_macros.rs - lib_macros::add_scoped_trait (line 18) ... FAILED
[INFO] [stdout] test /opt/rustwide/target/debug/build/dilib-74291f9073f4512a/out/README-lib.md - (line 289) ... FAILED
[INFO] [stdout] test src/lib_macros.rs - lib_macros::add_singleton_trait (line 201) ... FAILED
[INFO] [stdout] test src/lib_macros.rs - lib_macros::add_scoped_trait (line 43) ... FAILED
[INFO] [stdout] 
[INFO] [stdout] failures:
[INFO] [stdout] 
[INFO] [stdout] ---- /opt/rustwide/target/debug/build/dilib-74291f9073f4512a/out/README-lib.md - (line 32) stdout ----
[INFO] [stdout] error[E0464]: multiple candidates for `rlib` dependency `dilib` found
[INFO] [stdout]  --> /opt/rustwide/target/debug/build/dilib-74291f9073f4512a/out/README-lib.md:32:1
[INFO] [stdout]   |
[INFO] [stdout] 3 | extern crate r#dilib;
[INFO] [stdout]   | ^^^^^^^^^^^^^^^^^^^^^
[INFO] [stdout]   |
[INFO] [stdout]   = note: candidate #1: /opt/rustwide/target/debug/deps/libdilib-36cf3e837531b66c.rlib
[INFO] [stdout]   = note: candidate #2: /opt/rustwide/target/debug/deps/libdilib-3f8f3ff5cff15dd6.rlib
[INFO] [stdout] 
[INFO] [stdout] error: aborting due to 1 previous error
[INFO] [stdout] 
[INFO] [stdout] For more information about this error, try `rustc --explain E0464`.
[INFO] [stdout] Couldn't compile the test.
[INFO] [stdout] ---- src/container.rs - container::_dummy (line 357) stdout ----
[INFO] [stdout] error[E0464]: multiple candidates for `rlib` dependency `dilib` found
[INFO] [stdout]  --> src/container.rs:357:1
[INFO] [stdout]   |
[INFO] [stdout] 3 | extern crate r#dilib;
[INFO] [stdout]   | ^^^^^^^^^^^^^^^^^^^^^
[INFO] [stdout]   |
[INFO] [stdout]   = note: candidate #1: /opt/rustwide/target/debug/deps/libdilib-36cf3e837531b66c.rlib
[INFO] [stdout]   = note: candidate #2: /opt/rustwide/target/debug/deps/libdilib-3f8f3ff5cff15dd6.rlib
[INFO] [stdout] 
[INFO] [stdout] error: aborting due to 1 previous error
[INFO] [stdout] 
[INFO] [stdout] For more information about this error, try `rustc --explain E0464`.
[INFO] [stdout] Couldn't compile the test.
[INFO] [stdout] ---- /opt/rustwide/target/debug/build/dilib-74291f9073f4512a/out/README-lib.md - (line 321) stdout ----
[INFO] [stdout] error[E0464]: multiple candidates for `rlib` dependency `dilib` found
[INFO] [stdout]  --> /opt/rustwide/target/debug/build/dilib-74291f9073f4512a/out/README-lib.md:321:1
[INFO] [stdout]   |
[INFO] [stdout] 3 | extern crate r#dilib;
[INFO] [stdout]   | ^^^^^^^^^^^^^^^^^^^^^
[INFO] [stdout]   |
[INFO] [stdout]   = note: candidate #1: /opt/rustwide/target/debug/deps/libdilib-36cf3e837531b66c.rlib
[INFO] [stdout]   = note: candidate #2: /opt/rustwide/target/debug/deps/libdilib-3f8f3ff5cff15dd6.rlib
[INFO] [stdout] 
[INFO] [stdout] error: aborting due to 1 previous error
[INFO] [stdout] 
[INFO] [stdout] For more information about this error, try `rustc --explain E0464`.
[INFO] [stdout] Couldn't compile the test.
[INFO] [stdout] ---- /opt/rustwide/target/debug/build/dilib-74291f9073f4512a/out/README-lib.md - (line 95) stdout ----
[INFO] [stdout] error[E0464]: multiple candidates for `rlib` dependency `dilib` found
[INFO] [stdout]  --> /opt/rustwide/target/debug/build/dilib-74291f9073f4512a/out/README-lib.md:95:1
[INFO] [stdout]   |
[INFO] [stdout] 3 | extern crate r#dilib;
[INFO] [stdout]   | ^^^^^^^^^^^^^^^^^^^^^
[INFO] [stdout]   |
[INFO] [stdout]   = note: candidate #1: /opt/rustwide/target/debug/deps/libdilib-36cf3e837531b66c.rlib
[INFO] [stdout]   = note: candidate #2: /opt/rustwide/target/debug/deps/libdilib-3f8f3ff5cff15dd6.rlib
[INFO] [stdout] 
[INFO] [stdout] error: aborting due to 1 previous error
[INFO] [stdout] 
[INFO] [stdout] For more information about this error, try `rustc --explain E0464`.
[INFO] [stdout] Couldn't compile the test.
[INFO] [stdout] ---- /opt/rustwide/target/debug/build/dilib-74291f9073f4512a/out/README-lib.md - (line 193) stdout ----
[INFO] [stdout] error[E0464]: multiple candidates for `rlib` dependency `dilib` found
[INFO] [stdout]  --> /opt/rustwide/target/debug/build/dilib-74291f9073f4512a/out/README-lib.md:193:1
[INFO] [stdout]   |
[INFO] [stdout] 3 | extern crate r#dilib;
[INFO] [stdout]   | ^^^^^^^^^^^^^^^^^^^^^
[INFO] [stdout]   |
[INFO] [stdout]   = note: candidate #1: /opt/rustwide/target/debug/deps/libdilib-36cf3e837531b66c.rlib
[INFO] [stdout]   = note: candidate #2: /opt/rustwide/target/debug/deps/libdilib-3f8f3ff5cff15dd6.rlib
[INFO] [stdout] 
[INFO] [stdout] error: aborting due to 1 previous error
[INFO] [stdout] 
[INFO] [stdout] For more information about this error, try `rustc --explain E0464`.
[INFO] [stdout] Couldn't compile the test.
[INFO] [stdout] ---- /opt/rustwide/target/debug/build/dilib-74291f9073f4512a/out/README-lib.md - (line 132) stdout ----
[INFO] [stdout] error[E0464]: multiple candidates for `rlib` dependency `dilib` found
[INFO] [stdout]  --> /opt/rustwide/target/debug/build/dilib-74291f9073f4512a/out/README-lib.md:132:1
[INFO] [stdout]   |
[INFO] [stdout] 3 | extern crate r#dilib;
[INFO] [stdout]   | ^^^^^^^^^^^^^^^^^^^^^
[INFO] [stdout]   |
[INFO] [stdout]   = note: candidate #1: /opt/rustwide/target/debug/deps/libdilib-36cf3e837531b66c.rlib
[INFO] [stdout]   = note: candidate #2: /opt/rustwide/target/debug/deps/libdilib-3f8f3ff5cff15dd6.rlib
[INFO] [stdout] 
[INFO] [stdout] error: aborting due to 1 previous error
[INFO] [stdout] 
[INFO] [stdout] For more information about this error, try `rustc --explain E0464`.
[INFO] [stdout] Couldn't compile the test.
[INFO] [stdout] ---- /opt/rustwide/target/debug/build/dilib-74291f9073f4512a/out/README-lib.md - (line 109) stdout ----
[INFO] [stdout] error[E0464]: multiple candidates for `rlib` dependency `dilib` found
[INFO] [stdout]  --> /opt/rustwide/target/debug/build/dilib-74291f9073f4512a/out/README-lib.md:109:1
[INFO] [stdout]   |
[INFO] [stdout] 3 | extern crate r#dilib;
[INFO] [stdout]   | ^^^^^^^^^^^^^^^^^^^^^
[INFO] [stdout]   |
[INFO] [stdout]   = note: candidate #1: /opt/rustwide/target/debug/deps/libdilib-36cf3e837531b66c.rlib
[INFO] [stdout]   = note: candidate #2: /opt/rustwide/target/debug/deps/libdilib-3f8f3ff5cff15dd6.rlib
[INFO] [stdout] 
[INFO] [stdout] error: aborting due to 1 previous error
[INFO] [stdout] 
[INFO] [stdout] For more information about this error, try `rustc --explain E0464`.
[INFO] [stdout] Couldn't compile the test.
[INFO] [stdout] ---- /opt/rustwide/target/debug/build/dilib-74291f9073f4512a/out/README-lib.md - (line 354) stdout ----
[INFO] [stdout] error[E0464]: multiple candidates for `rlib` dependency `dilib` found
[INFO] [stdout]  --> /opt/rustwide/target/debug/build/dilib-74291f9073f4512a/out/README-lib.md:354:1
[INFO] [stdout]   |
[INFO] [stdout] 3 | extern crate r#dilib;
[INFO] [stdout]   | ^^^^^^^^^^^^^^^^^^^^^
[INFO] [stdout]   |
[INFO] [stdout]   = note: candidate #1: /opt/rustwide/target/debug/deps/libdilib-36cf3e837531b66c.rlib
[INFO] [stdout]   = note: candidate #2: /opt/rustwide/target/debug/deps/libdilib-3f8f3ff5cff15dd6.rlib
[INFO] [stdout] 
[INFO] [stdout] error: aborting due to 1 previous error
[INFO] [stdout] 
[INFO] [stdout] For more information about this error, try `rustc --explain E0464`.
[INFO] [stdout] Couldn't compile the test.
[INFO] [stdout] ---- src/injectable.rs - injectable::Inject (line 6) stdout ----
[INFO] [stdout] error[E0464]: multiple candidates for `rlib` dependency `dilib` found
[INFO] [stdout]  --> src/injectable.rs:6:1
[INFO] [stdout]   |
[INFO] [stdout] 3 | extern crate r#dilib;
[INFO] [stdout]   | ^^^^^^^^^^^^^^^^^^^^^
[INFO] [stdout]   |
[INFO] [stdout]   = note: candidate #1: /opt/rustwide/target/debug/deps/libdilib-36cf3e837531b66c.rlib
[INFO] [stdout]   = note: candidate #2: /opt/rustwide/target/debug/deps/libdilib-3f8f3ff5cff15dd6.rlib
[INFO] [stdout] 
[INFO] [stdout] error: aborting due to 1 previous error
[INFO] [stdout] 
[INFO] [stdout] For more information about this error, try `rustc --explain E0464`.
[INFO] [stdout] Couldn't compile the test.
[INFO] [stdout] ---- src/lib_macros.rs - lib_macros::add_singleton_trait (line 175) stdout ----
[INFO] [stdout] error[E0464]: multiple candidates for `rlib` dependency `dilib` found
[INFO] [stdout]  --> src/lib_macros.rs:177:1
[INFO] [stdout]   |
[INFO] [stdout] 3 | extern crate dilib;
[INFO] [stdout]   | ^^^^^^^^^^^^^^^^^^^
[INFO] [stdout]   |
[INFO] [stdout]   = note: candidate #1: /opt/rustwide/target/debug/deps/libdilib-36cf3e837531b66c.rlib
[INFO] [stdout]   = note: candidate #2: /opt/rustwide/target/debug/deps/libdilib-3f8f3ff5cff15dd6.rlib
[INFO] [stdout] 
[INFO] [stdout] error: cannot find macro `add_singleton_trait` in this scope
[INFO] [stdout]   --> src/lib_macros.rs:193:5
[INFO] [stdout]    |
[INFO] [stdout] 19 |     add_singleton_trait!(container, Greet => HelloWorld).unwrap();
[INFO] [stdout]    |     ^^^^^^^^^^^^^^^^^^^
[INFO] [stdout] 
[INFO] [stdout] error: cannot find macro `get_singleton_trait` in this scope
[INFO] [stdout]   --> src/lib_macros.rs:195:17
[INFO] [stdout]    |
[INFO] [stdout] 21 |     let greet = get_singleton_trait!(container, Greet).unwrap();
[INFO] [stdout]    |                 ^^^^^^^^^^^^^^^^^^^
[INFO] [stdout] 
[INFO] [stdout] error[E0433]: failed to resolve: use of undeclared type `Container`
[INFO] [stdout]   --> src/lib_macros.rs:192:25
[INFO] [stdout]    |
[INFO] [stdout] 18 |     let mut container = Container::new();
[INFO] [stdout]    |                         ^^^^^^^^^ use of undeclared type `Container`
[INFO] [stdout] 
[INFO] [stdout] error: aborting due to 4 previous errors
[INFO] [stdout] 
[INFO] [stdout] Some errors have detailed explanations: E0433, E0464.
[INFO] [stdout] For more information about an error, try `rustc --explain E0433`.
[INFO] [stdout] Couldn't compile the test.
[INFO] [stdout] ---- src/lib_macros.rs - lib_macros::add_scoped_trait (line 18) stdout ----
[INFO] [stdout] error[E0464]: multiple candidates for `rlib` dependency `dilib` found
[INFO] [stdout]  --> src/lib_macros.rs:20:1
[INFO] [stdout]   |
[INFO] [stdout] 3 | extern crate dilib;
[INFO] [stdout]   | ^^^^^^^^^^^^^^^^^^^
[INFO] [stdout]   |
[INFO] [stdout]   = note: candidate #1: /opt/rustwide/target/debug/deps/libdilib-36cf3e837531b66c.rlib
[INFO] [stdout]   = note: candidate #2: /opt/rustwide/target/debug/deps/libdilib-3f8f3ff5cff15dd6.rlib
[INFO] [stdout] 
[INFO] [stdout] error: cannot find macro `add_scoped_trait` in this scope
[INFO] [stdout]   --> src/lib_macros.rs:35:5
[INFO] [stdout]    |
[INFO] [stdout] 18 |     add_scoped_trait!(container, Greet => EnglishGreeting).unwrap();
[INFO] [stdout]    |     ^^^^^^^^^^^^^^^^
[INFO] [stdout] 
[INFO] [stdout] error: cannot find macro `get_scoped_trait` in this scope
[INFO] [stdout]   --> src/lib_macros.rs:37:20
[INFO] [stdout]    |
[INFO] [stdout] 20 |     let greeting = get_scoped_trait!(container, Greet).unwrap();
[INFO] [stdout]    |                    ^^^^^^^^^^^^^^^^
[INFO] [stdout] 
[INFO] [stdout] error[E0433]: failed to resolve: use of undeclared type `Container`
[INFO] [stdout]   --> src/lib_macros.rs:34:25
[INFO] [stdout]    |
[INFO] [stdout] 17 |     let mut container = Container::new();
[INFO] [stdout]    |                         ^^^^^^^^^ use of undeclared type `Container`
[INFO] [stdout] 
[INFO] [stdout] error: aborting due to 4 previous errors
[INFO] [stdout] 
[INFO] [stdout] Some errors have detailed explanations: E0433, E0464.
[INFO] [stdout] For more information about an error, try `rustc --explain E0433`.
[INFO] [stdout] Couldn't compile the test.
[INFO] [stdout] ---- /opt/rustwide/target/debug/build/dilib-74291f9073f4512a/out/README-lib.md - (line 289) stdout ----
[INFO] [stdout] error[E0464]: multiple candidates for `rlib` dependency `dilib` found
[INFO] [stdout]  --> /opt/rustwide/target/debug/build/dilib-74291f9073f4512a/out/README-lib.md:289:1
[INFO] [stdout]   |
[INFO] [stdout] 3 | extern crate r#dilib;
[INFO] [stdout]   | ^^^^^^^^^^^^^^^^^^^^^
[INFO] [stdout]   |
[INFO] [stdout]   = note: candidate #1: /opt/rustwide/target/debug/deps/libdilib-36cf3e837531b66c.rlib
[INFO] [stdout]   = note: candidate #2: /opt/rustwide/target/debug/deps/libdilib-3f8f3ff5cff15dd6.rlib
[INFO] [stdout] 
[INFO] [stdout] error: cannot find attribute `inject` in this scope
[INFO] [stdout]   --> /opt/rustwide/target/debug/build/dilib-74291f9073f4512a/out/README-lib.md:297:5
[INFO] [stdout]    |
[INFO] [stdout] 11 |   #[inject(name="apple")]
[INFO] [stdout]    |     ^^^^^^
[INFO] [stdout] 
[INFO] [stdout] error: cannot find attribute `inject` in this scope
[INFO] [stdout]   --> /opt/rustwide/target/debug/build/dilib-74291f9073f4512a/out/README-lib.md:299:5
[INFO] [stdout]    |
[INFO] [stdout] 13 |   #[inject(name="apple_price")]
[INFO] [stdout]    |     ^^^^^^
[INFO] [stdout] 
[INFO] [stdout] error: aborting due to 3 previous errors
[INFO] [stdout] 
[INFO] [stdout] For more information about this error, try `rustc --explain E0464`.
[INFO] [stdout] Couldn't compile the test.
[INFO] [stdout] ---- src/lib_macros.rs - lib_macros::add_singleton_trait (line 201) stdout ----
[INFO] [stdout] error[E0464]: multiple candidates for `rlib` dependency `dilib` found
[INFO] [stdout]  --> src/lib_macros.rs:203:1
[INFO] [stdout]   |
[INFO] [stdout] 3 | extern crate dilib;
[INFO] [stdout]   | ^^^^^^^^^^^^^^^^^^^
[INFO] [stdout]   |
[INFO] [stdout]   = note: candidate #1: /opt/rustwide/target/debug/deps/libdilib-36cf3e837531b66c.rlib
[INFO] [stdout]   = note: candidate #2: /opt/rustwide/target/debug/deps/libdilib-3f8f3ff5cff15dd6.rlib
[INFO] [stdout] 
[INFO] [stdout] error: cannot find macro `add_singleton_trait` in this scope
[INFO] [stdout]   --> src/lib_macros.rs:223:5
[INFO] [stdout]    |
[INFO] [stdout] 23 |     add_singleton_trait!(container, "sum", BinaryOp => Sum).unwrap();
[INFO] [stdout]    |     ^^^^^^^^^^^^^^^^^^^
[INFO] [stdout] 
[INFO] [stdout] error: cannot find macro `add_singleton_trait` in this scope
[INFO] [stdout]   --> src/lib_macros.rs:224:5
[INFO] [stdout]    |
[INFO] [stdout] 24 |     add_singleton_trait!(container, "prod", BinaryOp => Prod).unwrap();
[INFO] [stdout]    |     ^^^^^^^^^^^^^^^^^^^
[INFO] [stdout] 
[INFO] [stdout] error: cannot find macro `get_singleton_trait` in this scope
[INFO] [stdout]   --> src/lib_macros.rs:226:15
[INFO] [stdout]    |
[INFO] [stdout] 26 |     let sum = get_singleton_trait!(container, BinaryOp, "sum").unwrap();
[INFO] [stdout]    |               ^^^^^^^^^^^^^^^^^^^
[INFO] [stdout] 
[INFO] [stdout] error: cannot find macro `get_singleton_trait` in this scope
[INFO] [stdout]   --> src/lib_macros.rs:227:16
[INFO] [stdout]    |
[INFO] [stdout] 27 |     let prod = get_singleton_trait!(container, BinaryOp, "prod").unwrap();
[INFO] [stdout]    |                ^^^^^^^^^^^^^^^^^^^
[INFO] [stdout] 
[INFO] [stdout] error[E0433]: failed to resolve: use of undeclared type `Container`
[INFO] [stdout]   --> src/lib_macros.rs:222:25
[INFO] [stdout]    |
[INFO] [stdout] 22 |     let mut container = Container::new();
[INFO] [stdout]    |                         ^^^^^^^^^ use of undeclared type `Container`
[INFO] [stdout] 
[INFO] [stdout] error: aborting due to 6 previous errors
[INFO] [stdout] 
[INFO] [stdout] Some errors have detailed explanations: E0433, E0464.
[INFO] [stdout] For more information about an error, try `rustc --explain E0433`.
[INFO] [stdout] Couldn't compile the test.
[INFO] [stdout] ---- src/lib_macros.rs - lib_macros::add_scoped_trait (line 43) stdout ----
[INFO] [stdout] error[E0464]: multiple candidates for `rlib` dependency `dilib` found
[INFO] [stdout]  --> src/lib_macros.rs:45:1
[INFO] [stdout]   |
[INFO] [stdout] 3 | extern crate dilib;
[INFO] [stdout]   | ^^^^^^^^^^^^^^^^^^^
[INFO] [stdout]   |
[INFO] [stdout]   = note: candidate #1: /opt/rustwide/target/debug/deps/libdilib-36cf3e837531b66c.rlib
[INFO] [stdout]   = note: candidate #2: /opt/rustwide/target/debug/deps/libdilib-3f8f3ff5cff15dd6.rlib
[INFO] [stdout] 
[INFO] [stdout] error: cannot find macro `add_scoped_trait` in this scope
[INFO] [stdout]   --> src/lib_macros.rs:68:5
[INFO] [stdout]    |
[INFO] [stdout] 26 |     add_scoped_trait!(container, "hello", Greet => Hello).unwrap();
[INFO] [stdout]    |     ^^^^^^^^^^^^^^^^
[INFO] [stdout] 
[INFO] [stdout] error: cannot find macro `add_scoped_trait` in this scope
[INFO] [stdout]   --> src/lib_macros.rs:69:5
[INFO] [stdout]    |
[INFO] [stdout] 27 |     add_scoped_trait!(container, "bye", Greet => { Bye }).unwrap();
[INFO] [stdout]    |     ^^^^^^^^^^^^^^^^
[INFO] [stdout] 
[INFO] [stdout] error: cannot find macro `get_scoped_trait` in this scope
[INFO] [stdout]   --> src/lib_macros.rs:72:17
[INFO] [stdout]    |
[INFO] [stdout] 30 |     let hello = get_scoped_trait!(container, Greet, "hello").unwrap();
[INFO] [stdout]    |                 ^^^^^^^^^^^^^^^^
[INFO] [stdout] 
[INFO] [stdout] error: cannot find macro `get_scoped_trait` in this scope
[INFO] [stdout]   --> src/lib_macros.rs:73:15
[INFO] [stdout]    |
[INFO] [stdout] 31 |     let bye = get_scoped_trait!(container, Greet, "bye").unwrap();
[INFO] [stdout]    |               ^^^^^^^^^^^^^^^^
[INFO] [stdout] 
[INFO] [stdout] error[E0433]: failed to resolve: use of undeclared type `Container`
[INFO] [stdout]   --> src/lib_macros.rs:67:25
[INFO] [stdout]    |
[INFO] [stdout] 25 |     let mut container = Container::new();
[INFO] [stdout]    |                         ^^^^^^^^^ use of undeclared type `Container`
[INFO] [stdout] 
[INFO] [stdout] error: aborting due to 6 previous errors
[INFO] [stdout] 
[INFO] [stdout] Some errors have detailed explanations: E0433, E0464.
[INFO] [stdout] For more information about an error, try `rustc --explain E0433`.
[INFO] [stdout] Couldn't compile the test.
[INFO] [stdout] 
[INFO] [stdout] failures:
[INFO] [stdout]     /opt/rustwide/target/debug/build/dilib-74291f9073f4512a/out/README-lib.md - (line 109)
[INFO] [stdout]     /opt/rustwide/target/debug/build/dilib-74291f9073f4512a/out/README-lib.md - (line 132)
[INFO] [stdout]     /opt/rustwide/target/debug/build/dilib-74291f9073f4512a/out/README-lib.md - (line 193)
[INFO] [stdout]     /opt/rustwide/target/debug/build/dilib-74291f9073f4512a/out/README-lib.md - (line 289)
[INFO] [stdout]     /opt/rustwide/target/debug/build/dilib-74291f9073f4512a/out/README-lib.md - (line 32)
[INFO] [stdout]     /opt/rustwide/target/debug/build/dilib-74291f9073f4512a/out/README-lib.md - (line 321)
[INFO] [stdout]     /opt/rustwide/target/debug/build/dilib-74291f9073f4512a/out/README-lib.md - (line 354)
[INFO] [stdout]     /opt/rustwide/target/debug/build/dilib-74291f9073f4512a/out/README-lib.md - (line 95)
[INFO] [stdout]     src/container.rs - container::_dummy (line 357)
[INFO] [stdout]     src/injectable.rs - injectable::Inject (line 6)
[INFO] [stdout]     src/lib_macros.rs - lib_macros::add_scoped_trait (line 18)
[INFO] [stdout]     src/lib_macros.rs - lib_macros::add_scoped_trait (line 43)
[INFO] [stdout]     src/lib_macros.rs - lib_macros::add_singleton_trait (line 175)
[INFO] [stdout]     src/lib_macros.rs - lib_macros::add_singleton_trait (line 201)
[INFO] [stdout] 
[INFO] [stdout] test result: FAILED. 0 passed; 14 failed; 0 ignored; 0 measured; 0 filtered out; finished in 0.35s
[INFO] [stdout] 
[INFO] [stderr] error: doctest failed, to rerun pass `--doc`
[INFO] running `Command { std: "docker" "inspect" "d81b1436e10f49c0bbc21599b9442a4cb1cdd7ee045b689ca8ccda0a058a2e4b", kill_on_drop: false }`
[INFO] running `Command { std: "docker" "rm" "-f" "d81b1436e10f49c0bbc21599b9442a4cb1cdd7ee045b689ca8ccda0a058a2e4b", kill_on_drop: false }`
[INFO] [stdout] d81b1436e10f49c0bbc21599b9442a4cb1cdd7ee045b689ca8ccda0a058a2e4b
