[INFO] fetching crate dilib-derive 0.2.0...
[INFO] testing dilib-derive-0.2.0 against 1.83.0 for beta-1.84.0-4-retry
[INFO] extracting crate dilib-derive 0.2.0 into /workspace/builds/worker-3-tc1/source
[INFO] validating manifest of crates.io crate dilib-derive 0.2.0 on toolchain 1.83.0
[INFO] running `Command { std: CARGO_HOME="/workspace/cargo-home" RUSTUP_HOME="/workspace/rustup-home" "/workspace/cargo-home/bin/cargo" "+1.83.0" "metadata" "--manifest-path" "Cargo.toml" "--no-deps", kill_on_drop: false }`
[INFO] started tweaking crates.io crate dilib-derive 0.2.0
[INFO] finished tweaking crates.io crate dilib-derive 0.2.0
[INFO] tweaked toml for crates.io crate dilib-derive 0.2.0 written to /workspace/builds/worker-3-tc1/source/Cargo.toml
[INFO] running `Command { std: CARGO_HOME="/workspace/cargo-home" RUSTUP_HOME="/workspace/rustup-home" "/workspace/cargo-home/bin/cargo" "+1.83.0" "generate-lockfile" "--manifest-path" "Cargo.toml", kill_on_drop: false }`
[INFO] [stderr]     Updating crates.io index
[INFO] [stderr]      Locking 7 packages to latest compatible versions
[INFO] [stderr]       Adding syn v1.0.109 (available: v2.0.90)
[INFO] running `Command { std: CARGO_HOME="/workspace/cargo-home" RUSTUP_HOME="/workspace/rustup-home" "/workspace/cargo-home/bin/cargo" "+1.83.0" "fetch" "--manifest-path" "Cargo.toml", kill_on_drop: false }`
[INFO] [stderr] warning: `proc_macro` is deprecated in favor of `proc-macro` and will not work in the 2024 edition
[INFO] [stderr] (in the `dilib_derive` library target)
[INFO] [stderr]  Downloading crates ...
[INFO] [stderr]   Downloaded mattro v0.1.2
[INFO] running `Command { std: "docker" "create" "-v" "/var/lib/crater-agent-workspace/builds/worker-3-tc1/target:/opt/rustwide/target:rw,Z" "-v" "/var/lib/crater-agent-workspace/builds/worker-3-tc1/source:/opt/rustwide/workdir:ro,Z" "-v" "/var/lib/crater-agent-workspace/cargo-home:/opt/rustwide/cargo-home:ro,Z" "-v" "/var/lib/crater-agent-workspace/rustup-home:/opt/rustwide/rustup-home:ro,Z" "-e" "SOURCE_DIR=/opt/rustwide/workdir" "-e" "CARGO_TARGET_DIR=/opt/rustwide/target" "-e" "CARGO_HOME=/opt/rustwide/cargo-home" "-e" "RUSTUP_HOME=/opt/rustwide/rustup-home" "-w" "/opt/rustwide/workdir" "-m" "1610612736" "--user" "0:0" "--network" "none" "ghcr.io/rust-lang/crates-build-env/linux@sha256:f3a9d4ad9d972b27faf3965f35b62e55ba32bbce8f20bc8fe909558a86702fde" "/opt/rustwide/cargo-home/bin/cargo" "+1.83.0" "metadata" "--no-deps" "--format-version=1", kill_on_drop: false }`
[INFO] [stdout] aeddda7c7579a44cb9da7200891ad0e3db757f5a26b9e939f14171115473dc40
[INFO] running `Command { std: "docker" "start" "-a" "aeddda7c7579a44cb9da7200891ad0e3db757f5a26b9e939f14171115473dc40", kill_on_drop: false }`
[INFO] running `Command { std: "docker" "inspect" "aeddda7c7579a44cb9da7200891ad0e3db757f5a26b9e939f14171115473dc40", kill_on_drop: false }`
[INFO] running `Command { std: "docker" "rm" "-f" "aeddda7c7579a44cb9da7200891ad0e3db757f5a26b9e939f14171115473dc40", kill_on_drop: false }`
[INFO] [stdout] aeddda7c7579a44cb9da7200891ad0e3db757f5a26b9e939f14171115473dc40
[INFO] running `Command { std: "docker" "create" "-v" "/var/lib/crater-agent-workspace/builds/worker-3-tc1/target:/opt/rustwide/target:rw,Z" "-v" "/var/lib/crater-agent-workspace/builds/worker-3-tc1/source:/opt/rustwide/workdir:ro,Z" "-v" "/var/lib/crater-agent-workspace/cargo-home:/opt/rustwide/cargo-home:ro,Z" "-v" "/var/lib/crater-agent-workspace/rustup-home:/opt/rustwide/rustup-home:ro,Z" "-e" "SOURCE_DIR=/opt/rustwide/workdir" "-e" "CARGO_TARGET_DIR=/opt/rustwide/target" "-e" "CARGO_INCREMENTAL=0" "-e" "RUST_BACKTRACE=full" "-e" "RUSTFLAGS=--cap-lints=warn" "-e" "RUSTDOCFLAGS=--cap-lints=warn" "-e" "CARGO_HOME=/opt/rustwide/cargo-home" "-e" "RUSTUP_HOME=/opt/rustwide/rustup-home" "-w" "/opt/rustwide/workdir" "-m" "1610612736" "--user" "0:0" "--network" "none" "ghcr.io/rust-lang/crates-build-env/linux@sha256:f3a9d4ad9d972b27faf3965f35b62e55ba32bbce8f20bc8fe909558a86702fde" "/opt/rustwide/cargo-home/bin/cargo" "+1.83.0" "build" "--frozen" "--message-format=json", kill_on_drop: false }`
[INFO] [stdout] 8217104afff7524f32ca283a7445a9ab4e2cd4d358d4a79b73909c939ce545d5
[INFO] running `Command { std: "docker" "start" "-a" "8217104afff7524f32ca283a7445a9ab4e2cd4d358d4a79b73909c939ce545d5", kill_on_drop: false }`
[INFO] [stderr] warning: `proc_macro` is deprecated in favor of `proc-macro` and will not work in the 2024 edition
[INFO] [stderr] (in the `dilib_derive` library target)
[INFO] [stderr]    Compiling proc-macro2 v1.0.92
[INFO] [stderr]    Compiling unicode-ident v1.0.14
[INFO] [stderr]    Compiling syn v1.0.109
[INFO] [stderr]    Compiling linked-hash-map v0.5.6
[INFO] [stderr]    Compiling linked_hash_set v0.1.4
[INFO] [stderr]    Compiling quote v1.0.37
[INFO] [stderr]    Compiling mattro v0.1.2
[INFO] [stderr]    Compiling dilib-derive v0.2.0 (/opt/rustwide/workdir)
[INFO] [stderr]     Finished `dev` profile [unoptimized + debuginfo] target(s) in 5.20s
[INFO] running `Command { std: "docker" "inspect" "8217104afff7524f32ca283a7445a9ab4e2cd4d358d4a79b73909c939ce545d5", kill_on_drop: false }`
[INFO] running `Command { std: "docker" "rm" "-f" "8217104afff7524f32ca283a7445a9ab4e2cd4d358d4a79b73909c939ce545d5", kill_on_drop: false }`
[INFO] [stdout] 8217104afff7524f32ca283a7445a9ab4e2cd4d358d4a79b73909c939ce545d5
[INFO] running `Command { std: "docker" "create" "-v" "/var/lib/crater-agent-workspace/builds/worker-3-tc1/target:/opt/rustwide/target:rw,Z" "-v" "/var/lib/crater-agent-workspace/builds/worker-3-tc1/source:/opt/rustwide/workdir:ro,Z" "-v" "/var/lib/crater-agent-workspace/cargo-home:/opt/rustwide/cargo-home:ro,Z" "-v" "/var/lib/crater-agent-workspace/rustup-home:/opt/rustwide/rustup-home:ro,Z" "-e" "SOURCE_DIR=/opt/rustwide/workdir" "-e" "CARGO_TARGET_DIR=/opt/rustwide/target" "-e" "CARGO_INCREMENTAL=0" "-e" "RUST_BACKTRACE=full" "-e" "RUSTFLAGS=--cap-lints=warn" "-e" "RUSTDOCFLAGS=--cap-lints=warn" "-e" "CARGO_HOME=/opt/rustwide/cargo-home" "-e" "RUSTUP_HOME=/opt/rustwide/rustup-home" "-w" "/opt/rustwide/workdir" "-m" "1610612736" "--user" "0:0" "--network" "none" "ghcr.io/rust-lang/crates-build-env/linux@sha256:f3a9d4ad9d972b27faf3965f35b62e55ba32bbce8f20bc8fe909558a86702fde" "/opt/rustwide/cargo-home/bin/cargo" "+1.83.0" "test" "--frozen" "--no-run" "--message-format=json", kill_on_drop: false }`
[INFO] [stdout] 1015420b88112125fb2a69e24711e440325224b57a0151b5f75e1f56f084c676
[INFO] running `Command { std: "docker" "start" "-a" "1015420b88112125fb2a69e24711e440325224b57a0151b5f75e1f56f084c676", kill_on_drop: false }`
[INFO] [stderr] warning: `proc_macro` is deprecated in favor of `proc-macro` and will not work in the 2024 edition
[INFO] [stderr] (in the `dilib_derive` library target)
[INFO] [stderr]    Compiling dilib-derive v0.2.0 (/opt/rustwide/workdir)
[INFO] [stderr]     Finished `test` profile [unoptimized + debuginfo] target(s) in 0.95s
[INFO] running `Command { std: "docker" "inspect" "1015420b88112125fb2a69e24711e440325224b57a0151b5f75e1f56f084c676", kill_on_drop: false }`
[INFO] running `Command { std: "docker" "rm" "-f" "1015420b88112125fb2a69e24711e440325224b57a0151b5f75e1f56f084c676", kill_on_drop: false }`
[INFO] [stdout] 1015420b88112125fb2a69e24711e440325224b57a0151b5f75e1f56f084c676
[INFO] running `Command { std: "docker" "create" "-v" "/var/lib/crater-agent-workspace/builds/worker-3-tc1/target:/opt/rustwide/target:rw,Z" "-v" "/var/lib/crater-agent-workspace/builds/worker-3-tc1/source:/opt/rustwide/workdir:ro,Z" "-v" "/var/lib/crater-agent-workspace/cargo-home:/opt/rustwide/cargo-home:ro,Z" "-v" "/var/lib/crater-agent-workspace/rustup-home:/opt/rustwide/rustup-home:ro,Z" "-e" "SOURCE_DIR=/opt/rustwide/workdir" "-e" "CARGO_TARGET_DIR=/opt/rustwide/target" "-e" "CARGO_INCREMENTAL=0" "-e" "RUST_BACKTRACE=full" "-e" "RUSTFLAGS=--cap-lints=warn" "-e" "RUSTDOCFLAGS=--cap-lints=warn" "-e" "CARGO_HOME=/opt/rustwide/cargo-home" "-e" "RUSTUP_HOME=/opt/rustwide/rustup-home" "-w" "/opt/rustwide/workdir" "-m" "1610612736" "--user" "0:0" "--network" "none" "ghcr.io/rust-lang/crates-build-env/linux@sha256:f3a9d4ad9d972b27faf3965f35b62e55ba32bbce8f20bc8fe909558a86702fde" "/opt/rustwide/cargo-home/bin/cargo" "+1.83.0" "test" "--frozen", kill_on_drop: false }`
[INFO] [stdout] 6514b2d4dab964205a54304689a14051a847827be64fa8e949e157fd62552a2d
[INFO] running `Command { std: "docker" "start" "-a" "6514b2d4dab964205a54304689a14051a847827be64fa8e949e157fd62552a2d", kill_on_drop: false }`
[INFO] [stderr] warning: `proc_macro` is deprecated in favor of `proc-macro` and will not work in the 2024 edition
[INFO] [stderr] (in the `dilib_derive` library target)
[INFO] [stderr]     Finished `test` profile [unoptimized + debuginfo] target(s) in 0.02s
[INFO] [stderr]      Running unittests src/lib.rs (/opt/rustwide/target/debug/deps/dilib_derive-43b761822a3dddc7)
[INFO] [stdout] 
[INFO] [stdout] running 1 test
[INFO] [stdout] test dependency::tests::str_and_static_test ... ok
[INFO] [stdout] 
[INFO] [stdout] test result: ok. 1 passed; 0 failed; 0 ignored; 0 measured; 0 filtered out; finished in 0.00s
[INFO] [stdout] 
[INFO] [stderr]    Doc-tests dilib_derive
[INFO] [stdout] 
[INFO] [stdout] running 1 test
[INFO] [stdout] test src/lib.rs - derive_injectable_attribute (line 24) - compile ... FAILED
[INFO] [stdout] 
[INFO] [stdout] failures:
[INFO] [stdout] 
[INFO] [stdout] ---- src/lib.rs - derive_injectable_attribute (line 24) stdout ----
[INFO] [stdout] error[E0433]: failed to resolve: use of undeclared crate or module `dilib`
[INFO] [stdout]  --> src/lib.rs:29:10
[INFO] [stdout]   |
[INFO] [stdout] 8 | #[derive(Inject)]
[INFO] [stdout]   |          ^^^^^^ use of undeclared crate or module `dilib`
[INFO] [stdout]   |
[INFO] [stdout]   = note: this error originates in the derive macro `Inject` (in Nightly builds, run with -Z macro-backtrace for more info)
[INFO] [stdout] 
[INFO] [stdout] error: aborting due to 1 previous error
[INFO] [stdout] 
[INFO] [stdout] For more information about this error, try `rustc --explain E0433`.
[INFO] [stdout] Couldn't compile the test.
[INFO] [stdout] 
[INFO] [stdout] failures:
[INFO] [stdout]     src/lib.rs - derive_injectable_attribute (line 24)
[INFO] [stdout] 
[INFO] [stdout] test result: FAILED. 0 passed; 1 failed; 0 ignored; 0 measured; 0 filtered out; finished in 0.10s
[INFO] [stdout] 
[INFO] [stderr] error: doctest failed, to rerun pass `--doc`
[INFO] running `Command { std: "docker" "inspect" "6514b2d4dab964205a54304689a14051a847827be64fa8e949e157fd62552a2d", kill_on_drop: false }`
[INFO] running `Command { std: "docker" "rm" "-f" "6514b2d4dab964205a54304689a14051a847827be64fa8e949e157fd62552a2d", kill_on_drop: false }`
[INFO] [stdout] 6514b2d4dab964205a54304689a14051a847827be64fa8e949e157fd62552a2d
