[INFO] fetching crate digifi 2.0.0...
[INFO] testing digifi-2.0.0 against 1.83.0 for beta-1.84.0-4-retry
[INFO] extracting crate digifi 2.0.0 into /workspace/builds/worker-7-tc1/source
[INFO] validating manifest of crates.io crate digifi 2.0.0 on toolchain 1.83.0
[INFO] running `Command { std: CARGO_HOME="/workspace/cargo-home" RUSTUP_HOME="/workspace/rustup-home" "/workspace/cargo-home/bin/cargo" "+1.83.0" "metadata" "--manifest-path" "Cargo.toml" "--no-deps", kill_on_drop: false }`
[INFO] started tweaking crates.io crate digifi 2.0.0
[INFO] finished tweaking crates.io crate digifi 2.0.0
[INFO] tweaked toml for crates.io crate digifi 2.0.0 written to /workspace/builds/worker-7-tc1/source/Cargo.toml
[INFO] running `Command { std: CARGO_HOME="/workspace/cargo-home" RUSTUP_HOME="/workspace/rustup-home" "/workspace/cargo-home/bin/cargo" "+1.83.0" "generate-lockfile" "--manifest-path" "Cargo.toml", kill_on_drop: false }`
[INFO] [stderr]     Updating crates.io index
[INFO] [stderr]      Locking 22 packages to latest compatible versions
[INFO] [stderr]       Adding ndarray v0.15.6 (available: v0.16.1)
[INFO] running `Command { std: CARGO_HOME="/workspace/cargo-home" RUSTUP_HOME="/workspace/rustup-home" "/workspace/cargo-home/bin/cargo" "+1.83.0" "fetch" "--manifest-path" "Cargo.toml", kill_on_drop: false }`
[INFO] running `Command { std: "docker" "create" "-v" "/var/lib/crater-agent-workspace/builds/worker-7-tc1/target:/opt/rustwide/target:rw,Z" "-v" "/var/lib/crater-agent-workspace/builds/worker-7-tc1/source:/opt/rustwide/workdir:ro,Z" "-v" "/var/lib/crater-agent-workspace/cargo-home:/opt/rustwide/cargo-home:ro,Z" "-v" "/var/lib/crater-agent-workspace/rustup-home:/opt/rustwide/rustup-home:ro,Z" "-e" "SOURCE_DIR=/opt/rustwide/workdir" "-e" "CARGO_TARGET_DIR=/opt/rustwide/target" "-e" "CARGO_HOME=/opt/rustwide/cargo-home" "-e" "RUSTUP_HOME=/opt/rustwide/rustup-home" "-w" "/opt/rustwide/workdir" "-m" "1610612736" "--user" "0:0" "--network" "none" "ghcr.io/rust-lang/crates-build-env/linux@sha256:f3a9d4ad9d972b27faf3965f35b62e55ba32bbce8f20bc8fe909558a86702fde" "/opt/rustwide/cargo-home/bin/cargo" "+1.83.0" "metadata" "--no-deps" "--format-version=1", kill_on_drop: false }`
[INFO] [stdout] 121ad8334a540041f4abf75c6396559e2d0c764dcdb0f7ff46e74ad6071eadc1
[INFO] running `Command { std: "docker" "start" "-a" "121ad8334a540041f4abf75c6396559e2d0c764dcdb0f7ff46e74ad6071eadc1", kill_on_drop: false }`
[INFO] running `Command { std: "docker" "inspect" "121ad8334a540041f4abf75c6396559e2d0c764dcdb0f7ff46e74ad6071eadc1", kill_on_drop: false }`
[INFO] running `Command { std: "docker" "rm" "-f" "121ad8334a540041f4abf75c6396559e2d0c764dcdb0f7ff46e74ad6071eadc1", kill_on_drop: false }`
[INFO] [stdout] 121ad8334a540041f4abf75c6396559e2d0c764dcdb0f7ff46e74ad6071eadc1
[INFO] running `Command { std: "docker" "create" "-v" "/var/lib/crater-agent-workspace/builds/worker-7-tc1/target:/opt/rustwide/target:rw,Z" "-v" "/var/lib/crater-agent-workspace/builds/worker-7-tc1/source:/opt/rustwide/workdir:ro,Z" "-v" "/var/lib/crater-agent-workspace/cargo-home:/opt/rustwide/cargo-home:ro,Z" "-v" "/var/lib/crater-agent-workspace/rustup-home:/opt/rustwide/rustup-home:ro,Z" "-e" "SOURCE_DIR=/opt/rustwide/workdir" "-e" "CARGO_TARGET_DIR=/opt/rustwide/target" "-e" "CARGO_INCREMENTAL=0" "-e" "RUST_BACKTRACE=full" "-e" "RUSTFLAGS=--cap-lints=warn" "-e" "RUSTDOCFLAGS=--cap-lints=warn" "-e" "CARGO_HOME=/opt/rustwide/cargo-home" "-e" "RUSTUP_HOME=/opt/rustwide/rustup-home" "-w" "/opt/rustwide/workdir" "-m" "1610612736" "--user" "0:0" "--network" "none" "ghcr.io/rust-lang/crates-build-env/linux@sha256:f3a9d4ad9d972b27faf3965f35b62e55ba32bbce8f20bc8fe909558a86702fde" "/opt/rustwide/cargo-home/bin/cargo" "+1.83.0" "build" "--frozen" "--message-format=json", kill_on_drop: false }`
[INFO] [stdout] 0364d62cead59b0851a17626dc6e83f73e7c75501637175117386f9e95283366
[INFO] running `Command { std: "docker" "start" "-a" "0364d62cead59b0851a17626dc6e83f73e7c75501637175117386f9e95283366", kill_on_drop: false }`
[INFO] [stderr]    Compiling autocfg v1.4.0
[INFO] [stderr]    Compiling proc-macro2 v1.0.92
[INFO] [stderr]    Compiling unicode-ident v1.0.14
[INFO] [stderr]    Compiling bytemuck v1.20.0
[INFO] [stderr]    Compiling paste v1.0.15
[INFO] [stderr]    Compiling typenum v1.17.0
[INFO] [stderr]    Compiling rawpointer v0.2.1
[INFO] [stderr]    Compiling safe_arch v0.7.2
[INFO] [stderr]    Compiling num-traits v0.2.19
[INFO] [stderr]    Compiling matrixmultiply v0.3.9
[INFO] [stderr]    Compiling quote v1.0.37
[INFO] [stderr]    Compiling wide v0.7.30
[INFO] [stderr]    Compiling syn v2.0.90
[INFO] [stderr]    Compiling num-integer v0.1.46
[INFO] [stderr]    Compiling num-complex v0.4.6
[INFO] [stderr]    Compiling approx v0.5.1
[INFO] [stderr]    Compiling num-rational v0.4.2
[INFO] [stderr]    Compiling ndarray v0.15.6
[INFO] [stderr]    Compiling simba v0.9.0
[INFO] [stderr]    Compiling nalgebra-macros v0.2.2
[INFO] [stderr]    Compiling nalgebra v0.33.2
[INFO] [stderr]    Compiling digifi v2.0.0 (/opt/rustwide/workdir)
[INFO] [stderr]     Finished `dev` profile [unoptimized + debuginfo] target(s) in 34.04s
[INFO] running `Command { std: "docker" "inspect" "0364d62cead59b0851a17626dc6e83f73e7c75501637175117386f9e95283366", kill_on_drop: false }`
[INFO] running `Command { std: "docker" "rm" "-f" "0364d62cead59b0851a17626dc6e83f73e7c75501637175117386f9e95283366", kill_on_drop: false }`
[INFO] [stdout] 0364d62cead59b0851a17626dc6e83f73e7c75501637175117386f9e95283366
[INFO] running `Command { std: "docker" "create" "-v" "/var/lib/crater-agent-workspace/builds/worker-7-tc1/target:/opt/rustwide/target:rw,Z" "-v" "/var/lib/crater-agent-workspace/builds/worker-7-tc1/source:/opt/rustwide/workdir:ro,Z" "-v" "/var/lib/crater-agent-workspace/cargo-home:/opt/rustwide/cargo-home:ro,Z" "-v" "/var/lib/crater-agent-workspace/rustup-home:/opt/rustwide/rustup-home:ro,Z" "-e" "SOURCE_DIR=/opt/rustwide/workdir" "-e" "CARGO_TARGET_DIR=/opt/rustwide/target" "-e" "CARGO_INCREMENTAL=0" "-e" "RUST_BACKTRACE=full" "-e" "RUSTFLAGS=--cap-lints=warn" "-e" "RUSTDOCFLAGS=--cap-lints=warn" "-e" "CARGO_HOME=/opt/rustwide/cargo-home" "-e" "RUSTUP_HOME=/opt/rustwide/rustup-home" "-w" "/opt/rustwide/workdir" "-m" "1610612736" "--user" "0:0" "--network" "none" "ghcr.io/rust-lang/crates-build-env/linux@sha256:f3a9d4ad9d972b27faf3965f35b62e55ba32bbce8f20bc8fe909558a86702fde" "/opt/rustwide/cargo-home/bin/cargo" "+1.83.0" "test" "--frozen" "--no-run" "--message-format=json", kill_on_drop: false }`
[INFO] [stdout] 19bc6b74f223d376f9d2fc96949b69ea3351e9a4125fc29631bc9c164ac3d6cb
[INFO] running `Command { std: "docker" "start" "-a" "19bc6b74f223d376f9d2fc96949b69ea3351e9a4125fc29631bc9c164ac3d6cb", kill_on_drop: false }`
[INFO] [stderr]    Compiling digifi v2.0.0 (/opt/rustwide/workdir)
[INFO] [stderr]     Finished `test` profile [unoptimized + debuginfo] target(s) in 6.02s
[INFO] running `Command { std: "docker" "inspect" "19bc6b74f223d376f9d2fc96949b69ea3351e9a4125fc29631bc9c164ac3d6cb", kill_on_drop: false }`
[INFO] running `Command { std: "docker" "rm" "-f" "19bc6b74f223d376f9d2fc96949b69ea3351e9a4125fc29631bc9c164ac3d6cb", kill_on_drop: false }`
[INFO] [stdout] 19bc6b74f223d376f9d2fc96949b69ea3351e9a4125fc29631bc9c164ac3d6cb
[INFO] running `Command { std: "docker" "create" "-v" "/var/lib/crater-agent-workspace/builds/worker-7-tc1/target:/opt/rustwide/target:rw,Z" "-v" "/var/lib/crater-agent-workspace/builds/worker-7-tc1/source:/opt/rustwide/workdir:ro,Z" "-v" "/var/lib/crater-agent-workspace/cargo-home:/opt/rustwide/cargo-home:ro,Z" "-v" "/var/lib/crater-agent-workspace/rustup-home:/opt/rustwide/rustup-home:ro,Z" "-e" "SOURCE_DIR=/opt/rustwide/workdir" "-e" "CARGO_TARGET_DIR=/opt/rustwide/target" "-e" "CARGO_INCREMENTAL=0" "-e" "RUST_BACKTRACE=full" "-e" "RUSTFLAGS=--cap-lints=warn" "-e" "RUSTDOCFLAGS=--cap-lints=warn" "-e" "CARGO_HOME=/opt/rustwide/cargo-home" "-e" "RUSTUP_HOME=/opt/rustwide/rustup-home" "-w" "/opt/rustwide/workdir" "-m" "1610612736" "--user" "0:0" "--network" "none" "ghcr.io/rust-lang/crates-build-env/linux@sha256:f3a9d4ad9d972b27faf3965f35b62e55ba32bbce8f20bc8fe909558a86702fde" "/opt/rustwide/cargo-home/bin/cargo" "+1.83.0" "test" "--frozen", kill_on_drop: false }`
[INFO] [stdout] 2c6e29f8a51a91a7b842600dd14278ffb8972e6cb72ee7aec421a4f4e5c7693e
[INFO] running `Command { std: "docker" "start" "-a" "2c6e29f8a51a91a7b842600dd14278ffb8972e6cb72ee7aec421a4f4e5c7693e", kill_on_drop: false }`
[INFO] [stderr]     Finished `test` profile [unoptimized + debuginfo] target(s) in 0.05s
[INFO] [stderr]      Running unittests src/lib.rs (/opt/rustwide/target/debug/deps/digifi-576456c123c0538f)
[INFO] [stdout] 
[INFO] [stdout] running 99 tests
[INFO] [stdout] test financial_instruments::bonds::tests::unit_test_bootstrap ... ok
[INFO] [stdout] test financial_instruments::derivatives::tests::unit_test_contract ... ok
[INFO] [stdout] test financial_instruments::bonds::tests::unit_test_bond ... ok
[INFO] [stdout] test financial_instruments::stocks::tests::unit_test_stock_valuation_by_comparables ... ok
[INFO] [stdout] test financial_instruments::stocks::tests::unit_test_stock_dividend_discount_model ... ok
[INFO] [stdout] test financial_instruments::tests::unit_test_long_call ... ok
[INFO] [stdout] test financial_instruments::tests::unit_test_long_put ... ok
[INFO] [stdout] test financial_instruments::tests::unit_test_box_spread ... ok
[INFO] [stdout] test financial_instruments::tests::unit_test_bull_collar ... ok
[INFO] [stdout] test financial_instruments::tests::unit_test_bull_spread ... ok
[INFO] [stdout] test financial_instruments::tests::unit_test_short_call ... ok
[INFO] [stdout] test financial_instruments::tests::unit_test_short_put ... ok
[INFO] [stdout] test financial_instruments::tests::unit_test_straddle ... ok
[INFO] [stdout] test financial_instruments::tests::unit_test_strangle ... ok
[INFO] [stdout] test financial_instruments::tests::unit_test_bear_spread ... ok
[INFO] [stdout] test financial_instruments::tests::unit_test_strap ... ok
[INFO] [stdout] test financial_instruments::derivatives::tests::unit_test_option ... ok
[INFO] [stdout] test financial_instruments::tests::unit_test_bear_collar ... ok
[INFO] [stdout] test financial_instruments::tests::unit_test_long_butterfly ... ok
[INFO] [stdout] test lattice_models::binomial_models::tests::unit_test_binomial_model_1 ... ok
[INFO] [stdout] test portfolio_applications::risk_measures::tests::unit_test_value_at_risk ... ok
[INFO] [stdout] test lattice_models::binomial_models::tests::unit_test_binomial_tree_nodes ... ok
[INFO] [stdout] test lattice_models::binomial_models::tests::unit_test_binomial_model_2 ... ok
[INFO] [stdout] test lattice_models::trinomial_models::tests::unit_test_brownian_motion_trinomial_model ... ok
[INFO] [stdout] test lattice_models::trinomial_models::tests::unit_test_trinomial_model_1 ... ok
[INFO] [stdout] test portfolio_applications::tests::unit_test_prices_to_returns ... ok
[INFO] [stdout] test market_making::order_book::tests::unit_test_volume_imbalance ... ok
[INFO] [stdout] test market_making::amm::tests::unit_test_simple_amm_make_transaction ... ok
[INFO] [stdout] test financial_instruments::rates_and_swaps::tests::unit_test_forward_rate ... ok
[INFO] [stdout] test lattice_models::trinomial_models::tests::unit_test_trinomial_model_2 ... ok
[INFO] [stdout] test financial_instruments::tests::unit_test_strip ... ok
[INFO] [stdout] test lattice_models::trinomial_models::tests::unit_test_trinomial_tree_nodes ... ok
[INFO] [stdout] test lattice_models::binomial_models::tests::unit_test_brownian_motion_binomial_model ... ok
[INFO] [stdout] test random_generators::tests::unit_test_generate_seed ... ok
[INFO] [stdout] test statistics::discrete_distributions::tests::unit_test_bernoulli_distribution ... ok
[INFO] [stdout] test statistics::continuous_distributions::tests::unit_test_exponential_distribution ... ok
[INFO] [stdout] test statistics::continuous_distributions::tests::unit_test_continuous_uniform_distribution ... ok
[INFO] [stdout] test random_generators::uniform_generators::tests::unit_test_linear_congruential_generator ... ok
[INFO] [stdout] test statistics::continuous_distributions::tests::unit_test_laplace_distribution ... ok
[INFO] [stdout] test statistics::discrete_distributions::tests::unit_test_discrete_uniform_distribution ... ok
[INFO] [stdout] test statistics::continuous_distributions::tests::unit_test_gamma_distribution ... ok
[INFO] [stdout] test statistics::continuous_distributions::tests::unit_test_normal_distribution ... ok
[INFO] [stdout] test statistics::tests::unit_test_covariance ... ok
[INFO] [stdout] test statistics::discrete_distributions::tests::unit_test_poisson_distribution ... ok
[INFO] [stdout] test statistics::tests::unit_test_n_choose_r ... ok
[INFO] [stdout] test statistics::tests::unit_test_skewness ... ok
[INFO] [stdout] test statistics::tests::unit_test_kurtosis ... ok
[INFO] [stdout] test statistics::tests::unit_test_pearson_correlation ... ok
[INFO] [stdout] test statistics::tests::unit_test_linear_regression ... ok
[INFO] [stdout] test random_generators::uniform_generators::tests::unit_test_fibonacci_generator ... ok
[INFO] [stdout] test statistics::tests::unit_test_lower_incomplete_gamma_function ... ok
[INFO] [stdout] test statistics::tests::unit_test_upper_incomplete_gamma_function ... ok
[INFO] [stdout] test statistics::tests::unit_test_gamma_function ... ok
[INFO] [stdout] test random_generators::standard_normal_generators::tests::unit_test_box_muller ... ok
[INFO] [stdout] test random_generators::standard_normal_generators::tests::unit_test_accept_reject ... ok
[INFO] [stdout] test statistics::tests::unit_test_regularized_incomplete_beta_function ... ok
[INFO] [stdout] test stochastic_processes::standard_stochastic_models::tests::unit_test_brownian_bridge ... ok
[INFO] [stdout] test statistics::discrete_distributions::tests::unit_test_binomial_distribution ... ok
[INFO] [stdout] test stochastic_processes::jump_diffusion_models::tests::unit_test_kou_jump_diffusion ... ok
[INFO] [stdout] test stochastic_processes::standard_stochastic_models::tests::unit_test_arithmetic_brownian_motion ... ok
[INFO] [stdout] test technical_indicators::tests::unit_test_adx ... ok
[INFO] [stdout] test technical_indicators::tests::unit_test_bollinger_bands ... ok
[INFO] [stdout] test technical_indicators::tests::unit_test_ema ... ok
[INFO] [stdout] test technical_indicators::tests::unit_test_macd ... ok
[INFO] [stdout] test technical_indicators::tests::unit_test_maximum_drawdown ... ok
[INFO] [stdout] test technical_indicators::tests::unit_test_obv ... ok
[INFO] [stdout] test technical_indicators::tests::unit_test_rsi ... ok
[INFO] [stdout] test stochastic_processes::standard_stochastic_models::tests::unit_test_feller_square_root_process ... ok
[INFO] [stdout] test technical_indicators::tests::unit_test_sma ... ok
[INFO] [stdout] test utilities::maths_utils::tests::unit_test_derivative ... ok
[INFO] [stdout] test utilities::maths_utils::tests::unit_test_erf ... ok
[INFO] [stdout] test utilities::maths_utils::tests::unit_test_erfinv ... ok
[INFO] [stdout] test utilities::maths_utils::tests::unit_test_factorial ... ok
[INFO] [stdout] test utilities::maths_utils::tests::unit_test_rising_factorial ... ok
[INFO] [stdout] test utilities::tests::unit_test_compare_vec_len ... ok
[INFO] [stdout] test utilities::tests::unit_test_ndarray_to_nalgebra ... ok
[INFO] [stdout] test utilities::tests::unit_test_time_struct ... ok
[INFO] [stdout] test utilities::time_value_utils::tests::unit_test_annuity_struct ... ok
[INFO] [stdout] test utilities::time_value_utils::tests::unit_test_cashflow_struct ... ok
[INFO] [stdout] test utilities::time_value_utils::tests::unit_test_compounding_struct ... ok
[INFO] [stdout] test utilities::time_value_utils::tests::unit_test_future_value ... ok
[INFO] [stdout] test utilities::time_value_utils::tests::unit_test_internal_rate_of_return ... ok
[INFO] [stdout] test utilities::time_value_utils::tests::unit_test_perpetuity_struct ... ok
[INFO] [stdout] test utilities::time_value_utils::tests::unit_test_present_value ... ok
[INFO] [stdout] test stochastic_processes::stochastic_process_generator::tests::unit_test_sde_abm ... ok
[INFO] [stdout] test utilities::maths_utils::tests::unit_test_definite_integral ... ok
[INFO] [stdout] test stochastic_processes::standard_stochastic_models::tests::unit_test_ornstein_uhlenbeck_process ... ok
[INFO] [stdout] test stochastic_processes::stochastic_volatility_models::tests::unit_test_constant_elasticity_of_variance ... ok
[INFO] [stdout] test stochastic_processes::jump_diffusion_models::tests::unit_test_merton_jump_diffusion ... ok
[INFO] [stdout] test stochastic_processes::stochastic_volatility_models::tests::unit_test_heston_stochastic_volatility ... FAILED
[INFO] [stdout] test stochastic_processes::stochastic_volatility_models::tests::unit_test_variance_gamma ... ok
[INFO] [stdout] test random_generators::standard_normal_generators::tests::unit_test_inverse_transform ... ok
[INFO] [stdout] test stochastic_processes::standard_stochastic_models::tests::unit_test_geometric_brownian_motion ... ok
[INFO] [stdout] test stochastic_processes::stochastic_process_generator::tests::unit_test_sde_gbm ... ok
[INFO] [stdout] test statistics::tests::unit_test_beta_function ... ok
[INFO] [stdout] test stochastic_processes::stochastic_process_generator::tests::unit_test_stochastic_drift_gbm ... ok
[INFO] [stdout] test random_generators::standard_normal_generators::tests::unit_test_ziggurat ... ok
[INFO] [stdout] test random_generators::standard_normal_generators::tests::unit_test_marsaglia ... ok
[INFO] [stdout] test portfolio_applications::risk_measures::tests::unit_test_expected_shortfall ... ok
[INFO] [stdout] 
[INFO] [stdout] failures:
[INFO] [stdout] 
[INFO] [stdout] ---- stochastic_processes::stochastic_volatility_models::tests::unit_test_heston_stochastic_volatility stdout ----
[INFO] [stdout] thread 'stochastic_processes::stochastic_volatility_models::tests::unit_test_heston_stochastic_volatility' panicked at src/stochastic_processes/stochastic_volatility_models.rs:419:9:
[INFO] [stdout] assertion failed: (final_steps.mean().unwrap() - expected_path.last().unwrap()).abs() <
[INFO] [stdout]     1_000_000.0 * TEST_ACCURACY
[INFO] [stdout] stack backtrace:
[INFO] [stdout]    0:     0x5c2260663b8a - std::backtrace_rs::backtrace::libunwind::trace::h5a5b8284f2d0c266
[INFO] [stdout]                                at /rustc/90b35a6239c3d8bdabc530a6a0816f7ff89a0aaf/library/std/src/../../backtrace/src/backtrace/libunwind.rs:116:5
[INFO] [stdout]    1:     0x5c2260663b8a - std::backtrace_rs::backtrace::trace_unsynchronized::h76d4f1c9b0b875e3
[INFO] [stdout]                                at /rustc/90b35a6239c3d8bdabc530a6a0816f7ff89a0aaf/library/std/src/../../backtrace/src/backtrace/mod.rs:66:5
[INFO] [stdout]    2:     0x5c2260663b8a - std::sys::backtrace::_print_fmt::hc4546b8364a537c6
[INFO] [stdout]                                at /rustc/90b35a6239c3d8bdabc530a6a0816f7ff89a0aaf/library/std/src/sys/backtrace.rs:66:9
[INFO] [stdout]    3:     0x5c2260663b8a - <std::sys::backtrace::BacktraceLock::print::DisplayBacktrace as core::fmt::Display>::fmt::h5b6bd5631a6d1f6b
[INFO] [stdout]                                at /rustc/90b35a6239c3d8bdabc530a6a0816f7ff89a0aaf/library/std/src/sys/backtrace.rs:39:26
[INFO] [stdout]    4:     0x5c226068a3e3 - core::fmt::rt::Argument::fmt::h270f6602a2b96f62
[INFO] [stdout]                                at /rustc/90b35a6239c3d8bdabc530a6a0816f7ff89a0aaf/library/core/src/fmt/rt.rs:177:76
[INFO] [stdout]    5:     0x5c226068a3e3 - core::fmt::write::h7550c97b06c86515
[INFO] [stdout]                                at /rustc/90b35a6239c3d8bdabc530a6a0816f7ff89a0aaf/library/core/src/fmt/mod.rs:1186:21
[INFO] [stdout]    6:     0x5c2260660d33 - std::io::Write::write_fmt::h509ff860e5956e5e
[INFO] [stdout]                                at /rustc/90b35a6239c3d8bdabc530a6a0816f7ff89a0aaf/library/std/src/io/mod.rs:1839:15
[INFO] [stdout]    7:     0x5c22606639d2 - std::sys::backtrace::BacktraceLock::print::h2395ccd2c84ba3aa
[INFO] [stdout]                                at /rustc/90b35a6239c3d8bdabc530a6a0816f7ff89a0aaf/library/std/src/sys/backtrace.rs:42:9
[INFO] [stdout]    8:     0x5c2260664fea - std::panicking::default_hook::{{closure}}::he19d4c7230e07961
[INFO] [stdout]                                at /rustc/90b35a6239c3d8bdabc530a6a0816f7ff89a0aaf/library/std/src/panicking.rs:268:22
[INFO] [stdout]    9:     0x5c2260664df4 - std::panicking::default_hook::hf614597d3c67bbdb
[INFO] [stdout]                                at /rustc/90b35a6239c3d8bdabc530a6a0816f7ff89a0aaf/library/std/src/panicking.rs:292:9
[INFO] [stdout]   10:     0x5c22605d70e9 - <alloc::boxed::Box<F,A> as core::ops::function::Fn<Args>>::call::h39b51ce4599c23d1
[INFO] [stdout]                                at /rustc/90b35a6239c3d8bdabc530a6a0816f7ff89a0aaf/library/alloc/src/boxed.rs:2468:9
[INFO] [stdout]   11:     0x5c22605d70e9 - test::test_main::{{closure}}::he977ae839a582784
[INFO] [stdout]                                at /rustc/90b35a6239c3d8bdabc530a6a0816f7ff89a0aaf/library/test/src/lib.rs:133:21
[INFO] [stdout]   12:     0x5c2260665688 - <alloc::boxed::Box<F,A> as core::ops::function::Fn<Args>>::call::h9455091b6b06f9fb
[INFO] [stdout]                                at /rustc/90b35a6239c3d8bdabc530a6a0816f7ff89a0aaf/library/alloc/src/boxed.rs:2468:9
[INFO] [stdout]   13:     0x5c2260665688 - std::panicking::rust_panic_with_hook::h8942133a8b252070
[INFO] [stdout]                                at /rustc/90b35a6239c3d8bdabc530a6a0816f7ff89a0aaf/library/std/src/panicking.rs:809:13
[INFO] [stdout]   14:     0x5c2260665416 - std::panicking::begin_panic_handler::{{closure}}::hb5f5963570096b29
[INFO] [stdout]                                at /rustc/90b35a6239c3d8bdabc530a6a0816f7ff89a0aaf/library/std/src/panicking.rs:667:13
[INFO] [stdout]   15:     0x5c2260664069 - std::sys::backtrace::__rust_end_short_backtrace::h6208cedc1922feda
[INFO] [stdout]                                at /rustc/90b35a6239c3d8bdabc530a6a0816f7ff89a0aaf/library/std/src/sys/backtrace.rs:170:18
[INFO] [stdout]   16:     0x5c22606650dc - rust_begin_unwind
[INFO] [stdout]                                at /rustc/90b35a6239c3d8bdabc530a6a0816f7ff89a0aaf/library/std/src/panicking.rs:665:5
[INFO] [stdout]   17:     0x5c22603ff070 - core::panicking::panic_fmt::h0c3082644d1bf418
[INFO] [stdout]                                at /rustc/90b35a6239c3d8bdabc530a6a0816f7ff89a0aaf/library/core/src/panicking.rs:74:14
[INFO] [stdout]   18:     0x5c22603ff0fc - core::panicking::panic::h957f98c65a3b3074
[INFO] [stdout]                                at /rustc/90b35a6239c3d8bdabc530a6a0816f7ff89a0aaf/library/core/src/panicking.rs:148:5
[INFO] [stdout]   19:     0x5c226059d25c - digifi::stochastic_processes::stochastic_volatility_models::tests::unit_test_heston_stochastic_volatility::h59b60d60479b2286
[INFO] [stdout]                                at /opt/rustwide/workdir/src/stochastic_processes/stochastic_volatility_models.rs:419:9
[INFO] [stdout]   20:     0x5c226059cc07 - digifi::stochastic_processes::stochastic_volatility_models::tests::unit_test_heston_stochastic_volatility::{{closure}}::h9c7cb5d271a67384
[INFO] [stdout]                                at /opt/rustwide/workdir/src/stochastic_processes/stochastic_volatility_models.rs:405:52
[INFO] [stdout]   21:     0x5c226057e256 - core::ops::function::FnOnce::call_once::h9e3f02fee1f2b250
[INFO] [stdout]                                at /rustc/90b35a6239c3d8bdabc530a6a0816f7ff89a0aaf/library/core/src/ops/function.rs:250:5
[INFO] [stdout]   22:     0x5c22605dbaab - core::ops::function::FnOnce::call_once::h109cf8051a59b34e
[INFO] [stdout]                                at /rustc/90b35a6239c3d8bdabc530a6a0816f7ff89a0aaf/library/core/src/ops/function.rs:250:5
[INFO] [stdout]   23:     0x5c22605dbaab - test::__rust_begin_short_backtrace::hf4fff89d377446ba
[INFO] [stdout]                                at /rustc/90b35a6239c3d8bdabc530a6a0816f7ff89a0aaf/library/test/src/lib.rs:621:18
[INFO] [stdout]   24:     0x5c22605db2e7 - test::run_test_in_process::{{closure}}::h0e39181dd7ee5a43
[INFO] [stdout]                                at /rustc/90b35a6239c3d8bdabc530a6a0816f7ff89a0aaf/library/test/src/lib.rs:644:60
[INFO] [stdout]   25:     0x5c22605db2e7 - <core::panic::unwind_safe::AssertUnwindSafe<F> as core::ops::function::FnOnce<()>>::call_once::hc5a66a30f0bdfd1f
[INFO] [stdout]                                at /rustc/90b35a6239c3d8bdabc530a6a0816f7ff89a0aaf/library/core/src/panic/unwind_safe.rs:272:9
[INFO] [stdout]   26:     0x5c22605db2e7 - std::panicking::try::do_call::h873b7cf639554a5e
[INFO] [stdout]                                at /rustc/90b35a6239c3d8bdabc530a6a0816f7ff89a0aaf/library/std/src/panicking.rs:557:40
[INFO] [stdout]   27:     0x5c22605db2e7 - std::panicking::try::hdb19862fad9c8bd1
[INFO] [stdout]                                at /rustc/90b35a6239c3d8bdabc530a6a0816f7ff89a0aaf/library/std/src/panicking.rs:520:19
[INFO] [stdout]   28:     0x5c22605db2e7 - std::panic::catch_unwind::h281fe732d236d260
[INFO] [stdout]                                at /rustc/90b35a6239c3d8bdabc530a6a0816f7ff89a0aaf/library/std/src/panic.rs:358:14
[INFO] [stdout]   29:     0x5c22605db2e7 - test::run_test_in_process::h949b6df8457ed338
[INFO] [stdout]                                at /rustc/90b35a6239c3d8bdabc530a6a0816f7ff89a0aaf/library/test/src/lib.rs:644:27
[INFO] [stdout]   30:     0x5c22605db2e7 - test::run_test::{{closure}}::h52c556a6d4740e10
[INFO] [stdout]                                at /rustc/90b35a6239c3d8bdabc530a6a0816f7ff89a0aaf/library/test/src/lib.rs:565:43
[INFO] [stdout]   31:     0x5c22605a05c4 - test::run_test::{{closure}}::h4237f6381c45ccb9
[INFO] [stdout]                                at /rustc/90b35a6239c3d8bdabc530a6a0816f7ff89a0aaf/library/test/src/lib.rs:595:41
[INFO] [stdout]   32:     0x5c22605a05c4 - std::sys::backtrace::__rust_begin_short_backtrace::h505c97a579eca628
[INFO] [stdout]                                at /rustc/90b35a6239c3d8bdabc530a6a0816f7ff89a0aaf/library/std/src/sys/backtrace.rs:154:18
[INFO] [stdout]   33:     0x5c22605a3c8e - std::thread::Builder::spawn_unchecked_::{{closure}}::{{closure}}::h9e86b2e2bc107ea3
[INFO] [stdout]                                at /rustc/90b35a6239c3d8bdabc530a6a0816f7ff89a0aaf/library/std/src/thread/mod.rs:538:17
[INFO] [stdout]   34:     0x5c22605a3c8e - <core::panic::unwind_safe::AssertUnwindSafe<F> as core::ops::function::FnOnce<()>>::call_once::h8b06ddb275ff4a25
[INFO] [stdout]                                at /rustc/90b35a6239c3d8bdabc530a6a0816f7ff89a0aaf/library/core/src/panic/unwind_safe.rs:272:9
[INFO] [stdout]   35:     0x5c22605a3c8e - std::panicking::try::do_call::hb26ecd7cd9a9355d
[INFO] [stdout]                                at /rustc/90b35a6239c3d8bdabc530a6a0816f7ff89a0aaf/library/std/src/panicking.rs:557:40
[INFO] [stdout]   36:     0x5c22605a3c8e - std::panicking::try::h8ddeca9d705f9069
[INFO] [stdout]                                at /rustc/90b35a6239c3d8bdabc530a6a0816f7ff89a0aaf/library/std/src/panicking.rs:520:19
[INFO] [stdout]   37:     0x5c22605a3c8e - std::panic::catch_unwind::h49e1c33078844c46
[INFO] [stdout]                                at /rustc/90b35a6239c3d8bdabc530a6a0816f7ff89a0aaf/library/std/src/panic.rs:358:14
[INFO] [stdout]   38:     0x5c22605a3c8e - std::thread::Builder::spawn_unchecked_::{{closure}}::h6073db6ff56ad35d
[INFO] [stdout]                                at /rustc/90b35a6239c3d8bdabc530a6a0816f7ff89a0aaf/library/std/src/thread/mod.rs:537:30
[INFO] [stdout]   39:     0x5c22605a3c8e - core::ops::function::FnOnce::call_once{{vtable.shim}}::h2c5a5f3779c774f1
[INFO] [stdout]                                at /rustc/90b35a6239c3d8bdabc530a6a0816f7ff89a0aaf/library/core/src/ops/function.rs:250:5
[INFO] [stdout]   40:     0x5c22606693db - <alloc::boxed::Box<F,A> as core::ops::function::FnOnce<Args>>::call_once::hf75717d9f28faebf
[INFO] [stdout]                                at /rustc/90b35a6239c3d8bdabc530a6a0816f7ff89a0aaf/library/alloc/src/boxed.rs:2454:9
[INFO] [stdout]   41:     0x5c22606693db - <alloc::boxed::Box<F,A> as core::ops::function::FnOnce<Args>>::call_once::h7bd883a5f3c5f3c1
[INFO] [stdout]                                at /rustc/90b35a6239c3d8bdabc530a6a0816f7ff89a0aaf/library/alloc/src/boxed.rs:2454:9
[INFO] [stdout]   42:     0x5c22606693db - std::sys::pal::unix::thread::Thread::new::thread_start::hcc78f3943333fa94
[INFO] [stdout]                                at /rustc/90b35a6239c3d8bdabc530a6a0816f7ff89a0aaf/library/std/src/sys/pal/unix/thread.rs:105:17
[INFO] [stdout]   43:     0x75413e89dac3 - <unknown>
[INFO] [stdout]   44:     0x75413e92ea04 - clone
[INFO] [stdout]   45:                0x0 - <unknown>
[INFO] [stdout] 
[INFO] [stdout] 
[INFO] [stdout] failures:
[INFO] [stdout]     stochastic_processes::stochastic_volatility_models::tests::unit_test_heston_stochastic_volatility
[INFO] [stdout] 
[INFO] [stdout] test result: FAILED. 98 passed; 1 failed; 0 ignored; 0 measured; 0 filtered out; finished in 52.45s
[INFO] [stdout] 
[INFO] [stderr] error: test failed, to rerun pass `--lib`
[INFO] running `Command { std: "docker" "inspect" "2c6e29f8a51a91a7b842600dd14278ffb8972e6cb72ee7aec421a4f4e5c7693e", kill_on_drop: false }`
[INFO] running `Command { std: "docker" "rm" "-f" "2c6e29f8a51a91a7b842600dd14278ffb8972e6cb72ee7aec421a4f4e5c7693e", kill_on_drop: false }`
[INFO] [stdout] 2c6e29f8a51a91a7b842600dd14278ffb8972e6cb72ee7aec421a4f4e5c7693e
