[INFO] fetching crate diffy-fork-filenames 0.4.0...
[INFO] testing diffy-fork-filenames-0.4.0 against 1.83.0 for beta-1.84.0-4-retry
[INFO] extracting crate diffy-fork-filenames 0.4.0 into /workspace/builds/worker-3-tc1/source
[INFO] validating manifest of crates.io crate diffy-fork-filenames 0.4.0 on toolchain 1.83.0
[INFO] running `Command { std: CARGO_HOME="/workspace/cargo-home" RUSTUP_HOME="/workspace/rustup-home" "/workspace/cargo-home/bin/cargo" "+1.83.0" "metadata" "--manifest-path" "Cargo.toml" "--no-deps", kill_on_drop: false }`
[INFO] started tweaking crates.io crate diffy-fork-filenames 0.4.0
[INFO] finished tweaking crates.io crate diffy-fork-filenames 0.4.0
[INFO] tweaked toml for crates.io crate diffy-fork-filenames 0.4.0 written to /workspace/builds/worker-3-tc1/source/Cargo.toml
[INFO] running `Command { std: CARGO_HOME="/workspace/cargo-home" RUSTUP_HOME="/workspace/rustup-home" "/workspace/cargo-home/bin/cargo" "+1.83.0" "generate-lockfile" "--manifest-path" "Cargo.toml", kill_on_drop: false }`
[INFO] [stderr]     Updating crates.io index
[INFO] [stderr]      Locking 5 packages to latest compatible versions
[INFO] [stderr]       Adding nu-ansi-term v0.46.0 (available: v0.50.1)
[INFO] running `Command { std: CARGO_HOME="/workspace/cargo-home" RUSTUP_HOME="/workspace/rustup-home" "/workspace/cargo-home/bin/cargo" "+1.83.0" "fetch" "--manifest-path" "Cargo.toml", kill_on_drop: false }`
[INFO] running `Command { std: "docker" "create" "-v" "/var/lib/crater-agent-workspace/builds/worker-3-tc1/target:/opt/rustwide/target:rw,Z" "-v" "/var/lib/crater-agent-workspace/builds/worker-3-tc1/source:/opt/rustwide/workdir:ro,Z" "-v" "/var/lib/crater-agent-workspace/cargo-home:/opt/rustwide/cargo-home:ro,Z" "-v" "/var/lib/crater-agent-workspace/rustup-home:/opt/rustwide/rustup-home:ro,Z" "-e" "SOURCE_DIR=/opt/rustwide/workdir" "-e" "CARGO_TARGET_DIR=/opt/rustwide/target" "-e" "CARGO_HOME=/opt/rustwide/cargo-home" "-e" "RUSTUP_HOME=/opt/rustwide/rustup-home" "-w" "/opt/rustwide/workdir" "-m" "1610612736" "--user" "0:0" "--network" "none" "ghcr.io/rust-lang/crates-build-env/linux@sha256:f3a9d4ad9d972b27faf3965f35b62e55ba32bbce8f20bc8fe909558a86702fde" "/opt/rustwide/cargo-home/bin/cargo" "+1.83.0" "metadata" "--no-deps" "--format-version=1", kill_on_drop: false }`
[INFO] [stdout] e5dd83b4e28e26e9543255f3d9b87e1192def9cdb6e8583ced1e73bd22b2bac8
[INFO] running `Command { std: "docker" "start" "-a" "e5dd83b4e28e26e9543255f3d9b87e1192def9cdb6e8583ced1e73bd22b2bac8", kill_on_drop: false }`
[INFO] running `Command { std: "docker" "inspect" "e5dd83b4e28e26e9543255f3d9b87e1192def9cdb6e8583ced1e73bd22b2bac8", kill_on_drop: false }`
[INFO] running `Command { std: "docker" "rm" "-f" "e5dd83b4e28e26e9543255f3d9b87e1192def9cdb6e8583ced1e73bd22b2bac8", kill_on_drop: false }`
[INFO] [stdout] e5dd83b4e28e26e9543255f3d9b87e1192def9cdb6e8583ced1e73bd22b2bac8
[INFO] running `Command { std: "docker" "create" "-v" "/var/lib/crater-agent-workspace/builds/worker-3-tc1/target:/opt/rustwide/target:rw,Z" "-v" "/var/lib/crater-agent-workspace/builds/worker-3-tc1/source:/opt/rustwide/workdir:ro,Z" "-v" "/var/lib/crater-agent-workspace/cargo-home:/opt/rustwide/cargo-home:ro,Z" "-v" "/var/lib/crater-agent-workspace/rustup-home:/opt/rustwide/rustup-home:ro,Z" "-e" "SOURCE_DIR=/opt/rustwide/workdir" "-e" "CARGO_TARGET_DIR=/opt/rustwide/target" "-e" "CARGO_INCREMENTAL=0" "-e" "RUST_BACKTRACE=full" "-e" "RUSTFLAGS=--cap-lints=warn" "-e" "RUSTDOCFLAGS=--cap-lints=warn" "-e" "CARGO_HOME=/opt/rustwide/cargo-home" "-e" "RUSTUP_HOME=/opt/rustwide/rustup-home" "-w" "/opt/rustwide/workdir" "-m" "1610612736" "--user" "0:0" "--network" "none" "ghcr.io/rust-lang/crates-build-env/linux@sha256:f3a9d4ad9d972b27faf3965f35b62e55ba32bbce8f20bc8fe909558a86702fde" "/opt/rustwide/cargo-home/bin/cargo" "+1.83.0" "build" "--frozen" "--message-format=json", kill_on_drop: false }`
[INFO] [stdout] 8b78400b3f813f4fa4a69a30763e4ab6a0ed82467cf7fb4e0a77a18d4bd1c507
[INFO] running `Command { std: "docker" "start" "-a" "8b78400b3f813f4fa4a69a30763e4ab6a0ed82467cf7fb4e0a77a18d4bd1c507", kill_on_drop: false }`
[INFO] [stderr]    Compiling overload v0.1.1
[INFO] [stderr]    Compiling nu-ansi-term v0.46.0
[INFO] [stderr]    Compiling diffy-fork-filenames v0.4.0 (/opt/rustwide/workdir)
[INFO] [stdout] warning: methods `ends_with` and `lines` are never used
[INFO] [stdout]   --> src/utils.rs:79:8
[INFO] [stdout]    |
[INFO] [stdout] 75 | pub trait Text: Eq + Hash {
[INFO] [stdout]    |           ---- methods in this trait
[INFO] [stdout] ...
[INFO] [stdout] 79 |     fn ends_with(&self, suffix: &str) -> bool;
[INFO] [stdout]    |        ^^^^^^^^^
[INFO] [stdout] ...
[INFO] [stdout] 87 |     fn lines(&self) -> LineIter<Self>;
[INFO] [stdout]    |        ^^^^^
[INFO] [stdout]    |
[INFO] [stdout]    = note: `#[warn(dead_code)]` on by default
[INFO] [stdout] 
[INFO] [stdout] 
[INFO] [stderr]     Finished `dev` profile [unoptimized + debuginfo] target(s) in 1.91s
[INFO] running `Command { std: "docker" "inspect" "8b78400b3f813f4fa4a69a30763e4ab6a0ed82467cf7fb4e0a77a18d4bd1c507", kill_on_drop: false }`
[INFO] running `Command { std: "docker" "rm" "-f" "8b78400b3f813f4fa4a69a30763e4ab6a0ed82467cf7fb4e0a77a18d4bd1c507", kill_on_drop: false }`
[INFO] [stdout] 8b78400b3f813f4fa4a69a30763e4ab6a0ed82467cf7fb4e0a77a18d4bd1c507
[INFO] running `Command { std: "docker" "create" "-v" "/var/lib/crater-agent-workspace/builds/worker-3-tc1/target:/opt/rustwide/target:rw,Z" "-v" "/var/lib/crater-agent-workspace/builds/worker-3-tc1/source:/opt/rustwide/workdir:ro,Z" "-v" "/var/lib/crater-agent-workspace/cargo-home:/opt/rustwide/cargo-home:ro,Z" "-v" "/var/lib/crater-agent-workspace/rustup-home:/opt/rustwide/rustup-home:ro,Z" "-e" "SOURCE_DIR=/opt/rustwide/workdir" "-e" "CARGO_TARGET_DIR=/opt/rustwide/target" "-e" "CARGO_INCREMENTAL=0" "-e" "RUST_BACKTRACE=full" "-e" "RUSTFLAGS=--cap-lints=warn" "-e" "RUSTDOCFLAGS=--cap-lints=warn" "-e" "CARGO_HOME=/opt/rustwide/cargo-home" "-e" "RUSTUP_HOME=/opt/rustwide/rustup-home" "-w" "/opt/rustwide/workdir" "-m" "1610612736" "--user" "0:0" "--network" "none" "ghcr.io/rust-lang/crates-build-env/linux@sha256:f3a9d4ad9d972b27faf3965f35b62e55ba32bbce8f20bc8fe909558a86702fde" "/opt/rustwide/cargo-home/bin/cargo" "+1.83.0" "test" "--frozen" "--no-run" "--message-format=json", kill_on_drop: false }`
[INFO] [stdout] ea8f81157d854a6fbdb04598513809ef524b629e419b5693f2517050d054d05a
[INFO] running `Command { std: "docker" "start" "-a" "ea8f81157d854a6fbdb04598513809ef524b629e419b5693f2517050d054d05a", kill_on_drop: false }`
[INFO] [stdout] warning: methods `ends_with` and `lines` are never used
[INFO] [stdout]   --> src/utils.rs:79:8
[INFO] [stdout]    |
[INFO] [stdout] 75 | pub trait Text: Eq + Hash {
[INFO] [stdout]    |           ---- methods in this trait
[INFO] [stdout] ...
[INFO] [stdout] 79 |     fn ends_with(&self, suffix: &str) -> bool;
[INFO] [stdout]    |        ^^^^^^^^^
[INFO] [stdout] ...
[INFO] [stdout] 87 |     fn lines(&self) -> LineIter<Self>;
[INFO] [stdout]    |        ^^^^^
[INFO] [stdout]    |
[INFO] [stdout]    = note: `#[warn(dead_code)]` on by default
[INFO] [stdout] 
[INFO] [stdout] 
[INFO] [stderr]    Compiling diffy-fork-filenames v0.4.0 (/opt/rustwide/workdir)
[INFO] [stdout] warning: methods `ends_with` and `lines` are never used
[INFO] [stdout]   --> src/utils.rs:79:8
[INFO] [stdout]    |
[INFO] [stdout] 75 | pub trait Text: Eq + Hash {
[INFO] [stdout]    |           ---- methods in this trait
[INFO] [stdout] ...
[INFO] [stdout] 79 |     fn ends_with(&self, suffix: &str) -> bool;
[INFO] [stdout]    |        ^^^^^^^^^
[INFO] [stdout] ...
[INFO] [stdout] 87 |     fn lines(&self) -> LineIter<Self>;
[INFO] [stdout]    |        ^^^^^
[INFO] [stdout]    |
[INFO] [stdout]    = note: `#[warn(dead_code)]` on by default
[INFO] [stdout] 
[INFO] [stdout] 
[INFO] [stderr]     Finished `test` profile [unoptimized + debuginfo] target(s) in 2.84s
[INFO] running `Command { std: "docker" "inspect" "ea8f81157d854a6fbdb04598513809ef524b629e419b5693f2517050d054d05a", kill_on_drop: false }`
[INFO] running `Command { std: "docker" "rm" "-f" "ea8f81157d854a6fbdb04598513809ef524b629e419b5693f2517050d054d05a", kill_on_drop: false }`
[INFO] [stdout] ea8f81157d854a6fbdb04598513809ef524b629e419b5693f2517050d054d05a
[INFO] running `Command { std: "docker" "create" "-v" "/var/lib/crater-agent-workspace/builds/worker-3-tc1/target:/opt/rustwide/target:rw,Z" "-v" "/var/lib/crater-agent-workspace/builds/worker-3-tc1/source:/opt/rustwide/workdir:ro,Z" "-v" "/var/lib/crater-agent-workspace/cargo-home:/opt/rustwide/cargo-home:ro,Z" "-v" "/var/lib/crater-agent-workspace/rustup-home:/opt/rustwide/rustup-home:ro,Z" "-e" "SOURCE_DIR=/opt/rustwide/workdir" "-e" "CARGO_TARGET_DIR=/opt/rustwide/target" "-e" "CARGO_INCREMENTAL=0" "-e" "RUST_BACKTRACE=full" "-e" "RUSTFLAGS=--cap-lints=warn" "-e" "RUSTDOCFLAGS=--cap-lints=warn" "-e" "CARGO_HOME=/opt/rustwide/cargo-home" "-e" "RUSTUP_HOME=/opt/rustwide/rustup-home" "-w" "/opt/rustwide/workdir" "-m" "1610612736" "--user" "0:0" "--network" "none" "ghcr.io/rust-lang/crates-build-env/linux@sha256:f3a9d4ad9d972b27faf3965f35b62e55ba32bbce8f20bc8fe909558a86702fde" "/opt/rustwide/cargo-home/bin/cargo" "+1.83.0" "test" "--frozen", kill_on_drop: false }`
[INFO] [stdout] 98b5756f904d3b714a0336568622b39730c764733dadde8824767c3fab62a015
[INFO] running `Command { std: "docker" "start" "-a" "98b5756f904d3b714a0336568622b39730c764733dadde8824767c3fab62a015", kill_on_drop: false }`
[INFO] [stderr] warning: methods `ends_with` and `lines` are never used
[INFO] [stderr]   --> src/utils.rs:79:8
[INFO] [stderr]    |
[INFO] [stderr] 75 | pub trait Text: Eq + Hash {
[INFO] [stderr]    |           ---- methods in this trait
[INFO] [stderr] ...
[INFO] [stderr] 79 |     fn ends_with(&self, suffix: &str) -> bool;
[INFO] [stderr]    |        ^^^^^^^^^
[INFO] [stderr] ...
[INFO] [stderr] 87 |     fn lines(&self) -> LineIter<Self>;
[INFO] [stderr]    |        ^^^^^
[INFO] [stderr]    |
[INFO] [stderr]    = note: `#[warn(dead_code)]` on by default
[INFO] [stderr] 
[INFO] [stderr] warning: `diffy-fork-filenames` (lib) generated 1 warning
[INFO] [stderr] warning: `diffy-fork-filenames` (lib test) generated 1 warning (1 duplicate)
[INFO] [stderr]     Finished `test` profile [unoptimized + debuginfo] target(s) in 0.02s
[INFO] [stderr]      Running unittests src/lib.rs (/opt/rustwide/target/debug/deps/diffy_fork_filenames-a02593a6818720db)
[INFO] [stdout] 
[INFO] [stdout] running 19 tests
[INFO] [stdout] test diff::tests::apply_with_incorrect_hunk_has_bounded_performance ... ok
[INFO] [stdout] test diff::tests::diff_str ... ok
[INFO] [stdout] test diff::myers::tests::test_find_middle_snake ... ok
[INFO] [stdout] test diff::tests::test_unicode ... ok
[INFO] [stdout] test diff::tests::myers_diffy_vs_git ... ok
[INFO] [stdout] test merge::tests::myers_diffy_vs_git ... ok
[INFO] [stdout] test merge::tests::correct_range_is_used_for_both_case ... ok
[INFO] [stdout] test diff::tests::test_diff_slice ... ok
[INFO] [stdout] test diff::tests::no_newline_at_eof ... ok
[INFO] [stdout] test range::tests::test_common_overlap ... ok
[INFO] [stdout] test range::tests::test_common_prefix ... ok
[INFO] [stdout] test range::tests::test_common_suffix ... ok
[INFO] [stdout] test merge::tests::test_merge ... ok
[INFO] [stdout] test diff::tests::test_diff_str ... ok
[INFO] [stdout] test diff::tests::sample ... ok
[INFO] [stdout] test patch::parse::tests::adjacent_hunks_correctly_parse ... ok
[INFO] [stdout] test patch::parse::tests::test_escaped_filenames ... ok
[INFO] [stdout] test patch::parse::tests::test_missing_filename_header ... ok
[INFO] [stdout] test diff::tests::test_compact ... ok
[INFO] [stdout] 
[INFO] [stdout] test result: ok. 19 passed; 0 failed; 0 ignored; 0 measured; 0 filtered out; finished in 0.02s
[INFO] [stdout] 
[INFO] [stderr]    Doc-tests diffy_fork_filenames
[INFO] [stdout] 
[INFO] [stdout] running 9 tests
[INFO] [stdout] test src/lib.rs - (line 95) ... FAILED
[INFO] [stdout] test src/apply.rs - apply::apply (line 56) ... FAILED
[INFO] [stdout] test src/lib.rs - (line 158) ... FAILED
[INFO] [stdout] test src/lib.rs - (line 178) ... FAILED
[INFO] [stdout] test src/patch/mod.rs - patch::Patch<'a,str>::from_str (line 74) ... FAILED
[INFO] [stdout] test src/merge/mod.rs - merge::merge (line 223) ... FAILED
[INFO] [stdout] test src/lib.rs - (line 48) ... FAILED
[INFO] [stdout] test src/diff/mod.rs - diff::create_patch (line 162) ... FAILED
[INFO] [stdout] test src/lib.rs - (line 24) ... FAILED
[INFO] [stdout] 
[INFO] [stdout] failures:
[INFO] [stdout] 
[INFO] [stdout] ---- src/lib.rs - (line 95) stdout ----
[INFO] [stdout] error[E0432]: unresolved import `diffy`
[INFO] [stdout]  --> src/lib.rs:96:5
[INFO] [stdout]   |
[INFO] [stdout] 3 | use diffy::{apply, Patch};
[INFO] [stdout]   |     ^^^^^ use of undeclared crate or module `diffy`
[INFO] [stdout] 
[INFO] [stdout] error: aborting due to 1 previous error
[INFO] [stdout] 
[INFO] [stdout] For more information about this error, try `rustc --explain E0432`.
[INFO] [stdout] Couldn't compile the test.
[INFO] [stdout] ---- src/apply.rs - apply::apply (line 56) stdout ----
[INFO] [stdout] error[E0432]: unresolved import `diffy`
[INFO] [stdout]  --> src/apply.rs:57:5
[INFO] [stdout]   |
[INFO] [stdout] 3 | use diffy::{apply, Patch};
[INFO] [stdout]   |     ^^^^^ use of undeclared crate or module `diffy`
[INFO] [stdout] 
[INFO] [stdout] error: aborting due to 1 previous error
[INFO] [stdout] 
[INFO] [stdout] For more information about this error, try `rustc --explain E0432`.
[INFO] [stdout] Couldn't compile the test.
[INFO] [stdout] ---- src/lib.rs - (line 158) stdout ----
[INFO] [stdout] error[E0432]: unresolved import `diffy`
[INFO] [stdout]  --> src/lib.rs:159:5
[INFO] [stdout]   |
[INFO] [stdout] 3 | use diffy::merge;
[INFO] [stdout]   |     ^^^^^ use of undeclared crate or module `diffy`
[INFO] [stdout] 
[INFO] [stdout] error: aborting due to 1 previous error
[INFO] [stdout] 
[INFO] [stdout] For more information about this error, try `rustc --explain E0432`.
[INFO] [stdout] Couldn't compile the test.
[INFO] [stdout] ---- src/lib.rs - (line 178) stdout ----
[INFO] [stdout] error[E0432]: unresolved import `diffy`
[INFO] [stdout]  --> src/lib.rs:179:5
[INFO] [stdout]   |
[INFO] [stdout] 3 | use diffy::merge;
[INFO] [stdout]   |     ^^^^^ use of undeclared crate or module `diffy`
[INFO] [stdout] 
[INFO] [stdout] error: aborting due to 1 previous error
[INFO] [stdout] 
[INFO] [stdout] For more information about this error, try `rustc --explain E0432`.
[INFO] [stdout] Couldn't compile the test.
[INFO] [stdout] ---- src/patch/mod.rs - patch::Patch<'a,str>::from_str (line 74) stdout ----
[INFO] [stdout] error[E0432]: unresolved import `diffy`
[INFO] [stdout]  --> src/patch/mod.rs:75:5
[INFO] [stdout]   |
[INFO] [stdout] 3 | use diffy::Patch;
[INFO] [stdout]   |     ^^^^^ use of undeclared crate or module `diffy`
[INFO] [stdout] 
[INFO] [stdout] error: aborting due to 1 previous error
[INFO] [stdout] 
[INFO] [stdout] For more information about this error, try `rustc --explain E0432`.
[INFO] [stdout] Couldn't compile the test.
[INFO] [stdout] ---- src/merge/mod.rs - merge::merge (line 223) stdout ----
[INFO] [stdout] error[E0432]: unresolved import `diffy`
[INFO] [stdout]  --> src/merge/mod.rs:224:5
[INFO] [stdout]   |
[INFO] [stdout] 3 | use diffy::merge;
[INFO] [stdout]   |     ^^^^^ use of undeclared crate or module `diffy`
[INFO] [stdout] 
[INFO] [stdout] error: aborting due to 1 previous error
[INFO] [stdout] 
[INFO] [stdout] For more information about this error, try `rustc --explain E0432`.
[INFO] [stdout] Couldn't compile the test.
[INFO] [stdout] ---- src/lib.rs - (line 48) stdout ----
[INFO] [stdout] error[E0432]: unresolved import `diffy`
[INFO] [stdout]  --> src/lib.rs:49:5
[INFO] [stdout]   |
[INFO] [stdout] 3 | use diffy::create_patch;
[INFO] [stdout]   |     ^^^^^ use of undeclared crate or module `diffy`
[INFO] [stdout] 
[INFO] [stdout] error[E0432]: unresolved import `diffy`
[INFO] [stdout]   --> src/lib.rs:71:5
[INFO] [stdout]    |
[INFO] [stdout] 25 | use diffy::PatchFormatter;
[INFO] [stdout]    |     ^^^^^ use of undeclared crate or module `diffy`
[INFO] [stdout] 
[INFO] [stdout] error: aborting due to 2 previous errors
[INFO] [stdout] 
[INFO] [stdout] For more information about this error, try `rustc --explain E0432`.
[INFO] [stdout] Couldn't compile the test.
[INFO] [stdout] ---- src/diff/mod.rs - diff::create_patch (line 162) stdout ----
[INFO] [stdout] error[E0432]: unresolved import `diffy`
[INFO] [stdout]  --> src/diff/mod.rs:163:5
[INFO] [stdout]   |
[INFO] [stdout] 3 | use diffy::create_patch;
[INFO] [stdout]   |     ^^^^^ use of undeclared crate or module `diffy`
[INFO] [stdout] 
[INFO] [stdout] error: aborting due to 1 previous error
[INFO] [stdout] 
[INFO] [stdout] For more information about this error, try `rustc --explain E0432`.
[INFO] [stdout] Couldn't compile the test.
[INFO] [stdout] ---- src/lib.rs - (line 24) stdout ----
[INFO] [stdout] error[E0432]: unresolved import `diffy`
[INFO] [stdout]  --> src/lib.rs:25:5
[INFO] [stdout]   |
[INFO] [stdout] 3 | use diffy::create_patch;
[INFO] [stdout]   |     ^^^^^ use of undeclared crate or module `diffy`
[INFO] [stdout] 
[INFO] [stdout] error: aborting due to 1 previous error
[INFO] [stdout] 
[INFO] [stdout] For more information about this error, try `rustc --explain E0432`.
[INFO] [stdout] Couldn't compile the test.
[INFO] [stdout] 
[INFO] [stdout] failures:
[INFO] [stdout]     src/apply.rs - apply::apply (line 56)
[INFO] [stdout]     src/diff/mod.rs - diff::create_patch (line 162)
[INFO] [stdout]     src/lib.rs - (line 158)
[INFO] [stdout]     src/lib.rs - (line 178)
[INFO] [stdout]     src/lib.rs - (line 24)
[INFO] [stdout]     src/lib.rs - (line 48)
[INFO] [stdout]     src/lib.rs - (line 95)
[INFO] [stdout]     src/merge/mod.rs - merge::merge (line 223)
[INFO] [stdout]     src/patch/mod.rs - patch::Patch<'a,str>::from_str (line 74)
[INFO] [stdout] 
[INFO] [stdout] test result: FAILED. 0 passed; 9 failed; 0 ignored; 0 measured; 0 filtered out; finished in 0.19s
[INFO] [stdout] 
[INFO] [stderr] error: doctest failed, to rerun pass `--doc`
[INFO] running `Command { std: "docker" "inspect" "98b5756f904d3b714a0336568622b39730c764733dadde8824767c3fab62a015", kill_on_drop: false }`
[INFO] running `Command { std: "docker" "rm" "-f" "98b5756f904d3b714a0336568622b39730c764733dadde8824767c3fab62a015", kill_on_drop: false }`
[INFO] [stdout] 98b5756f904d3b714a0336568622b39730c764733dadde8824767c3fab62a015
