[INFO] fetching crate diff-priv 0.1.0...
[INFO] testing diff-priv-0.1.0 against beta-2024-12-08 for beta-1.84.0-4-retry
[INFO] extracting crate diff-priv 0.1.0 into /workspace/builds/worker-3-tc2/source
[INFO] validating manifest of crates.io crate diff-priv 0.1.0 on toolchain beta-2024-12-08
[INFO] running `Command { std: CARGO_HOME="/workspace/cargo-home" RUSTUP_HOME="/workspace/rustup-home" "/workspace/cargo-home/bin/cargo" "+beta-2024-12-08" "metadata" "--manifest-path" "Cargo.toml" "--no-deps", kill_on_drop: false }`
[INFO] started tweaking crates.io crate diff-priv 0.1.0
[INFO] finished tweaking crates.io crate diff-priv 0.1.0
[INFO] tweaked toml for crates.io crate diff-priv 0.1.0 written to /workspace/builds/worker-3-tc2/source/Cargo.toml
[INFO] crate crates.io crate diff-priv 0.1.0 already has a lockfile, it will not be regenerated
[INFO] running `Command { std: CARGO_HOME="/workspace/cargo-home" RUSTUP_HOME="/workspace/rustup-home" "/workspace/cargo-home/bin/cargo" "+beta-2024-12-08" "fetch" "--manifest-path" "Cargo.toml", kill_on_drop: false }`
[INFO] running `Command { std: "docker" "create" "-v" "/var/lib/crater-agent-workspace/builds/worker-3-tc2/target:/opt/rustwide/target:rw,Z" "-v" "/var/lib/crater-agent-workspace/builds/worker-3-tc2/source:/opt/rustwide/workdir:ro,Z" "-v" "/var/lib/crater-agent-workspace/cargo-home:/opt/rustwide/cargo-home:ro,Z" "-v" "/var/lib/crater-agent-workspace/rustup-home:/opt/rustwide/rustup-home:ro,Z" "-e" "SOURCE_DIR=/opt/rustwide/workdir" "-e" "CARGO_TARGET_DIR=/opt/rustwide/target" "-e" "CARGO_HOME=/opt/rustwide/cargo-home" "-e" "RUSTUP_HOME=/opt/rustwide/rustup-home" "-w" "/opt/rustwide/workdir" "-m" "1610612736" "--user" "0:0" "--network" "none" "ghcr.io/rust-lang/crates-build-env/linux@sha256:f3a9d4ad9d972b27faf3965f35b62e55ba32bbce8f20bc8fe909558a86702fde" "/opt/rustwide/cargo-home/bin/cargo" "+beta-2024-12-08" "metadata" "--no-deps" "--format-version=1", kill_on_drop: false }`
[INFO] [stdout] d7025f16e063b84b8a79a24b928f7508bd04b5b606668883811da13668c3128b
[INFO] running `Command { std: "docker" "start" "-a" "d7025f16e063b84b8a79a24b928f7508bd04b5b606668883811da13668c3128b", kill_on_drop: false }`
[INFO] running `Command { std: "docker" "inspect" "d7025f16e063b84b8a79a24b928f7508bd04b5b606668883811da13668c3128b", kill_on_drop: false }`
[INFO] running `Command { std: "docker" "rm" "-f" "d7025f16e063b84b8a79a24b928f7508bd04b5b606668883811da13668c3128b", kill_on_drop: false }`
[INFO] [stdout] d7025f16e063b84b8a79a24b928f7508bd04b5b606668883811da13668c3128b
[INFO] running `Command { std: "docker" "create" "-v" "/var/lib/crater-agent-workspace/builds/worker-3-tc2/target:/opt/rustwide/target:rw,Z" "-v" "/var/lib/crater-agent-workspace/builds/worker-3-tc2/source:/opt/rustwide/workdir:ro,Z" "-v" "/var/lib/crater-agent-workspace/cargo-home:/opt/rustwide/cargo-home:ro,Z" "-v" "/var/lib/crater-agent-workspace/rustup-home:/opt/rustwide/rustup-home:ro,Z" "-e" "SOURCE_DIR=/opt/rustwide/workdir" "-e" "CARGO_TARGET_DIR=/opt/rustwide/target" "-e" "CARGO_INCREMENTAL=0" "-e" "RUST_BACKTRACE=full" "-e" "RUSTFLAGS=--cap-lints=warn" "-e" "RUSTDOCFLAGS=--cap-lints=warn" "-e" "CARGO_HOME=/opt/rustwide/cargo-home" "-e" "RUSTUP_HOME=/opt/rustwide/rustup-home" "-w" "/opt/rustwide/workdir" "-m" "1610612736" "--user" "0:0" "--network" "none" "ghcr.io/rust-lang/crates-build-env/linux@sha256:f3a9d4ad9d972b27faf3965f35b62e55ba32bbce8f20bc8fe909558a86702fde" "/opt/rustwide/cargo-home/bin/cargo" "+beta-2024-12-08" "build" "--frozen" "--message-format=json", kill_on_drop: false }`
[INFO] [stdout] a307374ff04d8dcc97d59dd93df73f00fe92a950a728ee43347117f5ee21be94
[INFO] running `Command { std: "docker" "start" "-a" "a307374ff04d8dcc97d59dd93df73f00fe92a950a728ee43347117f5ee21be94", kill_on_drop: false }`
[INFO] [stderr]    Compiling autocfg v1.1.0
[INFO] [stderr]    Compiling libc v0.2.126
[INFO] [stderr]    Compiling cfg-if v1.0.0
[INFO] [stderr]    Compiling proc-macro2 v1.0.39
[INFO] [stderr]    Compiling unicode-ident v1.0.0
[INFO] [stderr]    Compiling syn v1.0.95
[INFO] [stderr]    Compiling once_cell v1.12.0
[INFO] [stderr]    Compiling cc v1.0.73
[INFO] [stderr]    Compiling memchr v2.5.0
[INFO] [stderr]    Compiling log v0.4.17
[INFO] [stderr]    Compiling scopeguard v1.1.0
[INFO] [stderr]    Compiling libm v0.2.2
[INFO] [stderr]    Compiling lazy_static v1.4.0
[INFO] [stderr]    Compiling pin-project-lite v0.2.9
[INFO] [stderr]    Compiling serde_derive v1.0.137
[INFO] [stderr]    Compiling pkg-config v0.3.25
[INFO] [stderr]    Compiling parking_lot_core v0.9.3
[INFO] [stderr]    Compiling smallvec v1.8.0
[INFO] [stderr]    Compiling bytes v1.1.0
[INFO] [stderr]    Compiling serde v1.0.137
[INFO] [stderr]    Compiling itoa v1.0.2
[INFO] [stderr]    Compiling futures-core v0.3.21
[INFO] [stderr]    Compiling tracing-core v0.1.26
[INFO] [stderr]    Compiling fnv v1.0.7
[INFO] [stderr]    Compiling futures-task v0.3.21
[INFO] [stderr]    Compiling ppv-lite86 v0.2.16
[INFO] [stderr]    Compiling futures-util v0.3.21
[INFO] [stderr]    Compiling num-traits v0.2.15
[INFO] [stderr]    Compiling lock_api v0.4.7
[INFO] [stderr]    Compiling num-integer v0.1.45
[INFO] [stderr]    Compiling indexmap v1.8.1
[INFO] [stderr]    Compiling openssl v0.10.40
[INFO] [stderr]    Compiling untrusted v0.7.1
[INFO] [stderr]    Compiling spin v0.5.2
[INFO] [stderr]    Compiling foreign-types-shared v0.1.1
[INFO] [stderr]    Compiling http v0.2.7
[INFO] [stderr]    Compiling foreign-types v0.3.2
[INFO] [stderr]    Compiling encoding_index_tests v0.1.4
[INFO] [stderr]    Compiling pin-utils v0.1.0
[INFO] [stderr]    Compiling httparse v1.7.1
[INFO] [stderr]    Compiling hashbrown v0.11.2
[INFO] [stderr]    Compiling futures-sink v0.3.21
[INFO] [stderr]    Compiling futures-io v0.3.21
[INFO] [stderr]    Compiling bitflags v1.3.2
[INFO] [stderr]    Compiling slab v0.4.6
[INFO] [stderr]    Compiling futures-channel v0.3.21
[INFO] [stderr]    Compiling rustls v0.20.6
[INFO] [stderr]    Compiling crc32fast v1.3.2
[INFO] [stderr]    Compiling tinyvec_macros v0.1.0
[INFO] [stderr]    Compiling try-lock v0.2.3
[INFO] [stderr]    Compiling openssl-probe v0.1.5
[INFO] [stderr]    Compiling ryu v1.0.10
[INFO] [stderr]    Compiling matches v0.1.9
[INFO] [stderr]    Compiling getrandom v0.1.16
[INFO] [stderr]    Compiling native-tls v0.2.10
[INFO] [stderr]    Compiling crossbeam-utils v0.8.9
[INFO] [stderr]    Compiling want v0.3.0
[INFO] [stderr]    Compiling quote v1.0.18
[INFO] [stderr]    Compiling openssl-sys v0.9.73
[INFO] [stderr]    Compiling ring v0.16.20
[INFO] [stderr]    Compiling tinyvec v1.6.0
[INFO] [stderr]    Compiling memoffset v0.6.5
[INFO] [stderr]    Compiling base64 v0.13.0
[INFO] [stderr]    Compiling serde_json v1.0.82
[INFO] [stderr]    Compiling percent-encoding v2.1.0
[INFO] [stderr]    Compiling typenum v1.15.0
[INFO] [stderr]    Compiling version_check v0.9.4
[INFO] [stderr]    Compiling num_cpus v1.13.1
[INFO] [stderr]    Compiling socket2 v0.4.4
[INFO] [stderr]    Compiling signal-hook-registry v1.4.0
[INFO] [stderr]    Compiling mio v0.8.3
[INFO] [stderr]    Compiling getrandom v0.2.6
[INFO] [stderr]    Compiling http-body v0.4.5
[INFO] [stderr]    Compiling parking_lot v0.12.0
[INFO] [stderr]    Compiling httpdate v1.0.2
[INFO] [stderr]    Compiling tower-service v0.3.1
[INFO] [stderr]    Compiling rand_core v0.6.3
[INFO] [stderr]    Compiling generic-array v0.14.5
[INFO] [stderr]    Compiling unicode-normalization v0.1.19
[INFO] [stderr]    Compiling form_urlencoded v1.0.1
[INFO] [stderr]    Compiling aho-corasick v0.7.18
[INFO] [stderr]    Compiling crossbeam-epoch v0.9.9
[INFO] [stderr]    Compiling regex-syntax v0.6.26
[INFO] [stderr]    Compiling encoding_rs v0.8.31
[INFO] [stderr]    Compiling unicode-xid v0.2.3
[INFO] [stderr]    Compiling unicode-bidi v0.3.8
[INFO] [stderr]    Compiling rand_core v0.5.1
[INFO] [stderr]    Compiling rand_chacha v0.3.1
[INFO] [stderr]    Compiling rustls-pemfile v1.0.0
[INFO] [stderr]    Compiling num-bigint v0.4.3
[INFO] [stderr]    Compiling num-bigint v0.2.6
[INFO] [stderr]    Compiling unicode-segmentation v1.9.0
[INFO] [stderr]    Compiling version_check v0.1.5
[INFO] [stderr]    Compiling rle-decode-fast v1.0.3
[INFO] [stderr]    Compiling rayon-core v1.9.3
[INFO] [stderr]    Compiling byteorder v1.4.3
[INFO] [stderr]    Compiling nom v4.2.3
[INFO] [stderr]    Compiling libflate_lz77 v1.1.0
[INFO] [stderr]    Compiling rand v0.8.5
[INFO] [stderr]    Compiling rustls-native-certs v0.6.2
[INFO] [stderr]    Compiling idna v0.2.3
[INFO] [stderr]    Compiling heck v0.3.3
[INFO] [stderr]    Compiling rand_chacha v0.2.2
[INFO] [stderr]    Compiling rustls-pemfile v0.3.0
[INFO] [stderr]    Compiling encoding-index-singlebyte v1.20141219.5
[INFO] [stderr]    Compiling encoding-index-simpchinese v1.20141219.5
[INFO] [stderr]    Compiling encoding-index-tradchinese v1.20141219.5
[INFO] [stderr]    Compiling url v2.2.2
[INFO] [stderr]    Compiling encoding-index-japanese v1.20141219.5
[INFO] [stderr]    Compiling encoding-index-korean v1.20141219.5
[INFO] [stderr]    Compiling num-iter v0.1.43
[INFO] [stderr]    Compiling num-rational v0.4.0
[INFO] [stderr]    Compiling adler32 v1.2.0
[INFO] [stderr]    Compiling mime v0.3.16
[INFO] [stderr]    Compiling ipnet v2.5.0
[INFO] [stderr]    Compiling snap v1.0.5
[INFO] [stderr]    Compiling quick-error v1.2.3
[INFO] [stderr]    Compiling adler v1.0.2
[INFO] [stderr]    Compiling humantime v1.3.0
[INFO] [stderr]    Compiling miniz_oxide v0.5.1
[INFO] [stderr]    Compiling digest v0.9.0
[INFO] [stderr]    Compiling encoding v0.2.33
[INFO] [stderr]    Compiling libflate v1.2.0
[INFO] [stderr]    Compiling crossbeam-deque v0.8.1
[INFO] [stderr]    Compiling rand v0.7.3
[INFO] [stderr]    Compiling crossbeam-channel v0.5.5
[INFO] [stderr]    Compiling time v0.1.43
[INFO] [stderr]    Compiling rand v0.4.6
[INFO] [stderr]    Compiling atty v0.2.14
[INFO] [stderr]    Compiling regex v1.5.6
[INFO] [stderr]    Compiling rayon v1.5.3
[INFO] [stderr]    Compiling kafka v0.9.0
[INFO] [stderr]    Compiling static_assertions v1.1.0
[INFO] [stderr]    Compiling crc-catalog v1.1.1
[INFO] [stderr]    Compiling termcolor v1.1.3
[INFO] [stderr]    Compiling regex-automata v0.1.10
[INFO] [stderr]    Compiling strum v0.18.0
[INFO] [stderr]    Compiling either v1.6.1
[INFO] [stderr]    Compiling webpki v0.22.0
[INFO] [stderr]    Compiling sct v0.7.0
[INFO] [stderr]    Compiling rand v0.3.23
[INFO] [stderr]    Compiling crc v2.1.0
[INFO] [stderr]    Compiling twox-hash v1.6.3
[INFO] [stderr]    Compiling flate2 v1.0.23
[INFO] [stderr]    Compiling chrono v0.4.19
[INFO] [stderr]    Compiling num-complex v0.4.1
[INFO] [stderr]    Compiling uuid v1.1.1
[INFO] [stderr]    Compiling env_logger v0.6.2
[INFO] [stderr]    Compiling java-properties v1.4.1
[INFO] [stderr]    Compiling csv-core v0.1.10
[INFO] [stderr]    Compiling linked-hash-map v0.5.4
[INFO] [stderr]    Compiling itoa v0.4.8
[INFO] [stderr]    Compiling ref_slice v1.2.1
[INFO] [stderr]    Compiling kolmogorov_smirnov v1.1.0
[INFO] [stderr]    Compiling itertools v0.10.3
[INFO] [stderr]    Compiling rand_distr v0.4.3
[INFO] [stderr]    Compiling float_next_after v0.1.5
[INFO] [stderr]    Compiling bimap v0.6.2
[INFO] [stderr]    Compiling pretty_env_logger v0.3.1
[INFO] [stderr]    Compiling num v0.4.0
[INFO] [stderr]    Compiling synstructure v0.12.6
[INFO] [stderr]    Compiling tokio-macros v1.7.0
[INFO] [stderr]    Compiling tracing-attributes v0.1.21
[INFO] [stderr]    Compiling openssl-macros v0.1.0
[INFO] [stderr]    Compiling thiserror-impl v1.0.31
[INFO] [stderr]    Compiling strum_macros v0.18.0
[INFO] [stderr]    Compiling typed-builder v0.5.1
[INFO] [stderr]    Compiling zerocopy-derive v0.2.0
[INFO] [stderr]    Compiling tokio v1.18.2
[INFO] [stderr]    Compiling zerocopy v0.3.0
[INFO] [stderr]    Compiling thiserror v1.0.31
[INFO] [stderr]    Compiling tracing v0.1.34
[INFO] [stderr]    Compiling tokio-util v0.7.2
[INFO] [stderr]    Compiling tokio-rustls v0.23.4
[INFO] [stderr]    Compiling tokio-native-tls v0.3.0
[INFO] [stderr]    Compiling h2 v0.3.13
[INFO] [stderr]    Compiling serde_urlencoded v0.7.1
[INFO] [stderr]    Compiling uuid v0.8.2
[INFO] [stderr]    Compiling bstr v0.2.17
[INFO] [stderr]    Compiling serde_path_to_error v0.1.7
[INFO] [stderr]    Compiling bincode v1.3.3
[INFO] [stderr]    Compiling csv v1.1.6
[INFO] [stderr]    Compiling avro-rs v0.13.0
[INFO] [stderr]    Compiling hyper v0.14.18
[INFO] [stderr]    Compiling hyper-tls v0.5.0
[INFO] [stderr]    Compiling hyper-rustls v0.23.0
[INFO] [stderr]    Compiling reqwest v0.11.10
[INFO] [stderr]    Compiling strm-privacy-driver v0.1.1
[INFO] [stderr]    Compiling hocon v0.9.0
[INFO] [stderr]    Compiling diff-priv v0.1.0 (/opt/rustwide/workdir)
[INFO] [stdout] warning: unused import: `UNIX_EPOCH`
[INFO] [stdout]  --> src/analysis/publishing_delay_analyser.rs:2:39
[INFO] [stdout]   |
[INFO] [stdout] 2 | use std::time::{Duration, SystemTime, UNIX_EPOCH};
[INFO] [stdout]   |                                       ^^^^^^^^^^
[INFO] [stdout]   |
[INFO] [stdout]   = note: `#[warn(unused_imports)]` on by default
[INFO] [stdout] 
[INFO] [stdout] 
[INFO] [stdout] warning: unused imports: `Duration` and `UNIX_EPOCH`
[INFO] [stdout]  --> src/data_manipulation/mueller.rs:1:17
[INFO] [stdout]   |
[INFO] [stdout] 1 | use std::time::{Duration, SystemTime, UNIX_EPOCH};
[INFO] [stdout]   |                 ^^^^^^^^              ^^^^^^^^^^
[INFO] [stdout] 
[INFO] [stdout] 
[INFO] [stdout] warning: unused import: `UNIX_EPOCH`
[INFO] [stdout]  --> src/test/adult.rs:1:29
[INFO] [stdout]   |
[INFO] [stdout] 1 | use std::time::{SystemTime, UNIX_EPOCH};
[INFO] [stdout]   |                             ^^^^^^^^^^
[INFO] [stdout] 
[INFO] [stdout] 
[INFO] [stdout] warning: unused import: `UNIX_EPOCH`
[INFO] [stdout]  --> src/test/adult_large.rs:1:29
[INFO] [stdout]   |
[INFO] [stdout] 1 | use std::time::{SystemTime, UNIX_EPOCH};
[INFO] [stdout]   |                             ^^^^^^^^^^
[INFO] [stdout] 
[INFO] [stdout] 
[INFO] [stdout] warning: unused variable: `uuid`
[INFO] [stdout]   --> src/publishing/kafka_publisher.rs:48:54
[INFO] [stdout]    |
[INFO] [stdout] 48 |     fn publish<M: Anonymizable>(&mut self, value: M, uuid: Uuid, dr: f64) {
[INFO] [stdout]    |                                                      ^^^^ help: if this is intentional, prefix it with an underscore: `_uuid`
[INFO] [stdout]    |
[INFO] [stdout]    = note: `#[warn(unused_variables)]` on by default
[INFO] [stdout] 
[INFO] [stdout] 
[INFO] [stdout] warning: unused variable: `dr`
[INFO] [stdout]   --> src/publishing/kafka_publisher.rs:48:66
[INFO] [stdout]    |
[INFO] [stdout] 48 |     fn publish<M: Anonymizable>(&mut self, value: M, uuid: Uuid, dr: f64) {
[INFO] [stdout]    |                                                                  ^^ help: if this is intentional, prefix it with an underscore: `_dr`
[INFO] [stdout] 
[INFO] [stdout] 
[INFO] [stdout] warning: unused variable: `uuid`
[INFO] [stdout]  --> src/test/dummy_publisher.rs:9:55
[INFO] [stdout]   |
[INFO] [stdout] 9 |     fn publish<M: Anonymizable>(&mut self, _value: M, uuid: Uuid, dr: f64) {}
[INFO] [stdout]   |                                                       ^^^^ help: if this is intentional, prefix it with an underscore: `_uuid`
[INFO] [stdout] 
[INFO] [stdout] 
[INFO] [stdout] warning: unused variable: `dr`
[INFO] [stdout]  --> src/test/dummy_publisher.rs:9:67
[INFO] [stdout]   |
[INFO] [stdout] 9 |     fn publish<M: Anonymizable>(&mut self, _value: M, uuid: Uuid, dr: f64) {}
[INFO] [stdout]   |                                                                   ^^ help: if this is intentional, prefix it with an underscore: `_dr`
[INFO] [stdout] 
[INFO] [stdout] 
[INFO] [stderr]     Finished `dev` profile [unoptimized + debuginfo] target(s) in 1m 27s
[INFO] [stderr] warning: the following packages contain code that will be rejected by a future version of Rust: nom v4.2.3
[INFO] [stderr] note: to see what the problems were, use the option `--future-incompat-report`, or run `cargo report future-incompatibilities --id 1`
[INFO] running `Command { std: "docker" "inspect" "a307374ff04d8dcc97d59dd93df73f00fe92a950a728ee43347117f5ee21be94", kill_on_drop: false }`
[INFO] running `Command { std: "docker" "rm" "-f" "a307374ff04d8dcc97d59dd93df73f00fe92a950a728ee43347117f5ee21be94", kill_on_drop: false }`
[INFO] [stdout] a307374ff04d8dcc97d59dd93df73f00fe92a950a728ee43347117f5ee21be94
[INFO] running `Command { std: "docker" "create" "-v" "/var/lib/crater-agent-workspace/builds/worker-3-tc2/target:/opt/rustwide/target:rw,Z" "-v" "/var/lib/crater-agent-workspace/builds/worker-3-tc2/source:/opt/rustwide/workdir:ro,Z" "-v" "/var/lib/crater-agent-workspace/cargo-home:/opt/rustwide/cargo-home:ro,Z" "-v" "/var/lib/crater-agent-workspace/rustup-home:/opt/rustwide/rustup-home:ro,Z" "-e" "SOURCE_DIR=/opt/rustwide/workdir" "-e" "CARGO_TARGET_DIR=/opt/rustwide/target" "-e" "CARGO_INCREMENTAL=0" "-e" "RUST_BACKTRACE=full" "-e" "RUSTFLAGS=--cap-lints=warn" "-e" "RUSTDOCFLAGS=--cap-lints=warn" "-e" "CARGO_HOME=/opt/rustwide/cargo-home" "-e" "RUSTUP_HOME=/opt/rustwide/rustup-home" "-w" "/opt/rustwide/workdir" "-m" "1610612736" "--user" "0:0" "--network" "none" "ghcr.io/rust-lang/crates-build-env/linux@sha256:f3a9d4ad9d972b27faf3965f35b62e55ba32bbce8f20bc8fe909558a86702fde" "/opt/rustwide/cargo-home/bin/cargo" "+beta-2024-12-08" "test" "--frozen" "--no-run" "--message-format=json", kill_on_drop: false }`
[INFO] [stdout] 2c83f624c9de8748f357e6a06b74f782f228e643bdad69c48bd5de9f842e8425
[INFO] running `Command { std: "docker" "start" "-a" "2c83f624c9de8748f357e6a06b74f782f228e643bdad69c48bd5de9f842e8425", kill_on_drop: false }`
[INFO] [stdout] warning: unused import: `UNIX_EPOCH`
[INFO] [stdout]  --> src/analysis/publishing_delay_analyser.rs:2:39
[INFO] [stdout]   |
[INFO] [stdout] 2 | use std::time::{Duration, SystemTime, UNIX_EPOCH};
[INFO] [stdout]   |                                       ^^^^^^^^^^
[INFO] [stdout]   |
[INFO] [stdout]   = note: `#[warn(unused_imports)]` on by default
[INFO] [stdout] 
[INFO] [stdout] 
[INFO] [stdout] warning: unused imports: `Duration` and `UNIX_EPOCH`
[INFO] [stdout]  --> src/data_manipulation/mueller.rs:1:17
[INFO] [stdout]   |
[INFO] [stdout] 1 | use std::time::{Duration, SystemTime, UNIX_EPOCH};
[INFO] [stdout]   |                 ^^^^^^^^              ^^^^^^^^^^
[INFO] [stdout] 
[INFO] [stdout] 
[INFO] [stdout] warning: unused import: `UNIX_EPOCH`
[INFO] [stdout]  --> src/test/adult.rs:1:29
[INFO] [stdout]   |
[INFO] [stdout] 1 | use std::time::{SystemTime, UNIX_EPOCH};
[INFO] [stdout]   |                             ^^^^^^^^^^
[INFO] [stdout] 
[INFO] [stdout] 
[INFO] [stdout] warning: unused import: `UNIX_EPOCH`
[INFO] [stdout]  --> src/test/adult_large.rs:1:29
[INFO] [stdout]   |
[INFO] [stdout] 1 | use std::time::{SystemTime, UNIX_EPOCH};
[INFO] [stdout]   |                             ^^^^^^^^^^
[INFO] [stdout] 
[INFO] [stdout] 
[INFO] [stdout] warning: unused variable: `uuid`
[INFO] [stdout]   --> src/publishing/kafka_publisher.rs:48:54
[INFO] [stdout]    |
[INFO] [stdout] 48 |     fn publish<M: Anonymizable>(&mut self, value: M, uuid: Uuid, dr: f64) {
[INFO] [stdout]    |                                                      ^^^^ help: if this is intentional, prefix it with an underscore: `_uuid`
[INFO] [stdout]    |
[INFO] [stdout]    = note: `#[warn(unused_variables)]` on by default
[INFO] [stdout] 
[INFO] [stdout] 
[INFO] [stdout] warning: unused variable: `dr`
[INFO] [stdout]   --> src/publishing/kafka_publisher.rs:48:66
[INFO] [stdout]    |
[INFO] [stdout] 48 |     fn publish<M: Anonymizable>(&mut self, value: M, uuid: Uuid, dr: f64) {
[INFO] [stdout]    |                                                                  ^^ help: if this is intentional, prefix it with an underscore: `_dr`
[INFO] [stdout] 
[INFO] [stdout] 
[INFO] [stdout] warning: unused variable: `uuid`
[INFO] [stdout]  --> src/test/dummy_publisher.rs:9:55
[INFO] [stdout]   |
[INFO] [stdout] 9 |     fn publish<M: Anonymizable>(&mut self, _value: M, uuid: Uuid, dr: f64) {}
[INFO] [stdout]   |                                                       ^^^^ help: if this is intentional, prefix it with an underscore: `_uuid`
[INFO] [stdout] 
[INFO] [stdout] 
[INFO] [stdout] warning: unused variable: `dr`
[INFO] [stdout]  --> src/test/dummy_publisher.rs:9:67
[INFO] [stdout]   |
[INFO] [stdout] 9 |     fn publish<M: Anonymizable>(&mut self, _value: M, uuid: Uuid, dr: f64) {}
[INFO] [stdout]   |                                                                   ^^ help: if this is intentional, prefix it with an underscore: `_dr`
[INFO] [stdout] 
[INFO] [stdout] 
[INFO] [stderr]    Compiling diff-priv v0.1.0 (/opt/rustwide/workdir)
[INFO] [stdout] warning: unused import: `UNIX_EPOCH`
[INFO] [stdout]  --> src/analysis/publishing_delay_analyser.rs:2:39
[INFO] [stdout]   |
[INFO] [stdout] 2 | use std::time::{Duration, SystemTime, UNIX_EPOCH};
[INFO] [stdout]   |                                       ^^^^^^^^^^
[INFO] [stdout]   |
[INFO] [stdout]   = note: `#[warn(unused_imports)]` on by default
[INFO] [stdout] 
[INFO] [stdout] 
[INFO] [stdout] warning: unused imports: `Duration` and `UNIX_EPOCH`
[INFO] [stdout]  --> src/data_manipulation/mueller.rs:1:17
[INFO] [stdout]   |
[INFO] [stdout] 1 | use std::time::{Duration, SystemTime, UNIX_EPOCH};
[INFO] [stdout]   |                 ^^^^^^^^              ^^^^^^^^^^
[INFO] [stdout] 
[INFO] [stdout] 
[INFO] [stdout] warning: unused import: `UNIX_EPOCH`
[INFO] [stdout]  --> src/test/adult.rs:1:29
[INFO] [stdout]   |
[INFO] [stdout] 1 | use std::time::{SystemTime, UNIX_EPOCH};
[INFO] [stdout]   |                             ^^^^^^^^^^
[INFO] [stdout] 
[INFO] [stdout] 
[INFO] [stdout] warning: unused import: `UNIX_EPOCH`
[INFO] [stdout]  --> src/test/adult_large.rs:1:29
[INFO] [stdout]   |
[INFO] [stdout] 1 | use std::time::{SystemTime, UNIX_EPOCH};
[INFO] [stdout]   |                             ^^^^^^^^^^
[INFO] [stdout] 
[INFO] [stdout] 
[INFO] [stdout] warning: unused variable: `uuid`
[INFO] [stdout]   --> src/publishing/kafka_publisher.rs:48:54
[INFO] [stdout]    |
[INFO] [stdout] 48 |     fn publish<M: Anonymizable>(&mut self, value: M, uuid: Uuid, dr: f64) {
[INFO] [stdout]    |                                                      ^^^^ help: if this is intentional, prefix it with an underscore: `_uuid`
[INFO] [stdout]    |
[INFO] [stdout]    = note: `#[warn(unused_variables)]` on by default
[INFO] [stdout] 
[INFO] [stdout] 
[INFO] [stdout] warning: unused variable: `dr`
[INFO] [stdout]   --> src/publishing/kafka_publisher.rs:48:66
[INFO] [stdout]    |
[INFO] [stdout] 48 |     fn publish<M: Anonymizable>(&mut self, value: M, uuid: Uuid, dr: f64) {
[INFO] [stdout]    |                                                                  ^^ help: if this is intentional, prefix it with an underscore: `_dr`
[INFO] [stdout] 
[INFO] [stdout] 
[INFO] [stdout] warning: unused variable: `uuid`
[INFO] [stdout]  --> src/test/dummy_publisher.rs:9:55
[INFO] [stdout]   |
[INFO] [stdout] 9 |     fn publish<M: Anonymizable>(&mut self, _value: M, uuid: Uuid, dr: f64) {}
[INFO] [stdout]   |                                                       ^^^^ help: if this is intentional, prefix it with an underscore: `_uuid`
[INFO] [stdout] 
[INFO] [stdout] 
[INFO] [stdout] warning: unused variable: `dr`
[INFO] [stdout]  --> src/test/dummy_publisher.rs:9:67
[INFO] [stdout]   |
[INFO] [stdout] 9 |     fn publish<M: Anonymizable>(&mut self, _value: M, uuid: Uuid, dr: f64) {}
[INFO] [stdout]   |                                                                   ^^ help: if this is intentional, prefix it with an underscore: `_dr`
[INFO] [stdout] 
[INFO] [stdout] 
[INFO] [stderr]     Finished `test` profile [unoptimized + debuginfo] target(s) in 6.60s
[INFO] [stderr] warning: the following packages contain code that will be rejected by a future version of Rust: nom v4.2.3
[INFO] [stderr] note: to see what the problems were, use the option `--future-incompat-report`, or run `cargo report future-incompatibilities --id 1`
[INFO] running `Command { std: "docker" "inspect" "2c83f624c9de8748f357e6a06b74f782f228e643bdad69c48bd5de9f842e8425", kill_on_drop: false }`
[INFO] running `Command { std: "docker" "rm" "-f" "2c83f624c9de8748f357e6a06b74f782f228e643bdad69c48bd5de9f842e8425", kill_on_drop: false }`
[INFO] [stdout] 2c83f624c9de8748f357e6a06b74f782f228e643bdad69c48bd5de9f842e8425
[INFO] running `Command { std: "docker" "create" "-v" "/var/lib/crater-agent-workspace/builds/worker-3-tc2/target:/opt/rustwide/target:rw,Z" "-v" "/var/lib/crater-agent-workspace/builds/worker-3-tc2/source:/opt/rustwide/workdir:ro,Z" "-v" "/var/lib/crater-agent-workspace/cargo-home:/opt/rustwide/cargo-home:ro,Z" "-v" "/var/lib/crater-agent-workspace/rustup-home:/opt/rustwide/rustup-home:ro,Z" "-e" "SOURCE_DIR=/opt/rustwide/workdir" "-e" "CARGO_TARGET_DIR=/opt/rustwide/target" "-e" "CARGO_INCREMENTAL=0" "-e" "RUST_BACKTRACE=full" "-e" "RUSTFLAGS=--cap-lints=warn" "-e" "RUSTDOCFLAGS=--cap-lints=warn" "-e" "CARGO_HOME=/opt/rustwide/cargo-home" "-e" "RUSTUP_HOME=/opt/rustwide/rustup-home" "-w" "/opt/rustwide/workdir" "-m" "1610612736" "--user" "0:0" "--network" "none" "ghcr.io/rust-lang/crates-build-env/linux@sha256:f3a9d4ad9d972b27faf3965f35b62e55ba32bbce8f20bc8fe909558a86702fde" "/opt/rustwide/cargo-home/bin/cargo" "+beta-2024-12-08" "test" "--frozen", kill_on_drop: false }`
[INFO] [stdout] 2af5a01b910bf329356e707c04230c8d8afd864ac86be607a74ce435738a46f8
[INFO] running `Command { std: "docker" "start" "-a" "2af5a01b910bf329356e707c04230c8d8afd864ac86be607a74ce435738a46f8", kill_on_drop: false }`
[INFO] [stderr] warning: unused import: `UNIX_EPOCH`
[INFO] [stderr]  --> src/analysis/publishing_delay_analyser.rs:2:39
[INFO] [stderr]   |
[INFO] [stderr] 2 | use std::time::{Duration, SystemTime, UNIX_EPOCH};
[INFO] [stderr]   |                                       ^^^^^^^^^^
[INFO] [stderr]   |
[INFO] [stderr]   = note: `#[warn(unused_imports)]` on by default
[INFO] [stderr] 
[INFO] [stderr] warning: unused imports: `Duration` and `UNIX_EPOCH`
[INFO] [stderr]  --> src/data_manipulation/mueller.rs:1:17
[INFO] [stderr]   |
[INFO] [stderr] 1 | use std::time::{Duration, SystemTime, UNIX_EPOCH};
[INFO] [stderr]   |                 ^^^^^^^^              ^^^^^^^^^^
[INFO] [stderr] 
[INFO] [stderr] warning: unused import: `UNIX_EPOCH`
[INFO] [stderr]  --> src/test/adult.rs:1:29
[INFO] [stderr]   |
[INFO] [stderr] 1 | use std::time::{SystemTime, UNIX_EPOCH};
[INFO] [stderr]   |                             ^^^^^^^^^^
[INFO] [stderr] 
[INFO] [stderr] warning: unused import: `UNIX_EPOCH`
[INFO] [stderr]  --> src/test/adult_large.rs:1:29
[INFO] [stderr]   |
[INFO] [stderr] 1 | use std::time::{SystemTime, UNIX_EPOCH};
[INFO] [stderr]   |                             ^^^^^^^^^^
[INFO] [stderr] 
[INFO] [stderr] warning: unused variable: `uuid`
[INFO] [stderr]   --> src/publishing/kafka_publisher.rs:48:54
[INFO] [stderr]    |
[INFO] [stderr] 48 |     fn publish<M: Anonymizable>(&mut self, value: M, uuid: Uuid, dr: f64) {
[INFO] [stderr]    |                                                      ^^^^ help: if this is intentional, prefix it with an underscore: `_uuid`
[INFO] [stderr]    |
[INFO] [stderr]    = note: `#[warn(unused_variables)]` on by default
[INFO] [stderr] 
[INFO] [stderr] warning: unused variable: `dr`
[INFO] [stderr]   --> src/publishing/kafka_publisher.rs:48:66
[INFO] [stderr]    |
[INFO] [stderr] 48 |     fn publish<M: Anonymizable>(&mut self, value: M, uuid: Uuid, dr: f64) {
[INFO] [stderr]    |                                                                  ^^ help: if this is intentional, prefix it with an underscore: `_dr`
[INFO] [stderr] 
[INFO] [stderr] warning: unused variable: `uuid`
[INFO] [stderr]  --> src/test/dummy_publisher.rs:9:55
[INFO] [stderr]   |
[INFO] [stderr] 9 |     fn publish<M: Anonymizable>(&mut self, _value: M, uuid: Uuid, dr: f64) {}
[INFO] [stderr]   |                                                       ^^^^ help: if this is intentional, prefix it with an underscore: `_uuid`
[INFO] [stderr] 
[INFO] [stderr] warning: unused variable: `dr`
[INFO] [stderr]  --> src/test/dummy_publisher.rs:9:67
[INFO] [stderr]   |
[INFO] [stderr] 9 |     fn publish<M: Anonymizable>(&mut self, _value: M, uuid: Uuid, dr: f64) {}
[INFO] [stderr]   |                                                                   ^^ help: if this is intentional, prefix it with an underscore: `_dr`
[INFO] [stderr] 
[INFO] [stderr] warning: `diff-priv` (lib) generated 8 warnings (run `cargo fix --lib -p diff-priv` to apply 4 suggestions)
[INFO] [stderr] warning: `diff-priv` (lib test) generated 8 warnings (8 duplicates)
[INFO] [stderr]     Finished `test` profile [unoptimized + debuginfo] target(s) in 0.22s
[INFO] [stderr] warning: the following packages contain code that will be rejected by a future version of Rust: nom v4.2.3
[INFO] [stderr] note: to see what the problems were, use the option `--future-incompat-report`, or run `cargo report future-incompatibilities --id 1`
[INFO] [stderr]      Running unittests src/lib.rs (/opt/rustwide/target/debug/deps/diff_priv-2cc1d7eb1e1406b9)
[INFO] [stdout] 
[INFO] [stdout] running 22 tests
[INFO] [stdout] test anonymization::buffer::tests::is_full ... ok
[INFO] [stdout] test anonymization::cluster::tests::calculate_ks_threshold_mixed_data_types ... ok
[INFO] [stdout] test anonymization::cluster::tests::detected_concept_drift ... ok
[INFO] [stdout] test anonymization::cluster::tests::no_concept_drift ... ok
[INFO] [stdout] test anonymization::cluster::tests::update_categorical_frequency ... ok
[INFO] [stdout] test data_manipulation::aggregation::tests::truncate_to_domain_integer_max ... ok
[INFO] [stdout] test data_manipulation::aggregation::tests::truncate_to_domain_float ... ok
[INFO] [stdout] test data_manipulation::aggregation::tests::truncating_to_domain_integer ... ok
[INFO] [stdout] test data_manipulation::anonymizable::tests::aggregation_interval_integer ... ok
[INFO] [stdout] test data_manipulation::anonymizable::tests::aggregation_nominal ... ok
[INFO] [stdout] test data_manipulation::anonymizable::tests::calculate_difference ... ok
[INFO] [stdout] test data_manipulation::anonymizable::tests::aggregation_interval_float ... ok
[INFO] [stdout] test data_manipulation::aggregation::tests::truncate_to_domain_float_max ... ok
[INFO] [stdout] test data_manipulation::anonymizable::tests::aggregation_ordinal ... ok
[INFO] [stdout] test data_manipulation::anonymizable::tests::calculate_difference_zero ... ok
[INFO] [stdout] test data_manipulation::anonymizable::tests::calculate_info_loss ... ok
[INFO] [stdout] test data_manipulation::anonymizable::tests::get_quasi_identifiers ... ok
[INFO] [stdout] test anonymization::microagg_anonymizer::tests::find_best_cluster ... ok
[INFO] [stdout] test data_manipulation::anonymizable::tests::update_quasi_identifiers ... ok
[INFO] [stdout] test data_manipulation::anonymizable::tests::calculate_difference_one ... ok
[INFO] [stdout] test noise::laplace::numerical_noiser::tests::generate_noise ... ok
[INFO] [stdout] test anonymization::buffer::tests::update_centroid ... FAILED
[INFO] [stdout] 
[INFO] [stdout] failures:
[INFO] [stdout] 
[INFO] [stdout] ---- anonymization::buffer::tests::update_centroid stdout ----
[INFO] [stdout] thread 'anonymization::buffer::tests::update_centroid' panicked at src/anonymization/buffer.rs:133:9:
[INFO] [stdout] assertion `left == right` failed
[INFO] [stdout]   left: MuellerStream { strm_meta: StrmMeta { event_contract_ref: "diff_priv/mueller-steps/1.0.0", nonce: None, timestamp: None, key_link: None, billing_id: None, consent_levels: [] }, id: "", gender: Some("female"), age: Some(40), run_id: None, running: None, speed: None, duration: None, distance: None, side: None, bout: None, freq: None, walk_ratio: None, start: None, end: None, time_generated: SystemTime { tv_sec: 1734234775, tv_nsec: 898608390 } }
[INFO] [stdout]  right: MuellerStream { strm_meta: StrmMeta { event_contract_ref: "diff_priv/mueller-steps/1.0.0", nonce: None, timestamp: None, key_link: None, billing_id: None, consent_levels: [] }, id: "", gender: Some("female"), age: Some(40), run_id: None, running: None, speed: None, duration: None, distance: None, side: None, bout: None, freq: None, walk_ratio: None, start: None, end: None, time_generated: SystemTime { tv_sec: 1734234775, tv_nsec: 898608080 } }
[INFO] [stdout] stack backtrace:
[INFO] [stdout]    0:     0x636d9b7c5d8a - std::backtrace_rs::backtrace::libunwind::trace::h8810477743020387
[INFO] [stdout]                                at /rustc/202008a1b8de96d2e5b6bc02d379db03a877d34d/library/std/src/../../backtrace/src/backtrace/libunwind.rs:116:5
[INFO] [stdout]    1:     0x636d9b7c5d8a - std::backtrace_rs::backtrace::trace_unsynchronized::h3aa55355dd6c54a6
[INFO] [stdout]                                at /rustc/202008a1b8de96d2e5b6bc02d379db03a877d34d/library/std/src/../../backtrace/src/backtrace/mod.rs:66:5
[INFO] [stdout]    2:     0x636d9b7c5d8a - std::sys::backtrace::_print_fmt::h8588b0f62410823f
[INFO] [stdout]                                at /rustc/202008a1b8de96d2e5b6bc02d379db03a877d34d/library/std/src/sys/backtrace.rs:66:9
[INFO] [stdout]    3:     0x636d9b7c5d8a - <std::sys::backtrace::BacktraceLock::print::DisplayBacktrace as core::fmt::Display>::fmt::h98c26ac25ffe89bb
[INFO] [stdout]                                at /rustc/202008a1b8de96d2e5b6bc02d379db03a877d34d/library/std/src/sys/backtrace.rs:39:26
[INFO] [stdout]    4:     0x636d9b7ec853 - core::fmt::rt::Argument::fmt::hf95377f4aebd453b
[INFO] [stdout]                                at /rustc/202008a1b8de96d2e5b6bc02d379db03a877d34d/library/core/src/fmt/rt.rs:177:76
[INFO] [stdout]    5:     0x636d9b7ec853 - core::fmt::write::h0dd5f6e2238c7982
[INFO] [stdout]                                at /rustc/202008a1b8de96d2e5b6bc02d379db03a877d34d/library/core/src/fmt/mod.rs:1189:21
[INFO] [stdout]    6:     0x636d9b7c2c93 - std::io::Write::write_fmt::h03bb0ca26e6faf8c
[INFO] [stdout]                                at /rustc/202008a1b8de96d2e5b6bc02d379db03a877d34d/library/std/src/io/mod.rs:1884:15
[INFO] [stdout]    7:     0x636d9b7c5bd2 - std::sys::backtrace::BacktraceLock::print::h5c19c1c038ee186d
[INFO] [stdout]                                at /rustc/202008a1b8de96d2e5b6bc02d379db03a877d34d/library/std/src/sys/backtrace.rs:42:9
[INFO] [stdout]    8:     0x636d9b7c720d - std::panicking::default_hook::{{closure}}::h77172f079a1fcb13
[INFO] [stdout]                                at /rustc/202008a1b8de96d2e5b6bc02d379db03a877d34d/library/std/src/panicking.rs:268:22
[INFO] [stdout]    9:     0x636d9b7c7017 - std::panicking::default_hook::he5f8e3b203ccddba
[INFO] [stdout]                                at /rustc/202008a1b8de96d2e5b6bc02d379db03a877d34d/library/std/src/panicking.rs:292:9
[INFO] [stdout]   10:     0x636d9b6e60f7 - <alloc::boxed::Box<F,A> as core::ops::function::Fn<Args>>::call::h7a3c7b4a1ae77f2f
[INFO] [stdout]                                at /rustc/202008a1b8de96d2e5b6bc02d379db03a877d34d/library/alloc/src/boxed.rs:1986:9
[INFO] [stdout]   11:     0x636d9b6e60f7 - test::test_main::{{closure}}::hf0d3b69ae9b353d1
[INFO] [stdout]                                at /rustc/202008a1b8de96d2e5b6bc02d379db03a877d34d/library/test/src/lib.rs:134:21
[INFO] [stdout]   12:     0x636d9b7c78b8 - <alloc::boxed::Box<F,A> as core::ops::function::Fn<Args>>::call::h6332e82e7b189abd
[INFO] [stdout]                                at /rustc/202008a1b8de96d2e5b6bc02d379db03a877d34d/library/alloc/src/boxed.rs:1986:9
[INFO] [stdout]   13:     0x636d9b7c78b8 - std::panicking::rust_panic_with_hook::h53863d4e9018df39
[INFO] [stdout]                                at /rustc/202008a1b8de96d2e5b6bc02d379db03a877d34d/library/std/src/panicking.rs:809:13
[INFO] [stdout]   14:     0x636d9b7c767a - std::panicking::begin_panic_handler::{{closure}}::h67280e6fa0757873
[INFO] [stdout]                                at /rustc/202008a1b8de96d2e5b6bc02d379db03a877d34d/library/std/src/panicking.rs:674:13
[INFO] [stdout]   15:     0x636d9b7c6269 - std::sys::backtrace::__rust_end_short_backtrace::h1dac3f54d6fbbeb2
[INFO] [stdout]                                at /rustc/202008a1b8de96d2e5b6bc02d379db03a877d34d/library/std/src/sys/backtrace.rs:170:18
[INFO] [stdout]   16:     0x636d9b7c730c - rust_begin_unwind
[INFO] [stdout]                                at /rustc/202008a1b8de96d2e5b6bc02d379db03a877d34d/library/std/src/panicking.rs:665:5
[INFO] [stdout]   17:     0x636d9b6430d0 - core::panicking::panic_fmt::h6792bd1b2bf01041
[INFO] [stdout]                                at /rustc/202008a1b8de96d2e5b6bc02d379db03a877d34d/library/core/src/panicking.rs:76:14
[INFO] [stdout]   18:     0x636d9b643535 - core::panicking::assert_failed_inner::hf2c17e6d30928787
[INFO] [stdout]   19:     0x636d9b67b1da - core::panicking::assert_failed::h5ec0e58ff245d490
[INFO] [stdout]                                at /rustc/202008a1b8de96d2e5b6bc02d379db03a877d34d/library/core/src/panicking.rs:373:5
[INFO] [stdout]   20:     0x636d9b67e9cc - diff_priv::anonymization::buffer::tests::update_centroid::hced91c6cff414e75
[INFO] [stdout]                                at /opt/rustwide/workdir/src/anonymization/buffer.rs:133:9
[INFO] [stdout]   21:     0x636d9b67dbb7 - diff_priv::anonymization::buffer::tests::update_centroid::{{closure}}::ha39beff857579a2c
[INFO] [stdout]                                at /opt/rustwide/workdir/src/anonymization/buffer.rs:103:25
[INFO] [stdout]   22:     0x636d9b6863e6 - core::ops::function::FnOnce::call_once::hd6123a0d9266f0b2
[INFO] [stdout]                                at /rustc/202008a1b8de96d2e5b6bc02d379db03a877d34d/library/core/src/ops/function.rs:250:5
[INFO] [stdout]   23:     0x636d9b6eac1b - core::ops::function::FnOnce::call_once::h871bf86719ec9aa4
[INFO] [stdout]                                at /rustc/202008a1b8de96d2e5b6bc02d379db03a877d34d/library/core/src/ops/function.rs:250:5
[INFO] [stdout]   24:     0x636d9b6eac1b - test::__rust_begin_short_backtrace::h2167df1e2b7d76fd
[INFO] [stdout]                                at /rustc/202008a1b8de96d2e5b6bc02d379db03a877d34d/library/test/src/lib.rs:632:18
[INFO] [stdout]   25:     0x636d9b6ea608 - test::run_test_in_process::{{closure}}::h15d92f75a3adfb79
[INFO] [stdout]                                at /rustc/202008a1b8de96d2e5b6bc02d379db03a877d34d/library/test/src/lib.rs:655:60
[INFO] [stdout]   26:     0x636d9b6ea608 - <core::panic::unwind_safe::AssertUnwindSafe<F> as core::ops::function::FnOnce<()>>::call_once::hb6c8955835a8dbbb
[INFO] [stdout]                                at /rustc/202008a1b8de96d2e5b6bc02d379db03a877d34d/library/core/src/panic/unwind_safe.rs:272:9
[INFO] [stdout]   27:     0x636d9b6ea608 - std::panicking::try::do_call::hc79d0fc888a0bd30
[INFO] [stdout]                                at /rustc/202008a1b8de96d2e5b6bc02d379db03a877d34d/library/std/src/panicking.rs:557:40
[INFO] [stdout]   28:     0x636d9b6ea608 - std::panicking::try::hb8a7878e3a8589d6
[INFO] [stdout]                                at /rustc/202008a1b8de96d2e5b6bc02d379db03a877d34d/library/std/src/panicking.rs:520:19
[INFO] [stdout]   29:     0x636d9b6ea608 - std::panic::catch_unwind::hb8e4600ff0ff5cfa
[INFO] [stdout]                                at /rustc/202008a1b8de96d2e5b6bc02d379db03a877d34d/library/std/src/panic.rs:358:14
[INFO] [stdout]   30:     0x636d9b6ea608 - test::run_test_in_process::hc2900b0b18688dd6
[INFO] [stdout]                                at /rustc/202008a1b8de96d2e5b6bc02d379db03a877d34d/library/test/src/lib.rs:655:27
[INFO] [stdout]   31:     0x636d9b6ea608 - test::run_test::{{closure}}::hac2a9cb07be3d48d
[INFO] [stdout]                                at /rustc/202008a1b8de96d2e5b6bc02d379db03a877d34d/library/test/src/lib.rs:576:43
[INFO] [stdout]   32:     0x636d9b6ae0aa - test::run_test::{{closure}}::h4a5b729e66a38cd8
[INFO] [stdout]                                at /rustc/202008a1b8de96d2e5b6bc02d379db03a877d34d/library/test/src/lib.rs:606:41
[INFO] [stdout]   33:     0x636d9b6ae0aa - std::sys::backtrace::__rust_begin_short_backtrace::h0496fb742492f573
[INFO] [stdout]                                at /rustc/202008a1b8de96d2e5b6bc02d379db03a877d34d/library/std/src/sys/backtrace.rs:154:18
[INFO] [stdout]   34:     0x636d9b6b1a24 - std::thread::Builder::spawn_unchecked_::{{closure}}::{{closure}}::hbb6d257c550a54bd
[INFO] [stdout]                                at /rustc/202008a1b8de96d2e5b6bc02d379db03a877d34d/library/std/src/thread/mod.rs:561:17
[INFO] [stdout]   35:     0x636d9b6b1a24 - <core::panic::unwind_safe::AssertUnwindSafe<F> as core::ops::function::FnOnce<()>>::call_once::h46696fe4a6832328
[INFO] [stdout]                                at /rustc/202008a1b8de96d2e5b6bc02d379db03a877d34d/library/core/src/panic/unwind_safe.rs:272:9
[INFO] [stdout]   36:     0x636d9b6b1a24 - std::panicking::try::do_call::h2625a51b667bfb64
[INFO] [stdout]                                at /rustc/202008a1b8de96d2e5b6bc02d379db03a877d34d/library/std/src/panicking.rs:557:40
[INFO] [stdout]   37:     0x636d9b6b1a24 - std::panicking::try::hb956a59a1973aa4c
[INFO] [stdout]                                at /rustc/202008a1b8de96d2e5b6bc02d379db03a877d34d/library/std/src/panicking.rs:520:19
[INFO] [stdout]   38:     0x636d9b6b1a24 - std::panic::catch_unwind::h64f3b9d1067ef6a0
[INFO] [stdout]                                at /rustc/202008a1b8de96d2e5b6bc02d379db03a877d34d/library/std/src/panic.rs:358:14
[INFO] [stdout]   39:     0x636d9b6b1a24 - std::thread::Builder::spawn_unchecked_::{{closure}}::h42b2841295b6c0b2
[INFO] [stdout]                                at /rustc/202008a1b8de96d2e5b6bc02d379db03a877d34d/library/std/src/thread/mod.rs:559:30
[INFO] [stdout]   40:     0x636d9b6b1a24 - core::ops::function::FnOnce::call_once{{vtable.shim}}::h6127de71b8124639
[INFO] [stdout]                                at /rustc/202008a1b8de96d2e5b6bc02d379db03a877d34d/library/core/src/ops/function.rs:250:5
[INFO] [stdout]   41:     0x636d9b7cb90b - <alloc::boxed::Box<F,A> as core::ops::function::FnOnce<Args>>::call_once::h42f0ba71002a1b2c
[INFO] [stdout]                                at /rustc/202008a1b8de96d2e5b6bc02d379db03a877d34d/library/alloc/src/boxed.rs:1972:9
[INFO] [stdout]   42:     0x636d9b7cb90b - <alloc::boxed::Box<F,A> as core::ops::function::FnOnce<Args>>::call_once::had9e47d7a3dcecb8
[INFO] [stdout]                                at /rustc/202008a1b8de96d2e5b6bc02d379db03a877d34d/library/alloc/src/boxed.rs:1972:9
[INFO] [stdout]   43:     0x636d9b7cb90b - std::sys::pal::unix::thread::Thread::new::thread_start::h48cf765408f6f5f2
[INFO] [stdout]                                at /rustc/202008a1b8de96d2e5b6bc02d379db03a877d34d/library/std/src/sys/pal/unix/thread.rs:105:17
[INFO] [stdout]   44:     0x75b2a356aac3 - <unknown>
[INFO] [stdout]   45:     0x75b2a35fba04 - clone
[INFO] [stdout]   46:                0x0 - <unknown>
[INFO] [stdout] 
[INFO] [stdout] 
[INFO] [stdout] failures:
[INFO] [stdout]     anonymization::buffer::tests::update_centroid
[INFO] [stdout] 
[INFO] [stdout] test result: FAILED. 21 passed; 1 failed; 0 ignored; 0 measured; 0 filtered out; finished in 0.15s
[INFO] [stdout] 
[INFO] [stderr] error: test failed, to rerun pass `--lib`
[INFO] running `Command { std: "docker" "inspect" "2af5a01b910bf329356e707c04230c8d8afd864ac86be607a74ce435738a46f8", kill_on_drop: false }`
[INFO] running `Command { std: "docker" "rm" "-f" "2af5a01b910bf329356e707c04230c8d8afd864ac86be607a74ce435738a46f8", kill_on_drop: false }`
[INFO] [stdout] 2af5a01b910bf329356e707c04230c8d8afd864ac86be607a74ce435738a46f8
