[INFO] fetching crate die 0.2.0...
[INFO] testing die-0.2.0 against 1.83.0 for beta-1.84.0-4-retry
[INFO] extracting crate die 0.2.0 into /workspace/builds/worker-4-tc1/source
[INFO] validating manifest of crates.io crate die 0.2.0 on toolchain 1.83.0
[INFO] running `Command { std: CARGO_HOME="/workspace/cargo-home" RUSTUP_HOME="/workspace/rustup-home" "/workspace/cargo-home/bin/cargo" "+1.83.0" "metadata" "--manifest-path" "Cargo.toml" "--no-deps", kill_on_drop: false }`
[INFO] started tweaking crates.io crate die 0.2.0
[INFO] finished tweaking crates.io crate die 0.2.0
[INFO] tweaked toml for crates.io crate die 0.2.0 written to /workspace/builds/worker-4-tc1/source/Cargo.toml
[INFO] running `Command { std: CARGO_HOME="/workspace/cargo-home" RUSTUP_HOME="/workspace/rustup-home" "/workspace/cargo-home/bin/cargo" "+1.83.0" "generate-lockfile" "--manifest-path" "Cargo.toml", kill_on_drop: false }`
[INFO] running `Command { std: CARGO_HOME="/workspace/cargo-home" RUSTUP_HOME="/workspace/rustup-home" "/workspace/cargo-home/bin/cargo" "+1.83.0" "fetch" "--manifest-path" "Cargo.toml", kill_on_drop: false }`
[INFO] [stderr] warning: no edition set: defaulting to the 2015 edition while the latest is 2021
[INFO] running `Command { std: "docker" "create" "-v" "/var/lib/crater-agent-workspace/builds/worker-4-tc1/target:/opt/rustwide/target:rw,Z" "-v" "/var/lib/crater-agent-workspace/builds/worker-4-tc1/source:/opt/rustwide/workdir:ro,Z" "-v" "/var/lib/crater-agent-workspace/cargo-home:/opt/rustwide/cargo-home:ro,Z" "-v" "/var/lib/crater-agent-workspace/rustup-home:/opt/rustwide/rustup-home:ro,Z" "-e" "SOURCE_DIR=/opt/rustwide/workdir" "-e" "CARGO_TARGET_DIR=/opt/rustwide/target" "-e" "CARGO_HOME=/opt/rustwide/cargo-home" "-e" "RUSTUP_HOME=/opt/rustwide/rustup-home" "-w" "/opt/rustwide/workdir" "-m" "1610612736" "--user" "0:0" "--network" "none" "ghcr.io/rust-lang/crates-build-env/linux@sha256:f3a9d4ad9d972b27faf3965f35b62e55ba32bbce8f20bc8fe909558a86702fde" "/opt/rustwide/cargo-home/bin/cargo" "+1.83.0" "metadata" "--no-deps" "--format-version=1", kill_on_drop: false }`
[INFO] [stdout] 5c664eb19d00e75692892a1b25baae50ac1fb1394919e11e85b3505c6a815e3a
[INFO] running `Command { std: "docker" "start" "-a" "5c664eb19d00e75692892a1b25baae50ac1fb1394919e11e85b3505c6a815e3a", kill_on_drop: false }`
[INFO] running `Command { std: "docker" "inspect" "5c664eb19d00e75692892a1b25baae50ac1fb1394919e11e85b3505c6a815e3a", kill_on_drop: false }`
[INFO] running `Command { std: "docker" "rm" "-f" "5c664eb19d00e75692892a1b25baae50ac1fb1394919e11e85b3505c6a815e3a", kill_on_drop: false }`
[INFO] [stdout] 5c664eb19d00e75692892a1b25baae50ac1fb1394919e11e85b3505c6a815e3a
[INFO] running `Command { std: "docker" "create" "-v" "/var/lib/crater-agent-workspace/builds/worker-4-tc1/target:/opt/rustwide/target:rw,Z" "-v" "/var/lib/crater-agent-workspace/builds/worker-4-tc1/source:/opt/rustwide/workdir:ro,Z" "-v" "/var/lib/crater-agent-workspace/cargo-home:/opt/rustwide/cargo-home:ro,Z" "-v" "/var/lib/crater-agent-workspace/rustup-home:/opt/rustwide/rustup-home:ro,Z" "-e" "SOURCE_DIR=/opt/rustwide/workdir" "-e" "CARGO_TARGET_DIR=/opt/rustwide/target" "-e" "CARGO_INCREMENTAL=0" "-e" "RUST_BACKTRACE=full" "-e" "RUSTFLAGS=--cap-lints=warn" "-e" "RUSTDOCFLAGS=--cap-lints=warn" "-e" "CARGO_HOME=/opt/rustwide/cargo-home" "-e" "RUSTUP_HOME=/opt/rustwide/rustup-home" "-w" "/opt/rustwide/workdir" "-m" "1610612736" "--user" "0:0" "--network" "none" "ghcr.io/rust-lang/crates-build-env/linux@sha256:f3a9d4ad9d972b27faf3965f35b62e55ba32bbce8f20bc8fe909558a86702fde" "/opt/rustwide/cargo-home/bin/cargo" "+1.83.0" "build" "--frozen" "--message-format=json", kill_on_drop: false }`
[INFO] [stdout] f1ba9c6b51ce56ff42747823e4e3547d09958d62cebe2add3d596d08aaca3943
[INFO] running `Command { std: "docker" "start" "-a" "f1ba9c6b51ce56ff42747823e4e3547d09958d62cebe2add3d596d08aaca3943", kill_on_drop: false }`
[INFO] [stderr] warning: no edition set: defaulting to the 2015 edition while the latest is 2021
[INFO] [stderr]    Compiling die v0.2.0 (/opt/rustwide/workdir)
[INFO] [stdout] warning: `#[inline]` is ignored on function prototypes
[INFO] [stdout]    --> src/lib.rs:176:5
[INFO] [stdout]     |
[INFO] [stdout] 176 |     #[inline]
[INFO] [stdout]     |     ^^^^^^^^^
[INFO] [stdout]     |
[INFO] [stdout]     = note: `#[warn(unused_attributes)]` on by default
[INFO] [stdout] 
[INFO] [stdout] 
[INFO] [stderr]     Finished `dev` profile [unoptimized + debuginfo] target(s) in 0.17s
[INFO] running `Command { std: "docker" "inspect" "f1ba9c6b51ce56ff42747823e4e3547d09958d62cebe2add3d596d08aaca3943", kill_on_drop: false }`
[INFO] running `Command { std: "docker" "rm" "-f" "f1ba9c6b51ce56ff42747823e4e3547d09958d62cebe2add3d596d08aaca3943", kill_on_drop: false }`
[INFO] [stdout] f1ba9c6b51ce56ff42747823e4e3547d09958d62cebe2add3d596d08aaca3943
[INFO] running `Command { std: "docker" "create" "-v" "/var/lib/crater-agent-workspace/builds/worker-4-tc1/target:/opt/rustwide/target:rw,Z" "-v" "/var/lib/crater-agent-workspace/builds/worker-4-tc1/source:/opt/rustwide/workdir:ro,Z" "-v" "/var/lib/crater-agent-workspace/cargo-home:/opt/rustwide/cargo-home:ro,Z" "-v" "/var/lib/crater-agent-workspace/rustup-home:/opt/rustwide/rustup-home:ro,Z" "-e" "SOURCE_DIR=/opt/rustwide/workdir" "-e" "CARGO_TARGET_DIR=/opt/rustwide/target" "-e" "CARGO_INCREMENTAL=0" "-e" "RUST_BACKTRACE=full" "-e" "RUSTFLAGS=--cap-lints=warn" "-e" "RUSTDOCFLAGS=--cap-lints=warn" "-e" "CARGO_HOME=/opt/rustwide/cargo-home" "-e" "RUSTUP_HOME=/opt/rustwide/rustup-home" "-w" "/opt/rustwide/workdir" "-m" "1610612736" "--user" "0:0" "--network" "none" "ghcr.io/rust-lang/crates-build-env/linux@sha256:f3a9d4ad9d972b27faf3965f35b62e55ba32bbce8f20bc8fe909558a86702fde" "/opt/rustwide/cargo-home/bin/cargo" "+1.83.0" "test" "--frozen" "--no-run" "--message-format=json", kill_on_drop: false }`
[INFO] [stdout] 76025dc7c48a6733deb0a02468e7c3c9ad0af94a71752a4f42ec339006a156cc
[INFO] running `Command { std: "docker" "start" "-a" "76025dc7c48a6733deb0a02468e7c3c9ad0af94a71752a4f42ec339006a156cc", kill_on_drop: false }`
[INFO] [stderr] warning: no edition set: defaulting to the 2015 edition while the latest is 2021
[INFO] [stdout] warning: `#[inline]` is ignored on function prototypes
[INFO] [stdout]    --> src/lib.rs:176:5
[INFO] [stdout]     |
[INFO] [stdout] 176 |     #[inline]
[INFO] [stdout]     |     ^^^^^^^^^
[INFO] [stdout]     |
[INFO] [stdout]     = note: `#[warn(unused_attributes)]` on by default
[INFO] [stdout] 
[INFO] [stdout] 
[INFO] [stderr]    Compiling die v0.2.0 (/opt/rustwide/workdir)
[INFO] [stdout] warning: `#[inline]` is ignored on function prototypes
[INFO] [stdout]    --> src/lib.rs:176:5
[INFO] [stdout]     |
[INFO] [stdout] 176 |     #[inline]
[INFO] [stdout]     |     ^^^^^^^^^
[INFO] [stdout]     |
[INFO] [stdout]     = note: `#[warn(unused_attributes)]` on by default
[INFO] [stdout] 
[INFO] [stdout] 
[INFO] [stderr]     Finished `test` profile [unoptimized + debuginfo] target(s) in 0.32s
[INFO] running `Command { std: "docker" "inspect" "76025dc7c48a6733deb0a02468e7c3c9ad0af94a71752a4f42ec339006a156cc", kill_on_drop: false }`
[INFO] running `Command { std: "docker" "rm" "-f" "76025dc7c48a6733deb0a02468e7c3c9ad0af94a71752a4f42ec339006a156cc", kill_on_drop: false }`
[INFO] [stdout] 76025dc7c48a6733deb0a02468e7c3c9ad0af94a71752a4f42ec339006a156cc
[INFO] running `Command { std: "docker" "create" "-v" "/var/lib/crater-agent-workspace/builds/worker-4-tc1/target:/opt/rustwide/target:rw,Z" "-v" "/var/lib/crater-agent-workspace/builds/worker-4-tc1/source:/opt/rustwide/workdir:ro,Z" "-v" "/var/lib/crater-agent-workspace/cargo-home:/opt/rustwide/cargo-home:ro,Z" "-v" "/var/lib/crater-agent-workspace/rustup-home:/opt/rustwide/rustup-home:ro,Z" "-e" "SOURCE_DIR=/opt/rustwide/workdir" "-e" "CARGO_TARGET_DIR=/opt/rustwide/target" "-e" "CARGO_INCREMENTAL=0" "-e" "RUST_BACKTRACE=full" "-e" "RUSTFLAGS=--cap-lints=warn" "-e" "RUSTDOCFLAGS=--cap-lints=warn" "-e" "CARGO_HOME=/opt/rustwide/cargo-home" "-e" "RUSTUP_HOME=/opt/rustwide/rustup-home" "-w" "/opt/rustwide/workdir" "-m" "1610612736" "--user" "0:0" "--network" "none" "ghcr.io/rust-lang/crates-build-env/linux@sha256:f3a9d4ad9d972b27faf3965f35b62e55ba32bbce8f20bc8fe909558a86702fde" "/opt/rustwide/cargo-home/bin/cargo" "+1.83.0" "test" "--frozen", kill_on_drop: false }`
[INFO] [stdout] 514fca7c68260579b2ca061a7c0a4ef0c6943954f2446a50d0d0dc49f2979109
[INFO] running `Command { std: "docker" "start" "-a" "514fca7c68260579b2ca061a7c0a4ef0c6943954f2446a50d0d0dc49f2979109", kill_on_drop: false }`
[INFO] [stderr] warning: no edition set: defaulting to the 2015 edition while the latest is 2021
[INFO] [stderr] warning: `#[inline]` is ignored on function prototypes
[INFO] [stderr]    --> src/lib.rs:176:5
[INFO] [stderr]     |
[INFO] [stderr] 176 |     #[inline]
[INFO] [stderr]     |     ^^^^^^^^^
[INFO] [stderr]     |
[INFO] [stderr]     = note: `#[warn(unused_attributes)]` on by default
[INFO] [stderr] 
[INFO] [stderr] warning: `die` (lib) generated 1 warning
[INFO] [stderr] warning: `die` (lib test) generated 1 warning (1 duplicate)
[INFO] [stderr]     Finished `test` profile [unoptimized + debuginfo] target(s) in 0.03s
[INFO] [stderr]      Running unittests src/lib.rs (/opt/rustwide/target/debug/deps/die-820b34f18bc95eb9)
[INFO] [stdout] 
[INFO] [stdout] running 0 tests
[INFO] [stdout] 
[INFO] [stdout] test result: ok. 0 passed; 0 failed; 0 ignored; 0 measured; 0 filtered out; finished in 0.00s
[INFO] [stdout] 
[INFO] [stderr]    Doc-tests die
[INFO] [stdout] 
[INFO] [stdout] running 11 tests
[INFO] [stdout] test src/lib.rs - die (line 39) ... FAILED
[INFO] [stdout] test src/lib.rs - die (line 54) ... FAILED
[INFO] [stdout] test src/lib.rs - die (line 34) ... FAILED
[INFO] [stdout] test src/lib.rs - die (line 29) ... FAILED
[INFO] [stdout] test src/lib.rs - Die::die_code (line 134) ... FAILED
[INFO] [stdout] test src/lib.rs - die (line 44) ... FAILED
[INFO] [stdout] test src/lib.rs - die (line 24) ... FAILED
[INFO] [stdout] test src/lib.rs - Die::die_code (line 139) ... FAILED
[INFO] [stdout] test src/lib.rs - Die::die (line 107) ... FAILED
[INFO] [stdout] test src/lib.rs - die (line 49) ... FAILED
[INFO] [stdout] test src/lib.rs - Die::die (line 102) ... FAILED
[INFO] [stdout] 
[INFO] [stdout] failures:
[INFO] [stdout] 
[INFO] [stdout] ---- src/lib.rs - die (line 39) stdout ----
[INFO] [stdout] Test executable failed (exit status: 4).
[INFO] [stdout] 
[INFO] [stdout] stderr:
[INFO] [stdout] argument -e must be 1
[INFO] [stdout] 
[INFO] [stdout] 
[INFO] [stdout] ---- src/lib.rs - die (line 54) stdout ----
[INFO] [stdout] Test executable failed (exit status: 1).
[INFO] [stdout] 
[INFO] [stdout] ---- src/lib.rs - die (line 34) stdout ----
[INFO] [stdout] Test executable failed (exit status: 3).
[INFO] [stdout] 
[INFO] [stdout] stderr:
[INFO] [stdout] argument to -e must be numeric
[INFO] [stdout] 
[INFO] [stdout] 
[INFO] [stdout] ---- src/lib.rs - die (line 29) stdout ----
[INFO] [stdout] Test executable failed (exit status: 2).
[INFO] [stdout] 
[INFO] [stdout] stderr:
[INFO] [stdout] argument to -e must be numeric
[INFO] [stdout] 
[INFO] [stdout] 
[INFO] [stdout] ---- src/lib.rs - Die::die_code (line 134) stdout ----
[INFO] [stdout] Test executable failed (exit status: 3).
[INFO] [stdout] 
[INFO] [stdout] stderr:
[INFO] [stdout] strange
[INFO] [stdout] 
[INFO] [stdout] 
[INFO] [stdout] ---- src/lib.rs - die (line 44) stdout ----
[INFO] [stdout] Test executable failed (exit status: 1).
[INFO] [stdout] 
[INFO] [stdout] stderr:
[INFO] [stdout] argument -e must be 1
[INFO] [stdout] 
[INFO] [stdout] 
[INFO] [stdout] ---- src/lib.rs - die (line 24) stdout ----
[INFO] [stdout] Test executable failed (exit status: 1).
[INFO] [stdout] 
[INFO] [stdout] stderr:
[INFO] [stdout] argument to -e must be numeric
[INFO] [stdout] 
[INFO] [stdout] 
[INFO] [stdout] ---- src/lib.rs - Die::die_code (line 139) stdout ----
[INFO] [stdout] Test executable failed (exit status: 3).
[INFO] [stdout] 
[INFO] [stdout] stderr:
[INFO] [stdout] strange
[INFO] [stdout] 
[INFO] [stdout] 
[INFO] [stdout] ---- src/lib.rs - Die::die (line 107) stdout ----
[INFO] [stdout] Test executable failed (exit status: 1).
[INFO] [stdout] 
[INFO] [stdout] stderr:
[INFO] [stdout] strange error
[INFO] [stdout] 
[INFO] [stdout] 
[INFO] [stdout] ---- src/lib.rs - die (line 49) stdout ----
[INFO] [stdout] Test executable failed (exit status: 2).
[INFO] [stdout] 
[INFO] [stdout] ---- src/lib.rs - Die::die (line 102) stdout ----
[INFO] [stdout] Test executable failed (exit status: 1).
[INFO] [stdout] 
[INFO] [stdout] stderr:
[INFO] [stdout] strange error
[INFO] [stdout] 
[INFO] [stdout] 
[INFO] [stdout] 
[INFO] [stdout] failures:
[INFO] [stdout]     src/lib.rs - Die::die (line 102)
[INFO] [stdout]     src/lib.rs - Die::die (line 107)
[INFO] [stdout]     src/lib.rs - Die::die_code (line 134)
[INFO] [stdout]     src/lib.rs - Die::die_code (line 139)
[INFO] [stdout]     src/lib.rs - die (line 24)
[INFO] [stdout]     src/lib.rs - die (line 29)
[INFO] [stdout]     src/lib.rs - die (line 34)
[INFO] [stdout]     src/lib.rs - die (line 39)
[INFO] [stdout]     src/lib.rs - die (line 44)
[INFO] [stdout]     src/lib.rs - die (line 49)
[INFO] [stdout]     src/lib.rs - die (line 54)
[INFO] [stdout] 
[INFO] [stdout] test result: FAILED. 0 passed; 11 failed; 0 ignored; 0 measured; 0 filtered out; finished in 0.73s
[INFO] [stdout] 
[INFO] [stderr] error: doctest failed, to rerun pass `--doc`
[INFO] running `Command { std: "docker" "inspect" "514fca7c68260579b2ca061a7c0a4ef0c6943954f2446a50d0d0dc49f2979109", kill_on_drop: false }`
[INFO] running `Command { std: "docker" "rm" "-f" "514fca7c68260579b2ca061a7c0a4ef0c6943954f2446a50d0d0dc49f2979109", kill_on_drop: false }`
[INFO] [stdout] 514fca7c68260579b2ca061a7c0a4ef0c6943954f2446a50d0d0dc49f2979109
