[INFO] fetching crate did-rs 0.1.5...
[INFO] testing did-rs-0.1.5 against beta-2024-12-08 for beta-1.84.0-4-retry
[INFO] extracting crate did-rs 0.1.5 into /workspace/builds/worker-0-tc2/source
[INFO] validating manifest of crates.io crate did-rs 0.1.5 on toolchain beta-2024-12-08
[INFO] running `Command { std: CARGO_HOME="/workspace/cargo-home" RUSTUP_HOME="/workspace/rustup-home" "/workspace/cargo-home/bin/cargo" "+beta-2024-12-08" "metadata" "--manifest-path" "Cargo.toml" "--no-deps", kill_on_drop: false }`
[INFO] started tweaking crates.io crate did-rs 0.1.5
[INFO] finished tweaking crates.io crate did-rs 0.1.5
[INFO] tweaked toml for crates.io crate did-rs 0.1.5 written to /workspace/builds/worker-0-tc2/source/Cargo.toml
[INFO] running `Command { std: CARGO_HOME="/workspace/cargo-home" RUSTUP_HOME="/workspace/rustup-home" "/workspace/cargo-home/bin/cargo" "+beta-2024-12-08" "generate-lockfile" "--manifest-path" "Cargo.toml", kill_on_drop: false }`
[INFO] [stderr]     Updating crates.io index
[INFO] [stderr]      Locking 23 packages to latest compatible versions
[INFO] running `Command { std: CARGO_HOME="/workspace/cargo-home" RUSTUP_HOME="/workspace/rustup-home" "/workspace/cargo-home/bin/cargo" "+beta-2024-12-08" "fetch" "--manifest-path" "Cargo.toml", kill_on_drop: false }`
[INFO] running `Command { std: "docker" "create" "-v" "/var/lib/crater-agent-workspace/builds/worker-0-tc2/target:/opt/rustwide/target:rw,Z" "-v" "/var/lib/crater-agent-workspace/builds/worker-0-tc2/source:/opt/rustwide/workdir:ro,Z" "-v" "/var/lib/crater-agent-workspace/cargo-home:/opt/rustwide/cargo-home:ro,Z" "-v" "/var/lib/crater-agent-workspace/rustup-home:/opt/rustwide/rustup-home:ro,Z" "-e" "SOURCE_DIR=/opt/rustwide/workdir" "-e" "CARGO_TARGET_DIR=/opt/rustwide/target" "-e" "CARGO_HOME=/opt/rustwide/cargo-home" "-e" "RUSTUP_HOME=/opt/rustwide/rustup-home" "-w" "/opt/rustwide/workdir" "-m" "1610612736" "--user" "0:0" "--network" "none" "ghcr.io/rust-lang/crates-build-env/linux@sha256:f3a9d4ad9d972b27faf3965f35b62e55ba32bbce8f20bc8fe909558a86702fde" "/opt/rustwide/cargo-home/bin/cargo" "+beta-2024-12-08" "metadata" "--no-deps" "--format-version=1", kill_on_drop: false }`
[INFO] [stdout] 28aaf5ef07d01602e2da36cafee2afdceb0e6bac45226ab6abdc82b33375e54d
[INFO] running `Command { std: "docker" "start" "-a" "28aaf5ef07d01602e2da36cafee2afdceb0e6bac45226ab6abdc82b33375e54d", kill_on_drop: false }`
[INFO] running `Command { std: "docker" "inspect" "28aaf5ef07d01602e2da36cafee2afdceb0e6bac45226ab6abdc82b33375e54d", kill_on_drop: false }`
[INFO] running `Command { std: "docker" "rm" "-f" "28aaf5ef07d01602e2da36cafee2afdceb0e6bac45226ab6abdc82b33375e54d", kill_on_drop: false }`
[INFO] [stdout] 28aaf5ef07d01602e2da36cafee2afdceb0e6bac45226ab6abdc82b33375e54d
[INFO] running `Command { std: "docker" "create" "-v" "/var/lib/crater-agent-workspace/builds/worker-0-tc2/target:/opt/rustwide/target:rw,Z" "-v" "/var/lib/crater-agent-workspace/builds/worker-0-tc2/source:/opt/rustwide/workdir:ro,Z" "-v" "/var/lib/crater-agent-workspace/cargo-home:/opt/rustwide/cargo-home:ro,Z" "-v" "/var/lib/crater-agent-workspace/rustup-home:/opt/rustwide/rustup-home:ro,Z" "-e" "SOURCE_DIR=/opt/rustwide/workdir" "-e" "CARGO_TARGET_DIR=/opt/rustwide/target" "-e" "CARGO_INCREMENTAL=0" "-e" "RUST_BACKTRACE=full" "-e" "RUSTFLAGS=--cap-lints=warn" "-e" "RUSTDOCFLAGS=--cap-lints=warn" "-e" "CARGO_HOME=/opt/rustwide/cargo-home" "-e" "RUSTUP_HOME=/opt/rustwide/rustup-home" "-w" "/opt/rustwide/workdir" "-m" "1610612736" "--user" "0:0" "--network" "none" "ghcr.io/rust-lang/crates-build-env/linux@sha256:f3a9d4ad9d972b27faf3965f35b62e55ba32bbce8f20bc8fe909558a86702fde" "/opt/rustwide/cargo-home/bin/cargo" "+beta-2024-12-08" "build" "--frozen" "--message-format=json", kill_on_drop: false }`
[INFO] [stdout] d5612a9d1b536c34f60a9e08e437bafdf90eb4dd1df5f6145258e5ce911f017c
[INFO] running `Command { std: "docker" "start" "-a" "d5612a9d1b536c34f60a9e08e437bafdf90eb4dd1df5f6145258e5ce911f017c", kill_on_drop: false }`
[INFO] [stderr]    Compiling proc-macro2 v1.0.92
[INFO] [stderr]    Compiling unicode-ident v1.0.14
[INFO] [stderr]    Compiling thiserror v2.0.7
[INFO] [stderr]    Compiling ucd-trie v0.1.7
[INFO] [stderr]    Compiling memchr v2.7.4
[INFO] [stderr]    Compiling once_cell v1.20.2
[INFO] [stderr]    Compiling quote v1.0.37
[INFO] [stderr]    Compiling syn v2.0.90
[INFO] [stderr]    Compiling thiserror-impl v2.0.7
[INFO] [stderr]    Compiling pest v2.7.15
[INFO] [stderr]    Compiling pest_meta v2.7.15
[INFO] [stderr]    Compiling pest_generator v2.7.15
[INFO] [stderr]    Compiling pest_derive v2.7.15
[INFO] [stderr]    Compiling did-rs v0.1.5 (/opt/rustwide/workdir)
[INFO] [stderr]     Finished `dev` profile [unoptimized + debuginfo] target(s) in 12.59s
[INFO] running `Command { std: "docker" "inspect" "d5612a9d1b536c34f60a9e08e437bafdf90eb4dd1df5f6145258e5ce911f017c", kill_on_drop: false }`
[INFO] running `Command { std: "docker" "rm" "-f" "d5612a9d1b536c34f60a9e08e437bafdf90eb4dd1df5f6145258e5ce911f017c", kill_on_drop: false }`
[INFO] [stdout] d5612a9d1b536c34f60a9e08e437bafdf90eb4dd1df5f6145258e5ce911f017c
[INFO] running `Command { std: "docker" "create" "-v" "/var/lib/crater-agent-workspace/builds/worker-0-tc2/target:/opt/rustwide/target:rw,Z" "-v" "/var/lib/crater-agent-workspace/builds/worker-0-tc2/source:/opt/rustwide/workdir:ro,Z" "-v" "/var/lib/crater-agent-workspace/cargo-home:/opt/rustwide/cargo-home:ro,Z" "-v" "/var/lib/crater-agent-workspace/rustup-home:/opt/rustwide/rustup-home:ro,Z" "-e" "SOURCE_DIR=/opt/rustwide/workdir" "-e" "CARGO_TARGET_DIR=/opt/rustwide/target" "-e" "CARGO_INCREMENTAL=0" "-e" "RUST_BACKTRACE=full" "-e" "RUSTFLAGS=--cap-lints=warn" "-e" "RUSTDOCFLAGS=--cap-lints=warn" "-e" "CARGO_HOME=/opt/rustwide/cargo-home" "-e" "RUSTUP_HOME=/opt/rustwide/rustup-home" "-w" "/opt/rustwide/workdir" "-m" "1610612736" "--user" "0:0" "--network" "none" "ghcr.io/rust-lang/crates-build-env/linux@sha256:f3a9d4ad9d972b27faf3965f35b62e55ba32bbce8f20bc8fe909558a86702fde" "/opt/rustwide/cargo-home/bin/cargo" "+beta-2024-12-08" "test" "--frozen" "--no-run" "--message-format=json", kill_on_drop: false }`
[INFO] [stdout] f1442df7d0fdd03aa67265520e1ece866071a358463107cefefff1ff4eaf205f
[INFO] running `Command { std: "docker" "start" "-a" "f1442df7d0fdd03aa67265520e1ece866071a358463107cefefff1ff4eaf205f", kill_on_drop: false }`
[INFO] [stderr]    Compiling did-rs v0.1.5 (/opt/rustwide/workdir)
[INFO] [stderr]     Finished `test` profile [unoptimized + debuginfo] target(s) in 0.58s
[INFO] running `Command { std: "docker" "inspect" "f1442df7d0fdd03aa67265520e1ece866071a358463107cefefff1ff4eaf205f", kill_on_drop: false }`
[INFO] running `Command { std: "docker" "rm" "-f" "f1442df7d0fdd03aa67265520e1ece866071a358463107cefefff1ff4eaf205f", kill_on_drop: false }`
[INFO] [stdout] f1442df7d0fdd03aa67265520e1ece866071a358463107cefefff1ff4eaf205f
[INFO] running `Command { std: "docker" "create" "-v" "/var/lib/crater-agent-workspace/builds/worker-0-tc2/target:/opt/rustwide/target:rw,Z" "-v" "/var/lib/crater-agent-workspace/builds/worker-0-tc2/source:/opt/rustwide/workdir:ro,Z" "-v" "/var/lib/crater-agent-workspace/cargo-home:/opt/rustwide/cargo-home:ro,Z" "-v" "/var/lib/crater-agent-workspace/rustup-home:/opt/rustwide/rustup-home:ro,Z" "-e" "SOURCE_DIR=/opt/rustwide/workdir" "-e" "CARGO_TARGET_DIR=/opt/rustwide/target" "-e" "CARGO_INCREMENTAL=0" "-e" "RUST_BACKTRACE=full" "-e" "RUSTFLAGS=--cap-lints=warn" "-e" "RUSTDOCFLAGS=--cap-lints=warn" "-e" "CARGO_HOME=/opt/rustwide/cargo-home" "-e" "RUSTUP_HOME=/opt/rustwide/rustup-home" "-w" "/opt/rustwide/workdir" "-m" "1610612736" "--user" "0:0" "--network" "none" "ghcr.io/rust-lang/crates-build-env/linux@sha256:f3a9d4ad9d972b27faf3965f35b62e55ba32bbce8f20bc8fe909558a86702fde" "/opt/rustwide/cargo-home/bin/cargo" "+beta-2024-12-08" "test" "--frozen", kill_on_drop: false }`
[INFO] [stdout] 3cfc34cc01ff54ddb002ff024a761e8946ed7907e40ce8b5b3a8fca030fcadc3
[INFO] running `Command { std: "docker" "start" "-a" "3cfc34cc01ff54ddb002ff024a761e8946ed7907e40ce8b5b3a8fca030fcadc3", kill_on_drop: false }`
[INFO] [stderr]     Finished `test` profile [unoptimized + debuginfo] target(s) in 0.04s
[INFO] [stderr]      Running unittests src/lib.rs (/opt/rustwide/target/debug/deps/did_rs-d2a888a695440472)
[INFO] [stdout] 
[INFO] [stdout] running 0 tests
[INFO] [stdout] 
[INFO] [stdout] test result: ok. 0 passed; 0 failed; 0 ignored; 0 measured; 0 filtered out; finished in 0.00s
[INFO] [stdout] 
[INFO] [stderr]    Doc-tests did_rs
[INFO] [stdout] 
[INFO] [stdout] running 1 test
[INFO] [stdout] test src/lib.rs - (line 24) ... FAILED
[INFO] [stdout] 
[INFO] [stdout] failures:
[INFO] [stdout] 
[INFO] [stdout] ---- src/lib.rs - (line 24) stdout ----
[INFO] [stdout] error: expected `;`, found `}`
[INFO] [stdout]  --> src/lib.rs:27:21
[INFO] [stdout]   |
[INFO] [stdout] 6 | let d = DID::parse()
[INFO] [stdout]   |                     ^ help: add `;` here
[INFO] [stdout] 7 | } _doctest_main_src_lib_rs_24_0() }
[INFO] [stdout]   | - unexpected token
[INFO] [stdout] 
[INFO] [stdout] error[E0061]: this function takes 1 argument but 0 arguments were supplied
[INFO] [stdout]   --> src/lib.rs:27:9
[INFO] [stdout]    |
[INFO] [stdout] 6  | let d = DID::parse()
[INFO] [stdout]    |         ^^^^^^^^^^-- argument #1 is missing
[INFO] [stdout]    |
[INFO] [stdout] note: associated function defined here
[INFO] [stdout]   --> /opt/rustwide/workdir/src/lib.rs:72:12
[INFO] [stdout]    |
[INFO] [stdout] 72 |     pub fn parse<T>(input: T) -> Result<Self, String>
[INFO] [stdout]    |            ^^^^^
[INFO] [stdout] help: provide the argument
[INFO] [stdout]    |
[INFO] [stdout] 6  | let d = DID::parse(/* input */)
[INFO] [stdout]    |                   ~~~~~~~~~~~~~
[INFO] [stdout] 
[INFO] [stdout] error: aborting due to 2 previous errors
[INFO] [stdout] 
[INFO] [stdout] For more information about this error, try `rustc --explain E0061`.
[INFO] [stdout] Couldn't compile the test.
[INFO] [stdout] 
[INFO] [stdout] failures:
[INFO] [stdout]     src/lib.rs - (line 24)
[INFO] [stdout] 
[INFO] [stdout] test result: FAILED. 0 passed; 1 failed; 0 ignored; 0 measured; 0 filtered out; finished in 0.08s
[INFO] [stdout] 
[INFO] [stderr] error: doctest failed, to rerun pass `--doc`
[INFO] running `Command { std: "docker" "inspect" "3cfc34cc01ff54ddb002ff024a761e8946ed7907e40ce8b5b3a8fca030fcadc3", kill_on_drop: false }`
[INFO] running `Command { std: "docker" "rm" "-f" "3cfc34cc01ff54ddb002ff024a761e8946ed7907e40ce8b5b3a8fca030fcadc3", kill_on_drop: false }`
[INFO] [stdout] 3cfc34cc01ff54ddb002ff024a761e8946ed7907e40ce8b5b3a8fca030fcadc3
