[INFO] fetching crate dhravya_api 0.1.2...
[INFO] testing dhravya_api-0.1.2 against 1.83.0 for beta-1.84.0-4-retry
[INFO] extracting crate dhravya_api 0.1.2 into /workspace/builds/worker-3-tc1/source
[INFO] validating manifest of crates.io crate dhravya_api 0.1.2 on toolchain 1.83.0
[INFO] running `Command { std: CARGO_HOME="/workspace/cargo-home" RUSTUP_HOME="/workspace/rustup-home" "/workspace/cargo-home/bin/cargo" "+1.83.0" "metadata" "--manifest-path" "Cargo.toml" "--no-deps", kill_on_drop: false }`
[INFO] started tweaking crates.io crate dhravya_api 0.1.2
[INFO] finished tweaking crates.io crate dhravya_api 0.1.2
[INFO] tweaked toml for crates.io crate dhravya_api 0.1.2 written to /workspace/builds/worker-3-tc1/source/Cargo.toml
[INFO] running `Command { std: CARGO_HOME="/workspace/cargo-home" RUSTUP_HOME="/workspace/rustup-home" "/workspace/cargo-home/bin/cargo" "+1.83.0" "generate-lockfile" "--manifest-path" "Cargo.toml", kill_on_drop: false }`
[INFO] [stderr]     Updating crates.io index
[INFO] [stderr]      Locking 148 packages to latest compatible versions
[INFO] [stderr]       Adding reqwest v0.11.27 (available: v0.12.9)
[INFO] running `Command { std: CARGO_HOME="/workspace/cargo-home" RUSTUP_HOME="/workspace/rustup-home" "/workspace/cargo-home/bin/cargo" "+1.83.0" "fetch" "--manifest-path" "Cargo.toml", kill_on_drop: false }`
[INFO] running `Command { std: "docker" "create" "-v" "/var/lib/crater-agent-workspace/builds/worker-3-tc1/target:/opt/rustwide/target:rw,Z" "-v" "/var/lib/crater-agent-workspace/builds/worker-3-tc1/source:/opt/rustwide/workdir:ro,Z" "-v" "/var/lib/crater-agent-workspace/cargo-home:/opt/rustwide/cargo-home:ro,Z" "-v" "/var/lib/crater-agent-workspace/rustup-home:/opt/rustwide/rustup-home:ro,Z" "-e" "SOURCE_DIR=/opt/rustwide/workdir" "-e" "CARGO_TARGET_DIR=/opt/rustwide/target" "-e" "CARGO_HOME=/opt/rustwide/cargo-home" "-e" "RUSTUP_HOME=/opt/rustwide/rustup-home" "-w" "/opt/rustwide/workdir" "-m" "1610612736" "--user" "0:0" "--network" "none" "ghcr.io/rust-lang/crates-build-env/linux@sha256:f3a9d4ad9d972b27faf3965f35b62e55ba32bbce8f20bc8fe909558a86702fde" "/opt/rustwide/cargo-home/bin/cargo" "+1.83.0" "metadata" "--no-deps" "--format-version=1", kill_on_drop: false }`
[INFO] [stdout] 3726adc7671651b0e9da02c1f8ac16109e130f58dde099a447b85733e3d1af84
[INFO] running `Command { std: "docker" "start" "-a" "3726adc7671651b0e9da02c1f8ac16109e130f58dde099a447b85733e3d1af84", kill_on_drop: false }`
[INFO] running `Command { std: "docker" "inspect" "3726adc7671651b0e9da02c1f8ac16109e130f58dde099a447b85733e3d1af84", kill_on_drop: false }`
[INFO] running `Command { std: "docker" "rm" "-f" "3726adc7671651b0e9da02c1f8ac16109e130f58dde099a447b85733e3d1af84", kill_on_drop: false }`
[INFO] [stdout] 3726adc7671651b0e9da02c1f8ac16109e130f58dde099a447b85733e3d1af84
[INFO] running `Command { std: "docker" "create" "-v" "/var/lib/crater-agent-workspace/builds/worker-3-tc1/target:/opt/rustwide/target:rw,Z" "-v" "/var/lib/crater-agent-workspace/builds/worker-3-tc1/source:/opt/rustwide/workdir:ro,Z" "-v" "/var/lib/crater-agent-workspace/cargo-home:/opt/rustwide/cargo-home:ro,Z" "-v" "/var/lib/crater-agent-workspace/rustup-home:/opt/rustwide/rustup-home:ro,Z" "-e" "SOURCE_DIR=/opt/rustwide/workdir" "-e" "CARGO_TARGET_DIR=/opt/rustwide/target" "-e" "CARGO_INCREMENTAL=0" "-e" "RUST_BACKTRACE=full" "-e" "RUSTFLAGS=--cap-lints=warn" "-e" "RUSTDOCFLAGS=--cap-lints=warn" "-e" "CARGO_HOME=/opt/rustwide/cargo-home" "-e" "RUSTUP_HOME=/opt/rustwide/rustup-home" "-w" "/opt/rustwide/workdir" "-m" "1610612736" "--user" "0:0" "--network" "none" "ghcr.io/rust-lang/crates-build-env/linux@sha256:f3a9d4ad9d972b27faf3965f35b62e55ba32bbce8f20bc8fe909558a86702fde" "/opt/rustwide/cargo-home/bin/cargo" "+1.83.0" "build" "--frozen" "--message-format=json", kill_on_drop: false }`
[INFO] [stdout] a580ded0de49786107e4e314f9bd3881fe06041d1cf52bf09501f82b1a6dfd98
[INFO] running `Command { std: "docker" "start" "-a" "a580ded0de49786107e4e314f9bd3881fe06041d1cf52bf09501f82b1a6dfd98", kill_on_drop: false }`
[INFO] [stderr]    Compiling proc-macro2 v1.0.92
[INFO] [stderr]    Compiling unicode-ident v1.0.14
[INFO] [stderr]    Compiling libc v0.2.168
[INFO] [stderr]    Compiling stable_deref_trait v1.2.0
[INFO] [stderr]    Compiling shlex v1.3.0
[INFO] [stderr]    Compiling pin-project-lite v0.2.15
[INFO] [stderr]    Compiling pkg-config v0.3.31
[INFO] [stderr]    Compiling vcpkg v0.2.15
[INFO] [stderr]    Compiling once_cell v1.20.2
[INFO] [stderr]    Compiling writeable v0.5.5
[INFO] [stderr]    Compiling bytes v1.9.0
[INFO] [stderr]    Compiling cc v1.2.4
[INFO] [stderr]    Compiling litemap v0.7.4
[INFO] [stderr]    Compiling itoa v1.0.14
[INFO] [stderr]    Compiling autocfg v1.4.0
[INFO] [stderr]    Compiling futures-core v0.3.31
[INFO] [stderr]    Compiling icu_locid_transform_data v1.5.0
[INFO] [stderr]    Compiling icu_properties_data v1.5.0
[INFO] [stderr]    Compiling memchr v2.7.4
[INFO] [stderr]    Compiling foreign-types-shared v0.1.1
[INFO] [stderr]    Compiling openssl v0.10.68
[INFO] [stderr]    Compiling cfg-if v1.0.0
[INFO] [stderr]    Compiling fnv v1.0.7
[INFO] [stderr]    Compiling slab v0.4.9
[INFO] [stderr]    Compiling http v0.2.12
[INFO] [stderr]    Compiling foreign-types v0.3.2
[INFO] [stderr]    Compiling quote v1.0.37
[INFO] [stderr]    Compiling tracing-core v0.1.33
[INFO] [stderr]    Compiling syn v2.0.90
[INFO] [stderr]    Compiling mio v1.0.3
[INFO] [stderr]    Compiling socket2 v0.5.8
[INFO] [stderr]    Compiling native-tls v0.2.12
[INFO] [stderr]    Compiling httparse v1.9.5
[INFO] [stderr]    Compiling futures-sink v0.3.31
[INFO] [stderr]    Compiling futures-task v0.3.31
[INFO] [stderr]    Compiling tokio v1.42.0
[INFO] [stderr]    Compiling hashbrown v0.15.2
[INFO] [stderr]    Compiling pin-utils v0.1.0
[INFO] [stderr]    Compiling bitflags v2.6.0
[INFO] [stderr]    Compiling write16 v1.0.0
[INFO] [stderr]    Compiling openssl-sys v0.9.104
[INFO] [stderr]    Compiling icu_normalizer_data v1.5.0
[INFO] [stderr]    Compiling equivalent v1.0.1
[INFO] [stderr]    Compiling smallvec v1.13.2
[INFO] [stderr]    Compiling utf16_iter v1.0.5
[INFO] [stderr]    Compiling utf8_iter v1.0.4
[INFO] [stderr]    Compiling serde v1.0.216
[INFO] [stderr]    Compiling futures-io v0.3.31
[INFO] [stderr]    Compiling tracing v0.1.41
[INFO] [stderr]    Compiling futures-util v0.3.31
[INFO] [stderr]    Compiling openssl-probe v0.1.5
[INFO] [stderr]    Compiling percent-encoding v2.3.1
[INFO] [stderr]    Compiling try-lock v0.2.5
[INFO] [stderr]    Compiling log v0.4.22
[INFO] [stderr]    Compiling indexmap v2.7.0
[INFO] [stderr]    Compiling form_urlencoded v1.2.1
[INFO] [stderr]    Compiling want v0.3.1
[INFO] [stderr]    Compiling http-body v0.4.6
[INFO] [stderr]    Compiling futures-channel v0.3.31
[INFO] [stderr]    Compiling tower-service v0.3.3
[INFO] [stderr]    Compiling serde_json v1.0.133
[INFO] [stderr]    Compiling httpdate v1.0.3
[INFO] [stderr]    Compiling ryu v1.0.18
[INFO] [stderr]    Compiling base64 v0.21.7
[INFO] [stderr]    Compiling encoding_rs v0.8.35
[INFO] [stderr]    Compiling ipnet v2.10.1
[INFO] [stderr]    Compiling rustls-pemfile v1.0.4
[INFO] [stderr]    Compiling mime v0.3.17
[INFO] [stderr]    Compiling sync_wrapper v0.1.2
[INFO] [stderr]    Compiling synstructure v0.13.1
[INFO] [stderr]    Compiling serde_urlencoded v0.7.1
[INFO] [stderr]    Compiling zerofrom-derive v0.1.5
[INFO] [stderr]    Compiling yoke-derive v0.7.5
[INFO] [stderr]    Compiling zerovec-derive v0.10.3
[INFO] [stderr]    Compiling displaydoc v0.2.5
[INFO] [stderr]    Compiling icu_provider_macros v1.5.0
[INFO] [stderr]    Compiling openssl-macros v0.1.1
[INFO] [stderr]    Compiling tokio-util v0.7.13
[INFO] [stderr]    Compiling h2 v0.3.26
[INFO] [stderr]    Compiling zerofrom v0.1.5
[INFO] [stderr]    Compiling yoke v0.7.5
[INFO] [stderr]    Compiling zerovec v0.10.4
[INFO] [stderr]    Compiling tinystr v0.7.6
[INFO] [stderr]    Compiling icu_collections v1.5.0
[INFO] [stderr]    Compiling icu_locid v1.5.0
[INFO] [stderr]    Compiling icu_provider v1.5.0
[INFO] [stderr]    Compiling icu_locid_transform v1.5.0
[INFO] [stderr]    Compiling hyper v0.14.31
[INFO] [stderr]    Compiling tokio-native-tls v0.3.1
[INFO] [stderr]    Compiling icu_properties v1.5.1
[INFO] [stderr]    Compiling hyper-tls v0.5.0
[INFO] [stderr]    Compiling icu_normalizer v1.5.0
[INFO] [stderr]    Compiling idna_adapter v1.2.0
[INFO] [stderr]    Compiling idna v1.0.3
[INFO] [stderr]    Compiling url v2.5.4
[INFO] [stderr]    Compiling reqwest v0.11.27
[INFO] [stderr]    Compiling dhravya_api v0.1.2 (/opt/rustwide/workdir)
[INFO] [stderr]     Finished `dev` profile [unoptimized + debuginfo] target(s) in 1m 22s
[INFO] running `Command { std: "docker" "inspect" "a580ded0de49786107e4e314f9bd3881fe06041d1cf52bf09501f82b1a6dfd98", kill_on_drop: false }`
[INFO] running `Command { std: "docker" "rm" "-f" "a580ded0de49786107e4e314f9bd3881fe06041d1cf52bf09501f82b1a6dfd98", kill_on_drop: false }`
[INFO] [stdout] a580ded0de49786107e4e314f9bd3881fe06041d1cf52bf09501f82b1a6dfd98
[INFO] running `Command { std: "docker" "create" "-v" "/var/lib/crater-agent-workspace/builds/worker-3-tc1/target:/opt/rustwide/target:rw,Z" "-v" "/var/lib/crater-agent-workspace/builds/worker-3-tc1/source:/opt/rustwide/workdir:ro,Z" "-v" "/var/lib/crater-agent-workspace/cargo-home:/opt/rustwide/cargo-home:ro,Z" "-v" "/var/lib/crater-agent-workspace/rustup-home:/opt/rustwide/rustup-home:ro,Z" "-e" "SOURCE_DIR=/opt/rustwide/workdir" "-e" "CARGO_TARGET_DIR=/opt/rustwide/target" "-e" "CARGO_INCREMENTAL=0" "-e" "RUST_BACKTRACE=full" "-e" "RUSTFLAGS=--cap-lints=warn" "-e" "RUSTDOCFLAGS=--cap-lints=warn" "-e" "CARGO_HOME=/opt/rustwide/cargo-home" "-e" "RUSTUP_HOME=/opt/rustwide/rustup-home" "-w" "/opt/rustwide/workdir" "-m" "1610612736" "--user" "0:0" "--network" "none" "ghcr.io/rust-lang/crates-build-env/linux@sha256:f3a9d4ad9d972b27faf3965f35b62e55ba32bbce8f20bc8fe909558a86702fde" "/opt/rustwide/cargo-home/bin/cargo" "+1.83.0" "test" "--frozen" "--no-run" "--message-format=json", kill_on_drop: false }`
[INFO] [stdout] b271954161ad7eef1bb6b9f71b601cd8bb56b156882ad397d34f47faa5fb8d72
[INFO] running `Command { std: "docker" "start" "-a" "b271954161ad7eef1bb6b9f71b601cd8bb56b156882ad397d34f47faa5fb8d72", kill_on_drop: false }`
[INFO] [stderr]    Compiling dhravya_api v0.1.2 (/opt/rustwide/workdir)
[INFO] [stderr]     Finished `test` profile [unoptimized + debuginfo] target(s) in 0.86s
[INFO] running `Command { std: "docker" "inspect" "b271954161ad7eef1bb6b9f71b601cd8bb56b156882ad397d34f47faa5fb8d72", kill_on_drop: false }`
[INFO] running `Command { std: "docker" "rm" "-f" "b271954161ad7eef1bb6b9f71b601cd8bb56b156882ad397d34f47faa5fb8d72", kill_on_drop: false }`
[INFO] [stdout] b271954161ad7eef1bb6b9f71b601cd8bb56b156882ad397d34f47faa5fb8d72
[INFO] running `Command { std: "docker" "create" "-v" "/var/lib/crater-agent-workspace/builds/worker-3-tc1/target:/opt/rustwide/target:rw,Z" "-v" "/var/lib/crater-agent-workspace/builds/worker-3-tc1/source:/opt/rustwide/workdir:ro,Z" "-v" "/var/lib/crater-agent-workspace/cargo-home:/opt/rustwide/cargo-home:ro,Z" "-v" "/var/lib/crater-agent-workspace/rustup-home:/opt/rustwide/rustup-home:ro,Z" "-e" "SOURCE_DIR=/opt/rustwide/workdir" "-e" "CARGO_TARGET_DIR=/opt/rustwide/target" "-e" "CARGO_INCREMENTAL=0" "-e" "RUST_BACKTRACE=full" "-e" "RUSTFLAGS=--cap-lints=warn" "-e" "RUSTDOCFLAGS=--cap-lints=warn" "-e" "CARGO_HOME=/opt/rustwide/cargo-home" "-e" "RUSTUP_HOME=/opt/rustwide/rustup-home" "-w" "/opt/rustwide/workdir" "-m" "1610612736" "--user" "0:0" "--network" "none" "ghcr.io/rust-lang/crates-build-env/linux@sha256:f3a9d4ad9d972b27faf3965f35b62e55ba32bbce8f20bc8fe909558a86702fde" "/opt/rustwide/cargo-home/bin/cargo" "+1.83.0" "test" "--frozen", kill_on_drop: false }`
[INFO] [stdout] 8216ba928acfade4e6a6a65d4f363c293220329690c42700131f0a1ae9c90a07
[INFO] running `Command { std: "docker" "start" "-a" "8216ba928acfade4e6a6a65d4f363c293220329690c42700131f0a1ae9c90a07", kill_on_drop: false }`
[INFO] [stderr]     Finished `test` profile [unoptimized + debuginfo] target(s) in 0.14s
[INFO] [stderr]      Running unittests src/lib.rs (/opt/rustwide/target/debug/deps/dhravya_api-6fc9cf56922ed16e)
[INFO] [stdout] 
[INFO] [stdout] running 0 tests
[INFO] [stdout] 
[INFO] [stdout] test result: ok. 0 passed; 0 failed; 0 ignored; 0 measured; 0 filtered out; finished in 0.00s
[INFO] [stdout] 
[INFO] [stderr]    Doc-tests dhravya_api
[INFO] [stdout] 
[INFO] [stdout] running 17 tests
[INFO] [stdout] test src/core.rs - core::compliment (line 266) ... FAILED
[INFO] [stdout] test src/core.rs - core::fact (line 189) ... FAILED
[INFO] [stdout] test src/core.rs - core::eightball (line 104) ... FAILED
[INFO] [stdout] test src/core.rs - core::Image::save_on_existing (line 32) ... FAILED
[INFO] [stdout] test src/core.rs - core::dare (line 174) ... FAILED
[INFO] [stdout] test src/core.rs - core::Image::save_as_new (line 18) ... FAILED
[INFO] [stdout] test src/core.rs - core::Trivia::get (line 228) ... FAILED
[INFO] [stdout] test src/core.rs - core::get_random_meme (line 86) ... FAILED
[INFO] [stdout] test src/core.rs - core::topic (line 297) ... FAILED
[INFO] [stdout] test src/core.rs - core::roast (line 205) ... FAILED
[INFO] [stdout] test src/core.rs - core::neverhaveiever (line 282) ... FAILED
[INFO] [stdout] test src/core.rs - core::truth (line 159) ... FAILED
[INFO] [stdout] test src/core.rs - core::joke (line 250) ... FAILED
[INFO] [stdout] test src/core.rs - core::would_you_rather (line 119) ... FAILED
[INFO] [stdout] test src/core.rs - core::truth_or_dare (line 139) ... FAILED
[INFO] [stdout] test src/lib.rs - _request (line 39) ... FAILED
[INFO] [stdout] test src/lib.rs - request (line 15) ... FAILED
[INFO] [stdout] 
[INFO] [stdout] failures:
[INFO] [stdout] 
[INFO] [stdout] ---- src/core.rs - core::compliment (line 266) stdout ----
[INFO] [stdout] error[E0425]: cannot find function `compliment` in this scope
[INFO] [stdout]  --> src/core.rs:267:18
[INFO] [stdout]   |
[INFO] [stdout] 3 | let compliment = compliment().unwrap();
[INFO] [stdout]   |                  ^^^^^^^^^^ not found in this scope
[INFO] [stdout]   |
[INFO] [stdout] help: consider importing this function
[INFO] [stdout]   |
[INFO] [stdout] 2 + use dhravya_api::compliment;
[INFO] [stdout]   |
[INFO] [stdout] 
[INFO] [stdout] error: aborting due to 1 previous error
[INFO] [stdout] 
[INFO] [stdout] For more information about this error, try `rustc --explain E0425`.
[INFO] [stdout] Couldn't compile the test.
[INFO] [stdout] ---- src/core.rs - core::fact (line 189) stdout ----
[INFO] [stdout] error[E0425]: cannot find function `fact` in this scope
[INFO] [stdout]  --> src/core.rs:190:12
[INFO] [stdout]   |
[INFO] [stdout] 3 | let fact = fact().unwrap();
[INFO] [stdout]   |            ^^^^ not found in this scope
[INFO] [stdout]   |
[INFO] [stdout] help: consider importing this function
[INFO] [stdout]   |
[INFO] [stdout] 2 + use dhravya_api::fact;
[INFO] [stdout]   |
[INFO] [stdout] 
[INFO] [stdout] error: aborting due to 1 previous error
[INFO] [stdout] 
[INFO] [stdout] For more information about this error, try `rustc --explain E0425`.
[INFO] [stdout] Couldn't compile the test.
[INFO] [stdout] ---- src/core.rs - core::eightball (line 104) stdout ----
[INFO] [stdout] error[E0425]: cannot find function `eighball` in this scope
[INFO] [stdout]  --> src/core.rs:105:14
[INFO] [stdout]   |
[INFO] [stdout] 3 | let answer = eighball().unwrap();
[INFO] [stdout]   |              ^^^^^^^^ not found in this scope
[INFO] [stdout] 
[INFO] [stdout] error: aborting due to 1 previous error
[INFO] [stdout] 
[INFO] [stdout] For more information about this error, try `rustc --explain E0425`.
[INFO] [stdout] Couldn't compile the test.
[INFO] [stdout] ---- src/core.rs - core::Image::save_on_existing (line 32) stdout ----
[INFO] [stdout] error[E0433]: failed to resolve: use of undeclared type `Meme`
[INFO] [stdout]  --> src/core.rs:33:12
[INFO] [stdout]   |
[INFO] [stdout] 3 | let meme = Meme::get("minecraft").unwrap();
[INFO] [stdout]   |            ^^^^ use of undeclared type `Meme`
[INFO] [stdout]   |
[INFO] [stdout] help: consider importing this struct
[INFO] [stdout]   |
[INFO] [stdout] 2 + use dhravya_api::Meme;
[INFO] [stdout]   |
[INFO] [stdout] 
[INFO] [stdout] error: aborting due to 1 previous error
[INFO] [stdout] 
[INFO] [stdout] For more information about this error, try `rustc --explain E0433`.
[INFO] [stdout] Couldn't compile the test.
[INFO] [stdout] ---- src/core.rs - core::dare (line 174) stdout ----
[INFO] [stdout] error[E0425]: cannot find function `dare` in this scope
[INFO] [stdout]  --> src/core.rs:175:14
[INFO] [stdout]   |
[INFO] [stdout] 3 | let answer = dare().unwrap();
[INFO] [stdout]   |              ^^^^ not found in this scope
[INFO] [stdout]   |
[INFO] [stdout] help: consider importing this function
[INFO] [stdout]   |
[INFO] [stdout] 2 + use dhravya_api::dare;
[INFO] [stdout]   |
[INFO] [stdout] 
[INFO] [stdout] error: aborting due to 1 previous error
[INFO] [stdout] 
[INFO] [stdout] For more information about this error, try `rustc --explain E0425`.
[INFO] [stdout] Couldn't compile the test.
[INFO] [stdout] ---- src/core.rs - core::Image::save_as_new (line 18) stdout ----
[INFO] [stdout] error[E0433]: failed to resolve: use of undeclared type `Meme`
[INFO] [stdout]  --> src/core.rs:19:12
[INFO] [stdout]   |
[INFO] [stdout] 3 | let meme = Meme::get("minecraft").unwrap();
[INFO] [stdout]   |            ^^^^ use of undeclared type `Meme`
[INFO] [stdout]   |
[INFO] [stdout] help: consider importing this struct
[INFO] [stdout]   |
[INFO] [stdout] 2 + use dhravya_api::Meme;
[INFO] [stdout]   |
[INFO] [stdout] 
[INFO] [stdout] error: aborting due to 1 previous error
[INFO] [stdout] 
[INFO] [stdout] For more information about this error, try `rustc --explain E0433`.
[INFO] [stdout] Couldn't compile the test.
[INFO] [stdout] ---- src/core.rs - core::Trivia::get (line 228) stdout ----
[INFO] [stdout] error[E0433]: failed to resolve: use of undeclared type `Trivia`
[INFO] [stdout]  --> src/core.rs:229:14
[INFO] [stdout]   |
[INFO] [stdout] 3 | let trivia = Trivia::get().unwrap();
[INFO] [stdout]   |              ^^^^^^ use of undeclared type `Trivia`
[INFO] [stdout]   |
[INFO] [stdout] help: consider importing this struct
[INFO] [stdout]   |
[INFO] [stdout] 2 + use dhravya_api::Trivia;
[INFO] [stdout]   |
[INFO] [stdout] 
[INFO] [stdout] error: aborting due to 1 previous error
[INFO] [stdout] 
[INFO] [stdout] For more information about this error, try `rustc --explain E0433`.
[INFO] [stdout] Couldn't compile the test.
[INFO] [stdout] ---- src/core.rs - core::get_random_meme (line 86) stdout ----
[INFO] [stdout] error[E0425]: cannot find function `get_random_meme` in this scope
[INFO] [stdout]  --> src/core.rs:87:12
[INFO] [stdout]   |
[INFO] [stdout] 3 | let meme = get_random_meme().unwrap();
[INFO] [stdout]   |            ^^^^^^^^^^^^^^^ not found in this scope
[INFO] [stdout]   |
[INFO] [stdout] help: consider importing this function
[INFO] [stdout]   |
[INFO] [stdout] 2 + use dhravya_api::get_random_meme;
[INFO] [stdout]   |
[INFO] [stdout] 
[INFO] [stdout] error: aborting due to 1 previous error
[INFO] [stdout] 
[INFO] [stdout] For more information about this error, try `rustc --explain E0425`.
[INFO] [stdout] Couldn't compile the test.
[INFO] [stdout] ---- src/core.rs - core::topic (line 297) stdout ----
[INFO] [stdout] error[E0425]: cannot find function `topic` in this scope
[INFO] [stdout]  --> src/core.rs:298:13
[INFO] [stdout]   |
[INFO] [stdout] 3 | let topic = topic().unwrap();
[INFO] [stdout]   |             ^^^^^ not found in this scope
[INFO] [stdout]   |
[INFO] [stdout] help: consider importing this function
[INFO] [stdout]   |
[INFO] [stdout] 2 + use dhravya_api::topic;
[INFO] [stdout]   |
[INFO] [stdout] 
[INFO] [stdout] error: aborting due to 1 previous error
[INFO] [stdout] 
[INFO] [stdout] For more information about this error, try `rustc --explain E0425`.
[INFO] [stdout] Couldn't compile the test.
[INFO] [stdout] ---- src/core.rs - core::roast (line 205) stdout ----
[INFO] [stdout] error[E0425]: cannot find function `roast` in this scope
[INFO] [stdout]  --> src/core.rs:206:13
[INFO] [stdout]   |
[INFO] [stdout] 3 | let roast = roast().unwrap();
[INFO] [stdout]   |             ^^^^^ not found in this scope
[INFO] [stdout]   |
[INFO] [stdout] help: consider importing this function
[INFO] [stdout]   |
[INFO] [stdout] 2 + use dhravya_api::roast;
[INFO] [stdout]   |
[INFO] [stdout] 
[INFO] [stdout] error: aborting due to 1 previous error
[INFO] [stdout] 
[INFO] [stdout] For more information about this error, try `rustc --explain E0425`.
[INFO] [stdout] Couldn't compile the test.
[INFO] [stdout] ---- src/core.rs - core::neverhaveiever (line 282) stdout ----
[INFO] [stdout] error[E0425]: cannot find function `neverhaveiever` in this scope
[INFO] [stdout]  --> src/core.rs:283:22
[INFO] [stdout]   |
[INFO] [stdout] 3 | let neverhaveiever = neverhaveiever().unwrap();
[INFO] [stdout]   |                      ^^^^^^^^^^^^^^ not found in this scope
[INFO] [stdout]   |
[INFO] [stdout] help: consider importing this function
[INFO] [stdout]   |
[INFO] [stdout] 2 + use dhravya_api::neverhaveiever;
[INFO] [stdout]   |
[INFO] [stdout] 
[INFO] [stdout] error: aborting due to 1 previous error
[INFO] [stdout] 
[INFO] [stdout] For more information about this error, try `rustc --explain E0425`.
[INFO] [stdout] Couldn't compile the test.
[INFO] [stdout] ---- src/core.rs - core::truth (line 159) stdout ----
[INFO] [stdout] error[E0425]: cannot find function `truth` in this scope
[INFO] [stdout]  --> src/core.rs:160:14
[INFO] [stdout]   |
[INFO] [stdout] 3 | let answer = truth().unwrap();
[INFO] [stdout]   |              ^^^^^ not found in this scope
[INFO] [stdout]   |
[INFO] [stdout] help: consider importing this function
[INFO] [stdout]   |
[INFO] [stdout] 2 + use dhravya_api::truth;
[INFO] [stdout]   |
[INFO] [stdout] 
[INFO] [stdout] error: aborting due to 1 previous error
[INFO] [stdout] 
[INFO] [stdout] For more information about this error, try `rustc --explain E0425`.
[INFO] [stdout] Couldn't compile the test.
[INFO] [stdout] ---- src/core.rs - core::joke (line 250) stdout ----
[INFO] [stdout] error[E0425]: cannot find function `joke` in this scope
[INFO] [stdout]  --> src/core.rs:251:12
[INFO] [stdout]   |
[INFO] [stdout] 3 | let joke = joke().unwrap();
[INFO] [stdout]   |            ^^^^ not found in this scope
[INFO] [stdout]   |
[INFO] [stdout] help: consider importing this function
[INFO] [stdout]   |
[INFO] [stdout] 2 + use dhravya_api::joke;
[INFO] [stdout]   |
[INFO] [stdout] 
[INFO] [stdout] error: aborting due to 1 previous error
[INFO] [stdout] 
[INFO] [stdout] For more information about this error, try `rustc --explain E0425`.
[INFO] [stdout] Couldn't compile the test.
[INFO] [stdout] ---- src/core.rs - core::would_you_rather (line 119) stdout ----
[INFO] [stdout] error[E0425]: cannot find function `would_you_rather` in this scope
[INFO] [stdout]  --> src/core.rs:120:14
[INFO] [stdout]   |
[INFO] [stdout] 3 | let answer = would_you_rather().unwrap();
[INFO] [stdout]   |              ^^^^^^^^^^^^^^^^ not found in this scope
[INFO] [stdout]   |
[INFO] [stdout] help: consider importing this function
[INFO] [stdout]   |
[INFO] [stdout] 2 + use dhravya_api::would_you_rather;
[INFO] [stdout]   |
[INFO] [stdout] 
[INFO] [stdout] error: aborting due to 1 previous error
[INFO] [stdout] 
[INFO] [stdout] For more information about this error, try `rustc --explain E0425`.
[INFO] [stdout] Couldn't compile the test.
[INFO] [stdout] ---- src/core.rs - core::truth_or_dare (line 139) stdout ----
[INFO] [stdout] error[E0425]: cannot find function `truth_or_dare` in this scope
[INFO] [stdout]  --> src/core.rs:140:14
[INFO] [stdout]   |
[INFO] [stdout] 3 | let answer = truth_or_dare().unwrap();
[INFO] [stdout]   |              ^^^^^^^^^^^^^ not found in this scope
[INFO] [stdout]   |
[INFO] [stdout] help: consider importing this function
[INFO] [stdout]   |
[INFO] [stdout] 2 + use dhravya_api::truth_or_dare;
[INFO] [stdout]   |
[INFO] [stdout] 
[INFO] [stdout] error: aborting due to 1 previous error
[INFO] [stdout] 
[INFO] [stdout] For more information about this error, try `rustc --explain E0425`.
[INFO] [stdout] Couldn't compile the test.
[INFO] [stdout] ---- src/lib.rs - _request (line 39) stdout ----
[INFO] [stdout] error[E0425]: cannot find function `_request` in this scope
[INFO] [stdout]  --> src/lib.rs:40:13
[INFO] [stdout]   |
[INFO] [stdout] 3 | let bytes = _request("https://rust-lan.org").unwrap();
[INFO] [stdout]   |             ^^^^^^^^ not found in this scope
[INFO] [stdout]   |
[INFO] [stdout] help: consider importing this function
[INFO] [stdout]   |
[INFO] [stdout] 2 + use dhravya_api::_request;
[INFO] [stdout]   |
[INFO] [stdout] 
[INFO] [stdout] error: aborting due to 1 previous error
[INFO] [stdout] 
[INFO] [stdout] For more information about this error, try `rustc --explain E0425`.
[INFO] [stdout] Couldn't compile the test.
[INFO] [stdout] ---- src/lib.rs - request (line 15) stdout ----
[INFO] [stdout] error[E0425]: cannot find function `request` in this scope
[INFO] [stdout]  --> src/lib.rs:16:13
[INFO] [stdout]   |
[INFO] [stdout] 3 | let bytes = request("meme/minecraft").unwrap();
[INFO] [stdout]   |             ^^^^^^^ not found in this scope
[INFO] [stdout]   |
[INFO] [stdout] help: consider importing this function
[INFO] [stdout]   |
[INFO] [stdout] 2 + use dhravya_api::request;
[INFO] [stdout]   |
[INFO] [stdout] 
[INFO] [stdout] error: aborting due to 1 previous error
[INFO] [stdout] 
[INFO] [stdout] For more information about this error, try `rustc --explain E0425`.
[INFO] [stdout] Couldn't compile the test.
[INFO] [stdout] 
[INFO] [stdout] failures:
[INFO] [stdout]     src/core.rs - core::Image::save_as_new (line 18)
[INFO] [stdout]     src/core.rs - core::Image::save_on_existing (line 32)
[INFO] [stdout]     src/core.rs - core::Trivia::get (line 228)
[INFO] [stdout]     src/core.rs - core::compliment (line 266)
[INFO] [stdout]     src/core.rs - core::dare (line 174)
[INFO] [stdout]     src/core.rs - core::eightball (line 104)
[INFO] [stdout]     src/core.rs - core::fact (line 189)
[INFO] [stdout]     src/core.rs - core::get_random_meme (line 86)
[INFO] [stdout]     src/core.rs - core::joke (line 250)
[INFO] [stdout]     src/core.rs - core::neverhaveiever (line 282)
[INFO] [stdout]     src/core.rs - core::roast (line 205)
[INFO] [stdout]     src/core.rs - core::topic (line 297)
[INFO] [stdout]     src/core.rs - core::truth (line 159)
[INFO] [stdout]     src/core.rs - core::truth_or_dare (line 139)
[INFO] [stdout]     src/core.rs - core::would_you_rather (line 119)
[INFO] [stdout]     src/lib.rs - _request (line 39)
[INFO] [stdout]     src/lib.rs - request (line 15)
[INFO] [stdout] 
[INFO] [stdout] test result: FAILED. 0 passed; 17 failed; 0 ignored; 0 measured; 0 filtered out; finished in 1.10s
[INFO] [stdout] 
[INFO] [stderr] error: doctest failed, to rerun pass `--doc`
[INFO] running `Command { std: "docker" "inspect" "8216ba928acfade4e6a6a65d4f363c293220329690c42700131f0a1ae9c90a07", kill_on_drop: false }`
[INFO] running `Command { std: "docker" "rm" "-f" "8216ba928acfade4e6a6a65d4f363c293220329690c42700131f0a1ae9c90a07", kill_on_drop: false }`
[INFO] [stdout] 8216ba928acfade4e6a6a65d4f363c293220329690c42700131f0a1ae9c90a07
