[INFO] fetching crate dexterior-core 0.2.0...
[INFO] testing dexterior-core-0.2.0 against 1.83.0 for beta-1.84.0-4-retry
[INFO] extracting crate dexterior-core 0.2.0 into /workspace/builds/worker-6-tc1/source
[INFO] validating manifest of crates.io crate dexterior-core 0.2.0 on toolchain 1.83.0
[INFO] running `Command { std: CARGO_HOME="/workspace/cargo-home" RUSTUP_HOME="/workspace/rustup-home" "/workspace/cargo-home/bin/cargo" "+1.83.0" "metadata" "--manifest-path" "Cargo.toml" "--no-deps", kill_on_drop: false }`
[INFO] started tweaking crates.io crate dexterior-core 0.2.0
[INFO] finished tweaking crates.io crate dexterior-core 0.2.0
[INFO] tweaked toml for crates.io crate dexterior-core 0.2.0 written to /workspace/builds/worker-6-tc1/source/Cargo.toml
[INFO] running `Command { std: CARGO_HOME="/workspace/cargo-home" RUSTUP_HOME="/workspace/rustup-home" "/workspace/cargo-home/bin/cargo" "+1.83.0" "generate-lockfile" "--manifest-path" "Cargo.toml", kill_on_drop: false }`
[INFO] [stderr]     Updating crates.io index
[INFO] [stderr]      Locking 43 packages to latest compatible versions
[INFO] [stderr]       Adding fixedbitset v0.4.2 (available: v0.5.7)
[INFO] [stderr]       Adding itertools v0.11.0 (available: v0.13.0)
[INFO] [stderr]       Adding nalgebra v0.32.6 (available: v0.33.2)
[INFO] [stderr]       Adding nalgebra-sparse v0.9.0 (available: v0.10.0)
[INFO] [stderr]       Adding thiserror v1.0.69 (available: v2.0.7)
[INFO] running `Command { std: CARGO_HOME="/workspace/cargo-home" RUSTUP_HOME="/workspace/rustup-home" "/workspace/cargo-home/bin/cargo" "+1.83.0" "fetch" "--manifest-path" "Cargo.toml", kill_on_drop: false }`
[INFO] [stderr]  Downloading crates ...
[INFO] [stderr]   Downloaded mshio v0.4.2
[INFO] [stderr]   Downloaded nalgebra-sparse v0.9.0
[INFO] running `Command { std: "docker" "create" "-v" "/var/lib/crater-agent-workspace/builds/worker-6-tc1/target:/opt/rustwide/target:rw,Z" "-v" "/var/lib/crater-agent-workspace/builds/worker-6-tc1/source:/opt/rustwide/workdir:ro,Z" "-v" "/var/lib/crater-agent-workspace/cargo-home:/opt/rustwide/cargo-home:ro,Z" "-v" "/var/lib/crater-agent-workspace/rustup-home:/opt/rustwide/rustup-home:ro,Z" "-e" "SOURCE_DIR=/opt/rustwide/workdir" "-e" "CARGO_TARGET_DIR=/opt/rustwide/target" "-e" "CARGO_HOME=/opt/rustwide/cargo-home" "-e" "RUSTUP_HOME=/opt/rustwide/rustup-home" "-w" "/opt/rustwide/workdir" "-m" "1610612736" "--user" "0:0" "--network" "none" "ghcr.io/rust-lang/crates-build-env/linux@sha256:f3a9d4ad9d972b27faf3965f35b62e55ba32bbce8f20bc8fe909558a86702fde" "/opt/rustwide/cargo-home/bin/cargo" "+1.83.0" "metadata" "--no-deps" "--format-version=1", kill_on_drop: false }`
[INFO] [stdout] 69d2642a7bc3aed35436545267c22a174e929ece8ef2e2baac4fe0254807a23a
[INFO] running `Command { std: "docker" "start" "-a" "69d2642a7bc3aed35436545267c22a174e929ece8ef2e2baac4fe0254807a23a", kill_on_drop: false }`
[INFO] running `Command { std: "docker" "inspect" "69d2642a7bc3aed35436545267c22a174e929ece8ef2e2baac4fe0254807a23a", kill_on_drop: false }`
[INFO] running `Command { std: "docker" "rm" "-f" "69d2642a7bc3aed35436545267c22a174e929ece8ef2e2baac4fe0254807a23a", kill_on_drop: false }`
[INFO] [stdout] 69d2642a7bc3aed35436545267c22a174e929ece8ef2e2baac4fe0254807a23a
[INFO] running `Command { std: "docker" "create" "-v" "/var/lib/crater-agent-workspace/builds/worker-6-tc1/target:/opt/rustwide/target:rw,Z" "-v" "/var/lib/crater-agent-workspace/builds/worker-6-tc1/source:/opt/rustwide/workdir:ro,Z" "-v" "/var/lib/crater-agent-workspace/cargo-home:/opt/rustwide/cargo-home:ro,Z" "-v" "/var/lib/crater-agent-workspace/rustup-home:/opt/rustwide/rustup-home:ro,Z" "-e" "SOURCE_DIR=/opt/rustwide/workdir" "-e" "CARGO_TARGET_DIR=/opt/rustwide/target" "-e" "CARGO_INCREMENTAL=0" "-e" "RUST_BACKTRACE=full" "-e" "RUSTFLAGS=--cap-lints=warn" "-e" "RUSTDOCFLAGS=--cap-lints=warn" "-e" "CARGO_HOME=/opt/rustwide/cargo-home" "-e" "RUSTUP_HOME=/opt/rustwide/rustup-home" "-w" "/opt/rustwide/workdir" "-m" "1610612736" "--user" "0:0" "--network" "none" "ghcr.io/rust-lang/crates-build-env/linux@sha256:f3a9d4ad9d972b27faf3965f35b62e55ba32bbce8f20bc8fe909558a86702fde" "/opt/rustwide/cargo-home/bin/cargo" "+1.83.0" "build" "--frozen" "--message-format=json", kill_on_drop: false }`
[INFO] [stdout] f9245bd824b486ef5721e1fff65e1e830f474e1f06ee1cea879bcb0a5645d830
[INFO] running `Command { std: "docker" "start" "-a" "f9245bd824b486ef5721e1fff65e1e830f474e1f06ee1cea879bcb0a5645d830", kill_on_drop: false }`
[INFO] [stderr]    Compiling autocfg v1.4.0
[INFO] [stderr]    Compiling proc-macro2 v1.0.92
[INFO] [stderr]    Compiling unicode-ident v1.0.14
[INFO] [stderr]    Compiling bytemuck v1.20.0
[INFO] [stderr]    Compiling paste v1.0.15
[INFO] [stderr]    Compiling typenum v1.17.0
[INFO] [stderr]    Compiling lexical-core v0.7.6
[INFO] [stderr]    Compiling syn v1.0.109
[INFO] [stderr]    Compiling version_check v0.9.5
[INFO] [stderr]    Compiling safe_arch v0.7.2
[INFO] [stderr]    Compiling rawpointer v0.2.1
[INFO] [stderr]    Compiling cfg-if v1.0.0
[INFO] [stderr]    Compiling arrayvec v0.5.2
[INFO] [stderr]    Compiling bitflags v1.3.2
[INFO] [stderr]    Compiling static_assertions v1.1.0
[INFO] [stderr]    Compiling nom v5.1.3
[INFO] [stderr]    Compiling num-traits v0.2.19
[INFO] [stderr]    Compiling num-bigint v0.3.3
[INFO] [stderr]    Compiling matrixmultiply v0.3.9
[INFO] [stderr]    Compiling num-rational v0.3.2
[INFO] [stderr]    Compiling wide v0.7.30
[INFO] [stderr]    Compiling ryu v1.0.18
[INFO] [stderr]    Compiling thiserror v1.0.69
[INFO] [stderr]    Compiling memchr v2.7.4
[INFO] [stderr]    Compiling quote v1.0.37
[INFO] [stderr]    Compiling either v1.13.0
[INFO] [stderr]    Compiling syn v2.0.90
[INFO] [stderr]    Compiling itertools v0.11.0
[INFO] [stderr]    Compiling fixedbitset v0.4.2
[INFO] [stderr]    Compiling num-integer v0.1.46
[INFO] [stderr]    Compiling num-complex v0.4.6
[INFO] [stderr]    Compiling approx v0.5.1
[INFO] [stderr]    Compiling num-complex v0.3.1
[INFO] [stderr]    Compiling num-rational v0.4.2
[INFO] [stderr]    Compiling num-iter v0.1.45
[INFO] [stderr]    Compiling simba v0.8.1
[INFO] [stderr]    Compiling num-derive v0.3.3
[INFO] [stderr]    Compiling num v0.3.1
[INFO] [stderr]    Compiling thiserror-impl v1.0.69
[INFO] [stderr]    Compiling nalgebra-macros v0.2.2
[INFO] [stderr]    Compiling mshio v0.4.2
[INFO] [stderr]    Compiling nalgebra v0.32.6
[INFO] [stderr]    Compiling nalgebra-sparse v0.9.0
[INFO] [stderr]    Compiling dexterior-core v0.2.0 (/opt/rustwide/workdir)
[INFO] [stderr]     Finished `dev` profile [unoptimized + debuginfo] target(s) in 43.04s
[INFO] running `Command { std: "docker" "inspect" "f9245bd824b486ef5721e1fff65e1e830f474e1f06ee1cea879bcb0a5645d830", kill_on_drop: false }`
[INFO] running `Command { std: "docker" "rm" "-f" "f9245bd824b486ef5721e1fff65e1e830f474e1f06ee1cea879bcb0a5645d830", kill_on_drop: false }`
[INFO] [stdout] f9245bd824b486ef5721e1fff65e1e830f474e1f06ee1cea879bcb0a5645d830
[INFO] running `Command { std: "docker" "create" "-v" "/var/lib/crater-agent-workspace/builds/worker-6-tc1/target:/opt/rustwide/target:rw,Z" "-v" "/var/lib/crater-agent-workspace/builds/worker-6-tc1/source:/opt/rustwide/workdir:ro,Z" "-v" "/var/lib/crater-agent-workspace/cargo-home:/opt/rustwide/cargo-home:ro,Z" "-v" "/var/lib/crater-agent-workspace/rustup-home:/opt/rustwide/rustup-home:ro,Z" "-e" "SOURCE_DIR=/opt/rustwide/workdir" "-e" "CARGO_TARGET_DIR=/opt/rustwide/target" "-e" "CARGO_INCREMENTAL=0" "-e" "RUST_BACKTRACE=full" "-e" "RUSTFLAGS=--cap-lints=warn" "-e" "RUSTDOCFLAGS=--cap-lints=warn" "-e" "CARGO_HOME=/opt/rustwide/cargo-home" "-e" "RUSTUP_HOME=/opt/rustwide/rustup-home" "-w" "/opt/rustwide/workdir" "-m" "1610612736" "--user" "0:0" "--network" "none" "ghcr.io/rust-lang/crates-build-env/linux@sha256:f3a9d4ad9d972b27faf3965f35b62e55ba32bbce8f20bc8fe909558a86702fde" "/opt/rustwide/cargo-home/bin/cargo" "+1.83.0" "test" "--frozen" "--no-run" "--message-format=json", kill_on_drop: false }`
[INFO] [stdout] 7268c2ba89f5d843afe6415ed240210ad0729c6f4b05474133b0347f7e6c5fb4
[INFO] running `Command { std: "docker" "start" "-a" "7268c2ba89f5d843afe6415ed240210ad0729c6f4b05474133b0347f7e6c5fb4", kill_on_drop: false }`
[INFO] [stderr]    Compiling approx v0.5.1
[INFO] [stderr]    Compiling simba v0.8.1
[INFO] [stderr]    Compiling nalgebra v0.32.6
[INFO] [stderr]    Compiling nalgebra-sparse v0.9.0
[INFO] [stderr]    Compiling dexterior-core v0.2.0 (/opt/rustwide/workdir)
[INFO] [stderr]     Finished `test` profile [unoptimized + debuginfo] target(s) in 21.89s
[INFO] running `Command { std: "docker" "inspect" "7268c2ba89f5d843afe6415ed240210ad0729c6f4b05474133b0347f7e6c5fb4", kill_on_drop: false }`
[INFO] running `Command { std: "docker" "rm" "-f" "7268c2ba89f5d843afe6415ed240210ad0729c6f4b05474133b0347f7e6c5fb4", kill_on_drop: false }`
[INFO] [stdout] 7268c2ba89f5d843afe6415ed240210ad0729c6f4b05474133b0347f7e6c5fb4
[INFO] running `Command { std: "docker" "create" "-v" "/var/lib/crater-agent-workspace/builds/worker-6-tc1/target:/opt/rustwide/target:rw,Z" "-v" "/var/lib/crater-agent-workspace/builds/worker-6-tc1/source:/opt/rustwide/workdir:ro,Z" "-v" "/var/lib/crater-agent-workspace/cargo-home:/opt/rustwide/cargo-home:ro,Z" "-v" "/var/lib/crater-agent-workspace/rustup-home:/opt/rustwide/rustup-home:ro,Z" "-e" "SOURCE_DIR=/opt/rustwide/workdir" "-e" "CARGO_TARGET_DIR=/opt/rustwide/target" "-e" "CARGO_INCREMENTAL=0" "-e" "RUST_BACKTRACE=full" "-e" "RUSTFLAGS=--cap-lints=warn" "-e" "RUSTDOCFLAGS=--cap-lints=warn" "-e" "CARGO_HOME=/opt/rustwide/cargo-home" "-e" "RUSTUP_HOME=/opt/rustwide/rustup-home" "-w" "/opt/rustwide/workdir" "-m" "1610612736" "--user" "0:0" "--network" "none" "ghcr.io/rust-lang/crates-build-env/linux@sha256:f3a9d4ad9d972b27faf3965f35b62e55ba32bbce8f20bc8fe909558a86702fde" "/opt/rustwide/cargo-home/bin/cargo" "+1.83.0" "test" "--frozen", kill_on_drop: false }`
[INFO] [stdout] 0e7f3f13212fd9726aa9c035523aab7e0a53049244d39a8dbf9536c0ec297d44
[INFO] running `Command { std: "docker" "start" "-a" "0e7f3f13212fd9726aa9c035523aab7e0a53049244d39a8dbf9536c0ec297d44", kill_on_drop: false }`
[INFO] [stderr]     Finished `test` profile [unoptimized + debuginfo] target(s) in 0.07s
[INFO] [stderr]      Running unittests src/lib.rs (/opt/rustwide/target/debug/deps/dexterior_core-44fbcd5b38e61186)
[INFO] [stdout] 
[INFO] [stdout] running 12 tests
[INFO] [stdout] test mesh::mesh_construction::tests::bary_differential_directions ... ok
[INFO] [stdout] test mesh::views::tests::dual_cell_views ... ok
[INFO] [stdout] test mesh::tests::create_subsets ... ok
[INFO] [stdout] test mesh::mesh_construction::tests::non_well_centered_dual_volumes ... ok
[INFO] [stdout] test mesh::mesh_construction::tests::tiny_3d_mesh_is_correct ... ok
[INFO] [stdout] test operator::tests::exclude_subsets ... ok
[INFO] [stdout] test mesh::views::tests::iterators ... ok
[INFO] [stdout] test gmsh::tests::physical_groups_2d ... ok
[INFO] [stdout] test mesh::mesh_construction::tests::tiny_2d_mesh_is_correct ... ok
[INFO] [stdout] test operator::tests::exterior_derivative_works_in_2d ... ok
[INFO] [stdout] test quadrature::tests::gauss_legendre ... ok
[INFO] [stdout] test gmsh::tests::physical_groups_3d ... ok
[INFO] [stderr]    Doc-tests dexterior_core
[INFO] [stdout] 
[INFO] [stdout] test result: ok. 12 passed; 0 failed; 0 ignored; 0 measured; 0 filtered out; finished in 0.37s
[INFO] [stdout] 
[INFO] [stdout] 
[INFO] [stdout] running 7 tests
[INFO] [stdout] test src/mesh/views.rs - mesh::views::SimplexView (line 26) - compile fail ... ok
[INFO] [stdout] test src/mesh/views.rs - mesh::views::SimplexView (line 12) ... ok
[INFO] [stdout] test src/gmsh.rs - gmsh::load_trimesh_2d (line 90) ... ok
[INFO] [stdout] test src/quadrature.rs - quadrature (line 24) ... ok
[INFO] [stdout] test src/gmsh.rs - gmsh::load_trimesh_2d (line 43) ... FAILED
[INFO] [stdout] test src/operator.rs - operator::compose (line 300) ... ok
[INFO] [stdout] test src/operator.rs - operator::ComposedOperator (line 194) ... ok
[INFO] [stdout] 
[INFO] [stdout] failures:
[INFO] [stdout] 
[INFO] [stdout] ---- src/gmsh.rs - gmsh::load_trimesh_2d (line 43) stdout ----
[INFO] [stdout] Test executable failed (exit status: 101).
[INFO] [stdout] 
[INFO] [stdout] stderr:
[INFO] [stdout] thread 'main' panicked at src/gmsh.rs:12:8:
[INFO] [stdout] Failed to load mesh: Os { code: 2, kind: NotFound, message: "No such file or directory" }
[INFO] [stdout] stack backtrace:
[INFO] [stdout]    0:     0x606dfce574ba - std::backtrace_rs::backtrace::libunwind::trace::h5a5b8284f2d0c266
[INFO] [stdout]                                at /rustc/90b35a6239c3d8bdabc530a6a0816f7ff89a0aaf/library/std/src/../../backtrace/src/backtrace/libunwind.rs:116:5
[INFO] [stdout]    1:     0x606dfce574ba - std::backtrace_rs::backtrace::trace_unsynchronized::h76d4f1c9b0b875e3
[INFO] [stdout]                                at /rustc/90b35a6239c3d8bdabc530a6a0816f7ff89a0aaf/library/std/src/../../backtrace/src/backtrace/mod.rs:66:5
[INFO] [stdout]    2:     0x606dfce574ba - std::sys::backtrace::_print_fmt::hc4546b8364a537c6
[INFO] [stdout]                                at /rustc/90b35a6239c3d8bdabc530a6a0816f7ff89a0aaf/library/std/src/sys/backtrace.rs:66:9
[INFO] [stdout]    3:     0x606dfce574ba - <std::sys::backtrace::BacktraceLock::print::DisplayBacktrace as core::fmt::Display>::fmt::h5b6bd5631a6d1f6b
[INFO] [stdout]                                at /rustc/90b35a6239c3d8bdabc530a6a0816f7ff89a0aaf/library/std/src/sys/backtrace.rs:39:26
[INFO] [stdout]    4:     0x606dfce73573 - core::fmt::rt::Argument::fmt::h270f6602a2b96f62
[INFO] [stdout]                                at /rustc/90b35a6239c3d8bdabc530a6a0816f7ff89a0aaf/library/core/src/fmt/rt.rs:177:76
[INFO] [stdout]    5:     0x606dfce73573 - core::fmt::write::h7550c97b06c86515
[INFO] [stdout]                                at /rustc/90b35a6239c3d8bdabc530a6a0816f7ff89a0aaf/library/core/src/fmt/mod.rs:1186:21
[INFO] [stdout]    6:     0x606dfce551b3 - std::io::Write::write_fmt::h7b09c64fe0be9c84
[INFO] [stdout]                                at /rustc/90b35a6239c3d8bdabc530a6a0816f7ff89a0aaf/library/std/src/io/mod.rs:1839:15
[INFO] [stdout]    7:     0x606dfce57302 - std::sys::backtrace::BacktraceLock::print::h2395ccd2c84ba3aa
[INFO] [stdout]                                at /rustc/90b35a6239c3d8bdabc530a6a0816f7ff89a0aaf/library/std/src/sys/backtrace.rs:42:9
[INFO] [stdout]    8:     0x606dfce582ac - std::panicking::default_hook::{{closure}}::he19d4c7230e07961
[INFO] [stdout]                                at /rustc/90b35a6239c3d8bdabc530a6a0816f7ff89a0aaf/library/std/src/panicking.rs:268:22
[INFO] [stdout]    9:     0x606dfce580f2 - std::panicking::default_hook::hf614597d3c67bbdb
[INFO] [stdout]                                at /rustc/90b35a6239c3d8bdabc530a6a0816f7ff89a0aaf/library/std/src/panicking.rs:295:9
[INFO] [stdout]   10:     0x606dfce58887 - std::panicking::rust_panic_with_hook::h8942133a8b252070
[INFO] [stdout]                                at /rustc/90b35a6239c3d8bdabc530a6a0816f7ff89a0aaf/library/std/src/panicking.rs:801:13
[INFO] [stdout]   11:     0x606dfce5871a - std::panicking::begin_panic_handler::{{closure}}::hb5f5963570096b29
[INFO] [stdout]                                at /rustc/90b35a6239c3d8bdabc530a6a0816f7ff89a0aaf/library/std/src/panicking.rs:674:13
[INFO] [stdout]   12:     0x606dfce57999 - std::sys::backtrace::__rust_end_short_backtrace::h6208cedc1922feda
[INFO] [stdout]                                at /rustc/90b35a6239c3d8bdabc530a6a0816f7ff89a0aaf/library/std/src/sys/backtrace.rs:170:18
[INFO] [stdout]   13:     0x606dfce583ac - rust_begin_unwind
[INFO] [stdout]                                at /rustc/90b35a6239c3d8bdabc530a6a0816f7ff89a0aaf/library/std/src/panicking.rs:665:5
[INFO] [stdout]   14:     0x606dfcd681e0 - core::panicking::panic_fmt::h0c3082644d1bf418
[INFO] [stdout]                                at /rustc/90b35a6239c3d8bdabc530a6a0816f7ff89a0aaf/library/core/src/panicking.rs:74:14
[INFO] [stdout]   15:     0x606dfcd685f6 - core::result::unwrap_failed::hd20b4aa073bda1e2
[INFO] [stdout]                                at /rustc/90b35a6239c3d8bdabc530a6a0816f7ff89a0aaf/library/core/src/result.rs:1700:5
[INFO] [stdout]   16:     0x606dfcd69842 - core::result::Result<T,E>::expect::h147c396bf5b41018
[INFO] [stdout]   17:     0x606dfcd69fd4 - rust_out::main::_doctest_main_src_gmsh_rs_43_0::hbedda7089def7b7f
[INFO] [stdout]   18:     0x606dfcd69fa6 - rust_out::main::h86d391cc11b8a827
[INFO] [stdout]   19:     0x606dfcd69283 - core::ops::function::FnOnce::call_once::hd1e0b33d350e8c2e
[INFO] [stdout]   20:     0x606dfcd69246 - std::sys::backtrace::__rust_begin_short_backtrace::hb7c4fd168269da08
[INFO] [stdout]   21:     0x606dfcd69229 - std::rt::lang_start::{{closure}}::h7630186e3858a44d
[INFO] [stdout]   22:     0x606dfce52e1e - core::ops::function::impls::<impl core::ops::function::FnOnce<A> for &F>::call_once::hfdb85f4ee94732d3
[INFO] [stdout]                                at /rustc/90b35a6239c3d8bdabc530a6a0816f7ff89a0aaf/library/core/src/ops/function.rs:284:13
[INFO] [stdout]   23:     0x606dfce52e1e - std::panicking::try::do_call::h6e577310f330cbef
[INFO] [stdout]                                at /rustc/90b35a6239c3d8bdabc530a6a0816f7ff89a0aaf/library/std/src/panicking.rs:557:40
[INFO] [stdout]   24:     0x606dfce52e1e - std::panicking::try::ha588d438267d2645
[INFO] [stdout]                                at /rustc/90b35a6239c3d8bdabc530a6a0816f7ff89a0aaf/library/std/src/panicking.rs:520:19
[INFO] [stdout]   25:     0x606dfce52e1e - std::panic::catch_unwind::h429fda1e025f26d9
[INFO] [stdout]                                at /rustc/90b35a6239c3d8bdabc530a6a0816f7ff89a0aaf/library/std/src/panic.rs:358:14
[INFO] [stdout]   26:     0x606dfce52e1e - std::rt::lang_start_internal::{{closure}}::h7b731265e841c4bf
[INFO] [stdout]                                at /rustc/90b35a6239c3d8bdabc530a6a0816f7ff89a0aaf/library/std/src/rt.rs:174:48
[INFO] [stdout]   27:     0x606dfce52e1e - std::panicking::try::do_call::hc0f6a675b7ae5a36
[INFO] [stdout]                                at /rustc/90b35a6239c3d8bdabc530a6a0816f7ff89a0aaf/library/std/src/panicking.rs:557:40
[INFO] [stdout]   28:     0x606dfce52e1e - std::panicking::try::h4c93b7ff0671f1ff
[INFO] [stdout]                                at /rustc/90b35a6239c3d8bdabc530a6a0816f7ff89a0aaf/library/std/src/panicking.rs:520:19
[INFO] [stdout]   29:     0x606dfce52e1e - std::panic::catch_unwind::hcc1e154961d16ce6
[INFO] [stdout]                                at /rustc/90b35a6239c3d8bdabc530a6a0816f7ff89a0aaf/library/std/src/panic.rs:358:14
[INFO] [stdout]   30:     0x606dfce52e1e - std::rt::lang_start_internal::h1c66660c99c8424c
[INFO] [stdout]                                at /rustc/90b35a6239c3d8bdabc530a6a0816f7ff89a0aaf/library/std/src/rt.rs:174:20
[INFO] [stdout]   31:     0x606dfcd69207 - std::rt::lang_start::hcdb31f4834f76b8c
[INFO] [stdout]   32:     0x606dfcd6a285 - main
[INFO] [stdout]   33:     0x71cfa8033d90 - <unknown>
[INFO] [stdout]   34:     0x71cfa8033e40 - __libc_start_main
[INFO] [stdout]   35:     0x606dfcd68b35 - _start
[INFO] [stdout]   36:                0x0 - <unknown>
[INFO] [stdout] 
[INFO] [stdout] 
[INFO] [stdout] 
[INFO] [stdout] failures:
[INFO] [stdout]     src/gmsh.rs - gmsh::load_trimesh_2d (line 43)
[INFO] [stdout] 
[INFO] [stdout] test result: FAILED. 6 passed; 1 failed; 0 ignored; 0 measured; 0 filtered out; finished in 3.36s
[INFO] [stdout] 
[INFO] [stderr] error: doctest failed, to rerun pass `--doc`
[INFO] running `Command { std: "docker" "inspect" "0e7f3f13212fd9726aa9c035523aab7e0a53049244d39a8dbf9536c0ec297d44", kill_on_drop: false }`
[INFO] running `Command { std: "docker" "rm" "-f" "0e7f3f13212fd9726aa9c035523aab7e0a53049244d39a8dbf9536c0ec297d44", kill_on_drop: false }`
[INFO] [stdout] 0e7f3f13212fd9726aa9c035523aab7e0a53049244d39a8dbf9536c0ec297d44
