[INFO] fetching crate dexios-domain 1.0.1...
[INFO] testing dexios-domain-1.0.1 against 1.83.0 for beta-1.84.0-4-retry
[INFO] extracting crate dexios-domain 1.0.1 into /workspace/builds/worker-1-tc1/source
[INFO] validating manifest of crates.io crate dexios-domain 1.0.1 on toolchain 1.83.0
[INFO] running `Command { std: CARGO_HOME="/workspace/cargo-home" RUSTUP_HOME="/workspace/rustup-home" "/workspace/cargo-home/bin/cargo" "+1.83.0" "metadata" "--manifest-path" "Cargo.toml" "--no-deps", kill_on_drop: false }`
[INFO] started tweaking crates.io crate dexios-domain 1.0.1
[INFO] finished tweaking crates.io crate dexios-domain 1.0.1
[INFO] tweaked toml for crates.io crate dexios-domain 1.0.1 written to /workspace/builds/worker-1-tc1/source/Cargo.toml
[INFO] running `Command { std: CARGO_HOME="/workspace/cargo-home" RUSTUP_HOME="/workspace/rustup-home" "/workspace/cargo-home/bin/cargo" "+1.83.0" "generate-lockfile" "--manifest-path" "Cargo.toml", kill_on_drop: false }`
[INFO] [stderr]     Updating crates.io index
[INFO] [stderr]      Locking 73 packages to latest compatible versions
[INFO] [stderr]       Adding zip v0.6.6 (available: v2.2.1)
[INFO] running `Command { std: CARGO_HOME="/workspace/cargo-home" RUSTUP_HOME="/workspace/rustup-home" "/workspace/cargo-home/bin/cargo" "+1.83.0" "fetch" "--manifest-path" "Cargo.toml", kill_on_drop: false }`
[INFO] [stderr]  Downloading crates ...
[INFO] [stderr]   Downloaded argon2 v0.4.1
[INFO] [stderr]   Downloaded deoxys v0.1.0
[INFO] [stderr]   Downloaded balloon-hash v0.3.0
[INFO] [stderr]   Downloaded dexios-core v1.2.0
[INFO] running `Command { std: "docker" "create" "-v" "/var/lib/crater-agent-workspace/builds/worker-1-tc1/target:/opt/rustwide/target:rw,Z" "-v" "/var/lib/crater-agent-workspace/builds/worker-1-tc1/source:/opt/rustwide/workdir:ro,Z" "-v" "/var/lib/crater-agent-workspace/cargo-home:/opt/rustwide/cargo-home:ro,Z" "-v" "/var/lib/crater-agent-workspace/rustup-home:/opt/rustwide/rustup-home:ro,Z" "-e" "SOURCE_DIR=/opt/rustwide/workdir" "-e" "CARGO_TARGET_DIR=/opt/rustwide/target" "-e" "CARGO_HOME=/opt/rustwide/cargo-home" "-e" "RUSTUP_HOME=/opt/rustwide/rustup-home" "-w" "/opt/rustwide/workdir" "-m" "1610612736" "--user" "0:0" "--network" "none" "ghcr.io/rust-lang/crates-build-env/linux@sha256:f3a9d4ad9d972b27faf3965f35b62e55ba32bbce8f20bc8fe909558a86702fde" "/opt/rustwide/cargo-home/bin/cargo" "+1.83.0" "metadata" "--no-deps" "--format-version=1", kill_on_drop: false }`
[INFO] [stdout] 1058be08f8d5ff9e3e3676c5eab6aa7b81a22dcef63f4e4d91b32759e2c9a4ef
[INFO] running `Command { std: "docker" "start" "-a" "1058be08f8d5ff9e3e3676c5eab6aa7b81a22dcef63f4e4d91b32759e2c9a4ef", kill_on_drop: false }`
[INFO] running `Command { std: "docker" "inspect" "1058be08f8d5ff9e3e3676c5eab6aa7b81a22dcef63f4e4d91b32759e2c9a4ef", kill_on_drop: false }`
[INFO] running `Command { std: "docker" "rm" "-f" "1058be08f8d5ff9e3e3676c5eab6aa7b81a22dcef63f4e4d91b32759e2c9a4ef", kill_on_drop: false }`
[INFO] [stdout] 1058be08f8d5ff9e3e3676c5eab6aa7b81a22dcef63f4e4d91b32759e2c9a4ef
[INFO] running `Command { std: "docker" "create" "-v" "/var/lib/crater-agent-workspace/builds/worker-1-tc1/target:/opt/rustwide/target:rw,Z" "-v" "/var/lib/crater-agent-workspace/builds/worker-1-tc1/source:/opt/rustwide/workdir:ro,Z" "-v" "/var/lib/crater-agent-workspace/cargo-home:/opt/rustwide/cargo-home:ro,Z" "-v" "/var/lib/crater-agent-workspace/rustup-home:/opt/rustwide/rustup-home:ro,Z" "-e" "SOURCE_DIR=/opt/rustwide/workdir" "-e" "CARGO_TARGET_DIR=/opt/rustwide/target" "-e" "CARGO_INCREMENTAL=0" "-e" "RUST_BACKTRACE=full" "-e" "RUSTFLAGS=--cap-lints=warn" "-e" "RUSTDOCFLAGS=--cap-lints=warn" "-e" "CARGO_HOME=/opt/rustwide/cargo-home" "-e" "RUSTUP_HOME=/opt/rustwide/rustup-home" "-w" "/opt/rustwide/workdir" "-m" "1610612736" "--user" "0:0" "--network" "none" "ghcr.io/rust-lang/crates-build-env/linux@sha256:f3a9d4ad9d972b27faf3965f35b62e55ba32bbce8f20bc8fe909558a86702fde" "/opt/rustwide/cargo-home/bin/cargo" "+1.83.0" "build" "--frozen" "--message-format=json", kill_on_drop: false }`
[INFO] [stdout] 55003be7a40975131f51f144268f2601a3e93a7fcd184b69c834a734e3d655d2
[INFO] running `Command { std: "docker" "start" "-a" "55003be7a40975131f51f144268f2601a3e93a7fcd184b69c834a734e3d655d2", kill_on_drop: false }`
[INFO] [stderr]    Compiling libc v0.2.168
[INFO] [stderr]    Compiling cfg-if v1.0.0
[INFO] [stderr]    Compiling version_check v0.9.5
[INFO] [stderr]    Compiling typenum v1.17.0
[INFO] [stderr]    Compiling subtle v2.6.1
[INFO] [stderr]    Compiling shlex v1.3.0
[INFO] [stderr]    Compiling cpufeatures v0.2.16
[INFO] [stderr]    Compiling zeroize v1.8.1
[INFO] [stderr]    Compiling pkg-config v0.3.31
[INFO] [stderr]    Compiling syn v2.0.90
[INFO] [stderr]    Compiling byteorder v1.5.0
[INFO] [stderr]    Compiling opaque-debug v0.3.1
[INFO] [stderr]    Compiling zstd-safe v5.0.2+zstd.1.5.2
[INFO] [stderr]    Compiling base64ct v1.6.0
[INFO] [stderr]    Compiling anyhow v1.0.94
[INFO] [stderr]    Compiling generic-array v0.14.7
[INFO] [stderr]    Compiling constant_time_eq v0.3.1
[INFO] [stderr]    Compiling arrayvec v0.7.6
[INFO] [stderr]    Compiling arrayref v0.3.9
[INFO] [stderr]    Compiling crc32fast v1.4.2
[INFO] [stderr]    Compiling same-file v1.0.6
[INFO] [stderr]    Compiling walkdir v2.5.0
[INFO] [stderr]    Compiling getrandom v0.2.15
[INFO] [stderr]    Compiling jobserver v0.1.32
[INFO] [stderr]    Compiling rand_core v0.6.4
[INFO] [stderr]    Compiling cc v1.2.4
[INFO] [stderr]    Compiling password-hash v0.4.2
[INFO] [stderr]    Compiling crypto-common v0.1.6
[INFO] [stderr]    Compiling inout v0.1.3
[INFO] [stderr]    Compiling block-buffer v0.10.4
[INFO] [stderr]    Compiling crypto-bigint v0.4.9
[INFO] [stderr]    Compiling cipher v0.4.4
[INFO] [stderr]    Compiling universal-hash v0.5.1
[INFO] [stderr]    Compiling zerocopy-derive v0.7.35
[INFO] [stderr]    Compiling aead v0.5.2
[INFO] [stderr]    Compiling digest v0.10.7
[INFO] [stderr]    Compiling polyval v0.6.2
[INFO] [stderr]    Compiling poly1305 v0.8.0
[INFO] [stderr]    Compiling blake2 v0.10.6
[INFO] [stderr]    Compiling aes v0.8.4
[INFO] [stderr]    Compiling ctr v0.9.2
[INFO] [stderr]    Compiling ghash v0.5.1
[INFO] [stderr]    Compiling chacha20 v0.9.1
[INFO] [stderr]    Compiling argon2 v0.4.1
[INFO] [stderr]    Compiling deoxys v0.1.0
[INFO] [stderr]    Compiling balloon-hash v0.3.0
[INFO] [stderr]    Compiling aes-gcm v0.10.3
[INFO] [stderr]    Compiling chacha20poly1305 v0.10.1
[INFO] [stderr]    Compiling zstd-sys v2.0.13+zstd.1.5.6
[INFO] [stderr]    Compiling blake3 v1.5.5
[INFO] [stderr]    Compiling zerocopy v0.7.35
[INFO] [stderr]    Compiling ppv-lite86 v0.2.20
[INFO] [stderr]    Compiling rand_chacha v0.3.1
[INFO] [stderr]    Compiling rand v0.8.5
[INFO] [stderr]    Compiling dexios-core v1.2.0
[INFO] [stderr]    Compiling zstd v0.11.2+zstd.1.5.2
[INFO] [stderr]    Compiling zip v0.6.6
[INFO] [stderr]    Compiling dexios-domain v1.0.1 (/opt/rustwide/workdir)
[INFO] [stdout] warning: unnecessary trailing semicolon
[INFO] [stdout]   --> src/hash.rs:39:63
[INFO] [stdout]    |
[INFO] [stdout] 39 |     let mut buffer = vec![0u8; BLOCK_SIZE].into_boxed_slice();;
[INFO] [stdout]    |                                                               ^ help: remove this semicolon
[INFO] [stdout]    |
[INFO] [stdout]    = note: `#[warn(redundant_semicolons)]` on by default
[INFO] [stdout] 
[INFO] [stdout] 
[INFO] [stdout] warning: unnecessary qualification
[INFO] [stdout]   --> src/key/add.rs:30:23
[INFO] [stdout]    |
[INFO] [stdout] 30 |     let (header, _) = core::header::Header::deserialize(&mut *req.handle.borrow_mut())
[INFO] [stdout]    |                       ^^^^^^^^^^^^^^^^^^^^^^^^^^^^^^^^^
[INFO] [stdout]    |
[INFO] [stdout] note: the lint level is defined here
[INFO] [stdout]   --> src/lib.rs:42:5
[INFO] [stdout]    |
[INFO] [stdout] 42 |     unused_qualifications
[INFO] [stdout]    |     ^^^^^^^^^^^^^^^^^^^^^
[INFO] [stdout] help: remove the unnecessary path segments
[INFO] [stdout]    |
[INFO] [stdout] 30 -     let (header, _) = core::header::Header::deserialize(&mut *req.handle.borrow_mut())
[INFO] [stdout] 30 +     let (header, _) = Header::deserialize(&mut *req.handle.borrow_mut())
[INFO] [stdout]    |
[INFO] [stdout] 
[INFO] [stdout] 
[INFO] [stdout] warning: unnecessary qualification
[INFO] [stdout]   --> src/key/change.rs:30:23
[INFO] [stdout]    |
[INFO] [stdout] 30 |     let (header, _) = core::header::Header::deserialize(&mut *req.handle.borrow_mut())
[INFO] [stdout]    |                       ^^^^^^^^^^^^^^^^^^^^^^^^^^^^^^^^^
[INFO] [stdout]    |
[INFO] [stdout] help: remove the unnecessary path segments
[INFO] [stdout]    |
[INFO] [stdout] 30 -     let (header, _) = core::header::Header::deserialize(&mut *req.handle.borrow_mut())
[INFO] [stdout] 30 +     let (header, _) = Header::deserialize(&mut *req.handle.borrow_mut())
[INFO] [stdout]    |
[INFO] [stdout] 
[INFO] [stdout] 
[INFO] [stdout] warning: unnecessary qualification
[INFO] [stdout]   --> src/key/delete.rs:22:23
[INFO] [stdout]    |
[INFO] [stdout] 22 |     let (header, _) = core::header::Header::deserialize(&mut *req.handle.borrow_mut())
[INFO] [stdout]    |                       ^^^^^^^^^^^^^^^^^^^^^^^^^^^^^^^^^
[INFO] [stdout]    |
[INFO] [stdout] help: remove the unnecessary path segments
[INFO] [stdout]    |
[INFO] [stdout] 22 -     let (header, _) = core::header::Header::deserialize(&mut *req.handle.borrow_mut())
[INFO] [stdout] 22 +     let (header, _) = Header::deserialize(&mut *req.handle.borrow_mut())
[INFO] [stdout]    |
[INFO] [stdout] 
[INFO] [stdout] 
[INFO] [stderr]     Finished `dev` profile [unoptimized + debuginfo] target(s) in 34.52s
[INFO] running `Command { std: "docker" "inspect" "55003be7a40975131f51f144268f2601a3e93a7fcd184b69c834a734e3d655d2", kill_on_drop: false }`
[INFO] running `Command { std: "docker" "rm" "-f" "55003be7a40975131f51f144268f2601a3e93a7fcd184b69c834a734e3d655d2", kill_on_drop: false }`
[INFO] [stdout] 55003be7a40975131f51f144268f2601a3e93a7fcd184b69c834a734e3d655d2
[INFO] running `Command { std: "docker" "create" "-v" "/var/lib/crater-agent-workspace/builds/worker-1-tc1/target:/opt/rustwide/target:rw,Z" "-v" "/var/lib/crater-agent-workspace/builds/worker-1-tc1/source:/opt/rustwide/workdir:ro,Z" "-v" "/var/lib/crater-agent-workspace/cargo-home:/opt/rustwide/cargo-home:ro,Z" "-v" "/var/lib/crater-agent-workspace/rustup-home:/opt/rustwide/rustup-home:ro,Z" "-e" "SOURCE_DIR=/opt/rustwide/workdir" "-e" "CARGO_TARGET_DIR=/opt/rustwide/target" "-e" "CARGO_INCREMENTAL=0" "-e" "RUST_BACKTRACE=full" "-e" "RUSTFLAGS=--cap-lints=warn" "-e" "RUSTDOCFLAGS=--cap-lints=warn" "-e" "CARGO_HOME=/opt/rustwide/cargo-home" "-e" "RUSTUP_HOME=/opt/rustwide/rustup-home" "-w" "/opt/rustwide/workdir" "-m" "1610612736" "--user" "0:0" "--network" "none" "ghcr.io/rust-lang/crates-build-env/linux@sha256:f3a9d4ad9d972b27faf3965f35b62e55ba32bbce8f20bc8fe909558a86702fde" "/opt/rustwide/cargo-home/bin/cargo" "+1.83.0" "test" "--frozen" "--no-run" "--message-format=json", kill_on_drop: false }`
[INFO] [stdout] 149629da39bb0a45ef8a0b5480a6ebc880fe59837685bb72753c83380e322223
[INFO] running `Command { std: "docker" "start" "-a" "149629da39bb0a45ef8a0b5480a6ebc880fe59837685bb72753c83380e322223", kill_on_drop: false }`
[INFO] [stdout] warning: unnecessary trailing semicolon
[INFO] [stdout]   --> src/hash.rs:39:63
[INFO] [stdout]    |
[INFO] [stdout] 39 |     let mut buffer = vec![0u8; BLOCK_SIZE].into_boxed_slice();;
[INFO] [stdout]    |                                                               ^ help: remove this semicolon
[INFO] [stdout]    |
[INFO] [stdout]    = note: `#[warn(redundant_semicolons)]` on by default
[INFO] [stdout] 
[INFO] [stdout] 
[INFO] [stdout] warning: unnecessary qualification
[INFO] [stdout]   --> src/key/add.rs:30:23
[INFO] [stdout]    |
[INFO] [stdout] 30 |     let (header, _) = core::header::Header::deserialize(&mut *req.handle.borrow_mut())
[INFO] [stdout]    |                       ^^^^^^^^^^^^^^^^^^^^^^^^^^^^^^^^^
[INFO] [stdout]    |
[INFO] [stdout] note: the lint level is defined here
[INFO] [stdout]   --> src/lib.rs:42:5
[INFO] [stdout]    |
[INFO] [stdout] 42 |     unused_qualifications
[INFO] [stdout]    |     ^^^^^^^^^^^^^^^^^^^^^
[INFO] [stdout] help: remove the unnecessary path segments
[INFO] [stdout]    |
[INFO] [stdout] 30 -     let (header, _) = core::header::Header::deserialize(&mut *req.handle.borrow_mut())
[INFO] [stdout] 30 +     let (header, _) = Header::deserialize(&mut *req.handle.borrow_mut())
[INFO] [stdout]    |
[INFO] [stdout] 
[INFO] [stdout] 
[INFO] [stdout] warning: unnecessary qualification
[INFO] [stdout]   --> src/key/change.rs:30:23
[INFO] [stdout]    |
[INFO] [stdout] 30 |     let (header, _) = core::header::Header::deserialize(&mut *req.handle.borrow_mut())
[INFO] [stdout]    |                       ^^^^^^^^^^^^^^^^^^^^^^^^^^^^^^^^^
[INFO] [stdout]    |
[INFO] [stdout] help: remove the unnecessary path segments
[INFO] [stdout]    |
[INFO] [stdout] 30 -     let (header, _) = core::header::Header::deserialize(&mut *req.handle.borrow_mut())
[INFO] [stdout] 30 +     let (header, _) = Header::deserialize(&mut *req.handle.borrow_mut())
[INFO] [stdout]    |
[INFO] [stdout] 
[INFO] [stdout] 
[INFO] [stdout] warning: unnecessary qualification
[INFO] [stdout]   --> src/key/delete.rs:22:23
[INFO] [stdout]    |
[INFO] [stdout] 22 |     let (header, _) = core::header::Header::deserialize(&mut *req.handle.borrow_mut())
[INFO] [stdout]    |                       ^^^^^^^^^^^^^^^^^^^^^^^^^^^^^^^^^
[INFO] [stdout]    |
[INFO] [stdout] help: remove the unnecessary path segments
[INFO] [stdout]    |
[INFO] [stdout] 22 -     let (header, _) = core::header::Header::deserialize(&mut *req.handle.borrow_mut())
[INFO] [stdout] 22 +     let (header, _) = Header::deserialize(&mut *req.handle.borrow_mut())
[INFO] [stdout]    |
[INFO] [stdout] 
[INFO] [stdout] 
[INFO] [stderr]    Compiling dexios-domain v1.0.1 (/opt/rustwide/workdir)
[INFO] [stdout] warning: unnecessary trailing semicolon
[INFO] [stdout]   --> src/hash.rs:39:63
[INFO] [stdout]    |
[INFO] [stdout] 39 |     let mut buffer = vec![0u8; BLOCK_SIZE].into_boxed_slice();;
[INFO] [stdout]    |                                                               ^ help: remove this semicolon
[INFO] [stdout]    |
[INFO] [stdout]    = note: `#[warn(redundant_semicolons)]` on by default
[INFO] [stdout] 
[INFO] [stdout] 
[INFO] [stdout] warning: unnecessary qualification
[INFO] [stdout]   --> src/key/add.rs:30:23
[INFO] [stdout]    |
[INFO] [stdout] 30 |     let (header, _) = core::header::Header::deserialize(&mut *req.handle.borrow_mut())
[INFO] [stdout]    |                       ^^^^^^^^^^^^^^^^^^^^^^^^^^^^^^^^^
[INFO] [stdout]    |
[INFO] [stdout] note: the lint level is defined here
[INFO] [stdout]   --> src/lib.rs:42:5
[INFO] [stdout]    |
[INFO] [stdout] 42 |     unused_qualifications
[INFO] [stdout]    |     ^^^^^^^^^^^^^^^^^^^^^
[INFO] [stdout] help: remove the unnecessary path segments
[INFO] [stdout]    |
[INFO] [stdout] 30 -     let (header, _) = core::header::Header::deserialize(&mut *req.handle.borrow_mut())
[INFO] [stdout] 30 +     let (header, _) = Header::deserialize(&mut *req.handle.borrow_mut())
[INFO] [stdout]    |
[INFO] [stdout] 
[INFO] [stdout] 
[INFO] [stdout] warning: unnecessary qualification
[INFO] [stdout]   --> src/key/change.rs:30:23
[INFO] [stdout]    |
[INFO] [stdout] 30 |     let (header, _) = core::header::Header::deserialize(&mut *req.handle.borrow_mut())
[INFO] [stdout]    |                       ^^^^^^^^^^^^^^^^^^^^^^^^^^^^^^^^^
[INFO] [stdout]    |
[INFO] [stdout] help: remove the unnecessary path segments
[INFO] [stdout]    |
[INFO] [stdout] 30 -     let (header, _) = core::header::Header::deserialize(&mut *req.handle.borrow_mut())
[INFO] [stdout] 30 +     let (header, _) = Header::deserialize(&mut *req.handle.borrow_mut())
[INFO] [stdout]    |
[INFO] [stdout] 
[INFO] [stdout] 
[INFO] [stdout] warning: unnecessary qualification
[INFO] [stdout]   --> src/key/delete.rs:22:23
[INFO] [stdout]    |
[INFO] [stdout] 22 |     let (header, _) = core::header::Header::deserialize(&mut *req.handle.borrow_mut())
[INFO] [stdout]    |                       ^^^^^^^^^^^^^^^^^^^^^^^^^^^^^^^^^
[INFO] [stdout]    |
[INFO] [stdout] help: remove the unnecessary path segments
[INFO] [stdout]    |
[INFO] [stdout] 22 -     let (header, _) = core::header::Header::deserialize(&mut *req.handle.borrow_mut())
[INFO] [stdout] 22 +     let (header, _) = Header::deserialize(&mut *req.handle.borrow_mut())
[INFO] [stdout]    |
[INFO] [stdout] 
[INFO] [stdout] 
[INFO] [stderr]     Finished `test` profile [unoptimized + debuginfo] target(s) in 3.45s
[INFO] running `Command { std: "docker" "inspect" "149629da39bb0a45ef8a0b5480a6ebc880fe59837685bb72753c83380e322223", kill_on_drop: false }`
[INFO] running `Command { std: "docker" "rm" "-f" "149629da39bb0a45ef8a0b5480a6ebc880fe59837685bb72753c83380e322223", kill_on_drop: false }`
[INFO] [stdout] 149629da39bb0a45ef8a0b5480a6ebc880fe59837685bb72753c83380e322223
[INFO] running `Command { std: "docker" "create" "-v" "/var/lib/crater-agent-workspace/builds/worker-1-tc1/target:/opt/rustwide/target:rw,Z" "-v" "/var/lib/crater-agent-workspace/builds/worker-1-tc1/source:/opt/rustwide/workdir:ro,Z" "-v" "/var/lib/crater-agent-workspace/cargo-home:/opt/rustwide/cargo-home:ro,Z" "-v" "/var/lib/crater-agent-workspace/rustup-home:/opt/rustwide/rustup-home:ro,Z" "-e" "SOURCE_DIR=/opt/rustwide/workdir" "-e" "CARGO_TARGET_DIR=/opt/rustwide/target" "-e" "CARGO_INCREMENTAL=0" "-e" "RUST_BACKTRACE=full" "-e" "RUSTFLAGS=--cap-lints=warn" "-e" "RUSTDOCFLAGS=--cap-lints=warn" "-e" "CARGO_HOME=/opt/rustwide/cargo-home" "-e" "RUSTUP_HOME=/opt/rustwide/rustup-home" "-w" "/opt/rustwide/workdir" "-m" "1610612736" "--user" "0:0" "--network" "none" "ghcr.io/rust-lang/crates-build-env/linux@sha256:f3a9d4ad9d972b27faf3965f35b62e55ba32bbce8f20bc8fe909558a86702fde" "/opt/rustwide/cargo-home/bin/cargo" "+1.83.0" "test" "--frozen", kill_on_drop: false }`
[INFO] [stdout] f82b2346549b5a7890ebb2f5dcfc6c0461ca4e520407878e28ee4eb21239f215
[INFO] running `Command { std: "docker" "start" "-a" "f82b2346549b5a7890ebb2f5dcfc6c0461ca4e520407878e28ee4eb21239f215", kill_on_drop: false }`
[INFO] [stderr] warning: unnecessary trailing semicolon
[INFO] [stderr]   --> src/hash.rs:39:63
[INFO] [stderr]    |
[INFO] [stderr] 39 |     let mut buffer = vec![0u8; BLOCK_SIZE].into_boxed_slice();;
[INFO] [stderr]    |                                                               ^ help: remove this semicolon
[INFO] [stderr]    |
[INFO] [stderr]    = note: `#[warn(redundant_semicolons)]` on by default
[INFO] [stderr] 
[INFO] [stderr] warning: unnecessary qualification
[INFO] [stderr]   --> src/key/add.rs:30:23
[INFO] [stderr]    |
[INFO] [stderr] 30 |     let (header, _) = core::header::Header::deserialize(&mut *req.handle.borrow_mut())
[INFO] [stderr]    |                       ^^^^^^^^^^^^^^^^^^^^^^^^^^^^^^^^^
[INFO] [stderr]    |
[INFO] [stderr] note: the lint level is defined here
[INFO] [stderr]   --> src/lib.rs:42:5
[INFO] [stderr]    |
[INFO] [stderr] 42 |     unused_qualifications
[INFO] [stderr]    |     ^^^^^^^^^^^^^^^^^^^^^
[INFO] [stderr] help: remove the unnecessary path segments
[INFO] [stderr]    |
[INFO] [stderr] 30 -     let (header, _) = core::header::Header::deserialize(&mut *req.handle.borrow_mut())
[INFO] [stderr] 30 +     let (header, _) = Header::deserialize(&mut *req.handle.borrow_mut())
[INFO] [stderr]    |
[INFO] [stderr] 
[INFO] [stderr] warning: unnecessary qualification
[INFO] [stderr]   --> src/key/change.rs:30:23
[INFO] [stderr]    |
[INFO] [stderr] 30 |     let (header, _) = core::header::Header::deserialize(&mut *req.handle.borrow_mut())
[INFO] [stderr]    |                       ^^^^^^^^^^^^^^^^^^^^^^^^^^^^^^^^^
[INFO] [stderr]    |
[INFO] [stderr] help: remove the unnecessary path segments
[INFO] [stderr]    |
[INFO] [stderr] 30 -     let (header, _) = core::header::Header::deserialize(&mut *req.handle.borrow_mut())
[INFO] [stderr] 30 +     let (header, _) = Header::deserialize(&mut *req.handle.borrow_mut())
[INFO] [stderr]    |
[INFO] [stderr] 
[INFO] [stderr] warning: unnecessary qualification
[INFO] [stderr]   --> src/key/delete.rs:22:23
[INFO] [stderr]    |
[INFO] [stderr] 22 |     let (header, _) = core::header::Header::deserialize(&mut *req.handle.borrow_mut())
[INFO] [stderr]    |                       ^^^^^^^^^^^^^^^^^^^^^^^^^^^^^^^^^
[INFO] [stderr]    |
[INFO] [stderr] help: remove the unnecessary path segments
[INFO] [stderr]    |
[INFO] [stderr] 22 -     let (header, _) = core::header::Header::deserialize(&mut *req.handle.borrow_mut())
[INFO] [stderr] 22 +     let (header, _) = Header::deserialize(&mut *req.handle.borrow_mut())
[INFO] [stderr]    |
[INFO] [stderr] 
[INFO] [stderr] warning: `dexios-domain` (lib) generated 4 warnings (run `cargo fix --lib -p dexios-domain` to apply 3 suggestions)
[INFO] [stderr] warning: `dexios-domain` (lib test) generated 4 warnings (4 duplicates)
[INFO] [stderr]     Finished `test` profile [unoptimized + debuginfo] target(s) in 0.07s
[INFO] [stderr]      Running unittests src/lib.rs (/opt/rustwide/target/debug/deps/dexios_domain-19d9bbf3cd5099f4)
[INFO] [stdout] 
[INFO] [stdout] running 37 tests
[INFO] [stdout] test erase::tests::should_erase_file ... ok
[INFO] [stdout] test erase::tests::should_not_open_file ... ok
[INFO] [stdout] test erase_dir::tests::should_erase_dir_recursively_with_subfiles ... ok
[INFO] [stdout] test hash::tests::should_hash_big_string ... ok
[INFO] [stdout] test hash::tests::should_hash_string ... ok
[INFO] [stdout] test hash::tests::should_reset_position_and_make_hash ... ok
[INFO] [stdout] test overwrite::tests::should_erase_fill_random_bytes_one_hundred_times ... ok
[INFO] [stdout] test overwrite::tests::should_erase_fill_random_bytes_zero_times ... ok
[INFO] [stdout] test overwrite::tests::should_overwrite_empty_content ... ok
[INFO] [stdout] test overwrite::tests::should_overwrite_large_content ... ok
[INFO] [stdout] test overwrite::tests::should_overwrite_not_perfectly_divisible_content ... ok
[INFO] [stdout] test overwrite::tests::should_overwrite_perfectly_divisible_content ... ok
[INFO] [stdout] test overwrite::tests::should_overwrite_small_content ... ok
[INFO] [stdout] test decrypt::tests::should_decrypt_encrypted_content_with_v4_version has been running for over 60 seconds
[INFO] [stdout] test decrypt::tests::should_decrypt_encrypted_content_with_v5_version has been running for over 60 seconds
[INFO] [stdout] test decrypt::tests::should_decrypt_encrypted_detached_header_and_content_with_v5_version has been running for over 60 seconds
[INFO] [stdout] test decrypt::tests::should_decrypt_encrypted_full_detached_header_and_content_with_v5_version has been running for over 60 seconds
[INFO] [stdout] test encrypt::tests::should_encrypt_content_with_v4_version has been running for over 60 seconds
[INFO] [stdout] test encrypt::tests::should_encrypt_content_with_v5_version has been running for over 60 seconds
[INFO] [stdout] test encrypt::tests::should_save_header_separately has been running for over 60 seconds
[INFO] [stdout] test pack::tests::should_pack_bar_directory has been running for over 60 seconds
[INFO] [stdout] test encrypt::tests::should_encrypt_content_with_v4_version ... ok
[INFO] [stdout] test storage::tests::should_create_a_new_file ... ok
[INFO] [stdout] test storage::tests::should_get_file_length ... ok
[INFO] [stdout] test storage::tests::should_include_hidden_files_names ... ok
[INFO] [stdout] test storage::tests::should_not_open_file_to_read ... ok
[INFO] [stdout] test storage::tests::should_not_open_file_to_write ... ok
[INFO] [stdout] test storage::tests::should_open_dir ... ok
[INFO] [stdout] test storage::tests::should_open_exist_file_in_read_mode ... ok
[INFO] [stdout] test storage::tests::should_open_exist_file_in_write_mode ... ok
[INFO] [stdout] test storage::tests::should_remove_a_file_in_read_mode ... ok
[INFO] [stdout] test storage::tests::should_remove_a_file_in_write_mode ... ok
[INFO] [stdout] test storage::tests::should_remove_dir_recursively_with_subfiles ... ok
[INFO] [stdout] test storage::tests::should_remove_dir_with_subfiles ... ok
[INFO] [stdout] test storage::tests::should_return_file_names_of_dir_subfiles ... ok
[INFO] [stdout] test storage::tests::should_throw_an_error_if_file_already_exist ... ok
[INFO] [stdout] test storage::tests::should_write_content_to_file ... ok
[INFO] [stdout] test unpack::tests::should_unpack_encrypted_archive ... ignored, not yet implemented
[INFO] [stdout] test decrypt::tests::should_decrypt_encrypted_content_with_v4_version ... ok
[INFO] [stdout] test decrypt::tests::should_decrypt_encrypted_full_detached_header_and_content_with_v5_version ... FAILED
[INFO] [stdout] test decrypt::tests::should_decrypt_encrypted_content_with_v5_version ... ok
[INFO] [stdout] test pack::tests::should_pack_bar_directory ... ok
[INFO] [stdout] test decrypt::tests::should_decrypt_encrypted_detached_header_and_content_with_v5_version ... ok
[INFO] [stdout] test encrypt::tests::should_encrypt_content_with_v5_version ... ok
[INFO] [stdout] test encrypt::tests::should_save_header_separately ... ok
[INFO] [stdout] 
[INFO] [stdout] failures:
[INFO] [stdout] 
[INFO] [stdout] ---- decrypt::tests::should_decrypt_encrypted_full_detached_header_and_content_with_v5_version stdout ----
[INFO] [stdout] thread 'decrypt::tests::should_decrypt_encrypted_full_detached_header_and_content_with_v5_version' panicked at src/decrypt.rs:260:18:
[INFO] [stdout] internal error: entered unreachable code
[INFO] [stdout] stack backtrace:
[INFO] [stdout]    0:     0x62530031a6aa - std::backtrace_rs::backtrace::libunwind::trace::h5a5b8284f2d0c266
[INFO] [stdout]                                at /rustc/90b35a6239c3d8bdabc530a6a0816f7ff89a0aaf/library/std/src/../../backtrace/src/backtrace/libunwind.rs:116:5
[INFO] [stdout]    1:     0x62530031a6aa - std::backtrace_rs::backtrace::trace_unsynchronized::h76d4f1c9b0b875e3
[INFO] [stdout]                                at /rustc/90b35a6239c3d8bdabc530a6a0816f7ff89a0aaf/library/std/src/../../backtrace/src/backtrace/mod.rs:66:5
[INFO] [stdout]    2:     0x62530031a6aa - std::sys::backtrace::_print_fmt::hc4546b8364a537c6
[INFO] [stdout]                                at /rustc/90b35a6239c3d8bdabc530a6a0816f7ff89a0aaf/library/std/src/sys/backtrace.rs:66:9
[INFO] [stdout]    3:     0x62530031a6aa - <std::sys::backtrace::BacktraceLock::print::DisplayBacktrace as core::fmt::Display>::fmt::h5b6bd5631a6d1f6b
[INFO] [stdout]                                at /rustc/90b35a6239c3d8bdabc530a6a0816f7ff89a0aaf/library/std/src/sys/backtrace.rs:39:26
[INFO] [stdout]    4:     0x62530033fbf3 - core::fmt::rt::Argument::fmt::h270f6602a2b96f62
[INFO] [stdout]                                at /rustc/90b35a6239c3d8bdabc530a6a0816f7ff89a0aaf/library/core/src/fmt/rt.rs:177:76
[INFO] [stdout]    5:     0x62530033fbf3 - core::fmt::write::h7550c97b06c86515
[INFO] [stdout]                                at /rustc/90b35a6239c3d8bdabc530a6a0816f7ff89a0aaf/library/core/src/fmt/mod.rs:1186:21
[INFO] [stdout]    6:     0x6253003172b3 - std::io::Write::write_fmt::h509ff860e5956e5e
[INFO] [stdout]                                at /rustc/90b35a6239c3d8bdabc530a6a0816f7ff89a0aaf/library/std/src/io/mod.rs:1839:15
[INFO] [stdout]    7:     0x62530031a4f2 - std::sys::backtrace::BacktraceLock::print::h2395ccd2c84ba3aa
[INFO] [stdout]                                at /rustc/90b35a6239c3d8bdabc530a6a0816f7ff89a0aaf/library/std/src/sys/backtrace.rs:42:9
[INFO] [stdout]    8:     0x62530031bb0a - std::panicking::default_hook::{{closure}}::he19d4c7230e07961
[INFO] [stdout]                                at /rustc/90b35a6239c3d8bdabc530a6a0816f7ff89a0aaf/library/std/src/panicking.rs:268:22
[INFO] [stdout]    9:     0x62530031b914 - std::panicking::default_hook::hf614597d3c67bbdb
[INFO] [stdout]                                at /rustc/90b35a6239c3d8bdabc530a6a0816f7ff89a0aaf/library/std/src/panicking.rs:292:9
[INFO] [stdout]   10:     0x6253000af6a9 - <alloc::boxed::Box<F,A> as core::ops::function::Fn<Args>>::call::h39b51ce4599c23d1
[INFO] [stdout]                                at /rustc/90b35a6239c3d8bdabc530a6a0816f7ff89a0aaf/library/alloc/src/boxed.rs:2468:9
[INFO] [stdout]   11:     0x6253000af6a9 - test::test_main::{{closure}}::he977ae839a582784
[INFO] [stdout]                                at /rustc/90b35a6239c3d8bdabc530a6a0816f7ff89a0aaf/library/test/src/lib.rs:133:21
[INFO] [stdout]   12:     0x62530031c1a8 - <alloc::boxed::Box<F,A> as core::ops::function::Fn<Args>>::call::h9455091b6b06f9fb
[INFO] [stdout]                                at /rustc/90b35a6239c3d8bdabc530a6a0816f7ff89a0aaf/library/alloc/src/boxed.rs:2468:9
[INFO] [stdout]   13:     0x62530031c1a8 - std::panicking::rust_panic_with_hook::h8942133a8b252070
[INFO] [stdout]                                at /rustc/90b35a6239c3d8bdabc530a6a0816f7ff89a0aaf/library/std/src/panicking.rs:809:13
[INFO] [stdout]   14:     0x62530031bf36 - std::panicking::begin_panic_handler::{{closure}}::hb5f5963570096b29
[INFO] [stdout]                                at /rustc/90b35a6239c3d8bdabc530a6a0816f7ff89a0aaf/library/std/src/panicking.rs:667:13
[INFO] [stdout]   15:     0x62530031ab89 - std::sys::backtrace::__rust_end_short_backtrace::h6208cedc1922feda
[INFO] [stdout]                                at /rustc/90b35a6239c3d8bdabc530a6a0816f7ff89a0aaf/library/std/src/sys/backtrace.rs:170:18
[INFO] [stdout]   16:     0x62530031bbfc - rust_begin_unwind
[INFO] [stdout]                                at /rustc/90b35a6239c3d8bdabc530a6a0816f7ff89a0aaf/library/std/src/panicking.rs:665:5
[INFO] [stdout]   17:     0x6253000170c0 - core::panicking::panic_fmt::h0c3082644d1bf418
[INFO] [stdout]                                at /rustc/90b35a6239c3d8bdabc530a6a0816f7ff89a0aaf/library/core/src/panicking.rs:74:14
[INFO] [stdout]   18:     0x62530001714c - core::panicking::panic::h957f98c65a3b3074
[INFO] [stdout]                                at /rustc/90b35a6239c3d8bdabc530a6a0816f7ff89a0aaf/library/core/src/panicking.rs:148:5
[INFO] [stdout]   19:     0x62530002e6cd - dexios_domain::decrypt::tests::should_decrypt_encrypted_full_detached_header_and_content_with_v5_version::h03e65534902a63d3
[INFO] [stdout]                                at /opt/rustwide/workdir/src/decrypt.rs:260:18
[INFO] [stdout]   20:     0x62530002e437 - dexios_domain::decrypt::tests::should_decrypt_encrypted_full_detached_header_and_content_with_v5_version::{{closure}}::h2eae8f3dfbda4987
[INFO] [stdout]                                at /opt/rustwide/workdir/src/decrypt.rs:238:83
[INFO] [stdout]   21:     0x625300062e16 - core::ops::function::FnOnce::call_once::h3e425b00134ed645
[INFO] [stdout]                                at /rustc/90b35a6239c3d8bdabc530a6a0816f7ff89a0aaf/library/core/src/ops/function.rs:250:5
[INFO] [stdout]   22:     0x6253000b406b - core::ops::function::FnOnce::call_once::h109cf8051a59b34e
[INFO] [stdout]                                at /rustc/90b35a6239c3d8bdabc530a6a0816f7ff89a0aaf/library/core/src/ops/function.rs:250:5
[INFO] [stdout]   23:     0x6253000b406b - test::__rust_begin_short_backtrace::hf4fff89d377446ba
[INFO] [stdout]                                at /rustc/90b35a6239c3d8bdabc530a6a0816f7ff89a0aaf/library/test/src/lib.rs:621:18
[INFO] [stdout]   24:     0x6253000b38a7 - test::run_test_in_process::{{closure}}::h0e39181dd7ee5a43
[INFO] [stdout]                                at /rustc/90b35a6239c3d8bdabc530a6a0816f7ff89a0aaf/library/test/src/lib.rs:644:60
[INFO] [stdout]   25:     0x6253000b38a7 - <core::panic::unwind_safe::AssertUnwindSafe<F> as core::ops::function::FnOnce<()>>::call_once::hc5a66a30f0bdfd1f
[INFO] [stdout]                                at /rustc/90b35a6239c3d8bdabc530a6a0816f7ff89a0aaf/library/core/src/panic/unwind_safe.rs:272:9
[INFO] [stdout]   26:     0x6253000b38a7 - std::panicking::try::do_call::h873b7cf639554a5e
[INFO] [stdout]                                at /rustc/90b35a6239c3d8bdabc530a6a0816f7ff89a0aaf/library/std/src/panicking.rs:557:40
[INFO] [stdout]   27:     0x6253000b38a7 - std::panicking::try::hdb19862fad9c8bd1
[INFO] [stdout]                                at /rustc/90b35a6239c3d8bdabc530a6a0816f7ff89a0aaf/library/std/src/panicking.rs:520:19
[INFO] [stdout]   28:     0x6253000b38a7 - std::panic::catch_unwind::h281fe732d236d260
[INFO] [stdout]                                at /rustc/90b35a6239c3d8bdabc530a6a0816f7ff89a0aaf/library/std/src/panic.rs:358:14
[INFO] [stdout]   29:     0x6253000b38a7 - test::run_test_in_process::h949b6df8457ed338
[INFO] [stdout]                                at /rustc/90b35a6239c3d8bdabc530a6a0816f7ff89a0aaf/library/test/src/lib.rs:644:27
[INFO] [stdout]   30:     0x6253000b38a7 - test::run_test::{{closure}}::h52c556a6d4740e10
[INFO] [stdout]                                at /rustc/90b35a6239c3d8bdabc530a6a0816f7ff89a0aaf/library/test/src/lib.rs:565:43
[INFO] [stdout]   31:     0x625300078b84 - test::run_test::{{closure}}::h4237f6381c45ccb9
[INFO] [stdout]                                at /rustc/90b35a6239c3d8bdabc530a6a0816f7ff89a0aaf/library/test/src/lib.rs:595:41
[INFO] [stdout]   32:     0x625300078b84 - std::sys::backtrace::__rust_begin_short_backtrace::h505c97a579eca628
[INFO] [stdout]                                at /rustc/90b35a6239c3d8bdabc530a6a0816f7ff89a0aaf/library/std/src/sys/backtrace.rs:154:18
[INFO] [stdout]   33:     0x62530007c24e - std::thread::Builder::spawn_unchecked_::{{closure}}::{{closure}}::h9e86b2e2bc107ea3
[INFO] [stdout]                                at /rustc/90b35a6239c3d8bdabc530a6a0816f7ff89a0aaf/library/std/src/thread/mod.rs:538:17
[INFO] [stdout]   34:     0x62530007c24e - <core::panic::unwind_safe::AssertUnwindSafe<F> as core::ops::function::FnOnce<()>>::call_once::h8b06ddb275ff4a25
[INFO] [stdout]                                at /rustc/90b35a6239c3d8bdabc530a6a0816f7ff89a0aaf/library/core/src/panic/unwind_safe.rs:272:9
[INFO] [stdout]   35:     0x62530007c24e - std::panicking::try::do_call::hb26ecd7cd9a9355d
[INFO] [stdout]                                at /rustc/90b35a6239c3d8bdabc530a6a0816f7ff89a0aaf/library/std/src/panicking.rs:557:40
[INFO] [stdout]   36:     0x62530007c24e - std::panicking::try::h8ddeca9d705f9069
[INFO] [stdout]                                at /rustc/90b35a6239c3d8bdabc530a6a0816f7ff89a0aaf/library/std/src/panicking.rs:520:19
[INFO] [stdout]   37:     0x62530007c24e - std::panic::catch_unwind::h49e1c33078844c46
[INFO] [stdout]                                at /rustc/90b35a6239c3d8bdabc530a6a0816f7ff89a0aaf/library/std/src/panic.rs:358:14
[INFO] [stdout]   38:     0x62530007c24e - std::thread::Builder::spawn_unchecked_::{{closure}}::h6073db6ff56ad35d
[INFO] [stdout]                                at /rustc/90b35a6239c3d8bdabc530a6a0816f7ff89a0aaf/library/std/src/thread/mod.rs:537:30
[INFO] [stdout]   39:     0x62530007c24e - core::ops::function::FnOnce::call_once{{vtable.shim}}::h2c5a5f3779c774f1
[INFO] [stdout]                                at /rustc/90b35a6239c3d8bdabc530a6a0816f7ff89a0aaf/library/core/src/ops/function.rs:250:5
[INFO] [stdout]   40:     0x62530031ff7b - <alloc::boxed::Box<F,A> as core::ops::function::FnOnce<Args>>::call_once::hf75717d9f28faebf
[INFO] [stdout]                                at /rustc/90b35a6239c3d8bdabc530a6a0816f7ff89a0aaf/library/alloc/src/boxed.rs:2454:9
[INFO] [stdout]   41:     0x62530031ff7b - <alloc::boxed::Box<F,A> as core::ops::function::FnOnce<Args>>::call_once::h7bd883a5f3c5f3c1
[INFO] [stdout]                                at /rustc/90b35a6239c3d8bdabc530a6a0816f7ff89a0aaf/library/alloc/src/boxed.rs:2454:9
[INFO] [stdout]   42:     0x62530031ff7b - std::sys::pal::unix::thread::Thread::new::thread_start::hcc78f3943333fa94
[INFO] [stdout]                                at /rustc/90b35a6239c3d8bdabc530a6a0816f7ff89a0aaf/library/std/src/sys/pal/unix/thread.rs:105:17
[INFO] [stdout]   43:     0x713b2ddeeac3 - <unknown>
[INFO] [stdout]   44:     0x713b2de7fa04 - clone
[INFO] [stdout]   45:                0x0 - <unknown>
[INFO] [stdout] 
[INFO] [stdout] 
[INFO] [stdout] failures:
[INFO] [stdout]     decrypt::tests::should_decrypt_encrypted_full_detached_header_and_content_with_v5_version
[INFO] [stdout] 
[INFO] [stdout] test result: FAILED. 35 passed; 1 failed; 1 ignored; 0 measured; 0 filtered out; finished in 250.68s
[INFO] [stdout] 
[INFO] [stderr] error: test failed, to rerun pass `--lib`
[INFO] running `Command { std: "docker" "inspect" "f82b2346549b5a7890ebb2f5dcfc6c0461ca4e520407878e28ee4eb21239f215", kill_on_drop: false }`
[INFO] running `Command { std: "docker" "rm" "-f" "f82b2346549b5a7890ebb2f5dcfc6c0461ca4e520407878e28ee4eb21239f215", kill_on_drop: false }`
[INFO] [stdout] f82b2346549b5a7890ebb2f5dcfc6c0461ca4e520407878e28ee4eb21239f215
