[INFO] fetching crate devcaders 0.6.0...
[INFO] testing devcaders-0.6.0 against 1.83.0 for beta-1.84.0-4-retry
[INFO] extracting crate devcaders 0.6.0 into /workspace/builds/worker-2-tc1/source
[INFO] validating manifest of crates.io crate devcaders 0.6.0 on toolchain 1.83.0
[INFO] running `Command { std: CARGO_HOME="/workspace/cargo-home" RUSTUP_HOME="/workspace/rustup-home" "/workspace/cargo-home/bin/cargo" "+1.83.0" "metadata" "--manifest-path" "Cargo.toml" "--no-deps", kill_on_drop: false }`
[INFO] started tweaking crates.io crate devcaders 0.6.0
[INFO] finished tweaking crates.io crate devcaders 0.6.0
[INFO] tweaked toml for crates.io crate devcaders 0.6.0 written to /workspace/builds/worker-2-tc1/source/Cargo.toml
[INFO] running `Command { std: CARGO_HOME="/workspace/cargo-home" RUSTUP_HOME="/workspace/rustup-home" "/workspace/cargo-home/bin/cargo" "+1.83.0" "generate-lockfile" "--manifest-path" "Cargo.toml", kill_on_drop: false }`
[INFO] [stderr]     Blocking waiting for file lock on package cache
[INFO] [stderr]     Updating crates.io index
[INFO] [stderr]     Blocking waiting for file lock on package cache
[INFO] [stderr]      Locking 235 packages to latest compatible versions
[INFO] [stderr]       Adding bevy v0.12.1 (available: v0.15.0)
[INFO] [stderr]       Adding block-sys v0.1.0-beta.1 (available: v0.1.0-beta.2)
[INFO] [stderr]       Adding block2 v0.2.0-alpha.6 (available: v0.2.0)
[INFO] [stderr]       Adding enum-iterator v1.5.0 (available: v2.1.0)
[INFO] [stderr]       Adding futures-lite v1.13.0 (available: v2.5.0)
[INFO] [stderr]       Adding objc-sys v0.2.0-beta.2 (available: v0.2.0-beta.3)
[INFO] [stderr]       Adding objc2 v0.3.0-beta.3.patch-leaks.3 (available: v0.3.0-beta.5)
[INFO] [stderr]       Adding objc2-encode v2.0.0-pre.2 (available: v2.0.0)
[INFO] running `Command { std: CARGO_HOME="/workspace/cargo-home" RUSTUP_HOME="/workspace/rustup-home" "/workspace/cargo-home/bin/cargo" "+1.83.0" "fetch" "--manifest-path" "Cargo.toml", kill_on_drop: false }`
[INFO] [stderr]     Blocking waiting for file lock on package cache
[INFO] [stderr]  Downloading crates ...
[INFO] [stderr]   Downloaded async-compat v0.2.4
[INFO] [stderr]   Downloaded devcade_onboard_types v0.1.0
[INFO] running `Command { std: "docker" "create" "-v" "/var/lib/crater-agent-workspace/builds/worker-2-tc1/target:/opt/rustwide/target:rw,Z" "-v" "/var/lib/crater-agent-workspace/builds/worker-2-tc1/source:/opt/rustwide/workdir:ro,Z" "-v" "/var/lib/crater-agent-workspace/cargo-home:/opt/rustwide/cargo-home:ro,Z" "-v" "/var/lib/crater-agent-workspace/rustup-home:/opt/rustwide/rustup-home:ro,Z" "-e" "SOURCE_DIR=/opt/rustwide/workdir" "-e" "CARGO_TARGET_DIR=/opt/rustwide/target" "-e" "CARGO_HOME=/opt/rustwide/cargo-home" "-e" "RUSTUP_HOME=/opt/rustwide/rustup-home" "-w" "/opt/rustwide/workdir" "-m" "1610612736" "--user" "0:0" "--network" "none" "ghcr.io/rust-lang/crates-build-env/linux@sha256:f3a9d4ad9d972b27faf3965f35b62e55ba32bbce8f20bc8fe909558a86702fde" "/opt/rustwide/cargo-home/bin/cargo" "+1.83.0" "metadata" "--no-deps" "--format-version=1", kill_on_drop: false }`
[INFO] [stdout] 95991528d48a3f50437dc5a23ae81ecb68c4c81a52a1db89358026989968eb51
[INFO] running `Command { std: "docker" "start" "-a" "95991528d48a3f50437dc5a23ae81ecb68c4c81a52a1db89358026989968eb51", kill_on_drop: false }`
[INFO] running `Command { std: "docker" "inspect" "95991528d48a3f50437dc5a23ae81ecb68c4c81a52a1db89358026989968eb51", kill_on_drop: false }`
[INFO] running `Command { std: "docker" "rm" "-f" "95991528d48a3f50437dc5a23ae81ecb68c4c81a52a1db89358026989968eb51", kill_on_drop: false }`
[INFO] [stdout] 95991528d48a3f50437dc5a23ae81ecb68c4c81a52a1db89358026989968eb51
[INFO] running `Command { std: "docker" "create" "-v" "/var/lib/crater-agent-workspace/builds/worker-2-tc1/target:/opt/rustwide/target:rw,Z" "-v" "/var/lib/crater-agent-workspace/builds/worker-2-tc1/source:/opt/rustwide/workdir:ro,Z" "-v" "/var/lib/crater-agent-workspace/cargo-home:/opt/rustwide/cargo-home:ro,Z" "-v" "/var/lib/crater-agent-workspace/rustup-home:/opt/rustwide/rustup-home:ro,Z" "-e" "SOURCE_DIR=/opt/rustwide/workdir" "-e" "CARGO_TARGET_DIR=/opt/rustwide/target" "-e" "CARGO_INCREMENTAL=0" "-e" "RUST_BACKTRACE=full" "-e" "RUSTFLAGS=--cap-lints=warn" "-e" "RUSTDOCFLAGS=--cap-lints=warn" "-e" "CARGO_HOME=/opt/rustwide/cargo-home" "-e" "RUSTUP_HOME=/opt/rustwide/rustup-home" "-w" "/opt/rustwide/workdir" "-m" "1610612736" "--user" "0:0" "--network" "none" "ghcr.io/rust-lang/crates-build-env/linux@sha256:f3a9d4ad9d972b27faf3965f35b62e55ba32bbce8f20bc8fe909558a86702fde" "/opt/rustwide/cargo-home/bin/cargo" "+1.83.0" "build" "--frozen" "--message-format=json", kill_on_drop: false }`
[INFO] [stdout] b3c60b5f4d8829c984ecc02e11823ab9166b9cea2480423dd4bd1032d3cd92f4
[INFO] running `Command { std: "docker" "start" "-a" "b3c60b5f4d8829c984ecc02e11823ab9166b9cea2480423dd4bd1032d3cd92f4", kill_on_drop: false }`
[INFO] [stderr]    Compiling proc-macro2 v1.0.92
[INFO] [stderr]    Compiling unicode-ident v1.0.14
[INFO] [stderr]    Compiling serde v1.0.216
[INFO] [stderr]    Compiling cfg-if v1.0.0
[INFO] [stderr]    Compiling pin-project-lite v0.2.15
[INFO] [stderr]    Compiling libc v0.2.168
[INFO] [stderr]    Compiling crossbeam-utils v0.8.20
[INFO] [stderr]    Compiling autocfg v1.4.0
[INFO] [stderr]    Compiling once_cell v1.20.2
[INFO] [stderr]    Compiling hashbrown v0.15.2
[INFO] [stderr]    Compiling equivalent v1.0.1
[INFO] [stderr]    Compiling futures-core v0.3.31
[INFO] [stderr]    Compiling toml_datetime v0.6.8
[INFO] [stderr]    Compiling winnow v0.5.40
[INFO] [stderr]    Compiling parking v2.2.1
[INFO] [stderr]    Compiling tracing-core v0.1.33
[INFO] [stderr]    Compiling indexmap v2.7.0
[INFO] [stderr]    Compiling version_check v0.9.5
[INFO] [stderr]    Compiling quote v1.0.37
[INFO] [stderr]    Compiling concurrent-queue v2.5.0
[INFO] [stderr]    Compiling syn v2.0.90
[INFO] [stderr]    Compiling futures-io v0.3.31
[INFO] [stderr]    Compiling rustc-hash v1.1.0
[INFO] [stderr]    Compiling ahash v0.8.11
[INFO] [stderr]    Compiling memchr v2.7.4
[INFO] [stderr]    Compiling event-listener v2.5.3
[INFO] [stderr]    Compiling fastrand v2.3.0
[INFO] [stderr]    Compiling slab v0.4.9
[INFO] [stderr]    Compiling futures-lite v2.5.0
[INFO] [stderr]    Compiling getrandom v0.2.15
[INFO] [stderr]    Compiling thiserror v1.0.69
[INFO] [stderr]    Compiling zerocopy v0.7.35
[INFO] [stderr]    Compiling async-task v4.7.1
[INFO] [stderr]    Compiling tracing v0.1.41
[INFO] [stderr]    Compiling fixedbitset v0.4.2
[INFO] [stderr]    Compiling fastrand v1.9.0
[INFO] [stderr]    Compiling bytemuck v1.20.0
[INFO] [stderr]    Compiling waker-fn v1.2.0
[INFO] [stderr]    Compiling allocator-api2 v0.2.21
[INFO] [stderr]    Compiling petgraph v0.6.5
[INFO] [stderr]    Compiling toml_edit v0.20.7
[INFO] [stderr]    Compiling futures-lite v1.13.0
[INFO] [stderr]    Compiling instant v0.1.13
[INFO] [stderr]    Compiling nonmax v0.5.5
[INFO] [stderr]    Compiling async-executor v1.13.1
[INFO] [stderr]    Compiling async-channel v1.9.0
[INFO] [stderr]    Compiling uuid v1.11.0
[INFO] [stderr]    Compiling thread_local v1.1.8
[INFO] [stderr]    Compiling downcast-rs v1.2.1
[INFO] [stderr]    Compiling bevy_ptr v0.12.1
[INFO] [stderr]    Compiling smol_str v0.2.2
[INFO] [stderr]    Compiling regex-syntax v0.6.29
[INFO] [stderr]    Compiling regex-syntax v0.8.5
[INFO] [stderr]    Compiling log v0.4.22
[INFO] [stderr]    Compiling bevy_tasks v0.12.1
[INFO] [stderr]    Compiling overload v0.1.1
[INFO] [stderr]    Compiling lazy_static v1.5.0
[INFO] [stderr]    Compiling nu-ansi-term v0.46.0
[INFO] [stderr]    Compiling sharded-slab v0.1.7
[INFO] [stderr]    Compiling bevy_macro_utils v0.12.1
[INFO] [stderr]    Compiling tracing-log v0.2.0
[INFO] [stderr]    Compiling tracing-log v0.1.4
[INFO] [stderr]    Compiling event-listener v5.3.1
[INFO] [stderr]    Compiling shlex v1.3.0
[INFO] [stderr]    Compiling lock_api v0.4.12
[INFO] [stderr]    Compiling cc v1.2.4
[INFO] [stderr]    Compiling event-listener-strategy v0.5.3
[INFO] [stderr]    Compiling atomic-waker v1.1.2
[INFO] [stderr]    Compiling parking_lot_core v0.9.10
[INFO] [stderr]    Compiling piper v0.2.4
[INFO] [stderr]    Compiling async-channel v2.3.1
[INFO] [stderr]    Compiling crossbeam-channel v0.5.13
[INFO] [stderr]    Compiling async-fs v1.6.0
[INFO] [stderr]    Compiling scopeguard v1.2.0
[INFO] [stderr]    Compiling regex-automata v0.4.9
[INFO] [stderr]    Compiling blocking v1.6.1
[INFO] [stderr]    Compiling regex-automata v0.1.10
[INFO] [stderr]    Compiling async-lock v2.8.0
[INFO] [stderr]    Compiling arrayref v0.3.9
[INFO] [stderr]    Compiling arrayvec v0.7.6
[INFO] [stderr]    Compiling constant_time_eq v0.3.1
[INFO] [stderr]    Compiling base64 v0.21.7
[INFO] [stderr]    Compiling accesskit v0.12.3
[INFO] [stderr]    Compiling serde_derive v1.0.216
[INFO] [stderr]    Compiling thiserror-impl v1.0.69
[INFO] [stderr]    Compiling bevy_utils_proc_macros v0.12.1
[INFO] [stderr]    Compiling bevy_reflect_derive v0.12.1
[INFO] [stderr]    Compiling bevy_ecs_macros v0.12.1
[INFO] [stderr]    Compiling bevy_derive v0.12.1
[INFO] [stderr]    Compiling regex v1.11.1
[INFO] [stderr]    Compiling matchers v0.1.0
[INFO] [stderr]    Compiling blake3 v1.5.5
[INFO] [stderr]    Compiling bevy_asset_macros v0.12.1
[INFO] [stderr]    Compiling sysinfo v0.29.11
[INFO] [stderr]    Compiling async-broadcast v0.5.1
[INFO] [stderr]    Compiling raw-window-handle v0.5.2
[INFO] [stderr]    Compiling serde_json v1.0.133
[INFO] [stderr]    Compiling anyhow v1.0.94
[INFO] [stderr]    Compiling mio v1.0.3
[INFO] [stderr]    Compiling socket2 v0.5.8
[INFO] [stderr]    Compiling bytes v1.9.0
[INFO] [stderr]    Compiling ryu v1.0.18
[INFO] [stderr]    Compiling itoa v1.0.14
[INFO] [stderr]    Compiling tokio v1.42.0
[INFO] [stderr]    Compiling enum-iterator-derive v1.4.0
[INFO] [stderr]    Compiling enum-iterator v1.5.0
[INFO] [stderr]    Compiling async-compat v0.2.4
[INFO] [stderr]    Compiling smallvec v1.13.2
[INFO] [stderr]    Compiling hashbrown v0.14.5
[INFO] [stderr]    Compiling glam v0.24.2
[INFO] [stderr]    Compiling erased-serde v0.3.31
[INFO] [stderr]    Compiling bitflags v2.6.0
[INFO] [stderr]    Compiling ron v0.8.1
[INFO] [stderr]    Compiling tracing-subscriber v0.3.19
[INFO] [stderr]    Compiling parking_lot v0.12.3
[INFO] [stderr]    Compiling bevy_utils v0.12.1
[INFO] [stderr]    Compiling devcade_onboard_types v0.1.0
[INFO] [stderr]    Compiling bevy_math v0.12.1
[INFO] [stderr]    Compiling bevy_reflect v0.12.1
[INFO] [stderr]    Compiling bevy_ecs v0.12.1
[INFO] [stderr]    Compiling bevy_app v0.12.1
[INFO] [stderr]    Compiling bevy_log v0.12.1
[INFO] [stderr]    Compiling bevy_core v0.12.1
[INFO] [stderr]    Compiling bevy_time v0.12.1
[INFO] [stderr]    Compiling bevy_input v0.12.1
[INFO] [stderr]    Compiling bevy_hierarchy v0.12.1
[INFO] [stderr]    Compiling bevy_a11y v0.12.1
[INFO] [stderr]    Compiling bevy_asset v0.12.1
[INFO] [stderr]    Compiling bevy_transform v0.12.1
[INFO] [stderr]    Compiling bevy_diagnostic v0.12.1
[INFO] [stderr]    Compiling bevy_window v0.12.1
[INFO] [stderr]    Compiling bevy_internal v0.12.1
[INFO] [stderr]    Compiling bevy v0.12.1
[INFO] [stderr]    Compiling devcaders v0.6.0 (/opt/rustwide/workdir)
[INFO] [stderr]     Finished `dev` profile [unoptimized + debuginfo] target(s) in 2m 00s
[INFO] running `Command { std: "docker" "inspect" "b3c60b5f4d8829c984ecc02e11823ab9166b9cea2480423dd4bd1032d3cd92f4", kill_on_drop: false }`
[INFO] running `Command { std: "docker" "rm" "-f" "b3c60b5f4d8829c984ecc02e11823ab9166b9cea2480423dd4bd1032d3cd92f4", kill_on_drop: false }`
[INFO] [stdout] b3c60b5f4d8829c984ecc02e11823ab9166b9cea2480423dd4bd1032d3cd92f4
[INFO] running `Command { std: "docker" "create" "-v" "/var/lib/crater-agent-workspace/builds/worker-2-tc1/target:/opt/rustwide/target:rw,Z" "-v" "/var/lib/crater-agent-workspace/builds/worker-2-tc1/source:/opt/rustwide/workdir:ro,Z" "-v" "/var/lib/crater-agent-workspace/cargo-home:/opt/rustwide/cargo-home:ro,Z" "-v" "/var/lib/crater-agent-workspace/rustup-home:/opt/rustwide/rustup-home:ro,Z" "-e" "SOURCE_DIR=/opt/rustwide/workdir" "-e" "CARGO_TARGET_DIR=/opt/rustwide/target" "-e" "CARGO_INCREMENTAL=0" "-e" "RUST_BACKTRACE=full" "-e" "RUSTFLAGS=--cap-lints=warn" "-e" "RUSTDOCFLAGS=--cap-lints=warn" "-e" "CARGO_HOME=/opt/rustwide/cargo-home" "-e" "RUSTUP_HOME=/opt/rustwide/rustup-home" "-w" "/opt/rustwide/workdir" "-m" "1610612736" "--user" "0:0" "--network" "none" "ghcr.io/rust-lang/crates-build-env/linux@sha256:f3a9d4ad9d972b27faf3965f35b62e55ba32bbce8f20bc8fe909558a86702fde" "/opt/rustwide/cargo-home/bin/cargo" "+1.83.0" "test" "--frozen" "--no-run" "--message-format=json", kill_on_drop: false }`
[INFO] [stdout] 367f86d81bebda3927f647950df1d4127806704c13acb5bfdd8edef052a7740a
[INFO] running `Command { std: "docker" "start" "-a" "367f86d81bebda3927f647950df1d4127806704c13acb5bfdd8edef052a7740a", kill_on_drop: false }`
[INFO] [stderr]    Compiling devcaders v0.6.0 (/opt/rustwide/workdir)
[INFO] [stderr]     Finished `test` profile [unoptimized + debuginfo] target(s) in 1.64s
[INFO] running `Command { std: "docker" "inspect" "367f86d81bebda3927f647950df1d4127806704c13acb5bfdd8edef052a7740a", kill_on_drop: false }`
[INFO] running `Command { std: "docker" "rm" "-f" "367f86d81bebda3927f647950df1d4127806704c13acb5bfdd8edef052a7740a", kill_on_drop: false }`
[INFO] [stdout] 367f86d81bebda3927f647950df1d4127806704c13acb5bfdd8edef052a7740a
[INFO] running `Command { std: "docker" "create" "-v" "/var/lib/crater-agent-workspace/builds/worker-2-tc1/target:/opt/rustwide/target:rw,Z" "-v" "/var/lib/crater-agent-workspace/builds/worker-2-tc1/source:/opt/rustwide/workdir:ro,Z" "-v" "/var/lib/crater-agent-workspace/cargo-home:/opt/rustwide/cargo-home:ro,Z" "-v" "/var/lib/crater-agent-workspace/rustup-home:/opt/rustwide/rustup-home:ro,Z" "-e" "SOURCE_DIR=/opt/rustwide/workdir" "-e" "CARGO_TARGET_DIR=/opt/rustwide/target" "-e" "CARGO_INCREMENTAL=0" "-e" "RUST_BACKTRACE=full" "-e" "RUSTFLAGS=--cap-lints=warn" "-e" "RUSTDOCFLAGS=--cap-lints=warn" "-e" "CARGO_HOME=/opt/rustwide/cargo-home" "-e" "RUSTUP_HOME=/opt/rustwide/rustup-home" "-w" "/opt/rustwide/workdir" "-m" "1610612736" "--user" "0:0" "--network" "none" "ghcr.io/rust-lang/crates-build-env/linux@sha256:f3a9d4ad9d972b27faf3965f35b62e55ba32bbce8f20bc8fe909558a86702fde" "/opt/rustwide/cargo-home/bin/cargo" "+1.83.0" "test" "--frozen", kill_on_drop: false }`
[INFO] [stdout] 901b784e944e61a098c55330555674655d7efcd6658ef79fcf7114eb552f2489
[INFO] running `Command { std: "docker" "start" "-a" "901b784e944e61a098c55330555674655d7efcd6658ef79fcf7114eb552f2489", kill_on_drop: false }`
[INFO] [stderr]     Finished `test` profile [unoptimized + debuginfo] target(s) in 0.22s
[INFO] [stderr]      Running unittests src/lib.rs (/opt/rustwide/target/debug/deps/devcaders-db3318b8d86c19e3)
[INFO] [stdout] 
[INFO] [stdout] running 0 tests
[INFO] [stdout] 
[INFO] [stderr]    Doc-tests devcaders
[INFO] [stdout] test result: ok. 0 passed; 0 failed; 0 ignored; 0 measured; 0 filtered out; finished in 0.00s
[INFO] [stdout] 
[INFO] [stdout] 
[INFO] [stdout] running 4 tests
[INFO] [stdout] test src/lib.rs - NfcUserRequestComponent (line 448) ... FAILED
[INFO] [stdout] test src/client.rs - client::BackendClient (line 58) ... FAILED
[INFO] [stdout] test src/lib.rs - NfcTagRequestComponent (line 394) ... FAILED
[INFO] [stdout] test src/lib.rs - DevcadeControls (line 35) ... ok
[INFO] [stdout] 
[INFO] [stdout] failures:
[INFO] [stdout] 
[INFO] [stdout] ---- src/lib.rs - NfcUserRequestComponent (line 448) stdout ----
[INFO] [stdout] error: mismatched closing delimiter: `}`
[INFO] [stdout]   --> src/lib.rs:463:23
[INFO] [stdout]    |
[INFO] [stdout] 14 |       if let Ok(Some(tag_id)) = tag {
[INFO] [stdout]    |                                     - closing delimiter possibly meant for this
[INFO] [stdout] 15 |         commands.spawn(MyNfcUserRequest(NfcUserRequestComponent::new(tag));
[INFO] [stdout]    |                       ^ unclosed delimiter
[INFO] [stdout] 16 |       }
[INFO] [stdout]    |       ^ mismatched closing delimiter
[INFO] [stdout] 
[INFO] [stdout] error: aborting due to 1 previous error
[INFO] [stdout] 
[INFO] [stdout] Couldn't compile the test.
[INFO] [stdout] ---- src/client.rs - client::BackendClient (line 58) stdout ----
[INFO] [stdout] error[E0412]: cannot find type `BackendClient` in this scope
[INFO] [stdout]  --> src/client.rs:59:21
[INFO] [stdout]   |
[INFO] [stdout] 3 | let backend_client: BackendClient = Default::default();
[INFO] [stdout]   |                     ^^^^^^^^^^^^^ not found in this scope
[INFO] [stdout]   |
[INFO] [stdout] help: consider importing this struct
[INFO] [stdout]   |
[INFO] [stdout] 2 + use devcaders::BackendClient;
[INFO] [stdout]   |
[INFO] [stdout] 
[INFO] [stdout] error[E0433]: failed to resolve: use of undeclared type `RequestBody`
[INFO] [stdout]  --> src/client.rs:60:32
[INFO] [stdout]   |
[INFO] [stdout] 4 | let pong = backend_client.send(RequestBody::Ping).await.unwrap();
[INFO] [stdout]   |                                ^^^^^^^^^^^ use of undeclared type `RequestBody`
[INFO] [stdout]   |
[INFO] [stdout] help: consider importing this enum
[INFO] [stdout]   |
[INFO] [stdout] 2 + use devcade_onboard_types::RequestBody;
[INFO] [stdout]   |
[INFO] [stdout] 
[INFO] [stdout] error[E0728]: `await` is only allowed inside `async` functions and blocks
[INFO] [stdout]  --> src/client.rs:60:51
[INFO] [stdout]   |
[INFO] [stdout] 2 | fn main() { #[allow(non_snake_case)] fn _doctest_main_src_client_rs_58_0() {
[INFO] [stdout]   |                                      ------------------------------------- this is not `async`
[INFO] [stdout] 3 | let backend_client: BackendClient = Default::default();
[INFO] [stdout] 4 | let pong = backend_client.send(RequestBody::Ping).await.unwrap();
[INFO] [stdout]   |                                                   ^^^^^ only allowed inside `async` functions and blocks
[INFO] [stdout] 
[INFO] [stdout] error: aborting due to 3 previous errors
[INFO] [stdout] 
[INFO] [stdout] Some errors have detailed explanations: E0412, E0433, E0728.
[INFO] [stdout] For more information about an error, try `rustc --explain E0412`.
[INFO] [stdout] Couldn't compile the test.
[INFO] [stdout] ---- src/lib.rs - NfcTagRequestComponent (line 394) stdout ----
[INFO] [stdout] error: cannot find derive macro `Component` in this scope
[INFO] [stdout]  --> src/lib.rs:395:10
[INFO] [stdout]   |
[INFO] [stdout] 3 | #[derive(Component, Deref, DerefMut)]
[INFO] [stdout]   |          ^^^^^^^^^
[INFO] [stdout]   |
[INFO] [stdout] help: consider importing this derive macro
[INFO] [stdout]   |
[INFO] [stdout] 2 + use bevy::ecs::component::Component;
[INFO] [stdout]   |
[INFO] [stdout] 
[INFO] [stdout] error: cannot find derive macro `Deref` in this scope
[INFO] [stdout]  --> src/lib.rs:395:21
[INFO] [stdout]   |
[INFO] [stdout] 3 | #[derive(Component, Deref, DerefMut)]
[INFO] [stdout]   |                     ^^^^^
[INFO] [stdout]   |
[INFO] [stdout] help: consider importing this derive macro
[INFO] [stdout]   |
[INFO] [stdout] 2 + use bevy::prelude::Deref;
[INFO] [stdout]   |
[INFO] [stdout] 
[INFO] [stdout] error: cannot find derive macro `DerefMut` in this scope
[INFO] [stdout]  --> src/lib.rs:395:28
[INFO] [stdout]   |
[INFO] [stdout] 3 | #[derive(Component, Deref, DerefMut)]
[INFO] [stdout]   |                            ^^^^^^^^
[INFO] [stdout]   |
[INFO] [stdout] help: consider importing this derive macro
[INFO] [stdout]   |
[INFO] [stdout] 2 + use bevy::prelude::DerefMut;
[INFO] [stdout]   |
[INFO] [stdout] 
[INFO] [stdout] error[E0412]: cannot find type `NfcTagRequestComponent` in this scope
[INFO] [stdout]  --> src/lib.rs:396:24
[INFO] [stdout]   |
[INFO] [stdout] 4 | struct MyNfcTagRequest(NfcTagRequestComponent);
[INFO] [stdout]   |                        ^^^^^^^^^^^^^^^^^^^^^^ not found in this scope
[INFO] [stdout]   |
[INFO] [stdout] help: consider importing this struct
[INFO] [stdout]   |
[INFO] [stdout] 2 + use devcaders::NfcTagRequestComponent;
[INFO] [stdout]   |
[INFO] [stdout] 
[INFO] [stdout] error[E0412]: cannot find type `Commands` in this scope
[INFO] [stdout]  --> src/lib.rs:397:29
[INFO] [stdout]   |
[INFO] [stdout] 5 | fn nfc_system(mut commands: Commands, mut tags_request: Query<(&mut MyNfcTagRequest, Entity)>) {
[INFO] [stdout]   |                             ^^^^^^^^ not found in this scope
[INFO] [stdout]   |
[INFO] [stdout] help: consider importing this struct
[INFO] [stdout]   |
[INFO] [stdout] 2 + use bevy::ecs::system::Commands;
[INFO] [stdout]   |
[INFO] [stdout] 
[INFO] [stdout] error[E0412]: cannot find type `Query` in this scope
[INFO] [stdout]  --> src/lib.rs:397:57
[INFO] [stdout]   |
[INFO] [stdout] 5 | fn nfc_system(mut commands: Commands, mut tags_request: Query<(&mut MyNfcTagRequest, Entity)>) {
[INFO] [stdout]   |                                                         ^^^^^ not found in this scope
[INFO] [stdout]   |
[INFO] [stdout] help: consider importing this struct
[INFO] [stdout]   |
[INFO] [stdout] 2 + use bevy::ecs::system::Query;
[INFO] [stdout]   |
[INFO] [stdout] 
[INFO] [stdout] error[E0412]: cannot find type `Entity` in this scope
[INFO] [stdout]  --> src/lib.rs:397:86
[INFO] [stdout]   |
[INFO] [stdout] 5 | fn nfc_system(mut commands: Commands, mut tags_request: Query<(&mut MyNfcTagRequest, Entity)>) {
[INFO] [stdout]   |                                                                                      ^^^^^^ not found in this scope
[INFO] [stdout]   |
[INFO] [stdout] help: consider importing this struct
[INFO] [stdout]   |
[INFO] [stdout] 2 + use bevy::ecs::entity::Entity;
[INFO] [stdout]   |
[INFO] [stdout] 
[INFO] [stdout] error[E0433]: failed to resolve: use of undeclared type `NfcTagRequestComponent`
[INFO] [stdout]   --> src/lib.rs:406:36
[INFO] [stdout]    |
[INFO] [stdout] 14 |     commands.spawn(MyNfcTagRequest(NfcTagRequestComponent::new()));
[INFO] [stdout]    |                                    ^^^^^^^^^^^^^^^^^^^^^^ use of undeclared type `NfcTagRequestComponent`
[INFO] [stdout]    |
[INFO] [stdout] help: consider importing this struct
[INFO] [stdout]    |
[INFO] [stdout] 2  + use devcaders::NfcTagRequestComponent;
[INFO] [stdout]    |
[INFO] [stdout] 
[INFO] [stdout] error: aborting due to 8 previous errors
[INFO] [stdout] 
[INFO] [stdout] Some errors have detailed explanations: E0412, E0433.
[INFO] [stdout] For more information about an error, try `rustc --explain E0412`.
[INFO] [stdout] Couldn't compile the test.
[INFO] [stdout] 
[INFO] [stdout] failures:
[INFO] [stdout]     src/client.rs - client::BackendClient (line 58)
[INFO] [stdout]     src/lib.rs - NfcTagRequestComponent (line 394)
[INFO] [stdout]     src/lib.rs - NfcUserRequestComponent (line 448)
[INFO] [stdout] 
[INFO] [stdout] test result: FAILED. 1 passed; 3 failed; 0 ignored; 0 measured; 0 filtered out; finished in 0.66s
[INFO] [stdout] 
[INFO] [stderr] error: doctest failed, to rerun pass `--doc`
[INFO] running `Command { std: "docker" "inspect" "901b784e944e61a098c55330555674655d7efcd6658ef79fcf7114eb552f2489", kill_on_drop: false }`
[INFO] running `Command { std: "docker" "rm" "-f" "901b784e944e61a098c55330555674655d7efcd6658ef79fcf7114eb552f2489", kill_on_drop: false }`
[INFO] [stdout] 901b784e944e61a098c55330555674655d7efcd6658ef79fcf7114eb552f2489
