[INFO] fetching crate devai 0.5.3...
[INFO] testing devai-0.5.3 against 1.83.0 for beta-1.84.0-4-retry
[INFO] extracting crate devai 0.5.3 into /workspace/builds/worker-5-tc1/source
[INFO] validating manifest of crates.io crate devai 0.5.3 on toolchain 1.83.0
[INFO] running `Command { std: CARGO_HOME="/workspace/cargo-home" RUSTUP_HOME="/workspace/rustup-home" "/workspace/cargo-home/bin/cargo" "+1.83.0" "metadata" "--manifest-path" "Cargo.toml" "--no-deps", kill_on_drop: false }`
[INFO] started tweaking crates.io crate devai 0.5.3
[INFO] finished tweaking crates.io crate devai 0.5.3
[INFO] tweaked toml for crates.io crate devai 0.5.3 written to /workspace/builds/worker-5-tc1/source/Cargo.toml
[INFO] crate crates.io crate devai 0.5.3 already has a lockfile, it will not be regenerated
[INFO] running `Command { std: CARGO_HOME="/workspace/cargo-home" RUSTUP_HOME="/workspace/rustup-home" "/workspace/cargo-home/bin/cargo" "+1.83.0" "fetch" "--manifest-path" "Cargo.toml", kill_on_drop: false }`
[INFO] [stderr]     Updating crates.io index
[INFO] [stderr]  Downloading crates ...
[INFO] [stderr]   Downloaded file-id v0.2.2
[INFO] [stderr]   Downloaded logos-derive v0.15.0
[INFO] [stderr]   Downloaded notify-debouncer-full v0.4.0
[INFO] [stderr]   Downloaded simple-fs v0.3.1
[INFO] [stderr]   Downloaded value-ext v0.0.3
[INFO] [stderr]   Downloaded logos-codegen v0.15.0
[INFO] [stderr]   Downloaded genai v0.1.15
[INFO] [stderr]   Downloaded markup5ever_rcdom v0.5.0-unofficial
[INFO] [stderr]   Downloaded xml5ever v0.20.0
[INFO] [stderr]   Downloaded logos v0.15.0
[INFO] [stderr]   Downloaded value-ext v0.1.1
[INFO] running `Command { std: "docker" "create" "-v" "/var/lib/crater-agent-workspace/builds/worker-5-tc1/target:/opt/rustwide/target:rw,Z" "-v" "/var/lib/crater-agent-workspace/builds/worker-5-tc1/source:/opt/rustwide/workdir:ro,Z" "-v" "/var/lib/crater-agent-workspace/cargo-home:/opt/rustwide/cargo-home:ro,Z" "-v" "/var/lib/crater-agent-workspace/rustup-home:/opt/rustwide/rustup-home:ro,Z" "-e" "SOURCE_DIR=/opt/rustwide/workdir" "-e" "CARGO_TARGET_DIR=/opt/rustwide/target" "-e" "CARGO_HOME=/opt/rustwide/cargo-home" "-e" "RUSTUP_HOME=/opt/rustwide/rustup-home" "-w" "/opt/rustwide/workdir" "-m" "1610612736" "--user" "0:0" "--network" "none" "ghcr.io/rust-lang/crates-build-env/linux@sha256:f3a9d4ad9d972b27faf3965f35b62e55ba32bbce8f20bc8fe909558a86702fde" "/opt/rustwide/cargo-home/bin/cargo" "+1.83.0" "metadata" "--no-deps" "--format-version=1", kill_on_drop: false }`
[INFO] [stdout] ceb3dee33fbd897353ec6e06e4a973e244be469a11aa82975259a8c629f39788
[INFO] running `Command { std: "docker" "start" "-a" "ceb3dee33fbd897353ec6e06e4a973e244be469a11aa82975259a8c629f39788", kill_on_drop: false }`
[INFO] running `Command { std: "docker" "inspect" "ceb3dee33fbd897353ec6e06e4a973e244be469a11aa82975259a8c629f39788", kill_on_drop: false }`
[INFO] running `Command { std: "docker" "rm" "-f" "ceb3dee33fbd897353ec6e06e4a973e244be469a11aa82975259a8c629f39788", kill_on_drop: false }`
[INFO] [stdout] ceb3dee33fbd897353ec6e06e4a973e244be469a11aa82975259a8c629f39788
[INFO] running `Command { std: "docker" "create" "-v" "/var/lib/crater-agent-workspace/builds/worker-5-tc1/target:/opt/rustwide/target:rw,Z" "-v" "/var/lib/crater-agent-workspace/builds/worker-5-tc1/source:/opt/rustwide/workdir:ro,Z" "-v" "/var/lib/crater-agent-workspace/cargo-home:/opt/rustwide/cargo-home:ro,Z" "-v" "/var/lib/crater-agent-workspace/rustup-home:/opt/rustwide/rustup-home:ro,Z" "-e" "SOURCE_DIR=/opt/rustwide/workdir" "-e" "CARGO_TARGET_DIR=/opt/rustwide/target" "-e" "CARGO_INCREMENTAL=0" "-e" "RUST_BACKTRACE=full" "-e" "RUSTFLAGS=--cap-lints=warn" "-e" "RUSTDOCFLAGS=--cap-lints=warn" "-e" "CARGO_HOME=/opt/rustwide/cargo-home" "-e" "RUSTUP_HOME=/opt/rustwide/rustup-home" "-w" "/opt/rustwide/workdir" "-m" "1610612736" "--user" "0:0" "--network" "none" "ghcr.io/rust-lang/crates-build-env/linux@sha256:f3a9d4ad9d972b27faf3965f35b62e55ba32bbce8f20bc8fe909558a86702fde" "/opt/rustwide/cargo-home/bin/cargo" "+1.83.0" "build" "--frozen" "--message-format=json", kill_on_drop: false }`
[INFO] [stdout] b96d34617508f12316f4ca48d034d8c8607b3f7518745ee2ed5dbe5ae06c5d77
[INFO] running `Command { std: "docker" "start" "-a" "b96d34617508f12316f4ca48d034d8c8607b3f7518745ee2ed5dbe5ae06c5d77", kill_on_drop: false }`
[INFO] [stderr]    Compiling proc-macro2 v1.0.92
[INFO] [stderr]    Compiling unicode-ident v1.0.14
[INFO] [stderr]    Compiling cfg-if v1.0.0
[INFO] [stderr]    Compiling libc v0.2.168
[INFO] [stderr]    Compiling autocfg v1.4.0
[INFO] [stderr]    Compiling memchr v2.7.4
[INFO] [stderr]    Compiling log v0.4.22
[INFO] [stderr]    Compiling smallvec v1.13.2
[INFO] [stderr]    Compiling scopeguard v1.2.0
[INFO] [stderr]    Compiling serde v1.0.215
[INFO] [stderr]    Compiling once_cell v1.20.2
[INFO] [stderr]    Compiling parking_lot_core v0.9.10
[INFO] [stderr]    Compiling futures-core v0.3.31
[INFO] [stderr]    Compiling shlex v1.3.0
[INFO] [stderr]    Compiling pin-project-lite v0.2.15
[INFO] [stderr]    Compiling bitflags v2.6.0
[INFO] [stderr]    Compiling futures-sink v0.3.31
[INFO] [stderr]    Compiling lock_api v0.4.12
[INFO] [stderr]    Compiling cc v1.2.3
[INFO] [stderr]    Compiling pkg-config v0.3.31
[INFO] [stderr]    Compiling stable_deref_trait v1.2.0
[INFO] [stderr]    Compiling siphasher v0.3.11
[INFO] [stderr]    Compiling itoa v1.0.14
[INFO] [stderr]    Compiling quote v1.0.37
[INFO] [stderr]    Compiling mio v1.0.3
[INFO] [stderr]    Compiling syn v2.0.90
[INFO] [stderr]    Compiling signal-hook-registry v1.4.2
[INFO] [stderr]    Compiling slab v0.4.9
[INFO] [stderr]    Compiling parking_lot v0.12.3
[INFO] [stderr]    Compiling bytes v1.9.0
[INFO] [stderr]    Compiling byteorder v1.5.0
[INFO] [stderr]    Compiling getrandom v0.2.15
[INFO] [stderr]    Compiling fnv v1.0.7
[INFO] [stderr]    Compiling vcpkg v0.2.15
[INFO] [stderr]    Compiling socket2 v0.5.8
[INFO] [stderr]    Compiling rand_core v0.6.4
[INFO] [stderr]    Compiling futures-channel v0.3.31
[INFO] [stderr]    Compiling pin-utils v0.1.0
[INFO] [stderr]    Compiling futures-io v0.3.31
[INFO] [stderr]    Compiling futures-task v0.3.31
[INFO] [stderr]    Compiling writeable v0.5.5
[INFO] [stderr]    Compiling litemap v0.7.4
[INFO] [stderr]    Compiling hashbrown v0.15.2
[INFO] [stderr]    Compiling equivalent v1.0.1
[INFO] [stderr]    Compiling http v1.2.0
[INFO] [stderr]    Compiling phf_shared v0.10.0
[INFO] [stderr]    Compiling linux-raw-sys v0.4.14
[INFO] [stderr]    Compiling icu_locid_transform_data v1.5.0
[INFO] [stderr]    Compiling phf_shared v0.11.2
[INFO] [stderr]    Compiling tracing-core v0.1.33
[INFO] [stderr]    Compiling foreign-types-shared v0.1.1
[INFO] [stderr]    Compiling icu_properties_data v1.5.0
[INFO] [stderr]    Compiling indexmap v2.7.0
[INFO] [stderr]    Compiling rustix v0.38.42
[INFO] [stderr]    Compiling serde_json v1.0.133
[INFO] [stderr]    Compiling openssl-sys v0.9.104
[INFO] [stderr]    Compiling openssl v0.10.68
[INFO] [stderr]    Compiling httparse v1.9.5
[INFO] [stderr]    Compiling ryu v1.0.18
[INFO] [stderr]    Compiling semver v1.0.23
[INFO] [stderr]    Compiling tracing v0.1.41
[INFO] [stderr]    Compiling http-body v1.0.1
[INFO] [stderr]    Compiling foreign-types v0.3.2
[INFO] [stderr]    Compiling native-tls v0.2.12
[INFO] [stderr]    Compiling new_debug_unreachable v1.0.6
[INFO] [stderr]    Compiling thiserror v2.0.6
[INFO] [stderr]    Compiling icu_normalizer_data v1.5.0
[INFO] [stderr]    Compiling atomic-waker v1.1.2
[INFO] [stderr]    Compiling utf16_iter v1.0.5
[INFO] [stderr]    Compiling write16 v1.0.0
[INFO] [stderr]    Compiling try-lock v0.2.5
[INFO] [stderr]    Compiling utf8_iter v1.0.4
[INFO] [stderr]    Compiling want v0.3.1
[INFO] [stderr]    Compiling percent-encoding v2.3.1
[INFO] [stderr]    Compiling home v0.5.9
[INFO] [stderr]    Compiling openssl-probe v0.1.5
[INFO] [stderr]    Compiling mac v0.1.1
[INFO] [stderr]    Compiling unicode-xid v0.2.6
[INFO] [stderr]    Compiling either v1.13.0
[INFO] [stderr]    Compiling futf v0.1.5
[INFO] [stderr]    Compiling form_urlencoded v1.2.1
[INFO] [stderr]    Compiling rustc_version v0.4.1
[INFO] [stderr]    Compiling num-traits v0.2.19
[INFO] [stderr]    Compiling ucd-trie v0.1.7
[INFO] [stderr]    Compiling tower-service v0.3.3
[INFO] [stderr]    Compiling utf-8 v0.7.6
[INFO] [stderr]    Compiling precomputed-hash v0.1.1
[INFO] [stderr]    Compiling thiserror v1.0.69
[INFO] [stderr]    Compiling phf v0.11.2
[INFO] [stderr]    Compiling logos-codegen v0.15.0
[INFO] [stderr]    Compiling tendril v0.4.3
[INFO] [stderr]    Compiling lua-src v547.0.0
[INFO] [stderr]    Compiling inotify-sys v0.1.5
[INFO] [stderr]    Compiling instant v0.1.13
[INFO] [stderr]    Compiling signal-hook v0.3.17
[INFO] [stderr]    Compiling typeid v1.0.2
[INFO] [stderr]    Compiling heck v0.5.0
[INFO] [stderr]    Compiling bitflags v1.3.2
[INFO] [stderr]    Compiling utf8parse v0.2.2
[INFO] [stderr]    Compiling rustversion v1.0.18
[INFO] [stderr]    Compiling same-file v1.0.6
[INFO] [stderr]    Compiling minimal-lexical v0.2.1
[INFO] [stderr]    Compiling rustls-pki-types v1.10.0
[INFO] [stderr]    Compiling walkdir v2.5.0
[INFO] [stderr]    Compiling anstyle-parse v0.2.6
[INFO] [stderr]    Compiling nom v7.1.3
[INFO] [stderr]    Compiling inotify v0.10.2
[INFO] [stderr]    Compiling notify-types v1.0.0
[INFO] [stderr]    Compiling rustls-pemfile v2.2.0
[INFO] [stderr]    Compiling filetime v0.2.25
[INFO] [stderr]    Compiling sync_wrapper v1.0.2
[INFO] [stderr]    Compiling aho-corasick v1.1.3
[INFO] [stderr]    Compiling bstr v1.11.0
[INFO] [stderr]    Compiling encoding_rs v0.8.35
[INFO] [stderr]    Compiling anstyle-query v1.1.2
[INFO] [stderr]    Compiling which v6.0.3
[INFO] [stderr]    Compiling luajit-src v210.5.11+97813fb
[INFO] [stderr]    Compiling beef v0.5.2
[INFO] [stderr]    Compiling mlua-sys v0.6.6
[INFO] [stderr]    Compiling mime v0.3.17
[INFO] [stderr]    Compiling base64 v0.22.1
[INFO] [stderr]    Compiling colorchoice v1.0.3
[INFO] [stderr]    Compiling regex-syntax v0.8.5
[INFO] [stderr]    Compiling ipnet v2.10.1
[INFO] [stderr]    Compiling synstructure v0.13.1
[INFO] [stderr]    Compiling anstyle v1.0.10
[INFO] [stderr]    Compiling is_terminal_polyfill v1.70.1
[INFO] [stderr]    Compiling lazy_static v1.5.0
[INFO] [stderr]    Compiling anstream v0.6.18
[INFO] [stderr]    Compiling eventsource-stream v0.2.3
[INFO] [stderr]    Compiling ordered-float v2.10.1
[INFO] [stderr]    Compiling notify v7.0.0
[INFO] [stderr]    Compiling nanorand v0.7.0
[INFO] [stderr]    Compiling regex-automata v0.4.9
[INFO] [stderr]    Compiling spin v0.9.8
[INFO] [stderr]    Compiling serde_derive v1.0.215
[INFO] [stderr]    Compiling zerofrom-derive v0.1.5
[INFO] [stderr]    Compiling yoke-derive v0.7.5
[INFO] [stderr]    Compiling zerocopy-derive v0.7.35
[INFO] [stderr]    Compiling zerovec-derive v0.10.3
[INFO] [stderr]    Compiling displaydoc v0.2.5
[INFO] [stderr]    Compiling zerocopy v0.7.35
[INFO] [stderr]    Compiling tokio-macros v2.4.0
[INFO] [stderr]    Compiling zerofrom v0.1.5
[INFO] [stderr]    Compiling yoke v0.7.5
[INFO] [stderr]    Compiling futures-macro v0.3.31
[INFO] [stderr]    Compiling icu_provider_macros v1.5.0
[INFO] [stderr]    Compiling ppv-lite86 v0.2.20
[INFO] [stderr]    Compiling tokio v1.42.0
[INFO] [stderr]    Compiling rand_chacha v0.3.1
[INFO] [stderr]    Compiling zerovec v0.10.4
[INFO] [stderr]    Compiling rand v0.8.5
[INFO] [stderr]    Compiling openssl-macros v0.1.1
[INFO] [stderr]    Compiling futures-util v0.3.31
[INFO] [stderr]    Compiling phf_generator v0.10.0
[INFO] [stderr]    Compiling phf_generator v0.11.2
[INFO] [stderr]    Compiling tinystr v0.7.6
[INFO] [stderr]    Compiling icu_collections v1.5.0
[INFO] [stderr]    Compiling icu_locid v1.5.0
[INFO] [stderr]    Compiling phf_codegen v0.11.2
[INFO] [stderr]    Compiling string_cache_codegen v0.5.2
[INFO] [stderr]    Compiling icu_provider v1.5.0
[INFO] [stderr]    Compiling thiserror-impl v2.0.6
[INFO] [stderr]    Compiling icu_locid_transform v1.5.0
[INFO] [stderr]    Compiling markup5ever v0.14.0
[INFO] [stderr]    Compiling derive_more-impl v1.0.0
[INFO] [stderr]    Compiling icu_properties v1.5.1
[INFO] [stderr]    Compiling tokio-util v0.7.13
[INFO] [stderr]    Compiling pest v2.7.15
[INFO] [stderr]    Compiling h2 v0.4.7
[INFO] [stderr]    Compiling tokio-native-tls v0.3.1
[INFO] [stderr]    Compiling string_cache v0.8.7
[INFO] [stderr]    Compiling http-body-util v0.1.2
[INFO] [stderr]    Compiling thiserror-impl v1.0.69
[INFO] [stderr]    Compiling serde_urlencoded v0.7.1
[INFO] [stderr]    Compiling html5ever v0.29.0
[INFO] [stderr]    Compiling derive_more v1.0.0
[INFO] [stderr]    Compiling icu_normalizer v1.5.0
[INFO] [stderr]    Compiling pest_meta v2.7.15
[INFO] [stderr]    Compiling idna_adapter v1.2.0
[INFO] [stderr]    Compiling idna v1.0.3
[INFO] [stderr]    Compiling url v2.5.4
[INFO] [stderr]    Compiling pest_generator v2.7.15
[INFO] [stderr]    Compiling serde_spanned v0.6.8
[INFO] [stderr]    Compiling hyper v1.5.1
[INFO] [stderr]    Compiling toml_datetime v0.6.8
[INFO] [stderr]    Compiling futures-executor v0.3.31
[INFO] [stderr]    Compiling paste v1.0.15
[INFO] [stderr]    Compiling futures-timer v3.0.3
[INFO] [stderr]    Compiling file-id v0.2.2
[INFO] [stderr]    Compiling clap_lex v0.7.4
[INFO] [stderr]    Compiling strsim v0.11.1
[INFO] [stderr]    Compiling num-modular v0.6.1
[INFO] [stderr]    Compiling winnow v0.6.20
[INFO] [stderr]    Compiling hyper-util v0.1.10
[INFO] [stderr]    Compiling notify-debouncer-full v0.4.0
[INFO] [stderr]    Compiling clap_builder v4.5.23
[INFO] [stderr]    Compiling pest_derive v2.7.15
[INFO] [stderr]    Compiling num-order v1.2.0
[INFO] [stderr]    Compiling futures v0.3.31
[INFO] [stderr]    Compiling xml5ever v0.20.0
[INFO] [stderr]    Compiling value-ext v0.0.3
[INFO] [stderr]    Compiling tokio-stream v0.1.17
[INFO] [stderr]    Compiling erased-serde v0.4.5
[INFO] [stderr]    Compiling serde-value v0.7.0
[INFO] [stderr]    Compiling hyper-tls v0.6.0
[INFO] [stderr]    Compiling reqwest v0.12.9
[INFO] [stderr]    Compiling toml_edit v0.22.22
[INFO] [stderr]    Compiling globset v0.4.15
[INFO] [stderr]    Compiling logos-derive v0.15.0
[INFO] [stderr]    Compiling flume v0.11.1
[INFO] [stderr]    Compiling clap_derive v4.5.18
[INFO] [stderr]    Compiling strum_macros v0.26.4
[INFO] [stderr]    Compiling signal-hook-mio v0.2.4
[INFO] [stderr]    Compiling utf8-width v0.1.7
[INFO] [stderr]    Compiling path-clean v1.0.1
[INFO] [stderr]    Compiling rustc-hash v2.1.0
[INFO] [stderr]    Compiling pathdiff v0.2.3
[INFO] [stderr]    Compiling simple-fs v0.3.1
[INFO] [stderr]    Compiling mlua v0.10.2
[INFO] [stderr]    Compiling reqwest-eventsource v0.6.0
[INFO] [stderr]    Compiling genai v0.1.15
[INFO] [stderr]    Compiling html-escape v0.2.13
[INFO] [stderr]    Compiling clap v4.5.23
[INFO] [stderr]    Compiling toml v0.8.19
[INFO] [stderr]    Compiling logos v0.15.0
[INFO] [stderr]    Compiling crossterm v0.28.1
[INFO] [stderr]    Compiling strum v0.26.3
[INFO] [stderr]    Compiling markup5ever_rcdom v0.5.0-unofficial
[INFO] [stderr]    Compiling handlebars v6.2.0
[INFO] [stderr]    Compiling value-ext v0.1.1
[INFO] [stderr]    Compiling keyring v3.6.1
[INFO] [stderr]    Compiling devai v0.5.3 (/opt/rustwide/workdir)
[INFO] [stderr]     Finished `dev` profile [unoptimized + debuginfo] target(s) in 2m 57s
[INFO] running `Command { std: "docker" "inspect" "b96d34617508f12316f4ca48d034d8c8607b3f7518745ee2ed5dbe5ae06c5d77", kill_on_drop: false }`
[INFO] running `Command { std: "docker" "rm" "-f" "b96d34617508f12316f4ca48d034d8c8607b3f7518745ee2ed5dbe5ae06c5d77", kill_on_drop: false }`
[INFO] [stdout] b96d34617508f12316f4ca48d034d8c8607b3f7518745ee2ed5dbe5ae06c5d77
[INFO] running `Command { std: "docker" "create" "-v" "/var/lib/crater-agent-workspace/builds/worker-5-tc1/target:/opt/rustwide/target:rw,Z" "-v" "/var/lib/crater-agent-workspace/builds/worker-5-tc1/source:/opt/rustwide/workdir:ro,Z" "-v" "/var/lib/crater-agent-workspace/cargo-home:/opt/rustwide/cargo-home:ro,Z" "-v" "/var/lib/crater-agent-workspace/rustup-home:/opt/rustwide/rustup-home:ro,Z" "-e" "SOURCE_DIR=/opt/rustwide/workdir" "-e" "CARGO_TARGET_DIR=/opt/rustwide/target" "-e" "CARGO_INCREMENTAL=0" "-e" "RUST_BACKTRACE=full" "-e" "RUSTFLAGS=--cap-lints=warn" "-e" "RUSTDOCFLAGS=--cap-lints=warn" "-e" "CARGO_HOME=/opt/rustwide/cargo-home" "-e" "RUSTUP_HOME=/opt/rustwide/rustup-home" "-w" "/opt/rustwide/workdir" "-m" "1610612736" "--user" "0:0" "--network" "none" "ghcr.io/rust-lang/crates-build-env/linux@sha256:f3a9d4ad9d972b27faf3965f35b62e55ba32bbce8f20bc8fe909558a86702fde" "/opt/rustwide/cargo-home/bin/cargo" "+1.83.0" "test" "--frozen" "--no-run" "--message-format=json", kill_on_drop: false }`
[INFO] [stdout] a9f37dfe0d18f0c2935ef12351d1465127b62b8ab87c64d9fdbf48f25fa1558f
[INFO] running `Command { std: "docker" "start" "-a" "a9f37dfe0d18f0c2935ef12351d1465127b62b8ab87c64d9fdbf48f25fa1558f", kill_on_drop: false }`
[INFO] [stderr]    Compiling devai v0.5.3 (/opt/rustwide/workdir)
[INFO] [stderr]     Finished `test` profile [unoptimized + debuginfo] target(s) in 15.83s
[INFO] running `Command { std: "docker" "inspect" "a9f37dfe0d18f0c2935ef12351d1465127b62b8ab87c64d9fdbf48f25fa1558f", kill_on_drop: false }`
[INFO] running `Command { std: "docker" "rm" "-f" "a9f37dfe0d18f0c2935ef12351d1465127b62b8ab87c64d9fdbf48f25fa1558f", kill_on_drop: false }`
[INFO] [stdout] a9f37dfe0d18f0c2935ef12351d1465127b62b8ab87c64d9fdbf48f25fa1558f
[INFO] running `Command { std: "docker" "create" "-v" "/var/lib/crater-agent-workspace/builds/worker-5-tc1/target:/opt/rustwide/target:rw,Z" "-v" "/var/lib/crater-agent-workspace/builds/worker-5-tc1/source:/opt/rustwide/workdir:ro,Z" "-v" "/var/lib/crater-agent-workspace/cargo-home:/opt/rustwide/cargo-home:ro,Z" "-v" "/var/lib/crater-agent-workspace/rustup-home:/opt/rustwide/rustup-home:ro,Z" "-e" "SOURCE_DIR=/opt/rustwide/workdir" "-e" "CARGO_TARGET_DIR=/opt/rustwide/target" "-e" "CARGO_INCREMENTAL=0" "-e" "RUST_BACKTRACE=full" "-e" "RUSTFLAGS=--cap-lints=warn" "-e" "RUSTDOCFLAGS=--cap-lints=warn" "-e" "CARGO_HOME=/opt/rustwide/cargo-home" "-e" "RUSTUP_HOME=/opt/rustwide/rustup-home" "-w" "/opt/rustwide/workdir" "-m" "1610612736" "--user" "0:0" "--network" "none" "ghcr.io/rust-lang/crates-build-env/linux@sha256:f3a9d4ad9d972b27faf3965f35b62e55ba32bbce8f20bc8fe909558a86702fde" "/opt/rustwide/cargo-home/bin/cargo" "+1.83.0" "test" "--frozen", kill_on_drop: false }`
[INFO] [stdout] f0000c4369aa2e694edb833919cc385994378bd001795f5077b7c714ab6b6c47
[INFO] running `Command { std: "docker" "start" "-a" "f0000c4369aa2e694edb833919cc385994378bd001795f5077b7c714ab6b6c47", kill_on_drop: false }`
[INFO] [stderr]     Finished `test` profile [unoptimized + debuginfo] target(s) in 0.50s
[INFO] [stderr]      Running unittests src/main.rs (/opt/rustwide/target/debug/deps/devai-3e9b6f040d0c18ad)
[INFO] [stdout] 
[INFO] [stdout] running 86 tests
[INFO] [stdout] test agent::agent_doc::tests::test_agent_doc_all_sections_ok ... ok
[INFO] [stdout] test agent::agent_doc::tests::test_agent_doc_demo_ok ... ok
[INFO] [stdout] test agent::agent_locator::tests::test_get_solo_and_target_path ... ok
[INFO] [stdout] test _test_support::asserts::tests::test_assert_contains ... ok
[INFO] [stdout] test agent::agent_doc::tests::test_agent_doc_config_ok ... ok
[INFO] [stdout] test hub::base::tests::test_hub ... ok
[INFO] [stdout] test run::dir_context::devai_dir::tests::test_devai_dir_simple ... ok
[INFO] [stdout] test agent::agent_locator::tests::test_get_initials ... ok
[INFO] [stdout] test run::run_command::tests_run_agent_script::test_run_agent_script_before_all_inputs_gen ... FAILED
[INFO] [stdout] test agent::agent_locator::tests::test_find_command_agent_direct_and_validate_ctx ... FAILED
[INFO] [stdout] test agent::agent_locator::tests::test_load_solo_agent_and_validate_ctx ... FAILED
[INFO] [stdout] test run::run_command::tests_run_agent_llm::test_run_agent_llm_c_simple_ok ... FAILED
[INFO] [stdout] test run::run_command::tests_run_agent_llm::test_run_agent_llm_full_chat_ok ... FAILED
[INFO] [stdout] test run::run_command::tests_run_agent_llm::test_run_agent_llm_c_on_file_ok ... FAILED
[INFO] [stdout] test agent::agent_locator::tests::test_find_command_agent_custom_and_validate_ctx ... FAILED
[INFO] [stdout] test script::devai_custom::tests::test_devai_custom_before_all_inputs ... ok
[INFO] [stdout] test run::literals::tests::test_run_literals_devai_dir ... ok
[INFO] [stdout] test run::run_command::tests_run_agent_script::test_run_agent_script_before_all_inputs_reshape ... FAILED
[INFO] [stdout] test run::run_command::tests_run_agent_script::test_run_agent_script_hello_ok ... FAILED
[INFO] [stdout] test run::run_command::tests_run_agent_script::test_run_agent_script_skip_reason ... ok
[INFO] [stdout] test run::run_command::tests_run_agent_script::test_run_agent_script_skip_simple ... ok
[INFO] [stdout] test run::run_command::tests_run_agent_script::test_run_agent_script_before_all_simple ... FAILED
[INFO] [stdout] test run::run_solo::tests::test_run_agent_s_simple_ok ... FAILED
[INFO] [stdout] test script::lua_script::lua_engine::tests::test_lua_engine_eval_file_load_ok ... ok
[INFO] [stdout] test script::lua_script::lua_engine::tests::test_lua_engine_eval_simple_ok ... ok
[INFO] [stdout] test script::lua_script::utils_cmd::tests::test_lua_cmd_exec_echo_multiple_args ... ok
[INFO] [stdout] test script::lua_script::utils_cmd::tests::test_lua_cmd_exec_echo_single_arg ... ok
[INFO] [stdout] test script::lua_script::utils_cmd::tests::test_lua_cmd_exec_invalid_command ... ok
[INFO] [stdout] test script::lua_script::utils_cmd::tests::test_lua_cmd_exec_invalid_no_handle ... ok
[INFO] [stdout] test script::lua_script::utils_file::file_common::tests::test_lua_file_first_not_found ... ok
[INFO] [stdout] test script::lua_script::utils_file::file_common::tests::test_lua_file_load_simple_ok ... ok
[INFO] [stdout] test script::lua_script::utils_file::file_common::tests::test_lua_file_first_glob_deep ... ok
[INFO] [stdout] test script::lua_script::utils_file::file_common::tests::test_lua_file_list_glob_direct ... ok
[INFO] [stdout] test script::lua_script::utils_file::file_common::tests::test_lua_file_list_glob_deep ... ok
[INFO] [stdout] test script::lua_script::utils_file::file_md::tests::test_lua_file_load_md_split_first_ok ... ok
[INFO] [stdout] test script::lua_script::utils_file::file_md::tests::test_lua_file_load_md_sections_heading_1_top_ok ... ok
[INFO] [stdout] test script::lua_script::utils_file::file_common::tests::test_lua_file_save_simple_ok ... FAILED
[INFO] [stdout] test script::lua_script::utils_html::tests::test_lua_html_prune_to_content ... ok
[INFO] [stdout] test script::lua_script::utils_json::tests::test_lua_json_parse ... ok
[INFO] [stdout] test script::lua_script::utils_json::tests::test_lua_json_parse_invalid ... ok
[INFO] [stdout] test script::lua_script::utils_json::tests::test_lua_json_stringify ... ok
[INFO] [stdout] test script::lua_script::utils_json::tests::test_lua_json_stringify_to_line ... ok
[INFO] [stdout] test script::lua_script::utils_json::tests::test_lua_json_stringify_complex ... ok
[INFO] [stdout] test script::lua_script::utils_md::tests::test_lua_md_extract_blocks ... ok
[INFO] [stdout] test script::lua_script::utils_md::tests::test_lua_md_outer_block_content_or_raw ... ok
[INFO] [stdout] test script::lua_script::utils_rust::tests::test_lua_rust_prune_to_declarations ... ok
[INFO] [stdout] test script::lua_script::utils_path::tests::test_lua_path_is_file_false ... ok
[INFO] [stdout] test script::lua_script::utils_path::tests::test_lua_path_exists_false ... ok
[INFO] [stdout] test script::lua_script::utils_path::tests::test_lua_path_is_dir_true ... ok
[INFO] [stdout] test support::code::rust::tests::test_rust_prune_to_declarations ... ok
[INFO] [stdout] test support::hbs::tests::test_hbs_with_lua_ok ... ok
[INFO] [stdout] test support::html::tests::test_html_prune_to_content_ok ... ok
[INFO] [stdout] test support::md::md_block_iter::tests::test_md_block_iter_handles_empty_blocks ... ok
[INFO] [stdout] test script::lua_script::utils_path::tests::test_lua_path_is_file_true ... ok
[INFO] [stdout] test support::md::md_block_iter::tests::test_md_block_iter_multiple_rust_blocks ... ok
[INFO] [stdout] test support::md::md_block_iter::tests::test_md_block_iter_match_empty_lang ... ok
[INFO] [stdout] test support::md::md_block_iter::tests::test_md_block_iter_no_lang_specified ... ok
[INFO] [stdout] test support::md::md_block_iter::tests::test_md_block_iter_no_code_blocks ... ok
[INFO] [stdout] test support::md::md_block_iter::tests::test_md_block_iter_no_matching_blocks ... ok
[INFO] [stdout] test support::md::md_block_iter::tests::test_md_block_iter_single_python_block ... ok
[INFO] [stdout] test support::md::md_block_iter::tests::test_md_block_iter_single_rust_block ... ok
[INFO] [stdout] test support::md::md_section_iter::tests::test_md_section_iter_heading_1_a ... ok
[INFO] [stdout] test support::md::md_section_iter::tests::test_md_section_iter_heading_1_root ... ok
[INFO] [stdout] test support::md::md_section_iter::tests::test_md_section_iter_no_filter_with_md_01 ... ok
[INFO] [stdout] test support::md::md_section_iter::tests::test_md_section_iter_no_filter_with_md_02 ... ok
[INFO] [stdout] test support::md::md_section_iter::tests::test_md_section_iter_split_first_simple ... ok
[INFO] [stdout] test support::md::outer_block::tests::test_md_outer_block_content_adjacent_backticks ... ok
[INFO] [stdout] test support::md::outer_block::tests::test_md_outer_block_content_multiple_code_blocks ... ok
[INFO] [stdout] test script::lua_script::utils_path::tests::test_lua_path_is_dir_false ... ok
[INFO] [stdout] test support::md::md_section_iter::tests::test_md_section_iter_level_0 ... ok
[INFO] [stdout] test support::md::outer_block::tests::test_md_outer_block_content_only_opening_backticks ... ok
[INFO] [stdout] test support::md::outer_block::tests::test_md_outer_block_content_simple ... ok
[INFO] [stdout] test support::md::outer_block::tests::test_md_outer_block_content_no_backticks ... ok
[INFO] [stdout] test support::md::outer_block::tests::test_md_outer_block_content_only_closing_backticks ... ok
[INFO] [stdout] test support::md::outer_block::tests::test_md_outer_block_content_with_language ... ok
[INFO] [stdout] test support::md::outer_block::tests::test_md_outer_block_content_with_inner_backticks ... ok
[INFO] [stdout] test support::text::tests::test_replace_markers_simple ... ok
[INFO] [stdout] test support::text::tests::test_replace_markers_no_closing ... ok
[INFO] [stdout] test types::md_heading::tests::test_md_heading_simple_none ... ok
[INFO] [stdout] test types::md_heading::tests::test_md_heading_simple_ok ... ok
[INFO] [stdout] test support::md::outer_block::tests::test_md_outer_block_content_with_whitespace ... ok
[INFO] [stdout] test script::lua_script::utils_web::tests::test_lua_web_get_invalid_url ... ok
[INFO] [stdout] test script::lua_script::utils_web::tests::test_lua_web_get_simple_ok ... FAILED
[INFO] [stdout] test script::lua_script::utils_text::tests::test_lua_text_ensure_ok ... ok
[INFO] [stdout] test script::lua_script::utils_path::tests::test_lua_path_exists_true ... ok
[INFO] [stdout] test script::lua_script::utils_path::tests::test_lua_path_parent ... ok
[INFO] [stdout] 
[INFO] [stdout] failures:
[INFO] [stdout] 
[INFO] [stdout] ---- run::run_command::tests_run_agent_script::test_run_agent_script_before_all_inputs_gen stdout ----
[INFO] [stdout] Error: SimpleFs(FileNotFound("./tests-data/sandbox-01/.devai/config.toml"))
[INFO] [stdout] 
[INFO] [stdout] ---- agent::agent_locator::tests::test_find_command_agent_direct_and_validate_ctx stdout ----
[INFO] [stdout] Error: SimpleFs(FileNotFound("./tests-data/sandbox-01/.devai/config.toml"))
[INFO] [stdout] 
[INFO] [stdout] ---- agent::agent_locator::tests::test_load_solo_agent_and_validate_ctx stdout ----
[INFO] [stdout] Error: SimpleFs(FileNotFound("./tests-data/sandbox-01/.devai/config.toml"))
[INFO] [stdout] 
[INFO] [stdout] ---- run::run_command::tests_run_agent_llm::test_run_agent_llm_c_simple_ok stdout ----
[INFO] [stdout] Error: SimpleFs(FileNotFound("./tests-data/sandbox-01/.devai/config.toml"))
[INFO] [stdout] 
[INFO] [stdout] ---- run::run_command::tests_run_agent_llm::test_run_agent_llm_full_chat_ok stdout ----
[INFO] [stdout] Error: SimpleFs(FileNotFound("./tests-data/sandbox-01/.devai/config.toml"))
[INFO] [stdout] 
[INFO] [stdout] ---- run::run_command::tests_run_agent_llm::test_run_agent_llm_c_on_file_ok stdout ----
[INFO] [stdout] Error: SimpleFs(FileNotFound("./tests-data/sandbox-01/.devai/config.toml"))
[INFO] [stdout] 
[INFO] [stdout] ---- agent::agent_locator::tests::test_find_command_agent_custom_and_validate_ctx stdout ----
[INFO] [stdout] Error: Os { code: 2, kind: NotFound, message: "No such file or directory" }
[INFO] [stdout] 
[INFO] [stdout] ---- run::run_command::tests_run_agent_script::test_run_agent_script_before_all_inputs_reshape stdout ----
[INFO] [stdout] Error: SimpleFs(FileNotFound("./tests-data/sandbox-01/.devai/config.toml"))
[INFO] [stdout] 
[INFO] [stdout] ---- run::run_command::tests_run_agent_script::test_run_agent_script_hello_ok stdout ----
[INFO] [stdout] Error: SimpleFs(FileNotFound("./tests-data/sandbox-01/.devai/config.toml"))
[INFO] [stdout] 
[INFO] [stdout] ---- run::run_command::tests_run_agent_script::test_run_agent_script_before_all_simple stdout ----
[INFO] [stdout] Error: SimpleFs(FileNotFound("./tests-data/sandbox-01/.devai/config.toml"))
[INFO] [stdout] 
[INFO] [stdout] ---- run::run_solo::tests::test_run_agent_s_simple_ok stdout ----
[INFO] [stdout] Error: SimpleFs(FileNotFound("./tests-data/sandbox-01/.devai/config.toml"))
[INFO] [stdout] 
[INFO] [stdout] ---- script::lua_script::utils_file::file_common::tests::test_lua_file_save_simple_ok stdout ----
[INFO] [stdout] Error: Lua("DirCantCreateAll(PathAndCause { path: \"/opt/rustwide/workdir/tests-data/sandbox-01/./.tmp/test_file_save_simple_ok\", cause: Io(Os { code: 30, kind: ReadOnlyFilesystem, message: \"Read-only file system\" }) })\nstack traceback:\n\t[C]: in field 'save'\n\t[string \"src/script/lua_script/lua_engine.rs:39:26\"]:1: in main chunk\n")
[INFO] [stdout] 
[INFO] [stdout] ---- script::lua_script::utils_web::tests::test_lua_web_get_simple_ok stdout ----
[INFO] [stdout] Error: Lua("LuaTableError: { String(\"error\"): String(\"error sending request for url (https://phet-dev.colorado.edu/html/build-an-atom/0.0.0-3/simple-text-only-test-page.html)\"), String(\"success\"): Boolean(false), String(\"url\"): String(\"https://phet-dev.colorado.edu/html/build-an-atom/0.0.0-3/simple-text-only-test-page.html\") }\nstack traceback:\n\t[C]: in field 'get'\n\t[string \"src/script/lua_script/lua_engine.rs:39:26\"]:3: in main chunk\n")
[INFO] [stdout] 
[INFO] [stdout] 
[INFO] [stdout] failures:
[INFO] [stdout]     agent::agent_locator::tests::test_find_command_agent_custom_and_validate_ctx
[INFO] [stdout]     agent::agent_locator::tests::test_find_command_agent_direct_and_validate_ctx
[INFO] [stdout]     agent::agent_locator::tests::test_load_solo_agent_and_validate_ctx
[INFO] [stdout]     run::run_command::tests_run_agent_llm::test_run_agent_llm_c_on_file_ok
[INFO] [stdout]     run::run_command::tests_run_agent_llm::test_run_agent_llm_c_simple_ok
[INFO] [stdout]     run::run_command::tests_run_agent_llm::test_run_agent_llm_full_chat_ok
[INFO] [stdout]     run::run_command::tests_run_agent_script::test_run_agent_script_before_all_inputs_gen
[INFO] [stdout]     run::run_command::tests_run_agent_script::test_run_agent_script_before_all_inputs_reshape
[INFO] [stdout]     run::run_command::tests_run_agent_script::test_run_agent_script_before_all_simple
[INFO] [stdout]     run::run_command::tests_run_agent_script::test_run_agent_script_hello_ok
[INFO] [stdout]     run::run_solo::tests::test_run_agent_s_simple_ok
[INFO] [stdout]     script::lua_script::utils_file::file_common::tests::test_lua_file_save_simple_ok
[INFO] [stdout]     script::lua_script::utils_web::tests::test_lua_web_get_simple_ok
[INFO] [stdout] 
[INFO] [stdout] test result: FAILED. 73 passed; 13 failed; 0 ignored; 0 measured; 0 filtered out; finished in 4.76s
[INFO] [stdout] 
[INFO] [stderr] error: test failed, to rerun pass `--bin devai`
[INFO] running `Command { std: "docker" "inspect" "f0000c4369aa2e694edb833919cc385994378bd001795f5077b7c714ab6b6c47", kill_on_drop: false }`
[INFO] running `Command { std: "docker" "rm" "-f" "f0000c4369aa2e694edb833919cc385994378bd001795f5077b7c714ab6b6c47", kill_on_drop: false }`
[INFO] [stdout] f0000c4369aa2e694edb833919cc385994378bd001795f5077b7c714ab6b6c47
