[INFO] fetching crate dev-logger 0.1.0...
[INFO] testing dev-logger-0.1.0 against beta-2024-12-08 for beta-1.84.0-4-retry
[INFO] extracting crate dev-logger 0.1.0 into /workspace/builds/worker-0-tc2/source
[INFO] validating manifest of crates.io crate dev-logger 0.1.0 on toolchain beta-2024-12-08
[INFO] running `Command { std: CARGO_HOME="/workspace/cargo-home" RUSTUP_HOME="/workspace/rustup-home" "/workspace/cargo-home/bin/cargo" "+beta-2024-12-08" "metadata" "--manifest-path" "Cargo.toml" "--no-deps", kill_on_drop: false }`
[INFO] removed /workspace/builds/worker-0-tc2/source/.cargo/config
[INFO] started tweaking crates.io crate dev-logger 0.1.0
[INFO] finished tweaking crates.io crate dev-logger 0.1.0
[INFO] tweaked toml for crates.io crate dev-logger 0.1.0 written to /workspace/builds/worker-0-tc2/source/Cargo.toml
[INFO] crate crates.io crate dev-logger 0.1.0 already has a lockfile, it will not be regenerated
[INFO] running `Command { std: CARGO_HOME="/workspace/cargo-home" RUSTUP_HOME="/workspace/rustup-home" "/workspace/cargo-home/bin/cargo" "+beta-2024-12-08" "fetch" "--manifest-path" "Cargo.toml", kill_on_drop: false }`
[INFO] running `Command { std: "docker" "create" "-v" "/var/lib/crater-agent-workspace/builds/worker-0-tc2/target:/opt/rustwide/target:rw,Z" "-v" "/var/lib/crater-agent-workspace/builds/worker-0-tc2/source:/opt/rustwide/workdir:ro,Z" "-v" "/var/lib/crater-agent-workspace/cargo-home:/opt/rustwide/cargo-home:ro,Z" "-v" "/var/lib/crater-agent-workspace/rustup-home:/opt/rustwide/rustup-home:ro,Z" "-e" "SOURCE_DIR=/opt/rustwide/workdir" "-e" "CARGO_TARGET_DIR=/opt/rustwide/target" "-e" "CARGO_HOME=/opt/rustwide/cargo-home" "-e" "RUSTUP_HOME=/opt/rustwide/rustup-home" "-w" "/opt/rustwide/workdir" "-m" "1610612736" "--user" "0:0" "--network" "none" "ghcr.io/rust-lang/crates-build-env/linux@sha256:f3a9d4ad9d972b27faf3965f35b62e55ba32bbce8f20bc8fe909558a86702fde" "/opt/rustwide/cargo-home/bin/cargo" "+beta-2024-12-08" "metadata" "--no-deps" "--format-version=1", kill_on_drop: false }`
[INFO] [stdout] 58cfcf3cfe813d837c25e6062ead346c07b249a8154c12b8769f7d770e548a30
[INFO] running `Command { std: "docker" "start" "-a" "58cfcf3cfe813d837c25e6062ead346c07b249a8154c12b8769f7d770e548a30", kill_on_drop: false }`
[INFO] running `Command { std: "docker" "inspect" "58cfcf3cfe813d837c25e6062ead346c07b249a8154c12b8769f7d770e548a30", kill_on_drop: false }`
[INFO] running `Command { std: "docker" "rm" "-f" "58cfcf3cfe813d837c25e6062ead346c07b249a8154c12b8769f7d770e548a30", kill_on_drop: false }`
[INFO] [stdout] 58cfcf3cfe813d837c25e6062ead346c07b249a8154c12b8769f7d770e548a30
[INFO] running `Command { std: "docker" "create" "-v" "/var/lib/crater-agent-workspace/builds/worker-0-tc2/target:/opt/rustwide/target:rw,Z" "-v" "/var/lib/crater-agent-workspace/builds/worker-0-tc2/source:/opt/rustwide/workdir:ro,Z" "-v" "/var/lib/crater-agent-workspace/cargo-home:/opt/rustwide/cargo-home:ro,Z" "-v" "/var/lib/crater-agent-workspace/rustup-home:/opt/rustwide/rustup-home:ro,Z" "-e" "SOURCE_DIR=/opt/rustwide/workdir" "-e" "CARGO_TARGET_DIR=/opt/rustwide/target" "-e" "CARGO_INCREMENTAL=0" "-e" "RUST_BACKTRACE=full" "-e" "RUSTFLAGS=--cap-lints=warn" "-e" "RUSTDOCFLAGS=--cap-lints=warn" "-e" "CARGO_HOME=/opt/rustwide/cargo-home" "-e" "RUSTUP_HOME=/opt/rustwide/rustup-home" "-w" "/opt/rustwide/workdir" "-m" "1610612736" "--user" "0:0" "--network" "none" "ghcr.io/rust-lang/crates-build-env/linux@sha256:f3a9d4ad9d972b27faf3965f35b62e55ba32bbce8f20bc8fe909558a86702fde" "/opt/rustwide/cargo-home/bin/cargo" "+beta-2024-12-08" "build" "--frozen" "--message-format=json", kill_on_drop: false }`
[INFO] [stdout] 22437b4b9e2444708895998741b65304c8fbbbad170295452900897d2fe2abf3
[INFO] running `Command { std: "docker" "start" "-a" "22437b4b9e2444708895998741b65304c8fbbbad170295452900897d2fe2abf3", kill_on_drop: false }`
[INFO] [stderr]    Compiling memchr v2.6.4
[INFO] [stderr]    Compiling autocfg v1.1.0
[INFO] [stderr]    Compiling rustix v0.38.20
[INFO] [stderr]    Compiling bitflags v2.4.1
[INFO] [stderr]    Compiling regex-syntax v0.8.2
[INFO] [stderr]    Compiling linux-raw-sys v0.4.10
[INFO] [stderr]    Compiling humantime v2.1.0
[INFO] [stderr]    Compiling iana-time-zone v0.1.58
[INFO] [stderr]    Compiling termcolor v1.3.0
[INFO] [stderr]    Compiling log v0.4.20
[INFO] [stderr]    Compiling num-traits v0.2.17
[INFO] [stderr]    Compiling aho-corasick v1.1.2
[INFO] [stderr]    Compiling regex-automata v0.4.3
[INFO] [stderr]    Compiling is-terminal v0.4.9
[INFO] [stderr]    Compiling chrono v0.4.31
[INFO] [stderr]    Compiling regex v1.10.2
[INFO] [stderr]    Compiling env_logger v0.10.0
[INFO] [stderr]    Compiling dev-logger v0.1.0 (/opt/rustwide/workdir)
[INFO] [stderr]     Finished `dev` profile [unoptimized + debuginfo] target(s) in 11.24s
[INFO] running `Command { std: "docker" "inspect" "22437b4b9e2444708895998741b65304c8fbbbad170295452900897d2fe2abf3", kill_on_drop: false }`
[INFO] running `Command { std: "docker" "rm" "-f" "22437b4b9e2444708895998741b65304c8fbbbad170295452900897d2fe2abf3", kill_on_drop: false }`
[INFO] [stdout] 22437b4b9e2444708895998741b65304c8fbbbad170295452900897d2fe2abf3
[INFO] running `Command { std: "docker" "create" "-v" "/var/lib/crater-agent-workspace/builds/worker-0-tc2/target:/opt/rustwide/target:rw,Z" "-v" "/var/lib/crater-agent-workspace/builds/worker-0-tc2/source:/opt/rustwide/workdir:ro,Z" "-v" "/var/lib/crater-agent-workspace/cargo-home:/opt/rustwide/cargo-home:ro,Z" "-v" "/var/lib/crater-agent-workspace/rustup-home:/opt/rustwide/rustup-home:ro,Z" "-e" "SOURCE_DIR=/opt/rustwide/workdir" "-e" "CARGO_TARGET_DIR=/opt/rustwide/target" "-e" "CARGO_INCREMENTAL=0" "-e" "RUST_BACKTRACE=full" "-e" "RUSTFLAGS=--cap-lints=warn" "-e" "RUSTDOCFLAGS=--cap-lints=warn" "-e" "CARGO_HOME=/opt/rustwide/cargo-home" "-e" "RUSTUP_HOME=/opt/rustwide/rustup-home" "-w" "/opt/rustwide/workdir" "-m" "1610612736" "--user" "0:0" "--network" "none" "ghcr.io/rust-lang/crates-build-env/linux@sha256:f3a9d4ad9d972b27faf3965f35b62e55ba32bbce8f20bc8fe909558a86702fde" "/opt/rustwide/cargo-home/bin/cargo" "+beta-2024-12-08" "test" "--frozen" "--no-run" "--message-format=json", kill_on_drop: false }`
[INFO] [stdout] 4b2a3eba51393b386ac7507a85a160db41c2a94c960ff2a36f5e7f07c4b8467d
[INFO] running `Command { std: "docker" "start" "-a" "4b2a3eba51393b386ac7507a85a160db41c2a94c960ff2a36f5e7f07c4b8467d", kill_on_drop: false }`
[INFO] [stderr]    Compiling dev-logger v0.1.0 (/opt/rustwide/workdir)
[INFO] [stderr]     Finished `test` profile [unoptimized + debuginfo] target(s) in 2.18s
[INFO] running `Command { std: "docker" "inspect" "4b2a3eba51393b386ac7507a85a160db41c2a94c960ff2a36f5e7f07c4b8467d", kill_on_drop: false }`
[INFO] running `Command { std: "docker" "rm" "-f" "4b2a3eba51393b386ac7507a85a160db41c2a94c960ff2a36f5e7f07c4b8467d", kill_on_drop: false }`
[INFO] [stdout] 4b2a3eba51393b386ac7507a85a160db41c2a94c960ff2a36f5e7f07c4b8467d
[INFO] running `Command { std: "docker" "create" "-v" "/var/lib/crater-agent-workspace/builds/worker-0-tc2/target:/opt/rustwide/target:rw,Z" "-v" "/var/lib/crater-agent-workspace/builds/worker-0-tc2/source:/opt/rustwide/workdir:ro,Z" "-v" "/var/lib/crater-agent-workspace/cargo-home:/opt/rustwide/cargo-home:ro,Z" "-v" "/var/lib/crater-agent-workspace/rustup-home:/opt/rustwide/rustup-home:ro,Z" "-e" "SOURCE_DIR=/opt/rustwide/workdir" "-e" "CARGO_TARGET_DIR=/opt/rustwide/target" "-e" "CARGO_INCREMENTAL=0" "-e" "RUST_BACKTRACE=full" "-e" "RUSTFLAGS=--cap-lints=warn" "-e" "RUSTDOCFLAGS=--cap-lints=warn" "-e" "CARGO_HOME=/opt/rustwide/cargo-home" "-e" "RUSTUP_HOME=/opt/rustwide/rustup-home" "-w" "/opt/rustwide/workdir" "-m" "1610612736" "--user" "0:0" "--network" "none" "ghcr.io/rust-lang/crates-build-env/linux@sha256:f3a9d4ad9d972b27faf3965f35b62e55ba32bbce8f20bc8fe909558a86702fde" "/opt/rustwide/cargo-home/bin/cargo" "+beta-2024-12-08" "test" "--frozen", kill_on_drop: false }`
[INFO] [stdout] 9686185b3ba2dd359bf62a3d3121c74ecc37588384b67638462bee7421a2c56a
[INFO] running `Command { std: "docker" "start" "-a" "9686185b3ba2dd359bf62a3d3121c74ecc37588384b67638462bee7421a2c56a", kill_on_drop: false }`
[INFO] [stderr]     Finished `test` profile [unoptimized + debuginfo] target(s) in 0.05s
[INFO] [stderr]      Running unittests src/lib.rs (/opt/rustwide/target/debug/deps/dev_logger-f4d6a428e8135716)
[INFO] [stdout] 
[INFO] [stdout] running 0 tests
[INFO] [stdout] 
[INFO] [stdout] test result: ok. 0 passed; 0 failed; 0 ignored; 0 measured; 0 filtered out; finished in 0.00s
[INFO] [stdout] 
[INFO] [stderr]    Doc-tests dev_logger
[INFO] [stdout] 
[INFO] [stdout] running 3 tests
[INFO] [stdout] test src/lib.rs - init_debug (line 83) ... FAILED
[INFO] [stdout] test src/lib.rs - init_trace (line 63) ... FAILED
[INFO] [stdout] test src/lib.rs - init_info (line 103) ... FAILED
[INFO] [stdout] 
[INFO] [stdout] failures:
[INFO] [stdout] 
[INFO] [stdout] ---- src/lib.rs - init_debug (line 83) stdout ----
[INFO] [stdout] error: expected one of `,`, `.`, `;`, `?`, `]`, or an operator, found `:`
[INFO] [stdout]  --> src/lib.rs:84:15
[INFO] [stdout]   |
[INFO] [stdout] 3 | [2023-10-21T23:56:59.898558 ERROR basic examples/basic.rs:17] error
[INFO] [stdout]   |               ^ expected one of `,`, `.`, `;`, `?`, `]`, or an operator
[INFO] [stdout]   |
[INFO] [stdout] help: you might have meant a range expression
[INFO] [stdout]   |
[INFO] [stdout] 3 | [2023-10-21T23..56:59.898558 ERROR basic examples/basic.rs:17] error
[INFO] [stdout]   |               ~~
[INFO] [stdout] 
[INFO] [stdout] error: aborting due to 1 previous error
[INFO] [stdout] 
[INFO] [stdout] Couldn't compile the test.
[INFO] [stdout] ---- src/lib.rs - init_trace (line 63) stdout ----
[INFO] [stdout] error: expected one of `,`, `.`, `;`, `?`, `]`, or an operator, found `:`
[INFO] [stdout]  --> src/lib.rs:64:15
[INFO] [stdout]   |
[INFO] [stdout] 3 | [2023-10-21T23:56:59.898558 ERROR basic examples/basic.rs:17] error
[INFO] [stdout]   |               ^ expected one of `,`, `.`, `;`, `?`, `]`, or an operator
[INFO] [stdout]   |
[INFO] [stdout] help: you might have meant a range expression
[INFO] [stdout]   |
[INFO] [stdout] 3 | [2023-10-21T23..56:59.898558 ERROR basic examples/basic.rs:17] error
[INFO] [stdout]   |               ~~
[INFO] [stdout] 
[INFO] [stdout] error: aborting due to 1 previous error
[INFO] [stdout] 
[INFO] [stdout] Couldn't compile the test.
[INFO] [stdout] ---- src/lib.rs - init_info (line 103) stdout ----
[INFO] [stdout] error: expected one of `,`, `.`, `;`, `?`, `]`, or an operator, found `:`
[INFO] [stdout]  --> src/lib.rs:104:15
[INFO] [stdout]   |
[INFO] [stdout] 3 | [2023-10-21T23:57:07.894 ERR ] error
[INFO] [stdout]   |               ^ expected one of `,`, `.`, `;`, `?`, `]`, or an operator
[INFO] [stdout]   |
[INFO] [stdout] help: you might have meant a range expression
[INFO] [stdout]   |
[INFO] [stdout] 3 | [2023-10-21T23..57:07.894 ERR ] error
[INFO] [stdout]   |               ~~
[INFO] [stdout] 
[INFO] [stdout] error: aborting due to 1 previous error
[INFO] [stdout] 
[INFO] [stdout] Couldn't compile the test.
[INFO] [stdout] 
[INFO] [stdout] failures:
[INFO] [stdout]     src/lib.rs - init_debug (line 83)
[INFO] [stdout]     src/lib.rs - init_info (line 103)
[INFO] [stdout]     src/lib.rs - init_trace (line 63)
[INFO] [stdout] 
[INFO] [stdout] test result: FAILED. 0 passed; 3 failed; 0 ignored; 0 measured; 0 filtered out; finished in 0.09s
[INFO] [stdout] 
[INFO] [stderr] error: doctest failed, to rerun pass `--doc`
[INFO] running `Command { std: "docker" "inspect" "9686185b3ba2dd359bf62a3d3121c74ecc37588384b67638462bee7421a2c56a", kill_on_drop: false }`
[INFO] running `Command { std: "docker" "rm" "-f" "9686185b3ba2dd359bf62a3d3121c74ecc37588384b67638462bee7421a2c56a", kill_on_drop: false }`
[INFO] [stdout] 9686185b3ba2dd359bf62a3d3121c74ecc37588384b67638462bee7421a2c56a
