[INFO] fetching crate detect-duplicates 0.2.1...
[INFO] testing detect-duplicates-0.2.1 against beta-2024-12-08 for beta-1.84.0-4-retry
[INFO] extracting crate detect-duplicates 0.2.1 into /workspace/builds/worker-0-tc2/source
[INFO] validating manifest of crates.io crate detect-duplicates 0.2.1 on toolchain beta-2024-12-08
[INFO] running `Command { std: CARGO_HOME="/workspace/cargo-home" RUSTUP_HOME="/workspace/rustup-home" "/workspace/cargo-home/bin/cargo" "+beta-2024-12-08" "metadata" "--manifest-path" "Cargo.toml" "--no-deps", kill_on_drop: false }`
[INFO] started tweaking crates.io crate detect-duplicates 0.2.1
[INFO] finished tweaking crates.io crate detect-duplicates 0.2.1
[INFO] tweaked toml for crates.io crate detect-duplicates 0.2.1 written to /workspace/builds/worker-0-tc2/source/Cargo.toml
[INFO] crate crates.io crate detect-duplicates 0.2.1 already has a lockfile, it will not be regenerated
[INFO] running `Command { std: CARGO_HOME="/workspace/cargo-home" RUSTUP_HOME="/workspace/rustup-home" "/workspace/cargo-home/bin/cargo" "+beta-2024-12-08" "fetch" "--manifest-path" "Cargo.toml", kill_on_drop: false }`
[INFO] running `Command { std: "docker" "create" "-v" "/var/lib/crater-agent-workspace/builds/worker-0-tc2/target:/opt/rustwide/target:rw,Z" "-v" "/var/lib/crater-agent-workspace/builds/worker-0-tc2/source:/opt/rustwide/workdir:ro,Z" "-v" "/var/lib/crater-agent-workspace/cargo-home:/opt/rustwide/cargo-home:ro,Z" "-v" "/var/lib/crater-agent-workspace/rustup-home:/opt/rustwide/rustup-home:ro,Z" "-e" "SOURCE_DIR=/opt/rustwide/workdir" "-e" "CARGO_TARGET_DIR=/opt/rustwide/target" "-e" "CARGO_HOME=/opt/rustwide/cargo-home" "-e" "RUSTUP_HOME=/opt/rustwide/rustup-home" "-w" "/opt/rustwide/workdir" "-m" "1610612736" "--user" "0:0" "--network" "none" "ghcr.io/rust-lang/crates-build-env/linux@sha256:f3a9d4ad9d972b27faf3965f35b62e55ba32bbce8f20bc8fe909558a86702fde" "/opt/rustwide/cargo-home/bin/cargo" "+beta-2024-12-08" "metadata" "--no-deps" "--format-version=1", kill_on_drop: false }`
[INFO] [stdout] 488aa8d64a68dfc0a405c5884788df4832e59749545f7c304e8fbe0db3c99c2d
[INFO] running `Command { std: "docker" "start" "-a" "488aa8d64a68dfc0a405c5884788df4832e59749545f7c304e8fbe0db3c99c2d", kill_on_drop: false }`
[INFO] running `Command { std: "docker" "inspect" "488aa8d64a68dfc0a405c5884788df4832e59749545f7c304e8fbe0db3c99c2d", kill_on_drop: false }`
[INFO] running `Command { std: "docker" "rm" "-f" "488aa8d64a68dfc0a405c5884788df4832e59749545f7c304e8fbe0db3c99c2d", kill_on_drop: false }`
[INFO] [stdout] 488aa8d64a68dfc0a405c5884788df4832e59749545f7c304e8fbe0db3c99c2d
[INFO] running `Command { std: "docker" "create" "-v" "/var/lib/crater-agent-workspace/builds/worker-0-tc2/target:/opt/rustwide/target:rw,Z" "-v" "/var/lib/crater-agent-workspace/builds/worker-0-tc2/source:/opt/rustwide/workdir:ro,Z" "-v" "/var/lib/crater-agent-workspace/cargo-home:/opt/rustwide/cargo-home:ro,Z" "-v" "/var/lib/crater-agent-workspace/rustup-home:/opt/rustwide/rustup-home:ro,Z" "-e" "SOURCE_DIR=/opt/rustwide/workdir" "-e" "CARGO_TARGET_DIR=/opt/rustwide/target" "-e" "CARGO_INCREMENTAL=0" "-e" "RUST_BACKTRACE=full" "-e" "RUSTFLAGS=--cap-lints=warn" "-e" "RUSTDOCFLAGS=--cap-lints=warn" "-e" "CARGO_HOME=/opt/rustwide/cargo-home" "-e" "RUSTUP_HOME=/opt/rustwide/rustup-home" "-w" "/opt/rustwide/workdir" "-m" "1610612736" "--user" "0:0" "--network" "none" "ghcr.io/rust-lang/crates-build-env/linux@sha256:f3a9d4ad9d972b27faf3965f35b62e55ba32bbce8f20bc8fe909558a86702fde" "/opt/rustwide/cargo-home/bin/cargo" "+beta-2024-12-08" "build" "--frozen" "--message-format=json", kill_on_drop: false }`
[INFO] [stdout] a3fa2a72909175c3dc885a9752e554d79d7a60de83748ddb1e9cd6633e72dfdf
[INFO] running `Command { std: "docker" "start" "-a" "a3fa2a72909175c3dc885a9752e554d79d7a60de83748ddb1e9cd6633e72dfdf", kill_on_drop: false }`
[INFO] [stderr]    Compiling proc-macro2 v1.0.39
[INFO] [stderr]    Compiling unicode-ident v1.0.0
[INFO] [stderr]    Compiling syn v1.0.95
[INFO] [stderr]    Compiling libc v0.2.126
[INFO] [stderr]    Compiling hashbrown v0.11.2
[INFO] [stderr]    Compiling indexmap v1.8.2
[INFO] [stderr]    Compiling clap_lex v0.2.0
[INFO] [stderr]    Compiling quote v1.0.18
[INFO] [stderr]    Compiling proc-macro-error-attr v1.0.4
[INFO] [stderr]    Compiling atty v0.2.14
[INFO] [stderr]    Compiling proc-macro-error v1.0.4
[INFO] [stderr]    Compiling clap_derive v3.1.18
[INFO] [stderr]    Compiling clap v3.1.18
[INFO] [stderr]    Compiling detect-duplicates v0.2.1 (/opt/rustwide/workdir)
[INFO] [stderr]     Finished `dev` profile [unoptimized + debuginfo] target(s) in 12.98s
[INFO] running `Command { std: "docker" "inspect" "a3fa2a72909175c3dc885a9752e554d79d7a60de83748ddb1e9cd6633e72dfdf", kill_on_drop: false }`
[INFO] running `Command { std: "docker" "rm" "-f" "a3fa2a72909175c3dc885a9752e554d79d7a60de83748ddb1e9cd6633e72dfdf", kill_on_drop: false }`
[INFO] [stdout] a3fa2a72909175c3dc885a9752e554d79d7a60de83748ddb1e9cd6633e72dfdf
[INFO] running `Command { std: "docker" "create" "-v" "/var/lib/crater-agent-workspace/builds/worker-0-tc2/target:/opt/rustwide/target:rw,Z" "-v" "/var/lib/crater-agent-workspace/builds/worker-0-tc2/source:/opt/rustwide/workdir:ro,Z" "-v" "/var/lib/crater-agent-workspace/cargo-home:/opt/rustwide/cargo-home:ro,Z" "-v" "/var/lib/crater-agent-workspace/rustup-home:/opt/rustwide/rustup-home:ro,Z" "-e" "SOURCE_DIR=/opt/rustwide/workdir" "-e" "CARGO_TARGET_DIR=/opt/rustwide/target" "-e" "CARGO_INCREMENTAL=0" "-e" "RUST_BACKTRACE=full" "-e" "RUSTFLAGS=--cap-lints=warn" "-e" "RUSTDOCFLAGS=--cap-lints=warn" "-e" "CARGO_HOME=/opt/rustwide/cargo-home" "-e" "RUSTUP_HOME=/opt/rustwide/rustup-home" "-w" "/opt/rustwide/workdir" "-m" "1610612736" "--user" "0:0" "--network" "none" "ghcr.io/rust-lang/crates-build-env/linux@sha256:f3a9d4ad9d972b27faf3965f35b62e55ba32bbce8f20bc8fe909558a86702fde" "/opt/rustwide/cargo-home/bin/cargo" "+beta-2024-12-08" "test" "--frozen" "--no-run" "--message-format=json", kill_on_drop: false }`
[INFO] [stdout] 1cd417518f76cc86264aaed02cd758fb1e5e289a44dd5f5e7c4f15b6507f8c16
[INFO] running `Command { std: "docker" "start" "-a" "1cd417518f76cc86264aaed02cd758fb1e5e289a44dd5f5e7c4f15b6507f8c16", kill_on_drop: false }`
[INFO] [stderr]    Compiling detect-duplicates v0.2.1 (/opt/rustwide/workdir)
[INFO] [stderr]     Finished `test` profile [unoptimized + debuginfo] target(s) in 0.54s
[INFO] running `Command { std: "docker" "inspect" "1cd417518f76cc86264aaed02cd758fb1e5e289a44dd5f5e7c4f15b6507f8c16", kill_on_drop: false }`
[INFO] running `Command { std: "docker" "rm" "-f" "1cd417518f76cc86264aaed02cd758fb1e5e289a44dd5f5e7c4f15b6507f8c16", kill_on_drop: false }`
[INFO] [stdout] 1cd417518f76cc86264aaed02cd758fb1e5e289a44dd5f5e7c4f15b6507f8c16
[INFO] running `Command { std: "docker" "create" "-v" "/var/lib/crater-agent-workspace/builds/worker-0-tc2/target:/opt/rustwide/target:rw,Z" "-v" "/var/lib/crater-agent-workspace/builds/worker-0-tc2/source:/opt/rustwide/workdir:ro,Z" "-v" "/var/lib/crater-agent-workspace/cargo-home:/opt/rustwide/cargo-home:ro,Z" "-v" "/var/lib/crater-agent-workspace/rustup-home:/opt/rustwide/rustup-home:ro,Z" "-e" "SOURCE_DIR=/opt/rustwide/workdir" "-e" "CARGO_TARGET_DIR=/opt/rustwide/target" "-e" "CARGO_INCREMENTAL=0" "-e" "RUST_BACKTRACE=full" "-e" "RUSTFLAGS=--cap-lints=warn" "-e" "RUSTDOCFLAGS=--cap-lints=warn" "-e" "CARGO_HOME=/opt/rustwide/cargo-home" "-e" "RUSTUP_HOME=/opt/rustwide/rustup-home" "-w" "/opt/rustwide/workdir" "-m" "1610612736" "--user" "0:0" "--network" "none" "ghcr.io/rust-lang/crates-build-env/linux@sha256:f3a9d4ad9d972b27faf3965f35b62e55ba32bbce8f20bc8fe909558a86702fde" "/opt/rustwide/cargo-home/bin/cargo" "+beta-2024-12-08" "test" "--frozen", kill_on_drop: false }`
[INFO] [stdout] 70bc9c6984587db3c4d8a4882335f3223c113aa154b69802786c71abe19e8904
[INFO] running `Command { std: "docker" "start" "-a" "70bc9c6984587db3c4d8a4882335f3223c113aa154b69802786c71abe19e8904", kill_on_drop: false }`
[INFO] [stderr]     Finished `test` profile [unoptimized + debuginfo] target(s) in 0.04s
[INFO] [stderr]      Running unittests src/lib.rs (/opt/rustwide/target/debug/deps/duplicates-81c6bdd917ed2a58)
[INFO] [stdout] 
[INFO] [stdout] running 0 tests
[INFO] [stdout] 
[INFO] [stdout] test result: ok. 0 passed; 0 failed; 0 ignored; 0 measured; 0 filtered out; finished in 0.00s
[INFO] [stdout] 
[INFO] [stderr]      Running unittests src/main.rs (/opt/rustwide/target/debug/deps/detect_duplicates-b722c7ff481a2f5f)
[INFO] [stdout] 
[INFO] [stdout] running 0 tests
[INFO] [stdout] 
[INFO] [stdout] test result: ok. 0 passed; 0 failed; 0 ignored; 0 measured; 0 filtered out; finished in 0.00s
[INFO] [stdout] 
[INFO] [stderr]    Doc-tests duplicates
[INFO] [stdout] 
[INFO] [stdout] running 4 tests
[INFO] [stdout] test src/duplicates.rs - duplicates::get_duplicates (line 26) - compile ... FAILED
[INFO] [stdout] test src/duplicates.rs - duplicates::get_duplicates_hashed (line 71) - compile ... FAILED
[INFO] [stdout] test src/paths.rs - paths::get_descendants (line 11) - compile ... FAILED
[INFO] [stdout] test src/lib.rs - (line 13) - compile ... FAILED
[INFO] [stdout] 
[INFO] [stdout] failures:
[INFO] [stdout] 
[INFO] [stdout] ---- src/duplicates.rs - duplicates::get_duplicates (line 26) stdout ----
[INFO] [stdout] error[E0433]: failed to resolve: use of undeclared type `Path`
[INFO] [stdout]  --> src/duplicates.rs:30:5
[INFO] [stdout]   |
[INFO] [stdout] 7 |     Path::from("files/a.txt"), 
[INFO] [stdout]   |     ^^^^ use of undeclared type `Path`
[INFO] [stdout]   |
[INFO] [stdout] help: consider importing this struct
[INFO] [stdout]   |
[INFO] [stdout] 3 + use std::path::Path;
[INFO] [stdout]   |
[INFO] [stdout] 
[INFO] [stdout] error[E0433]: failed to resolve: use of undeclared type `Path`
[INFO] [stdout]  --> src/duplicates.rs:31:5
[INFO] [stdout]   |
[INFO] [stdout] 8 |     Path::from("files/b.txt"), 
[INFO] [stdout]   |     ^^^^ use of undeclared type `Path`
[INFO] [stdout]   |
[INFO] [stdout] help: consider importing this struct
[INFO] [stdout]   |
[INFO] [stdout] 3 + use std::path::Path;
[INFO] [stdout]   |
[INFO] [stdout] 
[INFO] [stdout] error[E0433]: failed to resolve: use of undeclared type `Path`
[INFO] [stdout]  --> src/duplicates.rs:32:5
[INFO] [stdout]   |
[INFO] [stdout] 9 |     Path::from("files/more_files/c.txt"),
[INFO] [stdout]   |     ^^^^ use of undeclared type `Path`
[INFO] [stdout]   |
[INFO] [stdout] help: consider importing this struct
[INFO] [stdout]   |
[INFO] [stdout] 3 + use std::path::Path;
[INFO] [stdout]   |
[INFO] [stdout] 
[INFO] [stdout] error[E0433]: failed to resolve: use of undeclared type `Path`
[INFO] [stdout]   --> src/duplicates.rs:33:5
[INFO] [stdout]    |
[INFO] [stdout] 10 |     Path::from("files/more_files/d.txt"),
[INFO] [stdout]    |     ^^^^ use of undeclared type `Path`
[INFO] [stdout]    |
[INFO] [stdout] help: consider importing this struct
[INFO] [stdout]    |
[INFO] [stdout] 3  + use std::path::Path;
[INFO] [stdout]    |
[INFO] [stdout] 
[INFO] [stdout] error[E0433]: failed to resolve: use of undeclared type `Path`
[INFO] [stdout]   --> src/duplicates.rs:34:5
[INFO] [stdout]    |
[INFO] [stdout] 11 |     Path::from("files/more_files/even_more_files/e.txt"),
[INFO] [stdout]    |     ^^^^ use of undeclared type `Path`
[INFO] [stdout]    |
[INFO] [stdout] help: consider importing this struct
[INFO] [stdout]    |
[INFO] [stdout] 3  + use std::path::Path;
[INFO] [stdout]    |
[INFO] [stdout] 
[INFO] [stdout] error[E0433]: failed to resolve: use of undeclared type `Path`
[INFO] [stdout]   --> src/duplicates.rs:35:5
[INFO] [stdout]    |
[INFO] [stdout] 12 |     Path::from("files/more_files/even_more_files/f.txt")
[INFO] [stdout]    |     ^^^^ use of undeclared type `Path`
[INFO] [stdout]    |
[INFO] [stdout] help: consider importing this struct
[INFO] [stdout]    |
[INFO] [stdout] 3  + use std::path::Path;
[INFO] [stdout]    |
[INFO] [stdout] 
[INFO] [stdout] error[E0425]: cannot find function `get_duplicates` in this scope
[INFO] [stdout]   --> src/duplicates.rs:37:18
[INFO] [stdout]    |
[INFO] [stdout] 14 | let duplicates = get_duplicates(&paths);
[INFO] [stdout]    |                  ^^^^^^^^^^^^^^ not found in this scope
[INFO] [stdout]    |
[INFO] [stdout] help: consider importing this function
[INFO] [stdout]    |
[INFO] [stdout] 3  + use duplicates::duplicates::get_duplicates;
[INFO] [stdout]    |
[INFO] [stdout] 
[INFO] [stdout] error: aborting due to 7 previous errors
[INFO] [stdout] 
[INFO] [stdout] Some errors have detailed explanations: E0425, E0433.
[INFO] [stdout] For more information about an error, try `rustc --explain E0425`.
[INFO] [stdout] Couldn't compile the test.
[INFO] [stdout] ---- src/duplicates.rs - duplicates::get_duplicates_hashed (line 71) stdout ----
[INFO] [stdout] error[E0433]: failed to resolve: use of undeclared type `Path`
[INFO] [stdout]  --> src/duplicates.rs:75:5
[INFO] [stdout]   |
[INFO] [stdout] 7 |     Path::from("files/a.txt"), 
[INFO] [stdout]   |     ^^^^ use of undeclared type `Path`
[INFO] [stdout]   |
[INFO] [stdout] help: consider importing this struct
[INFO] [stdout]   |
[INFO] [stdout] 3 + use std::path::Path;
[INFO] [stdout]   |
[INFO] [stdout] 
[INFO] [stdout] error[E0433]: failed to resolve: use of undeclared type `Path`
[INFO] [stdout]  --> src/duplicates.rs:76:5
[INFO] [stdout]   |
[INFO] [stdout] 8 |     Path::from("files/b.txt"), 
[INFO] [stdout]   |     ^^^^ use of undeclared type `Path`
[INFO] [stdout]   |
[INFO] [stdout] help: consider importing this struct
[INFO] [stdout]   |
[INFO] [stdout] 3 + use std::path::Path;
[INFO] [stdout]   |
[INFO] [stdout] 
[INFO] [stdout] error[E0433]: failed to resolve: use of undeclared type `Path`
[INFO] [stdout]  --> src/duplicates.rs:77:5
[INFO] [stdout]   |
[INFO] [stdout] 9 |     Path::from("files/more_files/c.txt"),
[INFO] [stdout]   |     ^^^^ use of undeclared type `Path`
[INFO] [stdout]   |
[INFO] [stdout] help: consider importing this struct
[INFO] [stdout]   |
[INFO] [stdout] 3 + use std::path::Path;
[INFO] [stdout]   |
[INFO] [stdout] 
[INFO] [stdout] error[E0433]: failed to resolve: use of undeclared type `Path`
[INFO] [stdout]   --> src/duplicates.rs:78:5
[INFO] [stdout]    |
[INFO] [stdout] 10 |     Path::from("files/more_files/d.txt"),
[INFO] [stdout]    |     ^^^^ use of undeclared type `Path`
[INFO] [stdout]    |
[INFO] [stdout] help: consider importing this struct
[INFO] [stdout]    |
[INFO] [stdout] 3  + use std::path::Path;
[INFO] [stdout]    |
[INFO] [stdout] 
[INFO] [stdout] error[E0433]: failed to resolve: use of undeclared type `Path`
[INFO] [stdout]   --> src/duplicates.rs:79:5
[INFO] [stdout]    |
[INFO] [stdout] 11 |     Path::from("files/more_files/even_more_files/e.txt"),
[INFO] [stdout]    |     ^^^^ use of undeclared type `Path`
[INFO] [stdout]    |
[INFO] [stdout] help: consider importing this struct
[INFO] [stdout]    |
[INFO] [stdout] 3  + use std::path::Path;
[INFO] [stdout]    |
[INFO] [stdout] 
[INFO] [stdout] error[E0433]: failed to resolve: use of undeclared type `Path`
[INFO] [stdout]   --> src/duplicates.rs:80:5
[INFO] [stdout]    |
[INFO] [stdout] 12 |     Path::from("files/more_files/even_more_files/f.txt")
[INFO] [stdout]    |     ^^^^ use of undeclared type `Path`
[INFO] [stdout]    |
[INFO] [stdout] help: consider importing this struct
[INFO] [stdout]    |
[INFO] [stdout] 3  + use std::path::Path;
[INFO] [stdout]    |
[INFO] [stdout] 
[INFO] [stdout] error[E0425]: cannot find function `get_duplicates` in this scope
[INFO] [stdout]   --> src/duplicates.rs:82:18
[INFO] [stdout]    |
[INFO] [stdout] 14 | let duplicates = get_duplicates(&paths);
[INFO] [stdout]    |                  ^^^^^^^^^^^^^^ not found in this scope
[INFO] [stdout]    |
[INFO] [stdout] help: consider importing this function
[INFO] [stdout]    |
[INFO] [stdout] 3  + use duplicates::duplicates::get_duplicates;
[INFO] [stdout]    |
[INFO] [stdout] 
[INFO] [stdout] error: aborting due to 7 previous errors
[INFO] [stdout] 
[INFO] [stdout] Some errors have detailed explanations: E0425, E0433.
[INFO] [stdout] For more information about an error, try `rustc --explain E0425`.
[INFO] [stdout] Couldn't compile the test.
[INFO] [stdout] ---- src/paths.rs - paths::get_descendants (line 11) stdout ----
[INFO] [stdout] error[E0433]: failed to resolve: use of undeclared type `Path`
[INFO] [stdout]  --> src/paths.rs:13:5
[INFO] [stdout]   |
[INFO] [stdout] 4 |     Path::from("files/a.txt"), 
[INFO] [stdout]   |     ^^^^ use of undeclared type `Path`
[INFO] [stdout]   |
[INFO] [stdout] help: consider importing this struct
[INFO] [stdout]   |
[INFO] [stdout] 2 + use std::path::Path;
[INFO] [stdout]   |
[INFO] [stdout] 
[INFO] [stdout] error[E0433]: failed to resolve: use of undeclared type `Path`
[INFO] [stdout]  --> src/paths.rs:14:5
[INFO] [stdout]   |
[INFO] [stdout] 5 |     Path::from("files/b.txt"), 
[INFO] [stdout]   |     ^^^^ use of undeclared type `Path`
[INFO] [stdout]   |
[INFO] [stdout] help: consider importing this struct
[INFO] [stdout]   |
[INFO] [stdout] 2 + use std::path::Path;
[INFO] [stdout]   |
[INFO] [stdout] 
[INFO] [stdout] error[E0433]: failed to resolve: use of undeclared type `Path`
[INFO] [stdout]  --> src/paths.rs:15:5
[INFO] [stdout]   |
[INFO] [stdout] 6 |     Path::from("files/more_files/c.txt"),
[INFO] [stdout]   |     ^^^^ use of undeclared type `Path`
[INFO] [stdout]   |
[INFO] [stdout] help: consider importing this struct
[INFO] [stdout]   |
[INFO] [stdout] 2 + use std::path::Path;
[INFO] [stdout]   |
[INFO] [stdout] 
[INFO] [stdout] error[E0433]: failed to resolve: use of undeclared type `Path`
[INFO] [stdout]  --> src/paths.rs:16:5
[INFO] [stdout]   |
[INFO] [stdout] 7 |     Path::from("files/more_files/d.txt"),
[INFO] [stdout]   |     ^^^^ use of undeclared type `Path`
[INFO] [stdout]   |
[INFO] [stdout] help: consider importing this struct
[INFO] [stdout]   |
[INFO] [stdout] 2 + use std::path::Path;
[INFO] [stdout]   |
[INFO] [stdout] 
[INFO] [stdout] error[E0433]: failed to resolve: use of undeclared type `Path`
[INFO] [stdout]  --> src/paths.rs:17:5
[INFO] [stdout]   |
[INFO] [stdout] 8 |     Path::from("files/more_files/even_more_files/e.txt"),
[INFO] [stdout]   |     ^^^^ use of undeclared type `Path`
[INFO] [stdout]   |
[INFO] [stdout] help: consider importing this struct
[INFO] [stdout]   |
[INFO] [stdout] 2 + use std::path::Path;
[INFO] [stdout]   |
[INFO] [stdout] 
[INFO] [stdout] error[E0433]: failed to resolve: use of undeclared type `Path`
[INFO] [stdout]  --> src/paths.rs:18:5
[INFO] [stdout]   |
[INFO] [stdout] 9 |     Path::from("files/more_files/even_more_files/f.txt")
[INFO] [stdout]   |     ^^^^ use of undeclared type `Path`
[INFO] [stdout]   |
[INFO] [stdout] help: consider importing this struct
[INFO] [stdout]   |
[INFO] [stdout] 2 + use std::path::Path;
[INFO] [stdout]   |
[INFO] [stdout] 
[INFO] [stdout] error[E0425]: cannot find function `get_descendants` in this scope
[INFO] [stdout]   --> src/paths.rs:21:19
[INFO] [stdout]    |
[INFO] [stdout] 12 | let descendants = get_descendants(Path::from("files/more_files"));
[INFO] [stdout]    |                   ^^^^^^^^^^^^^^^ not found in this scope
[INFO] [stdout]    |
[INFO] [stdout] help: consider importing this function
[INFO] [stdout]    |
[INFO] [stdout] 2  + use duplicates::paths::get_descendants;
[INFO] [stdout]    |
[INFO] [stdout] 
[INFO] [stdout] error[E0433]: failed to resolve: use of undeclared type `Path`
[INFO] [stdout]   --> src/paths.rs:21:35
[INFO] [stdout]    |
[INFO] [stdout] 12 | let descendants = get_descendants(Path::from("files/more_files"));
[INFO] [stdout]    |                                   ^^^^ use of undeclared type `Path`
[INFO] [stdout]    |
[INFO] [stdout] help: consider importing this struct
[INFO] [stdout]    |
[INFO] [stdout] 2  + use std::path::Path;
[INFO] [stdout]    |
[INFO] [stdout] 
[INFO] [stdout] error[E0433]: failed to resolve: use of undeclared type `Path`
[INFO] [stdout]   --> src/paths.rs:23:5
[INFO] [stdout]    |
[INFO] [stdout] 14 |     Path::from("files/more_files/c.txt"),
[INFO] [stdout]    |     ^^^^ use of undeclared type `Path`
[INFO] [stdout]    |
[INFO] [stdout] help: consider importing this struct
[INFO] [stdout]    |
[INFO] [stdout] 2  + use std::path::Path;
[INFO] [stdout]    |
[INFO] [stdout] 
[INFO] [stdout] error[E0433]: failed to resolve: use of undeclared type `Path`
[INFO] [stdout]   --> src/paths.rs:24:5
[INFO] [stdout]    |
[INFO] [stdout] 15 |     Path::from("files/more_files/d.txt"),
[INFO] [stdout]    |     ^^^^ use of undeclared type `Path`
[INFO] [stdout]    |
[INFO] [stdout] help: consider importing this struct
[INFO] [stdout]    |
[INFO] [stdout] 2  + use std::path::Path;
[INFO] [stdout]    |
[INFO] [stdout] 
[INFO] [stdout] error[E0433]: failed to resolve: use of undeclared type `Path`
[INFO] [stdout]   --> src/paths.rs:25:5
[INFO] [stdout]    |
[INFO] [stdout] 16 |     Path::from("files/more_files/even_more_files/e.txt"),
[INFO] [stdout]    |     ^^^^ use of undeclared type `Path`
[INFO] [stdout]    |
[INFO] [stdout] help: consider importing this struct
[INFO] [stdout]    |
[INFO] [stdout] 2  + use std::path::Path;
[INFO] [stdout]    |
[INFO] [stdout] 
[INFO] [stdout] error[E0433]: failed to resolve: use of undeclared type `Path`
[INFO] [stdout]   --> src/paths.rs:26:5
[INFO] [stdout]    |
[INFO] [stdout] 17 |     Path::from("files/more_files/even_more_files/f.txt")
[INFO] [stdout]    |     ^^^^ use of undeclared type `Path`
[INFO] [stdout]    |
[INFO] [stdout] help: consider importing this struct
[INFO] [stdout]    |
[INFO] [stdout] 2  + use std::path::Path;
[INFO] [stdout]    |
[INFO] [stdout] 
[INFO] [stdout] error[E0425]: cannot find function `get_descendants` in this scope
[INFO] [stdout]   --> src/paths.rs:30:19
[INFO] [stdout]    |
[INFO] [stdout] 21 | let descendants = get_descendants(Path::from("files"));
[INFO] [stdout]    |                   ^^^^^^^^^^^^^^^
[INFO] [stdout]    |
[INFO] [stdout] help: a local variable with a similar name exists
[INFO] [stdout]    |
[INFO] [stdout] 21 | let descendants = descendants(Path::from("files"));
[INFO] [stdout]    |                   ~~~~~~~~~~~
[INFO] [stdout] help: consider importing this function
[INFO] [stdout]    |
[INFO] [stdout] 2  + use duplicates::paths::get_descendants;
[INFO] [stdout]    |
[INFO] [stdout] 
[INFO] [stdout] error[E0433]: failed to resolve: use of undeclared type `Path`
[INFO] [stdout]   --> src/paths.rs:30:35
[INFO] [stdout]    |
[INFO] [stdout] 21 | let descendants = get_descendants(Path::from("files"));
[INFO] [stdout]    |                                   ^^^^ use of undeclared type `Path`
[INFO] [stdout]    |
[INFO] [stdout] help: consider importing this struct
[INFO] [stdout]    |
[INFO] [stdout] 2  + use std::path::Path;
[INFO] [stdout]    |
[INFO] [stdout] 
[INFO] [stdout] error: aborting due to 14 previous errors
[INFO] [stdout] 
[INFO] [stdout] Some errors have detailed explanations: E0425, E0433.
[INFO] [stdout] For more information about an error, try `rustc --explain E0425`.
[INFO] [stdout] Couldn't compile the test.
[INFO] [stdout] ---- src/lib.rs - (line 13) stdout ----
[INFO] [stdout] error[E0433]: failed to resolve: use of undeclared type `Path`
[INFO] [stdout]   --> src/lib.rs:29:17
[INFO] [stdout]    |
[INFO] [stdout] 19 | let base_path = Path::from("files");
[INFO] [stdout]    |                 ^^^^ use of undeclared type `Path`
[INFO] [stdout]    |
[INFO] [stdout] help: consider importing this struct
[INFO] [stdout]    |
[INFO] [stdout] 16 + use std::path::Path;
[INFO] [stdout]    |
[INFO] [stdout] 
[INFO] [stdout] error[E0425]: cannot find function `get_descendants` in this scope
[INFO] [stdout]   --> src/lib.rs:30:19
[INFO] [stdout]    |
[INFO] [stdout] 20 | let descendants = get_descendants(base_path);
[INFO] [stdout]    |                   ^^^^^^^^^^^^^^^ not found in this scope
[INFO] [stdout]    |
[INFO] [stdout] help: consider importing this function
[INFO] [stdout]    |
[INFO] [stdout] 16 + use duplicates::paths::get_descendants;
[INFO] [stdout]    |
[INFO] [stdout] 
[INFO] [stdout] error[E0425]: cannot find function `get_duplicates_hashed` in this scope
[INFO] [stdout]   --> src/lib.rs:31:18
[INFO] [stdout]    |
[INFO] [stdout] 21 | let duplicates = get_duplicates_hashed(&descendants);
[INFO] [stdout]    |                  ^^^^^^^^^^^^^^^^^^^^^ not found in this scope
[INFO] [stdout]    |
[INFO] [stdout] help: consider importing this function
[INFO] [stdout]    |
[INFO] [stdout] 16 + use duplicates::duplicates::get_duplicates_hashed;
[INFO] [stdout]    |
[INFO] [stdout] 
[INFO] [stdout] error: aborting due to 3 previous errors
[INFO] [stdout] 
[INFO] [stdout] Some errors have detailed explanations: E0425, E0433.
[INFO] [stdout] For more information about an error, try `rustc --explain E0425`.
[INFO] [stdout] Couldn't compile the test.
[INFO] [stdout] 
[INFO] [stdout] failures:
[INFO] [stdout]     src/duplicates.rs - duplicates::get_duplicates (line 26)
[INFO] [stdout]     src/duplicates.rs - duplicates::get_duplicates_hashed (line 71)
[INFO] [stdout]     src/lib.rs - (line 13)
[INFO] [stdout]     src/paths.rs - paths::get_descendants (line 11)
[INFO] [stdout] 
[INFO] [stdout] test result: FAILED. 0 passed; 4 failed; 0 ignored; 0 measured; 0 filtered out; finished in 0.20s
[INFO] [stdout] 
[INFO] [stderr] error: doctest failed, to rerun pass `--doc`
[INFO] running `Command { std: "docker" "inspect" "70bc9c6984587db3c4d8a4882335f3223c113aa154b69802786c71abe19e8904", kill_on_drop: false }`
[INFO] running `Command { std: "docker" "rm" "-f" "70bc9c6984587db3c4d8a4882335f3223c113aa154b69802786c71abe19e8904", kill_on_drop: false }`
[INFO] [stdout] 70bc9c6984587db3c4d8a4882335f3223c113aa154b69802786c71abe19e8904
