[INFO] fetching crate derrick 0.0.10...
[INFO] testing derrick-0.0.10 against beta-2024-12-08 for beta-1.84.0-4-retry
[INFO] extracting crate derrick 0.0.10 into /workspace/builds/worker-3-tc2/source
[INFO] validating manifest of crates.io crate derrick 0.0.10 on toolchain beta-2024-12-08
[INFO] running `Command { std: CARGO_HOME="/workspace/cargo-home" RUSTUP_HOME="/workspace/rustup-home" "/workspace/cargo-home/bin/cargo" "+beta-2024-12-08" "metadata" "--manifest-path" "Cargo.toml" "--no-deps", kill_on_drop: false }`
[INFO] started tweaking crates.io crate derrick 0.0.10
[INFO] removed 0 missing examples
[INFO] finished tweaking crates.io crate derrick 0.0.10
[INFO] tweaked toml for crates.io crate derrick 0.0.10 written to /workspace/builds/worker-3-tc2/source/Cargo.toml
[INFO] crate crates.io crate derrick 0.0.10 already has a lockfile, it will not be regenerated
[INFO] running `Command { std: CARGO_HOME="/workspace/cargo-home" RUSTUP_HOME="/workspace/rustup-home" "/workspace/cargo-home/bin/cargo" "+beta-2024-12-08" "fetch" "--manifest-path" "Cargo.toml", kill_on_drop: false }`
[INFO] [stderr]     Blocking waiting for file lock on package cache
[INFO] running `Command { std: "docker" "create" "-v" "/var/lib/crater-agent-workspace/builds/worker-3-tc2/target:/opt/rustwide/target:rw,Z" "-v" "/var/lib/crater-agent-workspace/builds/worker-3-tc2/source:/opt/rustwide/workdir:ro,Z" "-v" "/var/lib/crater-agent-workspace/cargo-home:/opt/rustwide/cargo-home:ro,Z" "-v" "/var/lib/crater-agent-workspace/rustup-home:/opt/rustwide/rustup-home:ro,Z" "-e" "SOURCE_DIR=/opt/rustwide/workdir" "-e" "CARGO_TARGET_DIR=/opt/rustwide/target" "-e" "CARGO_HOME=/opt/rustwide/cargo-home" "-e" "RUSTUP_HOME=/opt/rustwide/rustup-home" "-w" "/opt/rustwide/workdir" "-m" "1610612736" "--user" "0:0" "--network" "none" "ghcr.io/rust-lang/crates-build-env/linux@sha256:f3a9d4ad9d972b27faf3965f35b62e55ba32bbce8f20bc8fe909558a86702fde" "/opt/rustwide/cargo-home/bin/cargo" "+beta-2024-12-08" "metadata" "--no-deps" "--format-version=1", kill_on_drop: false }`
[INFO] [stdout] df99eed985f2e36c9e2326e6c4bca41c4189b04115575537aea23ccf6d855e9b
[INFO] running `Command { std: "docker" "start" "-a" "df99eed985f2e36c9e2326e6c4bca41c4189b04115575537aea23ccf6d855e9b", kill_on_drop: false }`
[INFO] running `Command { std: "docker" "inspect" "df99eed985f2e36c9e2326e6c4bca41c4189b04115575537aea23ccf6d855e9b", kill_on_drop: false }`
[INFO] running `Command { std: "docker" "rm" "-f" "df99eed985f2e36c9e2326e6c4bca41c4189b04115575537aea23ccf6d855e9b", kill_on_drop: false }`
[INFO] [stdout] df99eed985f2e36c9e2326e6c4bca41c4189b04115575537aea23ccf6d855e9b
[INFO] running `Command { std: "docker" "create" "-v" "/var/lib/crater-agent-workspace/builds/worker-3-tc2/target:/opt/rustwide/target:rw,Z" "-v" "/var/lib/crater-agent-workspace/builds/worker-3-tc2/source:/opt/rustwide/workdir:ro,Z" "-v" "/var/lib/crater-agent-workspace/cargo-home:/opt/rustwide/cargo-home:ro,Z" "-v" "/var/lib/crater-agent-workspace/rustup-home:/opt/rustwide/rustup-home:ro,Z" "-e" "SOURCE_DIR=/opt/rustwide/workdir" "-e" "CARGO_TARGET_DIR=/opt/rustwide/target" "-e" "CARGO_INCREMENTAL=0" "-e" "RUST_BACKTRACE=full" "-e" "RUSTFLAGS=--cap-lints=warn" "-e" "RUSTDOCFLAGS=--cap-lints=warn" "-e" "CARGO_HOME=/opt/rustwide/cargo-home" "-e" "RUSTUP_HOME=/opt/rustwide/rustup-home" "-w" "/opt/rustwide/workdir" "-m" "1610612736" "--user" "0:0" "--network" "none" "ghcr.io/rust-lang/crates-build-env/linux@sha256:f3a9d4ad9d972b27faf3965f35b62e55ba32bbce8f20bc8fe909558a86702fde" "/opt/rustwide/cargo-home/bin/cargo" "+beta-2024-12-08" "build" "--frozen" "--message-format=json", kill_on_drop: false }`
[INFO] [stdout] c1f1c0cd65cd973d1ef4cc150871f85ccf724c67d772e9823c75c65ce8105496
[INFO] running `Command { std: "docker" "start" "-a" "c1f1c0cd65cd973d1ef4cc150871f85ccf724c67d772e9823c75c65ce8105496", kill_on_drop: false }`
[INFO] [stderr]    Compiling proc-macro2 v1.0.86
[INFO] [stderr]    Compiling unicode-ident v1.0.13
[INFO] [stderr]    Compiling libc v0.2.159
[INFO] [stderr]    Compiling serde v1.0.210
[INFO] [stderr]    Compiling cfg-if v1.0.0
[INFO] [stderr]    Compiling autocfg v1.4.0
[INFO] [stderr]    Compiling memchr v2.7.4
[INFO] [stderr]    Compiling itoa v1.0.11
[INFO] [stderr]    Compiling pin-project-lite v0.2.14
[INFO] [stderr]    Compiling futures-core v0.3.30
[INFO] [stderr]    Compiling version_check v0.9.5
[INFO] [stderr]    Compiling fnv v1.0.7
[INFO] [stderr]    Compiling futures-sink v0.3.30
[INFO] [stderr]    Compiling smallvec v1.13.2
[INFO] [stderr]    Compiling pin-utils v0.1.0
[INFO] [stderr]    Compiling futures-io v0.3.30
[INFO] [stderr]    Compiling once_cell v1.20.1
[INFO] [stderr]    Compiling futures-task v0.3.30
[INFO] [stderr]    Compiling parking_lot_core v0.9.10
[INFO] [stderr]    Compiling log v0.4.22
[INFO] [stderr]    Compiling futures-channel v0.3.30
[INFO] [stderr]    Compiling scopeguard v1.2.0
[INFO] [stderr]    Compiling typenum v1.17.0
[INFO] [stderr]    Compiling hashbrown v0.15.0
[INFO] [stderr]    Compiling equivalent v1.0.1
[INFO] [stderr]    Compiling shlex v1.3.0
[INFO] [stderr]    Compiling zeroize v1.8.1
[INFO] [stderr]    Compiling serde_json v1.0.128
[INFO] [stderr]    Compiling ryu v1.0.18
[INFO] [stderr]    Compiling cc v1.1.24
[INFO] [stderr]    Compiling httparse v1.9.5
[INFO] [stderr]    Compiling slab v0.4.9
[INFO] [stderr]    Compiling lock_api v0.4.12
[INFO] [stderr]    Compiling spin v0.9.8
[INFO] [stderr]    Compiling atomic-waker v1.1.2
[INFO] [stderr]    Compiling powerfmt v0.2.0
[INFO] [stderr]    Compiling generic-array v0.14.7
[INFO] [stderr]    Compiling tracing-core v0.1.32
[INFO] [stderr]    Compiling num-conv v0.1.0
[INFO] [stderr]    Compiling time-core v0.1.2
[INFO] [stderr]    Compiling num-traits v0.2.19
[INFO] [stderr]    Compiling semver v1.0.23
[INFO] [stderr]    Compiling subtle v2.6.1
[INFO] [stderr]    Compiling time-macros v0.2.18
[INFO] [stderr]    Compiling tower-service v0.3.3
[INFO] [stderr]    Compiling untrusted v0.9.0
[INFO] [stderr]    Compiling try-lock v0.2.5
[INFO] [stderr]    Compiling rustls-pki-types v1.9.0
[INFO] [stderr]    Compiling num_threads v0.1.7
[INFO] [stderr]    Compiling want v0.3.1
[INFO] [stderr]    Compiling httpdate v1.0.3
[INFO] [stderr]    Compiling strsim v0.11.1
[INFO] [stderr]    Compiling slog v2.7.0
[INFO] [stderr]    Compiling cpufeatures v0.2.14
[INFO] [stderr]    Compiling quote v1.0.37
[INFO] [stderr]    Compiling thiserror v1.0.64
[INFO] [stderr]    Compiling getrandom v0.2.15
[INFO] [stderr]    Compiling signal-hook-registry v1.4.2
[INFO] [stderr]    Compiling mio v1.0.2
[INFO] [stderr]    Compiling socket2 v0.5.7
[INFO] [stderr]    Compiling heck v0.5.0
[INFO] [stderr]    Compiling parking_lot v0.12.3
[INFO] [stderr]    Compiling rustls v0.22.4
[INFO] [stderr]    Compiling syn v2.0.79
[INFO] [stderr]    Compiling percent-encoding v2.3.1
[INFO] [stderr]    Compiling base64ct v1.6.0
[INFO] [stderr]    Compiling byteorder v1.5.0
[INFO] [stderr]    Compiling tinyvec_macros v0.1.1
[INFO] [stderr]    Compiling rand_core v0.6.4
[INFO] [stderr]    Compiling tinyvec v1.8.0
[INFO] [stderr]    Compiling form_urlencoded v1.2.1
[INFO] [stderr]    Compiling rustc_version v0.4.1
[INFO] [stderr]    Compiling pem-rfc7468 v0.7.0
[INFO] [stderr]    Compiling base64 v0.22.1
[INFO] [stderr]    Compiling const-oid v0.9.6
[INFO] [stderr]    Compiling ident_case v1.0.1
[INFO] [stderr]    Compiling rustls-pemfile v2.2.0
[INFO] [stderr]    Compiling crossbeam-utils v0.8.20
[INFO] [stderr]    Compiling unicode-bidi v0.3.15
[INFO] [stderr]    Compiling num-integer v0.1.46
[INFO] [stderr]    Compiling dirs-sys-next v0.1.2
[INFO] [stderr]    Compiling block-buffer v0.10.4
[INFO] [stderr]    Compiling crypto-common v0.1.6
[INFO] [stderr]    Compiling der v0.7.9
[INFO] [stderr]    Compiling thread_local v1.1.8
[INFO] [stderr]    Compiling utf8parse v0.2.2
[INFO] [stderr]    Compiling openssl-probe v0.1.5
[INFO] [stderr]    Compiling curve25519-dalek v4.1.3
[INFO] [stderr]    Compiling dirs-next v2.0.0
[INFO] [stderr]    Compiling anstyle-parse v0.2.5
[INFO] [stderr]    Compiling aho-corasick v1.1.3
[INFO] [stderr]    Compiling digest v0.10.7
[INFO] [stderr]    Compiling unicode-normalization v0.1.24
[INFO] [stderr]    Compiling rustls-native-certs v0.7.3
[INFO] [stderr]    Compiling num-bigint v0.4.6
[INFO] [stderr]    Compiling multer v3.1.0
[INFO] [stderr]    Compiling gimli v0.31.0
[INFO] [stderr]    Compiling anstyle v1.0.8
[INFO] [stderr]    Compiling colorchoice v1.0.2
[INFO] [stderr]    Compiling camino v1.1.9
[INFO] [stderr]    Compiling winnow v0.6.20
[INFO] [stderr]    Compiling signature v2.2.0
[INFO] [stderr]    Compiling ring v0.17.8
[INFO] [stderr]    Compiling sha2 v0.10.8
[INFO] [stderr]    Compiling match_cfg v0.1.0
[INFO] [stderr]    Compiling is_terminal_polyfill v1.70.1
[INFO] [stderr]    Compiling portable-atomic v1.9.0
[INFO] [stderr]    Compiling ed25519 v2.2.3
[INFO] [stderr]    Compiling paste v1.0.15
[INFO] [stderr]    Compiling adler2 v2.0.0
[INFO] [stderr]    Compiling idna v0.5.0
[INFO] [stderr]    Compiling iana-time-zone v0.1.61
[INFO] [stderr]    Compiling schemars v0.8.21
[INFO] [stderr]    Compiling regex-syntax v0.8.5
[INFO] [stderr]    Compiling slog-async v2.8.0
[INFO] [stderr]    Compiling tower-layer v0.3.3
[INFO] [stderr]    Compiling anstyle-query v1.1.1
[INFO] [stderr]    Compiling anstream v0.6.15
[INFO] [stderr]    Compiling miniz_oxide v0.8.0
[INFO] [stderr]    Compiling hostname v0.3.1
[INFO] [stderr]    Compiling crossbeam-channel v0.5.13
[INFO] [stderr]    Compiling term v0.7.0
[INFO] [stderr]    Compiling pem v3.0.4
[INFO] [stderr]    Compiling object v0.36.4
[INFO] [stderr]    Compiling is-terminal v0.4.13
[INFO] [stderr]    Compiling dropshot v0.12.0
[INFO] [stderr]    Compiling encoding_rs v0.8.34
[INFO] [stderr]    Compiling mime v0.3.17
[INFO] [stderr]    Compiling either v1.13.0
[INFO] [stderr]    Compiling dyn-clone v1.0.17
[INFO] [stderr]    Compiling data-encoding v2.6.0
[INFO] [stderr]    Compiling base64 v0.21.7
[INFO] [stderr]    Compiling lazy_static v1.5.0
[INFO] [stderr]    Compiling take_mut v0.2.2
[INFO] [stderr]    Compiling anyhow v1.0.89
[INFO] [stderr]    Compiling hex v0.4.3
[INFO] [stderr]    Compiling overload v0.1.1
[INFO] [stderr]    Compiling spki v0.7.3
[INFO] [stderr]    Compiling bitflags v2.6.0
[INFO] [stderr]    Compiling rustc-demangle v0.1.24
[INFO] [stderr]    Compiling clap_lex v0.7.2
[INFO] [stderr]    Compiling pkcs8 v0.10.2
[INFO] [stderr]    Compiling iri-string v0.7.6
[INFO] [stderr]    Compiling nu-ansi-term v0.46.0
[INFO] [stderr]    Compiling clap_builder v4.5.19
[INFO] [stderr]    Compiling signatory v0.27.1
[INFO] [stderr]    Compiling sharded-slab v0.1.7
[INFO] [stderr]    Compiling sha1 v0.10.6
[INFO] [stderr]    Compiling hostname v0.4.0
[INFO] [stderr]    Compiling tracing-log v0.2.0
[INFO] [stderr]    Compiling waitgroup v0.1.2
[INFO] [stderr]    Compiling secrecy v0.8.0
[INFO] [stderr]    Compiling debug-ignore v1.0.5
[INFO] [stderr]    Compiling arc-swap v1.7.1
[INFO] [stderr]    Compiling addr2line v0.24.1
[INFO] [stderr]    Compiling regex-automata v0.4.8
[INFO] [stderr]    Compiling itertools v0.13.0
[INFO] [stderr]    Compiling shell-escape v0.1.5
[INFO] [stderr]    Compiling whoami v1.5.2
[INFO] [stderr]    Compiling darling_core v0.20.10
[INFO] [stderr]    Compiling serde_derive_internals v0.29.1
[INFO] [stderr]    Compiling dotenvy v0.15.7
[INFO] [stderr]    Compiling tracing-subscriber v0.3.18
[INFO] [stderr]    Compiling serde_derive v1.0.210
[INFO] [stderr]    Compiling futures-macro v0.3.30
[INFO] [stderr]    Compiling tokio-macros v2.4.0
[INFO] [stderr]    Compiling tracing-attributes v0.1.27
[INFO] [stderr]    Compiling zerocopy-derive v0.7.35
[INFO] [stderr]    Compiling thiserror-impl v1.0.64
[INFO] [stderr]    Compiling curve25519-dalek-derive v0.1.1
[INFO] [stderr]    Compiling pin-project-internal v1.1.5
[INFO] [stderr]    Compiling serde_repr v0.1.19
[INFO] [stderr]    Compiling async-stream-impl v0.3.6
[INFO] [stderr]    Compiling async-trait v0.1.83
[INFO] [stderr]    Compiling schemars_derive v0.8.21
[INFO] [stderr]    Compiling zerocopy v0.7.35
[INFO] [stderr]    Compiling rustls-webpki v0.102.8
[INFO] [stderr]    Compiling snafu-derive v0.8.5
[INFO] [stderr]    Compiling async-stream v0.3.6
[INFO] [stderr]    Compiling backtrace v0.3.74
[INFO] [stderr]    Compiling regex v1.11.0
[INFO] [stderr]    Compiling futures-util v0.3.30
[INFO] [stderr]    Compiling clap_derive v4.5.18
[INFO] [stderr]    Compiling pin-project v1.1.5
[INFO] [stderr]    Compiling darling_macro v0.20.10
[INFO] [stderr]    Compiling ppv-lite86 v0.2.20
[INFO] [stderr]    Compiling ed25519-dalek v2.1.1
[INFO] [stderr]    Compiling tracing v0.1.40
[INFO] [stderr]    Compiling rand_chacha v0.3.1
[INFO] [stderr]    Compiling rand v0.8.5
[INFO] [stderr]    Compiling darling v0.20.10
[INFO] [stderr]    Compiling derive_builder_core v0.20.1
[INFO] [stderr]    Compiling nkeys v0.4.4
[INFO] [stderr]    Compiling nuid v0.5.0
[INFO] [stderr]    Compiling snafu v0.8.5
[INFO] [stderr]    Compiling clap v4.5.19
[INFO] [stderr]    Compiling derive_builder_macro v0.20.1
[INFO] [stderr]    Compiling futures-executor v0.3.30
[INFO] [stderr]    Compiling futures v0.3.30
[INFO] [stderr]    Compiling derive_builder v0.20.1
[INFO] [stderr]    Compiling serde_tokenstream v0.2.2
[INFO] [stderr]    Compiling dropshot_endpoint v0.12.0
[INFO] [stderr]    Compiling bytes v1.7.2
[INFO] [stderr]    Compiling indexmap v2.6.0
[INFO] [stderr]    Compiling deranged v0.3.11
[INFO] [stderr]    Compiling serde_spanned v0.6.8
[INFO] [stderr]    Compiling url v2.5.2
[INFO] [stderr]    Compiling serde_urlencoded v0.7.1
[INFO] [stderr]    Compiling toml_datetime v0.6.8
[INFO] [stderr]    Compiling serde_with v3.10.0
[INFO] [stderr]    Compiling serde_path_to_error v0.1.16
[INFO] [stderr]    Compiling uuid v1.10.0
[INFO] [stderr]    Compiling chrono v0.4.38
[INFO] [stderr]    Compiling serde_nanos v0.1.4
[INFO] [stderr]    Compiling time v0.3.36
[INFO] [stderr]    Compiling tokio v1.40.0
[INFO] [stderr]    Compiling http v1.1.0
[INFO] [stderr]    Compiling toml_edit v0.22.22
[INFO] [stderr]    Compiling openapiv3 v2.0.0
[INFO] [stderr]    Compiling http-body v1.0.1
[INFO] [stderr]    Compiling http-body-util v0.1.2
[INFO] [stderr]    Compiling bollard-stubs v1.44.0-rc.2
[INFO] [stderr]    Compiling slog-json v2.6.1
[INFO] [stderr]    Compiling simple_asn1 v0.6.2
[INFO] [stderr]    Compiling slog-term v2.9.1
[INFO] [stderr]    Compiling slog-bunyan v2.5.0
[INFO] [stderr]    Compiling jsonwebtoken v9.3.0
[INFO] [stderr]    Compiling toml v0.8.19
[INFO] [stderr]    Compiling tokio-util v0.7.12
[INFO] [stderr]    Compiling tokio-rustls v0.25.0
[INFO] [stderr]    Compiling tryhard v0.5.1
[INFO] [stderr]    Compiling async-nats v0.34.0
[INFO] [stderr]    Compiling h2 v0.4.6
[INFO] [stderr]    Compiling tower v0.4.13
[INFO] [stderr]    Compiling tower-http v0.5.2
[INFO] [stderr]    Compiling hyper v1.4.1
[INFO] [stderr]    Compiling hyper-util v0.1.9
[INFO] [stderr]    Compiling hyper-timeout v0.5.1
[INFO] [stderr]    Compiling hyperlocal-next v0.9.0
[INFO] [stderr]    Compiling hyper-rustls v0.26.0
[INFO] [stderr]    Compiling bollard v0.16.1
[INFO] [stderr]    Compiling octocrab v0.38.0
[INFO] [stderr]    Compiling derrick v0.0.10 (/opt/rustwide/workdir)
[INFO] [stdout] warning: unused variable: `working_dir`
[INFO] [stdout]    --> src/workspace_controllers/remote_nats.rs:118:43
[INFO] [stdout]     |
[INFO] [stdout] 118 |     async fn read_file(&self, file: &str, working_dir: Option<&str>) -> Result<String> {
[INFO] [stdout]     |                                           ^^^^^^^^^^^ help: if this is intentional, prefix it with an underscore: `_working_dir`
[INFO] [stdout]     |
[INFO] [stdout]     = note: `#[warn(unused_variables)]` on by default
[INFO] [stdout] 
[INFO] [stdout] 
[INFO] [stdout] warning: field `channel_topic` is never read
[INFO] [stdout]   --> src/messaging.rs:33:9
[INFO] [stdout]    |
[INFO] [stdout] 31 | pub struct Channel {
[INFO] [stdout]    |            ------- field in this struct
[INFO] [stdout] 32 |     client: async_nats::client::Client,
[INFO] [stdout] 33 |     pub channel_topic: String,
[INFO] [stdout]    |         ^^^^^^^^^^^^^
[INFO] [stdout]    |
[INFO] [stdout]    = note: `Channel` has a derived impl for the trait `Debug`, but this is intentionally ignored during dead code analysis
[INFO] [stdout]    = note: `#[warn(dead_code)]` on by default
[INFO] [stdout] 
[INFO] [stdout] 
[INFO] [stdout] warning: associated items `establish_and_announce`, `publish`, and `request` are never used
[INFO] [stdout]    --> src/messaging.rs:61:18
[INFO] [stdout]     |
[INFO] [stdout] 57  | impl Channel {
[INFO] [stdout]     | ------------ associated items in this implementation
[INFO] [stdout] ...
[INFO] [stdout] 61  |     pub async fn establish_and_announce(
[INFO] [stdout]     |                  ^^^^^^^^^^^^^^^^^^^^^^
[INFO] [stdout] ...
[INFO] [stdout] 115 |     pub async fn publish(&self, message: String) -> Result<()> {
[INFO] [stdout]     |                  ^^^^^^^
[INFO] [stdout] ...
[INFO] [stdout] 122 |     pub async fn request(&self, message: String) -> Result<String> {
[INFO] [stdout]     |                  ^^^^^^^
[INFO] [stdout] 
[INFO] [stdout] 
[INFO] [stdout] warning: field `subject` is never read
[INFO] [stdout]   --> src/service.rs:35:5
[INFO] [stdout]    |
[INFO] [stdout] 33 | pub struct WorkspaceService {
[INFO] [stdout]    |            ---------------- field in this struct
[INFO] [stdout] 34 |     controller: ServiceController,
[INFO] [stdout] 35 |     subject: String,
[INFO] [stdout]    |     ^^^^^^^
[INFO] [stdout] 
[INFO] [stdout] 
[INFO] [stdout] warning: fields `workspace` and `channel` are never read
[INFO] [stdout]   --> src/service.rs:39:5
[INFO] [stdout]    |
[INFO] [stdout] 38 | struct WorkspaceServiceContext {
[INFO] [stdout]    |        ----------------------- fields in this struct
[INFO] [stdout] 39 |     workspace: Workspace,
[INFO] [stdout]    |     ^^^^^^^^^
[INFO] [stdout] 40 |     channel: messaging::Channel,
[INFO] [stdout]    |     ^^^^^^^
[INFO] [stdout] 
[INFO] [stdout] 
[INFO] [stdout] warning: type alias `ResponseMessage` is never used
[INFO] [stdout]   --> src/service.rs:67:6
[INFO] [stdout]    |
[INFO] [stdout] 67 | type ResponseMessage = Result<serde_json::Value>;
[INFO] [stdout]    |      ^^^^^^^^^^^^^^^
[INFO] [stdout] 
[INFO] [stdout] 
[INFO] [stdout] warning: function `init_path` is never used
[INFO] [stdout]   --> src/workspace_controllers/testing.rs:59:4
[INFO] [stdout]    |
[INFO] [stdout] 59 | fn init_path(name: &str) -> Result<String> {
[INFO] [stdout]    |    ^^^^^^^^^
[INFO] [stdout] 
[INFO] [stdout] 
[INFO] [stdout] warning: fields `name`, `path`, and `subscriber` are never read
[INFO] [stdout]   --> src/workspace_controllers/remote_nats.rs:15:5
[INFO] [stdout]    |
[INFO] [stdout] 14 | pub struct RemoteNatsController {
[INFO] [stdout]    |            -------------------- fields in this struct
[INFO] [stdout] 15 |     name: String,
[INFO] [stdout]    |     ^^^^
[INFO] [stdout] 16 |     path: OnceLock<String>,
[INFO] [stdout]    |     ^^^^
[INFO] [stdout] 17 |     channel: OnceLock<messaging::Channel>,
[INFO] [stdout] 18 |     subscriber: OnceLock<messaging::Subscriber>,
[INFO] [stdout]    |     ^^^^^^^^^^
[INFO] [stdout]    |
[INFO] [stdout]    = note: `RemoteNatsController` has a derived impl for the trait `Debug`, but this is intentionally ignored during dead code analysis
[INFO] [stdout] 
[INFO] [stdout] 
[INFO] [stderr]     Finished `dev` profile [unoptimized] target(s) in 1m 55s
[INFO] running `Command { std: "docker" "inspect" "c1f1c0cd65cd973d1ef4cc150871f85ccf724c67d772e9823c75c65ce8105496", kill_on_drop: false }`
[INFO] running `Command { std: "docker" "rm" "-f" "c1f1c0cd65cd973d1ef4cc150871f85ccf724c67d772e9823c75c65ce8105496", kill_on_drop: false }`
[INFO] [stdout] c1f1c0cd65cd973d1ef4cc150871f85ccf724c67d772e9823c75c65ce8105496
[INFO] running `Command { std: "docker" "create" "-v" "/var/lib/crater-agent-workspace/builds/worker-3-tc2/target:/opt/rustwide/target:rw,Z" "-v" "/var/lib/crater-agent-workspace/builds/worker-3-tc2/source:/opt/rustwide/workdir:ro,Z" "-v" "/var/lib/crater-agent-workspace/cargo-home:/opt/rustwide/cargo-home:ro,Z" "-v" "/var/lib/crater-agent-workspace/rustup-home:/opt/rustwide/rustup-home:ro,Z" "-e" "SOURCE_DIR=/opt/rustwide/workdir" "-e" "CARGO_TARGET_DIR=/opt/rustwide/target" "-e" "CARGO_INCREMENTAL=0" "-e" "RUST_BACKTRACE=full" "-e" "RUSTFLAGS=--cap-lints=warn" "-e" "RUSTDOCFLAGS=--cap-lints=warn" "-e" "CARGO_HOME=/opt/rustwide/cargo-home" "-e" "RUSTUP_HOME=/opt/rustwide/rustup-home" "-w" "/opt/rustwide/workdir" "-m" "1610612736" "--user" "0:0" "--network" "none" "ghcr.io/rust-lang/crates-build-env/linux@sha256:f3a9d4ad9d972b27faf3965f35b62e55ba32bbce8f20bc8fe909558a86702fde" "/opt/rustwide/cargo-home/bin/cargo" "+beta-2024-12-08" "test" "--frozen" "--no-run" "--message-format=json", kill_on_drop: false }`
[INFO] [stdout] 43886bb4bb41020d746f9f0f2397d9b026490eec4e745ee83b625c9c0b0218b2
[INFO] running `Command { std: "docker" "start" "-a" "43886bb4bb41020d746f9f0f2397d9b026490eec4e745ee83b625c9c0b0218b2", kill_on_drop: false }`
[INFO] [stderr]    Compiling regex-syntax v0.6.29
[INFO] [stderr]    Compiling tracing-serde v0.1.3
[INFO] [stderr]    Compiling test-log-macros v0.2.16
[INFO] [stderr]    Compiling regex-automata v0.1.10
[INFO] [stderr]    Compiling matchers v0.1.0
[INFO] [stderr]    Compiling tracing-subscriber v0.3.18
[INFO] [stderr]    Compiling test-log v0.2.16
[INFO] [stderr]    Compiling derrick v0.0.10 (/opt/rustwide/workdir)
[INFO] [stdout] warning: unused variable: `working_dir`
[INFO] [stdout]    --> src/workspace_controllers/remote_nats.rs:118:43
[INFO] [stdout]     |
[INFO] [stdout] 118 |     async fn read_file(&self, file: &str, working_dir: Option<&str>) -> Result<String> {
[INFO] [stdout]     |                                           ^^^^^^^^^^^ help: if this is intentional, prefix it with an underscore: `_working_dir`
[INFO] [stdout]     |
[INFO] [stdout]     = note: `#[warn(unused_variables)]` on by default
[INFO] [stdout] 
[INFO] [stdout] 
[INFO] [stdout] warning: field `channel_topic` is never read
[INFO] [stdout]   --> src/messaging.rs:33:9
[INFO] [stdout]    |
[INFO] [stdout] 31 | pub struct Channel {
[INFO] [stdout]    |            ------- field in this struct
[INFO] [stdout] 32 |     client: async_nats::client::Client,
[INFO] [stdout] 33 |     pub channel_topic: String,
[INFO] [stdout]    |         ^^^^^^^^^^^^^
[INFO] [stdout]    |
[INFO] [stdout]    = note: `Channel` has a derived impl for the trait `Debug`, but this is intentionally ignored during dead code analysis
[INFO] [stdout]    = note: `#[warn(dead_code)]` on by default
[INFO] [stdout] 
[INFO] [stdout] 
[INFO] [stdout] warning: associated items `establish_and_announce`, `publish`, and `request` are never used
[INFO] [stdout]    --> src/messaging.rs:61:18
[INFO] [stdout]     |
[INFO] [stdout] 57  | impl Channel {
[INFO] [stdout]     | ------------ associated items in this implementation
[INFO] [stdout] ...
[INFO] [stdout] 61  |     pub async fn establish_and_announce(
[INFO] [stdout]     |                  ^^^^^^^^^^^^^^^^^^^^^^
[INFO] [stdout] ...
[INFO] [stdout] 115 |     pub async fn publish(&self, message: String) -> Result<()> {
[INFO] [stdout]     |                  ^^^^^^^
[INFO] [stdout] ...
[INFO] [stdout] 122 |     pub async fn request(&self, message: String) -> Result<String> {
[INFO] [stdout]     |                  ^^^^^^^
[INFO] [stdout] 
[INFO] [stdout] 
[INFO] [stdout] warning: field `subject` is never read
[INFO] [stdout]   --> src/service.rs:35:5
[INFO] [stdout]    |
[INFO] [stdout] 33 | pub struct WorkspaceService {
[INFO] [stdout]    |            ---------------- field in this struct
[INFO] [stdout] 34 |     controller: ServiceController,
[INFO] [stdout] 35 |     subject: String,
[INFO] [stdout]    |     ^^^^^^^
[INFO] [stdout] 
[INFO] [stdout] 
[INFO] [stdout] warning: fields `workspace` and `channel` are never read
[INFO] [stdout]   --> src/service.rs:39:5
[INFO] [stdout]    |
[INFO] [stdout] 38 | struct WorkspaceServiceContext {
[INFO] [stdout]    |        ----------------------- fields in this struct
[INFO] [stdout] 39 |     workspace: Workspace,
[INFO] [stdout]    |     ^^^^^^^^^
[INFO] [stdout] 40 |     channel: messaging::Channel,
[INFO] [stdout]    |     ^^^^^^^
[INFO] [stdout] 
[INFO] [stdout] 
[INFO] [stdout] warning: type alias `ResponseMessage` is never used
[INFO] [stdout]   --> src/service.rs:67:6
[INFO] [stdout]    |
[INFO] [stdout] 67 | type ResponseMessage = Result<serde_json::Value>;
[INFO] [stdout]    |      ^^^^^^^^^^^^^^^
[INFO] [stdout] 
[INFO] [stdout] 
[INFO] [stdout] warning: function `init_path` is never used
[INFO] [stdout]   --> src/workspace_controllers/testing.rs:59:4
[INFO] [stdout]    |
[INFO] [stdout] 59 | fn init_path(name: &str) -> Result<String> {
[INFO] [stdout]    |    ^^^^^^^^^
[INFO] [stdout] 
[INFO] [stdout] 
[INFO] [stdout] warning: fields `name`, `path`, and `subscriber` are never read
[INFO] [stdout]   --> src/workspace_controllers/remote_nats.rs:15:5
[INFO] [stdout]    |
[INFO] [stdout] 14 | pub struct RemoteNatsController {
[INFO] [stdout]    |            -------------------- fields in this struct
[INFO] [stdout] 15 |     name: String,
[INFO] [stdout]    |     ^^^^
[INFO] [stdout] 16 |     path: OnceLock<String>,
[INFO] [stdout]    |     ^^^^
[INFO] [stdout] 17 |     channel: OnceLock<messaging::Channel>,
[INFO] [stdout] 18 |     subscriber: OnceLock<messaging::Subscriber>,
[INFO] [stdout]    |     ^^^^^^^^^^
[INFO] [stdout]    |
[INFO] [stdout]    = note: `RemoteNatsController` has a derived impl for the trait `Debug`, but this is intentionally ignored during dead code analysis
[INFO] [stdout] 
[INFO] [stdout] 
[INFO] [stdout] warning: unused variable: `working_dir`
[INFO] [stdout]    --> src/workspace_controllers/remote_nats.rs:118:43
[INFO] [stdout]     |
[INFO] [stdout] 118 |     async fn read_file(&self, file: &str, working_dir: Option<&str>) -> Result<String> {
[INFO] [stdout]     |                                           ^^^^^^^^^^^ help: if this is intentional, prefix it with an underscore: `_working_dir`
[INFO] [stdout]     |
[INFO] [stdout]     = note: `#[warn(unused_variables)]` on by default
[INFO] [stdout] 
[INFO] [stdout] 
[INFO] [stdout] warning: field `channel_topic` is never read
[INFO] [stdout]   --> src/messaging.rs:33:9
[INFO] [stdout]    |
[INFO] [stdout] 31 | pub struct Channel {
[INFO] [stdout]    |            ------- field in this struct
[INFO] [stdout] 32 |     client: async_nats::client::Client,
[INFO] [stdout] 33 |     pub channel_topic: String,
[INFO] [stdout]    |         ^^^^^^^^^^^^^
[INFO] [stdout]    |
[INFO] [stdout]    = note: `Channel` has a derived impl for the trait `Debug`, but this is intentionally ignored during dead code analysis
[INFO] [stdout]    = note: `#[warn(dead_code)]` on by default
[INFO] [stdout] 
[INFO] [stdout] 
[INFO] [stdout] warning: associated items `establish_and_announce`, `publish`, and `request` are never used
[INFO] [stdout]    --> src/messaging.rs:61:18
[INFO] [stdout]     |
[INFO] [stdout] 57  | impl Channel {
[INFO] [stdout]     | ------------ associated items in this implementation
[INFO] [stdout] ...
[INFO] [stdout] 61  |     pub async fn establish_and_announce(
[INFO] [stdout]     |                  ^^^^^^^^^^^^^^^^^^^^^^
[INFO] [stdout] ...
[INFO] [stdout] 115 |     pub async fn publish(&self, message: String) -> Result<()> {
[INFO] [stdout]     |                  ^^^^^^^
[INFO] [stdout] ...
[INFO] [stdout] 122 |     pub async fn request(&self, message: String) -> Result<String> {
[INFO] [stdout]     |                  ^^^^^^^
[INFO] [stdout] 
[INFO] [stdout] 
[INFO] [stdout] warning: field `subject` is never read
[INFO] [stdout]   --> src/service.rs:35:5
[INFO] [stdout]    |
[INFO] [stdout] 33 | pub struct WorkspaceService {
[INFO] [stdout]    |            ---------------- field in this struct
[INFO] [stdout] 34 |     controller: ServiceController,
[INFO] [stdout] 35 |     subject: String,
[INFO] [stdout]    |     ^^^^^^^
[INFO] [stdout] 
[INFO] [stdout] 
[INFO] [stdout] warning: fields `workspace` and `channel` are never read
[INFO] [stdout]   --> src/service.rs:39:5
[INFO] [stdout]    |
[INFO] [stdout] 38 | struct WorkspaceServiceContext {
[INFO] [stdout]    |        ----------------------- fields in this struct
[INFO] [stdout] 39 |     workspace: Workspace,
[INFO] [stdout]    |     ^^^^^^^^^
[INFO] [stdout] 40 |     channel: messaging::Channel,
[INFO] [stdout]    |     ^^^^^^^
[INFO] [stdout] 
[INFO] [stdout] 
[INFO] [stdout] warning: type alias `ResponseMessage` is never used
[INFO] [stdout]   --> src/service.rs:67:6
[INFO] [stdout]    |
[INFO] [stdout] 67 | type ResponseMessage = Result<serde_json::Value>;
[INFO] [stdout]    |      ^^^^^^^^^^^^^^^
[INFO] [stdout] 
[INFO] [stdout] 
[INFO] [stdout] warning: fields `name`, `path`, and `subscriber` are never read
[INFO] [stdout]   --> src/workspace_controllers/remote_nats.rs:15:5
[INFO] [stdout]    |
[INFO] [stdout] 14 | pub struct RemoteNatsController {
[INFO] [stdout]    |            -------------------- fields in this struct
[INFO] [stdout] 15 |     name: String,
[INFO] [stdout]    |     ^^^^
[INFO] [stdout] 16 |     path: OnceLock<String>,
[INFO] [stdout]    |     ^^^^
[INFO] [stdout] 17 |     channel: OnceLock<messaging::Channel>,
[INFO] [stdout] 18 |     subscriber: OnceLock<messaging::Subscriber>,
[INFO] [stdout]    |     ^^^^^^^^^^
[INFO] [stdout]    |
[INFO] [stdout]    = note: `RemoteNatsController` has a derived impl for the trait `Debug`, but this is intentionally ignored during dead code analysis
[INFO] [stdout] 
[INFO] [stdout] 
[INFO] [stderr]     Finished `test` profile [unoptimized] target(s) in 19.76s
[INFO] running `Command { std: "docker" "inspect" "43886bb4bb41020d746f9f0f2397d9b026490eec4e745ee83b625c9c0b0218b2", kill_on_drop: false }`
[INFO] running `Command { std: "docker" "rm" "-f" "43886bb4bb41020d746f9f0f2397d9b026490eec4e745ee83b625c9c0b0218b2", kill_on_drop: false }`
[INFO] [stdout] 43886bb4bb41020d746f9f0f2397d9b026490eec4e745ee83b625c9c0b0218b2
[INFO] running `Command { std: "docker" "create" "-v" "/var/lib/crater-agent-workspace/builds/worker-3-tc2/target:/opt/rustwide/target:rw,Z" "-v" "/var/lib/crater-agent-workspace/builds/worker-3-tc2/source:/opt/rustwide/workdir:ro,Z" "-v" "/var/lib/crater-agent-workspace/cargo-home:/opt/rustwide/cargo-home:ro,Z" "-v" "/var/lib/crater-agent-workspace/rustup-home:/opt/rustwide/rustup-home:ro,Z" "-e" "SOURCE_DIR=/opt/rustwide/workdir" "-e" "CARGO_TARGET_DIR=/opt/rustwide/target" "-e" "CARGO_INCREMENTAL=0" "-e" "RUST_BACKTRACE=full" "-e" "RUSTFLAGS=--cap-lints=warn" "-e" "RUSTDOCFLAGS=--cap-lints=warn" "-e" "CARGO_HOME=/opt/rustwide/cargo-home" "-e" "RUSTUP_HOME=/opt/rustwide/rustup-home" "-w" "/opt/rustwide/workdir" "-m" "1610612736" "--user" "0:0" "--network" "none" "ghcr.io/rust-lang/crates-build-env/linux@sha256:f3a9d4ad9d972b27faf3965f35b62e55ba32bbce8f20bc8fe909558a86702fde" "/opt/rustwide/cargo-home/bin/cargo" "+beta-2024-12-08" "test" "--frozen", kill_on_drop: false }`
[INFO] [stdout] fc1c4c71136456276d216b6228f98241465a6b926ea58974c1fd964ffd544fe2
[INFO] running `Command { std: "docker" "start" "-a" "fc1c4c71136456276d216b6228f98241465a6b926ea58974c1fd964ffd544fe2", kill_on_drop: false }`
[INFO] [stderr] warning: unused variable: `working_dir`
[INFO] [stderr]    --> src/workspace_controllers/remote_nats.rs:118:43
[INFO] [stderr]     |
[INFO] [stderr] 118 |     async fn read_file(&self, file: &str, working_dir: Option<&str>) -> Result<String> {
[INFO] [stderr]     |                                           ^^^^^^^^^^^ help: if this is intentional, prefix it with an underscore: `_working_dir`
[INFO] [stderr]     |
[INFO] [stderr]     = note: `#[warn(unused_variables)]` on by default
[INFO] [stderr] 
[INFO] [stderr] warning: field `channel_topic` is never read
[INFO] [stderr]   --> src/messaging.rs:33:9
[INFO] [stderr]    |
[INFO] [stderr] 31 | pub struct Channel {
[INFO] [stderr]    |            ------- field in this struct
[INFO] [stderr] 32 |     client: async_nats::client::Client,
[INFO] [stderr] 33 |     pub channel_topic: String,
[INFO] [stderr]    |         ^^^^^^^^^^^^^
[INFO] [stderr]    |
[INFO] [stderr]    = note: `Channel` has a derived impl for the trait `Debug`, but this is intentionally ignored during dead code analysis
[INFO] [stderr]    = note: `#[warn(dead_code)]` on by default
[INFO] [stderr] 
[INFO] [stderr] warning: associated items `establish_and_announce`, `publish`, and `request` are never used
[INFO] [stderr]    --> src/messaging.rs:61:18
[INFO] [stderr]     |
[INFO] [stderr] 57  | impl Channel {
[INFO] [stderr]     | ------------ associated items in this implementation
[INFO] [stderr] ...
[INFO] [stderr] 61  |     pub async fn establish_and_announce(
[INFO] [stderr]     |                  ^^^^^^^^^^^^^^^^^^^^^^
[INFO] [stderr] ...
[INFO] [stderr] 115 |     pub async fn publish(&self, message: String) -> Result<()> {
[INFO] [stderr]     |                  ^^^^^^^
[INFO] [stderr] ...
[INFO] [stderr] 122 |     pub async fn request(&self, message: String) -> Result<String> {
[INFO] [stderr]     |                  ^^^^^^^
[INFO] [stderr] 
[INFO] [stderr] warning: field `subject` is never read
[INFO] [stderr]   --> src/service.rs:35:5
[INFO] [stderr]    |
[INFO] [stderr] 33 | pub struct WorkspaceService {
[INFO] [stderr]    |            ---------------- field in this struct
[INFO] [stderr] 34 |     controller: ServiceController,
[INFO] [stderr] 35 |     subject: String,
[INFO] [stderr]    |     ^^^^^^^
[INFO] [stderr] 
[INFO] [stderr] warning: fields `workspace` and `channel` are never read
[INFO] [stderr]   --> src/service.rs:39:5
[INFO] [stderr]    |
[INFO] [stderr] 38 | struct WorkspaceServiceContext {
[INFO] [stderr]    |        ----------------------- fields in this struct
[INFO] [stderr] 39 |     workspace: Workspace,
[INFO] [stderr]    |     ^^^^^^^^^
[INFO] [stderr] 40 |     channel: messaging::Channel,
[INFO] [stderr]    |     ^^^^^^^
[INFO] [stderr] 
[INFO] [stderr] warning: type alias `ResponseMessage` is never used
[INFO] [stderr]   --> src/service.rs:67:6
[INFO] [stderr]    |
[INFO] [stderr] 67 | type ResponseMessage = Result<serde_json::Value>;
[INFO] [stderr]    |      ^^^^^^^^^^^^^^^
[INFO] [stderr] 
[INFO] [stderr] warning: function `init_path` is never used
[INFO] [stderr]   --> src/workspace_controllers/testing.rs:59:4
[INFO] [stderr]    |
[INFO] [stderr] 59 | fn init_path(name: &str) -> Result<String> {
[INFO] [stderr]    |    ^^^^^^^^^
[INFO] [stderr] 
[INFO] [stderr] warning: fields `name`, `path`, and `subscriber` are never read
[INFO] [stderr]   --> src/workspace_controllers/remote_nats.rs:15:5
[INFO] [stderr]    |
[INFO] [stderr] 14 | pub struct RemoteNatsController {
[INFO] [stderr]    |            -------------------- fields in this struct
[INFO] [stderr] 15 |     name: String,
[INFO] [stderr]    |     ^^^^
[INFO] [stderr] 16 |     path: OnceLock<String>,
[INFO] [stderr]    |     ^^^^
[INFO] [stderr] 17 |     channel: OnceLock<messaging::Channel>,
[INFO] [stderr] 18 |     subscriber: OnceLock<messaging::Subscriber>,
[INFO] [stderr]    |     ^^^^^^^^^^
[INFO] [stderr]    |
[INFO] [stderr]    = note: `RemoteNatsController` has a derived impl for the trait `Debug`, but this is intentionally ignored during dead code analysis
[INFO] [stderr] 
[INFO] [stderr] warning: `derrick` (lib) generated 8 warnings
[INFO] [stderr] warning: `derrick` (lib test) generated 7 warnings (7 duplicates)
[INFO] [stderr]     Finished `test` profile [unoptimized] target(s) in 0.38s
[INFO] [stderr]      Running unittests src/lib.rs (/opt/rustwide/target/debug/deps/derrick-4c505e00f8525567)
[INFO] [stdout] 
[INFO] [stdout] running 20 tests
[INFO] [stdout] test workspace_controllers::local_temp_sync::tests::test_cmd_invalid ... FAILED
[INFO] [stdout] test workspace_controllers::local_temp_sync::tests::test_init_path ... FAILED
[INFO] [stdout] test workspace_controllers::local_temp_sync::tests::test_cmd_with_output ... FAILED
[INFO] [stdout] test workspace_controllers::local_temp_sync::tests::test_it_should_write_and_read_newlines_and_other_weird_characters ... FAILED
[INFO] [stdout] test workspace_controllers::local_temp_sync::tests::test_it_should_allow_whitelisted_env_variables ... FAILED
[INFO] [stdout] test github::test::test_extract_owner_and_repo ... ok
[INFO] [stdout] test workspace_controllers::local_temp_sync::tests::test_piping_a_command ... FAILED
[INFO] [stdout] test workspace_controllers::local_temp_sync::tests::test_init ... FAILED
[INFO] [stdout] test workspace_controllers::local_temp_sync::tests::test_sets_path_correctly_for_run_cmd ... FAILED
[INFO] [stdout] test workspace_controllers::local_temp_sync::tests::test_reading_file_with_nextjs_style_path ... FAILED
[INFO] [stdout] test workspace_controllers::local_temp_sync::tests::test_working_dir ... FAILED
[INFO] [stdout] test workspace_controllers::local_temp_sync::tests::test_cmd_valid ... FAILED
[INFO] [stdout] test workspace_controllers::testing::tests::test_init ... ok
[INFO] [stdout] test workspace_controllers::local_temp_sync::tests::test_writing_file ... FAILED
[INFO] [stdout] test workspace_controllers::testing::tests::test_init_path ... ok
[INFO] [stdout] test workspace_controllers::testing::tests::test_sets_path_correctly_for_run_cmd ... ok
[INFO] [stdout] test workspace_controllers::testing::tests::test_cmd_with_output ... ok
[INFO] [stdout] test workspace_controllers::testing::tests::test_cmd_valid ... ok
[INFO] [stdout] test workspace_controllers::testing::tests::test_piping_a_command ... ok
[INFO] [stdout] test workspace_controllers::testing::tests::test_writing_file ... ok
[INFO] [stdout] 
[INFO] [stdout] failures:
[INFO] [stdout] 
[INFO] [stdout] ---- workspace_controllers::local_temp_sync::tests::test_cmd_invalid stdout ----
[INFO] [stdout] thread 'workspace_controllers::local_temp_sync::tests::test_cmd_invalid' panicked at src/workspace_controllers/local_temp_sync.rs:34:14:
[INFO] [stdout] called `Result::unwrap()` on an `Err` value: Could not create local temp directory
[INFO] [stdout] 
[INFO] [stdout] Caused by:
[INFO] [stdout]     0: Could not create local temp directory
[INFO] [stdout]     1: Read-only file system (os error 30)
[INFO] [stdout] 
[INFO] [stdout] Stack backtrace:
[INFO] [stdout]    0: <E as anyhow::context::ext::StdError>::ext_context
[INFO] [stdout]    1: anyhow::context::<impl anyhow::Context<T,E> for core::result::Result<T,E>>::context
[INFO] [stdout]    2: derrick::workspace_controllers::local_temp_sync::init_path
[INFO] [stdout]    3: derrick::workspace_controllers::local_temp_sync::LocalTempSyncController::initialize::{{closure}}::{{closure}}
[INFO] [stdout]    4: derrick::workspace_controllers::local_temp_sync::LocalTempSyncController::initialize::{{closure}}
[INFO] [stdout]    5: derrick::workspace_controllers::local_temp_sync::tests::test_cmd_invalid::{{closure}}
[INFO] [stdout]    6: <core::pin::Pin<P> as core::future::future::Future>::poll
[INFO] [stdout]    7: <core::pin::Pin<P> as core::future::future::Future>::poll
[INFO] [stdout]    8: tokio::runtime::scheduler::current_thread::CoreGuard::block_on::{{closure}}::{{closure}}::{{closure}}
[INFO] [stdout]    9: tokio::runtime::scheduler::current_thread::CoreGuard::block_on::{{closure}}::{{closure}}
[INFO] [stdout]   10: tokio::runtime::scheduler::current_thread::Context::enter
[INFO] [stdout]   11: tokio::runtime::scheduler::current_thread::CoreGuard::block_on::{{closure}}
[INFO] [stdout]   12: tokio::runtime::scheduler::current_thread::CoreGuard::enter::{{closure}}
[INFO] [stdout]   13: tokio::runtime::context::scoped::Scoped<T>::set
[INFO] [stdout]   14: tokio::runtime::context::set_scheduler::{{closure}}
[INFO] [stdout]   15: std::thread::local::LocalKey<T>::try_with
[INFO] [stdout]   16: std::thread::local::LocalKey<T>::with
[INFO] [stdout]   17: tokio::runtime::context::set_scheduler
[INFO] [stdout]   18: tokio::runtime::scheduler::current_thread::CoreGuard::enter
[INFO] [stdout]   19: tokio::runtime::scheduler::current_thread::CoreGuard::block_on
[INFO] [stdout]   20: tokio::runtime::scheduler::current_thread::CurrentThread::block_on::{{closure}}
[INFO] [stdout]   21: tokio::runtime::context::runtime::enter_runtime
[INFO] [stdout]   22: tokio::runtime::scheduler::current_thread::CurrentThread::block_on
[INFO] [stdout]   23: tokio::runtime::runtime::Runtime::block_on_inner
[INFO] [stdout]   24: tokio::runtime::runtime::Runtime::block_on
[INFO] [stdout]   25: derrick::workspace_controllers::local_temp_sync::tests::test_cmd_invalid
[INFO] [stdout]   26: derrick::workspace_controllers::local_temp_sync::tests::test_cmd_invalid::{{closure}}
[INFO] [stdout]   27: core::ops::function::FnOnce::call_once
[INFO] [stdout]   28: test::__rust_begin_short_backtrace
[INFO] [stdout]   29: test::run_test::{{closure}}
[INFO] [stdout]   30: std::sys::backtrace::__rust_begin_short_backtrace
[INFO] [stdout]   31: core::ops::function::FnOnce::call_once{{vtable.shim}}
[INFO] [stdout]   32: std::sys::pal::unix::thread::Thread::new::thread_start
[INFO] [stdout]   33: <unknown>
[INFO] [stdout]   34: clone
[INFO] [stdout] stack backtrace:
[INFO] [stdout]    0:     0x59647e6228ca - <std::sys::backtrace::BacktraceLock::print::DisplayBacktrace as core::fmt::Display>::fmt::h98c26ac25ffe89bb
[INFO] [stdout]    1:     0x59647e64b903 - core::fmt::write::h0dd5f6e2238c7982
[INFO] [stdout]    2:     0x59647e61f2a3 - std::io::Write::write_fmt::h03bb0ca26e6faf8c
[INFO] [stdout]    3:     0x59647e622712 - std::sys::backtrace::BacktraceLock::print::h5c19c1c038ee186d
[INFO] [stdout]    4:     0x59647e623d4d - std::panicking::default_hook::{{closure}}::h77172f079a1fcb13
[INFO] [stdout]    5:     0x59647e623b57 - std::panicking::default_hook::he5f8e3b203ccddba
[INFO] [stdout]    6:     0x59647e1be1f7 - test::test_main::{{closure}}::hf0d3b69ae9b353d1
[INFO] [stdout]    7:     0x59647e6243f8 - std::panicking::rust_panic_with_hook::h53863d4e9018df39
[INFO] [stdout]    8:     0x59647e6241ba - std::panicking::begin_panic_handler::{{closure}}::h67280e6fa0757873
[INFO] [stdout]    9:     0x59647e622da9 - std::sys::backtrace::__rust_end_short_backtrace::h1dac3f54d6fbbeb2
[INFO] [stdout]   10:     0x59647e623e4c - rust_begin_unwind
[INFO] [stdout]   11:     0x59647e13c2a0 - core::panicking::panic_fmt::h6792bd1b2bf01041
[INFO] [stdout]   12:     0x59647e13c786 - core::result::unwrap_failed::h05e0602ed34287c5
[INFO] [stdout]   13:     0x59647e13faa7 - derrick::workspace_controllers::local_temp_sync::LocalTempSyncController::initialize::{{closure}}::{{closure}}::h33ebedaa643e6b4f
[INFO] [stdout]   14:     0x59647e13f74a - derrick::workspace_controllers::local_temp_sync::LocalTempSyncController::initialize::{{closure}}::h28f4d2fa735fbca6
[INFO] [stdout]   15:     0x59647e17de70 - derrick::workspace_controllers::local_temp_sync::tests::test_cmd_invalid::{{closure}}::h0949749e9ec50a5c
[INFO] [stdout]   16:     0x59647e161714 - <core::pin::Pin<P> as core::future::future::Future>::poll::h8d13464e702300e7
[INFO] [stdout]   17:     0x59647e1616f6 - <core::pin::Pin<P> as core::future::future::Future>::poll::h6ee93aa42d3e5b94
[INFO] [stdout]   18:     0x59647e1797f5 - tokio::runtime::scheduler::current_thread::CoreGuard::block_on::{{closure}}::{{closure}}::{{closure}}::he64281d6521e7617
[INFO] [stdout]   19:     0x59647e1795c8 - tokio::runtime::scheduler::current_thread::CoreGuard::block_on::{{closure}}::{{closure}}::hab6eedef2ae4df3b
[INFO] [stdout]   20:     0x59647e176f20 - tokio::runtime::scheduler::current_thread::Context::enter::h467cd617d234df73
[INFO] [stdout]   21:     0x59647e178e6e - tokio::runtime::scheduler::current_thread::CoreGuard::block_on::{{closure}}::had15e80287407bea
[INFO] [stdout]   22:     0x59647e178334 - tokio::runtime::scheduler::current_thread::CoreGuard::enter::{{closure}}::h8c85d7f777afe9e4
[INFO] [stdout]   23:     0x59647e175171 - tokio::runtime::context::scoped::Scoped<T>::set::hf72364d2639fb739
[INFO] [stdout]   24:     0x59647e16ca14 - tokio::runtime::context::set_scheduler::{{closure}}::he89603a50836ac0a
[INFO] [stdout]   25:     0x59647e1700ba - std::thread::local::LocalKey<T>::try_with::h567df0b2010676f1
[INFO] [stdout]   26:     0x59647e16f916 - std::thread::local::LocalKey<T>::with::h509da6df6f31a002
[INFO] [stdout]   27:     0x59647e16c99b - tokio::runtime::context::set_scheduler::h91b26e5b1653d727
[INFO] [stdout]   28:     0x59647e1780f4 - tokio::runtime::scheduler::current_thread::CoreGuard::enter::haea7d45d106fc742
[INFO] [stdout]   29:     0x59647e17836e - tokio::runtime::scheduler::current_thread::CoreGuard::block_on::h26db6f3f6ec106d3
[INFO] [stdout]   30:     0x59647e17629f - tokio::runtime::scheduler::current_thread::CurrentThread::block_on::{{closure}}::h551260fd8dfa3a89
[INFO] [stdout]   31:     0x59647e17549e - tokio::runtime::context::runtime::enter_runtime::hdad4630d6f0a2300
[INFO] [stdout]   32:     0x59647e176058 - tokio::runtime::scheduler::current_thread::CurrentThread::block_on::hce06baf6b5f4765c
[INFO] [stdout]   33:     0x59647e158f0c - tokio::runtime::runtime::Runtime::block_on_inner::h3fd59898cd8c0418
[INFO] [stdout]   34:     0x59647e159113 - tokio::runtime::runtime::Runtime::block_on::h9d0352c6edfbbe7e
[INFO] [stdout]   35:     0x59647e17dc3b - derrick::workspace_controllers::local_temp_sync::tests::test_cmd_invalid::he2524161630554ce
[INFO] [stdout]   36:     0x59647e17db13 - derrick::workspace_controllers::local_temp_sync::tests::test_cmd_invalid::{{closure}}::h3c87311fd2d195fe
[INFO] [stdout]   37:     0x59647e1549f6 - core::ops::function::FnOnce::call_once::hb27f8c84c43937d6
[INFO] [stdout]   38:     0x59647e1c2d1b - test::__rust_begin_short_backtrace::h2167df1e2b7d76fd
[INFO] [stdout]   39:     0x59647e1c2708 - test::run_test::{{closure}}::hac2a9cb07be3d48d
[INFO] [stdout]   40:     0x59647e1861aa - std::sys::backtrace::__rust_begin_short_backtrace::h0496fb742492f573
[INFO] [stdout]   41:     0x59647e189b24 - core::ops::function::FnOnce::call_once{{vtable.shim}}::h6127de71b8124639
[INFO] [stdout]   42:     0x59647e6291fb - std::sys::pal::unix::thread::Thread::new::thread_start::h48cf765408f6f5f2
[INFO] [stdout]   43:     0x76ceaacf1ac3 - <unknown>
[INFO] [stdout]   44:     0x76ceaad82a04 - clone
[INFO] [stdout]   45:                0x0 - <unknown>
[INFO] [stdout] 
[INFO] [stdout] ---- workspace_controllers::local_temp_sync::tests::test_init_path stdout ----
[INFO] [stdout] thread 'workspace_controllers::local_temp_sync::tests::test_init_path' panicked at src/workspace_controllers/local_temp_sync.rs:241:38:
[INFO] [stdout] called `Result::unwrap()` on an `Err` value: Could not create local temp directory
[INFO] [stdout] 
[INFO] [stdout] Caused by:
[INFO] [stdout]     Read-only file system (os error 30)
[INFO] [stdout] 
[INFO] [stdout] Stack backtrace:
[INFO] [stdout]    0: <E as anyhow::context::ext::StdError>::ext_context
[INFO] [stdout]    1: anyhow::context::<impl anyhow::Context<T,E> for core::result::Result<T,E>>::context
[INFO] [stdout]    2: derrick::workspace_controllers::local_temp_sync::init_path
[INFO] [stdout]    3: derrick::workspace_controllers::local_temp_sync::tests::test_init_path
[INFO] [stdout]    4: derrick::workspace_controllers::local_temp_sync::tests::test_init_path::{{closure}}
[INFO] [stdout]    5: core::ops::function::FnOnce::call_once
[INFO] [stdout]    6: test::__rust_begin_short_backtrace
[INFO] [stdout]    7: test::run_test::{{closure}}
[INFO] [stdout]    8: std::sys::backtrace::__rust_begin_short_backtrace
[INFO] [stdout]    9: core::ops::function::FnOnce::call_once{{vtable.shim}}
[INFO] [stdout]   10: std::sys::pal::unix::thread::Thread::new::thread_start
[INFO] [stdout]   11: <unknown>
[INFO] [stdout]   12: clone
[INFO] [stdout] stack backtrace:
[INFO] [stdout]    0:     0x59647e6228ca - <std::sys::backtrace::BacktraceLock::print::DisplayBacktrace as core::fmt::Display>::fmt::h98c26ac25ffe89bb
[INFO] [stdout]    1:     0x59647e64b903 - core::fmt::write::h0dd5f6e2238c7982
[INFO] [stdout]    2:     0x59647e61f2a3 - std::io::Write::write_fmt::h03bb0ca26e6faf8c
[INFO] [stdout]    3:     0x59647e622712 - std::sys::backtrace::BacktraceLock::print::h5c19c1c038ee186d
[INFO] [stdout]    4:     0x59647e623d4d - std::panicking::default_hook::{{closure}}::h77172f079a1fcb13
[INFO] [stdout]    5:     0x59647e623b57 - std::panicking::default_hook::he5f8e3b203ccddba
[INFO] [stdout]    6:     0x59647e1be1f7 - test::test_main::{{closure}}::hf0d3b69ae9b353d1
[INFO] [stdout]    7:     0x59647e6243f8 - std::panicking::rust_panic_with_hook::h53863d4e9018df39
[INFO] [stdout]    8:     0x59647e6241ba - std::panicking::begin_panic_handler::{{closure}}::h67280e6fa0757873
[INFO] [stdout]    9:     0x59647e622da9 - std::sys::backtrace::__rust_end_short_backtrace::h1dac3f54d6fbbeb2
[INFO] [stdout]   10:     0x59647e623e4c - rust_begin_unwind
[INFO] [stdout]   11:     0x59647e13c2a0 - core::panicking::panic_fmt::h6792bd1b2bf01041
[INFO] [stdout]   12:     0x59647e13c786 - core::result::unwrap_failed::h05e0602ed34287c5
[INFO] [stdout]   13:     0x59647e17c07a - derrick::workspace_controllers::local_temp_sync::tests::test_init_path::h55378778e60aa7f5
[INFO] [stdout]   14:     0x59647e17bfe3 - derrick::workspace_controllers::local_temp_sync::tests::test_init_path::{{closure}}::hc6dbd615837cd757
[INFO] [stdout]   15:     0x59647e154756 - core::ops::function::FnOnce::call_once::h33a64ae5464680d9
[INFO] [stdout]   16:     0x59647e1c2d1b - test::__rust_begin_short_backtrace::h2167df1e2b7d76fd
[INFO] [stdout]   17:     0x59647e1c2708 - test::run_test::{{closure}}::hac2a9cb07be3d48d
[INFO] [stdout]   18:     0x59647e1861aa - std::sys::backtrace::__rust_begin_short_backtrace::h0496fb742492f573
[INFO] [stdout]   19:     0x59647e189b24 - core::ops::function::FnOnce::call_once{{vtable.shim}}::h6127de71b8124639
[INFO] [stdout]   20:     0x59647e6291fb - std::sys::pal::unix::thread::Thread::new::thread_start::h48cf765408f6f5f2
[INFO] [stdout]   21:     0x76ceaacf1ac3 - <unknown>
[INFO] [stdout]   22:     0x76ceaad82a04 - clone
[INFO] [stdout]   23:                0x0 - <unknown>
[INFO] [stdout] 
[INFO] [stdout] ---- workspace_controllers::local_temp_sync::tests::test_cmd_with_output stdout ----
[INFO] [stdout] thread 'workspace_controllers::local_temp_sync::tests::test_cmd_with_output' panicked at src/workspace_controllers/local_temp_sync.rs:34:14:
[INFO] [stdout] called `Result::unwrap()` on an `Err` value: Could not create local temp directory
[INFO] [stdout] 
[INFO] [stdout] Caused by:
[INFO] [stdout]     0: Could not create local temp directory
[INFO] [stdout]     1: Read-only file system (os error 30)
[INFO] [stdout] 
[INFO] [stdout] Stack backtrace:
[INFO] [stdout]    0: <E as anyhow::context::ext::StdError>::ext_context
[INFO] [stdout]    1: anyhow::context::<impl anyhow::Context<T,E> for core::result::Result<T,E>>::context
[INFO] [stdout]    2: derrick::workspace_controllers::local_temp_sync::init_path
[INFO] [stdout]    3: derrick::workspace_controllers::local_temp_sync::LocalTempSyncController::initialize::{{closure}}::{{closure}}
[INFO] [stdout]    4: derrick::workspace_controllers::local_temp_sync::LocalTempSyncController::initialize::{{closure}}
[INFO] [stdout]    5: derrick::workspace_controllers::local_temp_sync::tests::test_cmd_with_output::{{closure}}
[INFO] [stdout]    6: <core::pin::Pin<P> as core::future::future::Future>::poll
[INFO] [stdout]    7: <core::pin::Pin<P> as core::future::future::Future>::poll
[INFO] [stdout]    8: tokio::runtime::scheduler::current_thread::CoreGuard::block_on::{{closure}}::{{closure}}::{{closure}}
[INFO] [stdout]    9: tokio::runtime::scheduler::current_thread::CoreGuard::block_on::{{closure}}::{{closure}}
[INFO] [stdout]   10: tokio::runtime::scheduler::current_thread::Context::enter
[INFO] [stdout]   11: tokio::runtime::scheduler::current_thread::CoreGuard::block_on::{{closure}}
[INFO] [stdout]   12: tokio::runtime::scheduler::current_thread::CoreGuard::enter::{{closure}}
[INFO] [stdout]   13: tokio::runtime::context::scoped::Scoped<T>::set
[INFO] [stdout]   14: tokio::runtime::context::set_scheduler::{{closure}}
[INFO] [stdout]   15: std::thread::local::LocalKey<T>::try_with
[INFO] [stdout]   16: std::thread::local::LocalKey<T>::with
[INFO] [stdout]   17: tokio::runtime::context::set_scheduler
[INFO] [stdout]   18: tokio::runtime::scheduler::current_thread::CoreGuard::enter
[INFO] [stdout]   19: tokio::runtime::scheduler::current_thread::CoreGuard::block_on
[INFO] [stdout]   20: tokio::runtime::scheduler::current_thread::CurrentThread::block_on::{{closure}}
[INFO] [stdout]   21: tokio::runtime::context::runtime::enter_runtime
[INFO] [stdout]   22: tokio::runtime::scheduler::current_thread::CurrentThread::block_on
[INFO] [stdout]   23: tokio::runtime::runtime::Runtime::block_on_inner
[INFO] [stdout]   24: tokio::runtime::runtime::Runtime::block_on
[INFO] [stdout]   25: derrick::workspace_controllers::local_temp_sync::tests::test_cmd_with_output
[INFO] [stdout]   26: derrick::workspace_controllers::local_temp_sync::tests::test_cmd_with_output::{{closure}}
[INFO] [stdout]   27: core::ops::function::FnOnce::call_once
[INFO] [stdout]   28: test::__rust_begin_short_backtrace
[INFO] [stdout]   29: test::run_test::{{closure}}
[INFO] [stdout]   30: std::sys::backtrace::__rust_begin_short_backtrace
[INFO] [stdout]   31: core::ops::function::FnOnce::call_once{{vtable.shim}}
[INFO] [stdout]   32: std::sys::pal::unix::thread::Thread::new::thread_start
[INFO] [stdout]   33: <unknown>
[INFO] [stdout]   34: clone
[INFO] [stdout] stack backtrace:
[INFO] [stdout]    0:     0x59647e6228ca - <std::sys::backtrace::BacktraceLock::print::DisplayBacktrace as core::fmt::Display>::fmt::h98c26ac25ffe89bb
[INFO] [stdout]    1:     0x59647e64b903 - core::fmt::write::h0dd5f6e2238c7982
[INFO] [stdout]    2:     0x59647e61f2a3 - std::io::Write::write_fmt::h03bb0ca26e6faf8c
[INFO] [stdout]    3:     0x59647e622712 - std::sys::backtrace::BacktraceLock::print::h5c19c1c038ee186d
[INFO] [stdout]    4:     0x59647e623d4d - std::panicking::default_hook::{{closure}}::h77172f079a1fcb13
[INFO] [stdout]    5:     0x59647e623b57 - std::panicking::default_hook::he5f8e3b203ccddba
[INFO] [stdout]    6:     0x59647e1be1f7 - test::test_main::{{closure}}::hf0d3b69ae9b353d1
[INFO] [stdout]    7:     0x59647e6243f8 - std::panicking::rust_panic_with_hook::h53863d4e9018df39
[INFO] [stdout]    8:     0x59647e6241ba - std::panicking::begin_panic_handler::{{closure}}::h67280e6fa0757873
[INFO] [stdout]    9:     0x59647e622da9 - std::sys::backtrace::__rust_end_short_backtrace::h1dac3f54d6fbbeb2
[INFO] [stdout]   10:     0x59647e623e4c - rust_begin_unwind
[INFO] [stdout]   11:     0x59647e13c2a0 - core::panicking::panic_fmt::h6792bd1b2bf01041
[INFO] [stdout]   12:     0x59647e13c786 - core::result::unwrap_failed::h05e0602ed34287c5
[INFO] [stdout]   13:     0x59647e13faa7 - derrick::workspace_controllers::local_temp_sync::LocalTempSyncController::initialize::{{closure}}::{{closure}}::h33ebedaa643e6b4f
[INFO] [stdout]   14:     0x59647e13f74a - derrick::workspace_controllers::local_temp_sync::LocalTempSyncController::initialize::{{closure}}::h28f4d2fa735fbca6
[INFO] [stdout]   15:     0x59647e17a0e8 - derrick::workspace_controllers::local_temp_sync::tests::test_cmd_with_output::{{closure}}::h4e8b29c2378ae88e
[INFO] [stdout]   16:     0x59647e161714 - <core::pin::Pin<P> as core::future::future::Future>::poll::h8d13464e702300e7
[INFO] [stdout]   17:     0x59647e1616f6 - <core::pin::Pin<P> as core::future::future::Future>::poll::h6ee93aa42d3e5b94
[INFO] [stdout]   18:     0x59647e1797f5 - tokio::runtime::scheduler::current_thread::CoreGuard::block_on::{{closure}}::{{closure}}::{{closure}}::he64281d6521e7617
[INFO] [stdout]   19:     0x59647e1795c8 - tokio::runtime::scheduler::current_thread::CoreGuard::block_on::{{closure}}::{{closure}}::hab6eedef2ae4df3b
[INFO] [stdout]   20:     0x59647e176f20 - tokio::runtime::scheduler::current_thread::Context::enter::h467cd617d234df73
[INFO] [stdout]   21:     0x59647e178e6e - tokio::runtime::scheduler::current_thread::CoreGuard::block_on::{{closure}}::had15e80287407bea
[INFO] [stdout]   22:     0x59647e178334 - tokio::runtime::scheduler::current_thread::CoreGuard::enter::{{closure}}::h8c85d7f777afe9e4
[INFO] [stdout]   23:     0x59647e175171 - tokio::runtime::context::scoped::Scoped<T>::set::hf72364d2639fb739
[INFO] [stdout]   24:     0x59647e16ca14 - tokio::runtime::context::set_scheduler::{{closure}}::he89603a50836ac0a
[INFO] [stdout]   25:     0x59647e1700ba - std::thread::local::LocalKey<T>::try_with::h567df0b2010676f1
[INFO] [stdout]   26:     0x59647e16f916 - std::thread::local::LocalKey<T>::with::h509da6df6f31a002
[INFO] [stdout]   27:     0x59647e16c99b - tokio::runtime::context::set_scheduler::h91b26e5b1653d727
[INFO] [stdout]   28:     0x59647e1780f4 - tokio::runtime::scheduler::current_thread::CoreGuard::enter::haea7d45d106fc742
[INFO] [stdout]   29:     0x59647e17836e - tokio::runtime::scheduler::current_thread::CoreGuard::block_on::h26db6f3f6ec106d3
[INFO] [stdout]   30:     0x59647e17629f - tokio::runtime::scheduler::current_thread::CurrentThread::block_on::{{closure}}::h551260fd8dfa3a89
[INFO] [stdout]   31:     0x59647e17549e - tokio::runtime::context::runtime::enter_runtime::hdad4630d6f0a2300
[INFO] [stdout]   32:     0x59647e176058 - tokio::runtime::scheduler::current_thread::CurrentThread::block_on::hce06baf6b5f4765c
[INFO] [stdout]   33:     0x59647e158f0c - tokio::runtime::runtime::Runtime::block_on_inner::h3fd59898cd8c0418
[INFO] [stdout]   34:     0x59647e159113 - tokio::runtime::runtime::Runtime::block_on::h9d0352c6edfbbe7e
[INFO] [stdout]   35:     0x59647e179eab - derrick::workspace_controllers::local_temp_sync::tests::test_cmd_with_output::h93aa3b1a586f3a94
[INFO] [stdout]   36:     0x59647e179d83 - derrick::workspace_controllers::local_temp_sync::tests::test_cmd_with_output::{{closure}}::h90d2504353f2b2b5
[INFO] [stdout]   37:     0x59647e154866 - core::ops::function::FnOnce::call_once::h60bd3124ca851f03
[INFO] [stdout]   38:     0x59647e1c2d1b - test::__rust_begin_short_backtrace::h2167df1e2b7d76fd
[INFO] [stdout]   39:     0x59647e1c2708 - test::run_test::{{closure}}::hac2a9cb07be3d48d
[INFO] [stdout]   40:     0x59647e1861aa - std::sys::backtrace::__rust_begin_short_backtrace::h0496fb742492f573
[INFO] [stdout]   41:     0x59647e189b24 - core::ops::function::FnOnce::call_once{{vtable.shim}}::h6127de71b8124639
[INFO] [stdout]   42:     0x59647e6291fb - std::sys::pal::unix::thread::Thread::new::thread_start::h48cf765408f6f5f2
[INFO] [stdout]   43:     0x76ceaacf1ac3 - <unknown>
[INFO] [stdout]   44:     0x76ceaad82a04 - clone
[INFO] [stdout]   45:                0x0 - <unknown>
[INFO] [stdout] 
[INFO] [stdout] ---- workspace_controllers::local_temp_sync::tests::test_it_should_write_and_read_newlines_and_other_weird_characters stdout ----
[INFO] [stdout] thread 'workspace_controllers::local_temp_sync::tests::test_it_should_write_and_read_newlines_and_other_weird_characters' panicked at src/workspace_controllers/local_temp_sync.rs:34:14:
[INFO] [stdout] called `Result::unwrap()` on an `Err` value: Could not create local temp directory
[INFO] [stdout] 
[INFO] [stdout] Caused by:
[INFO] [stdout]     0: Could not create local temp directory
[INFO] [stdout]     1: Read-only file system (os error 30)
[INFO] [stdout] 
[INFO] [stdout] Stack backtrace:
[INFO] [stdout]    0: <E as anyhow::context::ext::StdError>::ext_context
[INFO] [stdout]    1: anyhow::context::<impl anyhow::Context<T,E> for core::result::Result<T,E>>::context
[INFO] [stdout]    2: derrick::workspace_controllers::local_temp_sync::init_path
[INFO] [stdout]    3: derrick::workspace_controllers::local_temp_sync::LocalTempSyncController::initialize::{{closure}}::{{closure}}
[INFO] [stdout]    4: derrick::workspace_controllers::local_temp_sync::LocalTempSyncController::initialize::{{closure}}
[INFO] [stdout]    5: derrick::workspace_controllers::local_temp_sync::tests::test_it_should_write_and_read_newlines_and_other_weird_characters::{{closure}}
[INFO] [stdout]    6: <core::pin::Pin<P> as core::future::future::Future>::poll
[INFO] [stdout]    7: <core::pin::Pin<P> as core::future::future::Future>::poll
[INFO] [stdout]    8: tokio::runtime::scheduler::current_thread::CoreGuard::block_on::{{closure}}::{{closure}}::{{closure}}
[INFO] [stdout]    9: tokio::runtime::scheduler::current_thread::CoreGuard::block_on::{{closure}}::{{closure}}
[INFO] [stdout]   10: tokio::runtime::scheduler::current_thread::Context::enter
[INFO] [stdout]   11: tokio::runtime::scheduler::current_thread::CoreGuard::block_on::{{closure}}
[INFO] [stdout]   12: tokio::runtime::scheduler::current_thread::CoreGuard::enter::{{closure}}
[INFO] [stdout]   13: tokio::runtime::context::scoped::Scoped<T>::set
[INFO] [stdout]   14: tokio::runtime::context::set_scheduler::{{closure}}
[INFO] [stdout]   15: std::thread::local::LocalKey<T>::try_with
[INFO] [stdout]   16: std::thread::local::LocalKey<T>::with
[INFO] [stdout]   17: tokio::runtime::context::set_scheduler
[INFO] [stdout]   18: tokio::runtime::scheduler::current_thread::CoreGuard::enter
[INFO] [stdout]   19: tokio::runtime::scheduler::current_thread::CoreGuard::block_on
[INFO] [stdout]   20: tokio::runtime::scheduler::current_thread::CurrentThread::block_on::{{closure}}
[INFO] [stdout]   21: tokio::runtime::context::runtime::enter_runtime
[INFO] [stdout]   22: tokio::runtime::scheduler::current_thread::CurrentThread::block_on
[INFO] [stdout]   23: tokio::runtime::runtime::Runtime::block_on_inner
[INFO] [stdout]   24: tokio::runtime::runtime::Runtime::block_on
[INFO] [stdout]   25: derrick::workspace_controllers::local_temp_sync::tests::test_it_should_write_and_read_newlines_and_other_weird_characters
[INFO] [stdout]   26: derrick::workspace_controllers::local_temp_sync::tests::test_it_should_write_and_read_newlines_and_other_weird_characters::{{closure}}
[INFO] [stdout]   27: core::ops::function::FnOnce::call_once
[INFO] [stdout]   28: test::__rust_begin_short_backtrace
[INFO] [stdout]   29: test::run_test::{{closure}}
[INFO] [stdout]   30: std::sys::backtrace::__rust_begin_short_backtrace
[INFO] [stdout]   31: core::ops::function::FnOnce::call_once{{vtable.shim}}
[INFO] [stdout]   32: std::sys::pal::unix::thread::Thread::new::thread_start
[INFO] [stdout]   33: <unknown>
[INFO] [stdout]   34: clone
[INFO] [stdout] stack backtrace:
[INFO] [stdout]    0:     0x59647e6228ca - <std::sys::backtrace::BacktraceLock::print::DisplayBacktrace as core::fmt::Display>::fmt::h98c26ac25ffe89bb
[INFO] [stdout]    1:     0x59647e64b903 - core::fmt::write::h0dd5f6e2238c7982
[INFO] [stdout]    2:     0x59647e61f2a3 - std::io::Write::write_fmt::h03bb0ca26e6faf8c
[INFO] [stdout]    3:     0x59647e622712 - std::sys::backtrace::BacktraceLock::print::h5c19c1c038ee186d
[INFO] [stdout]    4:     0x59647e623d4d - std::panicking::default_hook::{{closure}}::h77172f079a1fcb13
[INFO] [stdout]    5:     0x59647e623b57 - std::panicking::default_hook::he5f8e3b203ccddba
[INFO] [stdout]    6:     0x59647e1be1f7 - test::test_main::{{closure}}::hf0d3b69ae9b353d1
[INFO] [stdout]    7:     0x59647e6243f8 - std::panicking::rust_panic_with_hook::h53863d4e9018df39
[INFO] [stdout]    8:     0x59647e6241ba - std::panicking::begin_panic_handler::{{closure}}::h67280e6fa0757873
[INFO] [stdout]    9:     0x59647e622da9 - std::sys::backtrace::__rust_end_short_backtrace::h1dac3f54d6fbbeb2
[INFO] [stdout]   10:     0x59647e623e4c - rust_begin_unwind
[INFO] [stdout]   11:     0x59647e13c2a0 - core::panicking::panic_fmt::h6792bd1b2bf01041
[INFO] [stdout]   12:     0x59647e13c786 - core::result::unwrap_failed::h05e0602ed34287c5
[INFO] [stdout]   13:     0x59647e13faa7 - derrick::workspace_controllers::local_temp_sync::LocalTempSyncController::initialize::{{closure}}::{{closure}}::h33ebedaa643e6b4f
[INFO] [stdout]   14:     0x59647e13f74a - derrick::workspace_controllers::local_temp_sync::LocalTempSyncController::initialize::{{closure}}::h28f4d2fa735fbca6
[INFO] [stdout]   15:     0x59647e181458 - derrick::workspace_controllers::local_temp_sync::tests::test_it_should_write_and_read_newlines_and_other_weird_characters::{{closure}}::hfc0862b865e4281f
[INFO] [stdout]   16:     0x59647e161714 - <core::pin::Pin<P> as core::future::future::Future>::poll::h8d13464e702300e7
[INFO] [stdout]   17:     0x59647e1616f6 - <core::pin::Pin<P> as core::future::future::Future>::poll::h6ee93aa42d3e5b94
[INFO] [stdout]   18:     0x59647e1797f5 - tokio::runtime::scheduler::current_thread::CoreGuard::block_on::{{closure}}::{{closure}}::{{closure}}::he64281d6521e7617
[INFO] [stdout]   19:     0x59647e1795c8 - tokio::runtime::scheduler::current_thread::CoreGuard::block_on::{{closure}}::{{closure}}::hab6eedef2ae4df3b
[INFO] [stdout]   20:     0x59647e176f20 - tokio::runtime::scheduler::current_thread::Context::enter::h467cd617d234df73
[INFO] [stdout]   21:     0x59647e178e6e - tokio::runtime::scheduler::current_thread::CoreGuard::block_on::{{closure}}::had15e80287407bea
[INFO] [stdout]   22:     0x59647e178334 - tokio::runtime::scheduler::current_thread::CoreGuard::enter::{{closure}}::h8c85d7f777afe9e4
[INFO] [stdout]   23:     0x59647e175171 - tokio::runtime::context::scoped::Scoped<T>::set::hf72364d2639fb739
[INFO] [stdout]   24:     0x59647e16ca14 - tokio::runtime::context::set_scheduler::{{closure}}::he89603a50836ac0a
[INFO] [stdout]   25:     0x59647e1700ba - std::thread::local::LocalKey<T>::try_with::h567df0b2010676f1
[INFO] [stdout]   26:     0x59647e16f916 - std::thread::local::LocalKey<T>::with::h509da6df6f31a002
[INFO] [stdout]   27:     0x59647e16c99b - tokio::runtime::context::set_scheduler::h91b26e5b1653d727
[INFO] [stdout]   28:     0x59647e1780f4 - tokio::runtime::scheduler::current_thread::CoreGuard::enter::haea7d45d106fc742
[INFO] [stdout]   29:     0x59647e17836e - tokio::runtime::scheduler::current_thread::CoreGuard::block_on::h26db6f3f6ec106d3
[INFO] [stdout]   30:     0x59647e17629f - tokio::runtime::scheduler::current_thread::CurrentThread::block_on::{{closure}}::h551260fd8dfa3a89
[INFO] [stdout]   31:     0x59647e17549e - tokio::runtime::context::runtime::enter_runtime::hdad4630d6f0a2300
[INFO] [stdout]   32:     0x59647e176058 - tokio::runtime::scheduler::current_thread::CurrentThread::block_on::hce06baf6b5f4765c
[INFO] [stdout]   33:     0x59647e158f0c - tokio::runtime::runtime::Runtime::block_on_inner::h3fd59898cd8c0418
[INFO] [stdout]   34:     0x59647e159113 - tokio::runtime::runtime::Runtime::block_on::h9d0352c6edfbbe7e
[INFO] [stdout]   35:     0x59647e1811db - derrick::workspace_controllers::local_temp_sync::tests::test_it_should_write_and_read_newlines_and_other_weird_characters::h14ece639b5aff240
[INFO] [stdout]   36:     0x59647e1810b3 - derrick::workspace_controllers::local_temp_sync::tests::test_it_should_write_and_read_newlines_and_other_weird_characters::{{closure}}::h50095a9fecff3510
[INFO] [stdout]   37:     0x59647e1546c6 - core::ops::function::FnOnce::call_once::h22f89259941dc555
[INFO] [stdout]   38:     0x59647e1c2d1b - test::__rust_begin_short_backtrace::h2167df1e2b7d76fd
[INFO] [stdout]   39:     0x59647e1c2708 - test::run_test::{{closure}}::hac2a9cb07be3d48d
[INFO] [stdout]   40:     0x59647e1861aa - std::sys::backtrace::__rust_begin_short_backtrace::h0496fb742492f573
[INFO] [stdout]   41:     0x59647e189b24 - core::ops::function::FnOnce::call_once{{vtable.shim}}::h6127de71b8124639
[INFO] [stdout]   42:     0x59647e6291fb - std::sys::pal::unix::thread::Thread::new::thread_start::h48cf765408f6f5f2
[INFO] [stdout]   43:     0x76ceaacf1ac3 - <unknown>
[INFO] [stdout]   44:     0x76ceaad82a04 - clone
[INFO] [stdout]   45:                0x0 - <unknown>
[INFO] [stdout] 
[INFO] [stdout] ---- workspace_controllers::local_temp_sync::tests::test_it_should_allow_whitelisted_env_variables stdout ----
[INFO] [stdout] thread 'workspace_controllers::local_temp_sync::tests::test_it_should_allow_whitelisted_env_variables' panicked at src/workspace_controllers/local_temp_sync.rs:34:14:
[INFO] [stdout] called `Result::unwrap()` on an `Err` value: Could not create local temp directory
[INFO] [stdout] 
[INFO] [stdout] Caused by:
[INFO] [stdout]     0: Could not create local temp directory
[INFO] [stdout]     1: Read-only file system (os error 30)
[INFO] [stdout] 
[INFO] [stdout] Stack backtrace:
[INFO] [stdout]    0: <E as anyhow::context::ext::StdError>::ext_context
[INFO] [stdout]    1: anyhow::context::<impl anyhow::Context<T,E> for core::result::Result<T,E>>::context
[INFO] [stdout]    2: derrick::workspace_controllers::local_temp_sync::init_path
[INFO] [stdout]    3: derrick::workspace_controllers::local_temp_sync::LocalTempSyncController::initialize::{{closure}}::{{closure}}
[INFO] [stdout]    4: derrick::workspace_controllers::local_temp_sync::LocalTempSyncController::initialize::{{closure}}
[INFO] [stdout]    5: derrick::workspace_controllers::local_temp_sync::tests::test_it_should_allow_whitelisted_env_variables::{{closure}}
[INFO] [stdout]    6: <core::pin::Pin<P> as core::future::future::Future>::poll
[INFO] [stdout]    7: <core::pin::Pin<P> as core::future::future::Future>::poll
[INFO] [stdout]    8: tokio::runtime::scheduler::current_thread::CoreGuard::block_on::{{closure}}::{{closure}}::{{closure}}
[INFO] [stdout]    9: tokio::runtime::scheduler::current_thread::CoreGuard::block_on::{{closure}}::{{closure}}
[INFO] [stdout]   10: tokio::runtime::scheduler::current_thread::Context::enter
[INFO] [stdout]   11: tokio::runtime::scheduler::current_thread::CoreGuard::block_on::{{closure}}
[INFO] [stdout]   12: tokio::runtime::scheduler::current_thread::CoreGuard::enter::{{closure}}
[INFO] [stdout]   13: tokio::runtime::context::scoped::Scoped<T>::set
[INFO] [stdout]   14: tokio::runtime::context::set_scheduler::{{closure}}
[INFO] [stdout]   15: std::thread::local::LocalKey<T>::try_with
[INFO] [stdout]   16: std::thread::local::LocalKey<T>::with
[INFO] [stdout]   17: tokio::runtime::context::set_scheduler
[INFO] [stdout]   18: tokio::runtime::scheduler::current_thread::CoreGuard::enter
[INFO] [stdout]   19: tokio::runtime::scheduler::current_thread::CoreGuard::block_on
[INFO] [stdout]   20: tokio::runtime::scheduler::current_thread::CurrentThread::block_on::{{closure}}
[INFO] [stdout]   21: tokio::runtime::context::runtime::enter_runtime
[INFO] [stdout]   22: tokio::runtime::scheduler::current_thread::CurrentThread::block_on
[INFO] [stdout]   23: tokio::runtime::runtime::Runtime::block_on_inner
[INFO] [stdout]   24: tokio::runtime::runtime::Runtime::block_on
[INFO] [stdout]   25: derrick::workspace_controllers::local_temp_sync::tests::test_it_should_allow_whitelisted_env_variables
[INFO] [stdout]   26: derrick::workspace_controllers::local_temp_sync::tests::test_it_should_allow_whitelisted_env_variables::{{closure}}
[INFO] [stdout]   27: core::ops::function::FnOnce::call_once
[INFO] [stdout]   28: test::__rust_begin_short_backtrace
[INFO] [stdout]   29: test::run_test::{{closure}}
[INFO] [stdout]   30: std::sys::backtrace::__rust_begin_short_backtrace
[INFO] [stdout]   31: core::ops::function::FnOnce::call_once{{vtable.shim}}
[INFO] [stdout]   32: std::sys::pal::unix::thread::Thread::new::thread_start
[INFO] [stdout]   33: <unknown>
[INFO] [stdout]   34: clone
[INFO] [stdout] stack backtrace:
[INFO] [stdout]    0:     0x59647e6228ca - <std::sys::backtrace::BacktraceLock::print::DisplayBacktrace as core::fmt::Display>::fmt::h98c26ac25ffe89bb
[INFO] [stdout]    1:     0x59647e64b903 - core::fmt::write::h0dd5f6e2238c7982
[INFO] [stdout]    2:     0x59647e61f2a3 - std::io::Write::write_fmt::h03bb0ca26e6faf8c
[INFO] [stdout]    3:     0x59647e622712 - std::sys::backtrace::BacktraceLock::print::h5c19c1c038ee186d
[INFO] [stdout]    4:     0x59647e623d4d - std::panicking::default_hook::{{closure}}::h77172f079a1fcb13
[INFO] [stdout]    5:     0x59647e623b57 - std::panicking::default_hook::he5f8e3b203ccddba
[INFO] [stdout]    6:     0x59647e1be1f7 - test::test_main::{{closure}}::hf0d3b69ae9b353d1
[INFO] [stdout]    7:     0x59647e6243f8 - std::panicking::rust_panic_with_hook::h53863d4e9018df39
[INFO] [stdout]    8:     0x59647e6241ba - std::panicking::begin_panic_handler::{{closure}}::h67280e6fa0757873
[INFO] [stdout]    9:     0x59647e622da9 - std::sys::backtrace::__rust_end_short_backtrace::h1dac3f54d6fbbeb2
[INFO] [stdout]   10:     0x59647e623e4c - rust_begin_unwind
[INFO] [stdout]   11:     0x59647e13c2a0 - core::panicking::panic_fmt::h6792bd1b2bf01041
[INFO] [stdout]   12:     0x59647e13c786 - core::result::unwrap_failed::h05e0602ed34287c5
[INFO] [stdout]   13:     0x59647e13faa7 - derrick::workspace_controllers::local_temp_sync::LocalTempSyncController::initialize::{{closure}}::{{closure}}::h33ebedaa643e6b4f
[INFO] [stdout]   14:     0x59647e13f74a - derrick::workspace_controllers::local_temp_sync::LocalTempSyncController::initialize::{{closure}}::h28f4d2fa735fbca6
[INFO] [stdout]   15:     0x59647e182530 - derrick::workspace_controllers::local_temp_sync::tests::test_it_should_allow_whitelisted_env_variables::{{closure}}::h1d4063338336a971
[INFO] [stdout]   16:     0x59647e161714 - <core::pin::Pin<P> as core::future::future::Future>::poll::h8d13464e702300e7
[INFO] [stdout]   17:     0x59647e1616f6 - <core::pin::Pin<P> as core::future::future::Future>::poll::h6ee93aa42d3e5b94
[INFO] [stdout]   18:     0x59647e1797f5 - tokio::runtime::scheduler::current_thread::CoreGuard::block_on::{{closure}}::{{closure}}::{{closure}}::he64281d6521e7617
[INFO] [stdout]   19:     0x59647e1795c8 - tokio::runtime::scheduler::current_thread::CoreGuard::block_on::{{closure}}::{{closure}}::hab6eedef2ae4df3b
[INFO] [stdout]   20:     0x59647e176f20 - tokio::runtime::scheduler::current_thread::Context::enter::h467cd617d234df73
[INFO] [stdout]   21:     0x59647e178e6e - tokio::runtime::scheduler::current_thread::CoreGuard::block_on::{{closure}}::had15e80287407bea
[INFO] [stdout]   22:     0x59647e178334 - tokio::runtime::scheduler::current_thread::CoreGuard::enter::{{closure}}::h8c85d7f777afe9e4
[INFO] [stdout]   23:     0x59647e175171 - tokio::runtime::context::scoped::Scoped<T>::set::hf72364d2639fb739
[INFO] [stdout]   24:     0x59647e16ca14 - tokio::runtime::context::set_scheduler::{{closure}}::he89603a50836ac0a
[INFO] [stdout]   25:     0x59647e1700ba - std::thread::local::LocalKey<T>::try_with::h567df0b2010676f1
[INFO] [stdout]   26:     0x59647e16f916 - std::thread::local::LocalKey<T>::with::h509da6df6f31a002
[INFO] [stdout]   27:     0x59647e16c99b - tokio::runtime::context::set_scheduler::h91b26e5b1653d727
[INFO] [stdout]   28:     0x59647e1780f4 - tokio::runtime::scheduler::current_thread::CoreGuard::enter::haea7d45d106fc742
[INFO] [stdout]   29:     0x59647e17836e - tokio::runtime::scheduler::current_thread::CoreGuard::block_on::h26db6f3f6ec106d3
[INFO] [stdout]   30:     0x59647e17629f - tokio::runtime::scheduler::current_thread::CurrentThread::block_on::{{closure}}::h551260fd8dfa3a89
[INFO] [stdout]   31:     0x59647e17549e - tokio::runtime::context::runtime::enter_runtime::hdad4630d6f0a2300
[INFO] [stdout]   32:     0x59647e176058 - tokio::runtime::scheduler::current_thread::CurrentThread::block_on::hce06baf6b5f4765c
[INFO] [stdout]   33:     0x59647e158f0c - tokio::runtime::runtime::Runtime::block_on_inner::h3fd59898cd8c0418
[INFO] [stdout]   34:     0x59647e159113 - tokio::runtime::runtime::Runtime::block_on::h9d0352c6edfbbe7e
[INFO] [stdout]   35:     0x59647e1822fb - derrick::workspace_controllers::local_temp_sync::tests::test_it_should_allow_whitelisted_env_variables::he66b6d111b668ac3
[INFO] [stdout]   36:     0x59647e1821d3 - derrick::workspace_controllers::local_temp_sync::tests::test_it_should_allow_whitelisted_env_variables::{{closure}}::h5b5d1fe46de2075d
[INFO] [stdout]   37:     0x59647e1548f6 - core::ops::function::FnOnce::call_once::h97882d4c87df9417
[INFO] [stdout]   38:     0x59647e1c2d1b - test::__rust_begin_short_backtrace::h2167df1e2b7d76fd
[INFO] [stdout]   39:     0x59647e1c2708 - test::run_test::{{closure}}::hac2a9cb07be3d48d
[INFO] [stdout]   40:     0x59647e1861aa - std::sys::backtrace::__rust_begin_short_backtrace::h0496fb742492f573
[INFO] [stdout]   41:     0x59647e189b24 - core::ops::function::FnOnce::call_once{{vtable.shim}}::h6127de71b8124639
[INFO] [stdout]   42:     0x59647e6291fb - std::sys::pal::unix::thread::Thread::new::thread_start::h48cf765408f6f5f2
[INFO] [stdout]   43:     0x76ceaacf1ac3 - <unknown>
[INFO] [stdout]   44:     0x76ceaad82a04 - clone
[INFO] [stdout]   45:                0x0 - <unknown>
[INFO] [stdout] 
[INFO] [stdout] ---- workspace_controllers::local_temp_sync::tests::test_piping_a_command stdout ----
[INFO] [stdout] thread 'workspace_controllers::local_temp_sync::tests::test_piping_a_command' panicked at src/workspace_controllers/local_temp_sync.rs:34:14:
[INFO] [stdout] called `Result::unwrap()` on an `Err` value: Could not create local temp directory
[INFO] [stdout] 
[INFO] [stdout] Caused by:
[INFO] [stdout]     0: Could not create local temp directory
[INFO] [stdout]     1: Read-only file system (os error 30)
[INFO] [stdout] 
[INFO] [stdout] Stack backtrace:
[INFO] [stdout]    0: <E as anyhow::context::ext::StdError>::ext_context
[INFO] [stdout]    1: anyhow::context::<impl anyhow::Context<T,E> for core::result::Result<T,E>>::context
[INFO] [stdout]    2: derrick::workspace_controllers::local_temp_sync::init_path
[INFO] [stdout]    3: derrick::workspace_controllers::local_temp_sync::LocalTempSyncController::initialize::{{closure}}::{{closure}}
[INFO] [stdout]    4: derrick::workspace_controllers::local_temp_sync::LocalTempSyncController::initialize::{{closure}}
[INFO] [stdout]    5: derrick::workspace_controllers::local_temp_sync::tests::test_piping_a_command::{{closure}}
[INFO] [stdout]    6: <core::pin::Pin<P> as core::future::future::Future>::poll
[INFO] [stdout]    7: <core::pin::Pin<P> as core::future::future::Future>::poll
[INFO] [stdout]    8: tokio::runtime::scheduler::current_thread::CoreGuard::block_on::{{closure}}::{{closure}}::{{closure}}
[INFO] [stdout]    9: tokio::runtime::scheduler::current_thread::CoreGuard::block_on::{{closure}}::{{closure}}
[INFO] [stdout]   10: tokio::runtime::scheduler::current_thread::Context::enter
[INFO] [stdout]   11: tokio::runtime::scheduler::current_thread::CoreGuard::block_on::{{closure}}
[INFO] [stdout]   12: tokio::runtime::scheduler::current_thread::CoreGuard::enter::{{closure}}
[INFO] [stdout]   13: tokio::runtime::context::scoped::Scoped<T>::set
[INFO] [stdout]   14: tokio::runtime::context::set_scheduler::{{closure}}
[INFO] [stdout]   15: std::thread::local::LocalKey<T>::try_with
[INFO] [stdout]   16: std::thread::local::LocalKey<T>::with
[INFO] [stdout]   17: tokio::runtime::context::set_scheduler
[INFO] [stdout]   18: tokio::runtime::scheduler::current_thread::CoreGuard::enter
[INFO] [stdout]   19: tokio::runtime::scheduler::current_thread::CoreGuard::block_on
[INFO] [stdout]   20: tokio::runtime::scheduler::current_thread::CurrentThread::block_on::{{closure}}
[INFO] [stdout]   21: tokio::runtime::context::runtime::enter_runtime
[INFO] [stdout]   22: tokio::runtime::scheduler::current_thread::CurrentThread::block_on
[INFO] [stdout]   23: tokio::runtime::runtime::Runtime::block_on_inner
[INFO] [stdout]   24: tokio::runtime::runtime::Runtime::block_on
[INFO] [stdout]   25: derrick::workspace_controllers::local_temp_sync::tests::test_piping_a_command
[INFO] [stdout]   26: derrick::workspace_controllers::local_temp_sync::tests::test_piping_a_command::{{closure}}
[INFO] [stdout]   27: core::ops::function::FnOnce::call_once
[INFO] [stdout]   28: test::__rust_begin_short_backtrace
[INFO] [stdout]   29: test::run_test::{{closure}}
[INFO] [stdout]   30: std::sys::backtrace::__rust_begin_short_backtrace
[INFO] [stdout]   31: core::ops::function::FnOnce::call_once{{vtable.shim}}
[INFO] [stdout]   32: std::sys::pal::unix::thread::Thread::new::thread_start
[INFO] [stdout]   33: <unknown>
[INFO] [stdout]   34: clone
[INFO] [stdout] stack backtrace:
[INFO] [stdout]    0:     0x59647e6228ca - <std::sys::backtrace::BacktraceLock::print::DisplayBacktrace as core::fmt::Display>::fmt::h98c26ac25ffe89bb
[INFO] [stdout]    1:     0x59647e64b903 - core::fmt::write::h0dd5f6e2238c7982
[INFO] [stdout]    2:     0x59647e61f2a3 - std::io::Write::write_fmt::h03bb0ca26e6faf8c
[INFO] [stdout]    3:     0x59647e622712 - std::sys::backtrace::BacktraceLock::print::h5c19c1c038ee186d
[INFO] [stdout]    4:     0x59647e623d4d - std::panicking::default_hook::{{closure}}::h77172f079a1fcb13
[INFO] [stdout]    5:     0x59647e623b57 - std::panicking::default_hook::he5f8e3b203ccddba
[INFO] [stdout]    6:     0x59647e1be1f7 - test::test_main::{{closure}}::hf0d3b69ae9b353d1
[INFO] [stdout]    7:     0x59647e6243f8 - std::panicking::rust_panic_with_hook::h53863d4e9018df39
[INFO] [stdout]    8:     0x59647e6241ba - std::panicking::begin_panic_handler::{{closure}}::h67280e6fa0757873
[INFO] [stdout]    9:     0x59647e622da9 - std::sys::backtrace::__rust_end_short_backtrace::h1dac3f54d6fbbeb2
[INFO] [stdout]   10:     0x59647e623e4c - rust_begin_unwind
[INFO] [stdout]   11:     0x59647e13c2a0 - core::panicking::panic_fmt::h6792bd1b2bf01041
[INFO] [stdout]   12:     0x59647e13c786 - core::result::unwrap_failed::h05e0602ed34287c5
[INFO] [stdout]   13:     0x59647e13faa7 - derrick::workspace_controllers::local_temp_sync::LocalTempSyncController::initialize::{{closure}}::{{closure}}::h33ebedaa643e6b4f
[INFO] [stdout]   14:     0x59647e13f74a - derrick::workspace_controllers::local_temp_sync::LocalTempSyncController::initialize::{{closure}}::h28f4d2fa735fbca6
[INFO] [stdout]   15:     0x59647e17e785 - derrick::workspace_controllers::local_temp_sync::tests::test_piping_a_command::{{closure}}::h9dd3d4b0709457d1
[INFO] [stdout]   16:     0x59647e161714 - <core::pin::Pin<P> as core::future::future::Future>::poll::h8d13464e702300e7
[INFO] [stdout]   17:     0x59647e1616f6 - <core::pin::Pin<P> as core::future::future::Future>::poll::h6ee93aa42d3e5b94
[INFO] [stdout]   18:     0x59647e1797f5 - tokio::runtime::scheduler::current_thread::CoreGuard::block_on::{{closure}}::{{closure}}::{{closure}}::he64281d6521e7617
[INFO] [stdout]   19:     0x59647e1795c8 - tokio::runtime::scheduler::current_thread::CoreGuard::block_on::{{closure}}::{{closure}}::hab6eedef2ae4df3b
[INFO] [stdout]   20:     0x59647e176f20 - tokio::runtime::scheduler::current_thread::Context::enter::h467cd617d234df73
[INFO] [stdout]   21:     0x59647e178e6e - tokio::runtime::scheduler::current_thread::CoreGuard::block_on::{{closure}}::had15e80287407bea
[INFO] [stdout]   22:     0x59647e178334 - tokio::runtime::scheduler::current_thread::CoreGuard::enter::{{closure}}::h8c85d7f777afe9e4
[INFO] [stdout]   23:     0x59647e175171 - tokio::runtime::context::scoped::Scoped<T>::set::hf72364d2639fb739
[INFO] [stdout]   24:     0x59647e16ca14 - tokio::runtime::context::set_scheduler::{{closure}}::he89603a50836ac0a
[INFO] [stdout]   25:     0x59647e1700ba - std::thread::local::LocalKey<T>::try_with::h567df0b2010676f1
[INFO] [stdout]   26:     0x59647e16f916 - std::thread::local::LocalKey<T>::with::h509da6df6f31a002
[INFO] [stdout]   27:     0x59647e16c99b - tokio::runtime::context::set_scheduler::h91b26e5b1653d727
[INFO] [stdout]   28:     0x59647e1780f4 - tokio::runtime::scheduler::current_thread::CoreGuard::enter::haea7d45d106fc742
[INFO] [stdout]   29:     0x59647e17836e - tokio::runtime::scheduler::current_thread::CoreGuard::block_on::h26db6f3f6ec106d3
[INFO] [stdout]   30:     0x59647e17629f - tokio::runtime::scheduler::current_thread::CurrentThread::block_on::{{closure}}::h551260fd8dfa3a89
[INFO] [stdout]   31:     0x59647e17549e - tokio::runtime::context::runtime::enter_runtime::hdad4630d6f0a2300
[INFO] [stdout]   32:     0x59647e176058 - tokio::runtime::scheduler::current_thread::CurrentThread::block_on::hce06baf6b5f4765c
[INFO] [stdout]   33:     0x59647e158f0c - tokio::runtime::runtime::Runtime::block_on_inner::h3fd59898cd8c0418
[INFO] [stdout]   34:     0x59647e159113 - tokio::runtime::runtime::Runtime::block_on::h9d0352c6edfbbe7e
[INFO] [stdout]   35:     0x59647e17e53b - derrick::workspace_controllers::local_temp_sync::tests::test_piping_a_command::h51a56d06f5a82f97
[INFO] [stdout]   36:     0x59647e17e413 - derrick::workspace_controllers::local_temp_sync::tests::test_piping_a_command::{{closure}}::h822d74a3df20d94c
[INFO] [stdout]   37:     0x59647e154686 - core::ops::function::FnOnce::call_once::h22b419d9e34d83f4
[INFO] [stdout]   38:     0x59647e1c2d1b - test::__rust_begin_short_backtrace::h2167df1e2b7d76fd
[INFO] [stdout]   39:     0x59647e1c2708 - test::run_test::{{closure}}::hac2a9cb07be3d48d
[INFO] [stdout]   40:     0x59647e1861aa - std::sys::backtrace::__rust_begin_short_backtrace::h0496fb742492f573
[INFO] [stdout]   41:     0x59647e189b24 - core::ops::function::FnOnce::call_once{{vtable.shim}}::h6127de71b8124639
[INFO] [stdout]   42:     0x59647e6291fb - std::sys::pal::unix::thread::Thread::new::thread_start::h48cf765408f6f5f2
[INFO] [stdout]   43:     0x76ceaacf1ac3 - <unknown>
[INFO] [stdout]   44:     0x76ceaad82a04 - clone
[INFO] [stdout]   45:                0x0 - <unknown>
[INFO] [stdout] 
[INFO] [stdout] ---- workspace_controllers::local_temp_sync::tests::test_init stdout ----
[INFO] [stdout] thread 'workspace_controllers::local_temp_sync::tests::test_init' panicked at src/workspace_controllers/local_temp_sync.rs:34:14:
[INFO] [stdout] called `Result::unwrap()` on an `Err` value: Could not create local temp directory
[INFO] [stdout] 
[INFO] [stdout] Caused by:
[INFO] [stdout]     0: Could not create local temp directory
[INFO] [stdout]     1: Read-only file system (os error 30)
[INFO] [stdout] 
[INFO] [stdout] Stack backtrace:
[INFO] [stdout]    0: <E as anyhow::context::ext::StdError>::ext_context
[INFO] [stdout]    1: anyhow::context::<impl anyhow::Context<T,E> for core::result::Result<T,E>>::context
[INFO] [stdout]    2: derrick::workspace_controllers::local_temp_sync::init_path
[INFO] [stdout]    3: derrick::workspace_controllers::local_temp_sync::LocalTempSyncController::initialize::{{closure}}::{{closure}}
[INFO] [stdout]    4: derrick::workspace_controllers::local_temp_sync::LocalTempSyncController::initialize::{{closure}}
[INFO] [stdout]    5: derrick::workspace_controllers::local_temp_sync::tests::test_init::{{closure}}
[INFO] [stdout]    6: <core::pin::Pin<P> as core::future::future::Future>::poll
[INFO] [stdout]    7: <core::pin::Pin<P> as core::future::future::Future>::poll
[INFO] [stdout]    8: tokio::runtime::scheduler::current_thread::CoreGuard::block_on::{{closure}}::{{closure}}::{{closure}}
[INFO] [stdout]    9: tokio::runtime::scheduler::current_thread::CoreGuard::block_on::{{closure}}::{{closure}}
[INFO] [stdout]   10: tokio::runtime::scheduler::current_thread::Context::enter
[INFO] [stdout]   11: tokio::runtime::scheduler::current_thread::CoreGuard::block_on::{{closure}}
[INFO] [stdout]   12: tokio::runtime::scheduler::current_thread::CoreGuard::enter::{{closure}}
[INFO] [stdout]   13: tokio::runtime::context::scoped::Scoped<T>::set
[INFO] [stdout]   14: tokio::runtime::context::set_scheduler::{{closure}}
[INFO] [stdout]   15: std::thread::local::LocalKey<T>::try_with
[INFO] [stdout]   16: std::thread::local::LocalKey<T>::with
[INFO] [stdout]   17: tokio::runtime::context::set_scheduler
[INFO] [stdout]   18: tokio::runtime::scheduler::current_thread::CoreGuard::enter
[INFO] [stdout]   19: tokio::runtime::scheduler::current_thread::CoreGuard::block_on
[INFO] [stdout]   20: tokio::runtime::scheduler::current_thread::CurrentThread::block_on::{{closure}}
[INFO] [stdout]   21: tokio::runtime::context::runtime::enter_runtime
[INFO] [stdout]   22: tokio::runtime::scheduler::current_thread::CurrentThread::block_on
[INFO] [stdout]   23: tokio::runtime::runtime::Runtime::block_on_inner
[INFO] [stdout]   24: tokio::runtime::runtime::Runtime::block_on
[INFO] [stdout]   25: derrick::workspace_controllers::local_temp_sync::tests::test_init
[INFO] [stdout]   26: derrick::workspace_controllers::local_temp_sync::tests::test_init::{{closure}}
[INFO] [stdout]   27: core::ops::function::FnOnce::call_once
[INFO] [stdout]   28: test::__rust_begin_short_backtrace
[INFO] [stdout]   29: test::run_test::{{closure}}
[INFO] [stdout]   30: std::sys::backtrace::__rust_begin_short_backtrace
[INFO] [stdout]   31: core::ops::function::FnOnce::call_once{{vtable.shim}}
[INFO] [stdout]   32: std::sys::pal::unix::thread::Thread::new::thread_start
[INFO] [stdout]   33: <unknown>
[INFO] [stdout]   34: clone
[INFO] [stdout] stack backtrace:
[INFO] [stdout]    0:     0x59647e6228ca - <std::sys::backtrace::BacktraceLock::print::DisplayBacktrace as core::fmt::Display>::fmt::h98c26ac25ffe89bb
[INFO] [stdout]    1:     0x59647e64b903 - core::fmt::write::h0dd5f6e2238c7982
[INFO] [stdout]    2:     0x59647e61f2a3 - std::io::Write::write_fmt::h03bb0ca26e6faf8c
[INFO] [stdout]    3:     0x59647e622712 - std::sys::backtrace::BacktraceLock::print::h5c19c1c038ee186d
[INFO] [stdout]    4:     0x59647e623d4d - std::panicking::default_hook::{{closure}}::h77172f079a1fcb13
[INFO] [stdout]    5:     0x59647e623b57 - std::panicking::default_hook::he5f8e3b203ccddba
[INFO] [stdout]    6:     0x59647e1be1f7 - test::test_main::{{closure}}::hf0d3b69ae9b353d1
[INFO] [stdout]    7:     0x59647e6243f8 - std::panicking::rust_panic_with_hook::h53863d4e9018df39
[INFO] [stdout]    8:     0x59647e6241ba - std::panicking::begin_panic_handler::{{closure}}::h67280e6fa0757873
[INFO] [stdout]    9:     0x59647e622da9 - std::sys::backtrace::__rust_end_short_backtrace::h1dac3f54d6fbbeb2
[INFO] [stdout]   10:     0x59647e623e4c - rust_begin_unwind
[INFO] [stdout]   11:     0x59647e13c2a0 - core::panicking::panic_fmt::h6792bd1b2bf01041
[INFO] [stdout]   12:     0x59647e13c786 - core::result::unwrap_failed::h05e0602ed34287c5
[INFO] [stdout]   13:     0x59647e13faa7 - derrick::workspace_controllers::local_temp_sync::LocalTempSyncController::initialize::{{closure}}::{{closure}}::h33ebedaa643e6b4f
[INFO] [stdout]   14:     0x59647e13f74a - derrick::workspace_controllers::local_temp_sync::LocalTempSyncController::initialize::{{closure}}::h28f4d2fa735fbca6
[INFO] [stdout]   15:     0x59647e17ccab - derrick::workspace_controllers::local_temp_sync::tests::test_init::{{closure}}::he53bf707a4ce3711
[INFO] [stdout]   16:     0x59647e161714 - <core::pin::Pin<P> as core::future::future::Future>::poll::h8d13464e702300e7
[INFO] [stdout]   17:     0x59647e1616f6 - <core::pin::Pin<P> as core::future::future::Future>::poll::h6ee93aa42d3e5b94
[INFO] [stdout]   18:     0x59647e1797f5 - tokio::runtime::scheduler::current_thread::CoreGuard::block_on::{{closure}}::{{closure}}::{{closure}}::he64281d6521e7617
[INFO] [stdout]   19:     0x59647e1795c8 - tokio::runtime::scheduler::current_thread::CoreGuard::block_on::{{closure}}::{{closure}}::hab6eedef2ae4df3b
[INFO] [stdout]   20:     0x59647e176f20 - tokio::runtime::scheduler::current_thread::Context::enter::h467cd617d234df73
[INFO] [stdout]   21:     0x59647e178e6e - tokio::runtime::scheduler::current_thread::CoreGuard::block_on::{{closure}}::had15e80287407bea
[INFO] [stdout]   22:     0x59647e178334 - tokio::runtime::scheduler::current_thread::CoreGuard::enter::{{closure}}::h8c85d7f777afe9e4
[INFO] [stdout]   23:     0x59647e175171 - tokio::runtime::context::scoped::Scoped<T>::set::hf72364d2639fb739
[INFO] [stdout]   24:     0x59647e16ca14 - tokio::runtime::context::set_scheduler::{{closure}}::he89603a50836ac0a
[INFO] [stdout]   25:     0x59647e1700ba - std::thread::local::LocalKey<T>::try_with::h567df0b2010676f1
[INFO] [stdout]   26:     0x59647e16f916 - std::thread::local::LocalKey<T>::with::h509da6df6f31a002
[INFO] [stdout]   27:     0x59647e16c99b - tokio::runtime::context::set_scheduler::h91b26e5b1653d727
[INFO] [stdout]   28:     0x59647e1780f4 - tokio::runtime::scheduler::current_thread::CoreGuard::enter::haea7d45d106fc742
[INFO] [stdout]   29:     0x59647e17836e - tokio::runtime::scheduler::current_thread::CoreGuard::block_on::h26db6f3f6ec106d3
[INFO] [stdout]   30:     0x59647e17629f - tokio::runtime::scheduler::current_thread::CurrentThread::block_on::{{closure}}::h551260fd8dfa3a89
[INFO] [stdout]   31:     0x59647e17549e - tokio::runtime::context::runtime::enter_runtime::hdad4630d6f0a2300
[INFO] [stdout]   32:     0x59647e176058 - tokio::runtime::scheduler::current_thread::CurrentThread::block_on::hce06baf6b5f4765c
[INFO] [stdout]   33:     0x59647e158f0c - tokio::runtime::runtime::Runtime::block_on_inner::h3fd59898cd8c0418
[INFO] [stdout]   34:     0x59647e159113 - tokio::runtime::runtime::Runtime::block_on::h9d0352c6edfbbe7e
[INFO] [stdout]   35:     0x59647e17cabb - derrick::workspace_controllers::local_temp_sync::tests::test_init::h515c12f38e1d8e7c
[INFO] [stdout]   36:     0x59647e17c993 - derrick::workspace_controllers::local_temp_sync::tests::test_init::{{closure}}::h055a204cb80f2186
[INFO] [stdout]   37:     0x59647e154936 - core::ops::function::FnOnce::call_once::h9ced86a9277cc4a8
[INFO] [stdout]   38:     0x59647e1c2d1b - test::__rust_begin_short_backtrace::h2167df1e2b7d76fd
[INFO] [stdout]   39:     0x59647e1c2708 - test::run_test::{{closure}}::hac2a9cb07be3d48d
[INFO] [stdout]   40:     0x59647e1861aa - std::sys::backtrace::__rust_begin_short_backtrace::h0496fb742492f573
[INFO] [stdout]   41:     0x59647e189b24 - core::ops::function::FnOnce::call_once{{vtable.shim}}::h6127de71b8124639
[INFO] [stdout]   42:     0x59647e6291fb - std::sys::pal::unix::thread::Thread::new::thread_start::h48cf765408f6f5f2
[INFO] [stdout]   43:     0x76ceaacf1ac3 - <unknown>
[INFO] [stdout]   44:     0x76ceaad82a04 - clone
[INFO] [stdout]   45:                0x0 - <unknown>
[INFO] [stdout] 
[INFO] [stdout] ---- workspace_controllers::local_temp_sync::tests::test_sets_path_correctly_for_run_cmd stdout ----
[INFO] [stdout] thread 'workspace_controllers::local_temp_sync::tests::test_sets_path_correctly_for_run_cmd' panicked at src/workspace_controllers/local_temp_sync.rs:34:14:
[INFO] [stdout] called `Result::unwrap()` on an `Err` value: Could not create local temp directory
[INFO] [stdout] 
[INFO] [stdout] Caused by:
[INFO] [stdout]     0: Could not create local temp directory
[INFO] [stdout]     1: Read-only file system (os error 30)
[INFO] [stdout] 
[INFO] [stdout] Stack backtrace:
[INFO] [stdout]    0: <E as anyhow::context::ext::StdError>::ext_context
[INFO] [stdout]    1: anyhow::context::<impl anyhow::Context<T,E> for core::result::Result<T,E>>::context
[INFO] [stdout]    2: derrick::workspace_controllers::local_temp_sync::init_path
[INFO] [stdout]    3: derrick::workspace_controllers::local_temp_sync::LocalTempSyncController::initialize::{{closure}}::{{closure}}
[INFO] [stdout]    4: derrick::workspace_controllers::local_temp_sync::LocalTempSyncController::initialize::{{closure}}
[INFO] [stdout]    5: derrick::workspace_controllers::local_temp_sync::tests::test_sets_path_correctly_for_run_cmd::{{closure}}
[INFO] [stdout]    6: <core::pin::Pin<P> as core::future::future::Future>::poll
[INFO] [stdout]    7: <core::pin::Pin<P> as core::future::future::Future>::poll
[INFO] [stdout]    8: tokio::runtime::scheduler::current_thread::CoreGuard::block_on::{{closure}}::{{closure}}::{{closure}}
[INFO] [stdout]    9: tokio::runtime::scheduler::current_thread::CoreGuard::block_on::{{closure}}::{{closure}}
[INFO] [stdout]   10: tokio::runtime::scheduler::current_thread::Context::enter
[INFO] [stdout]   11: tokio::runtime::scheduler::current_thread::CoreGuard::block_on::{{closure}}
[INFO] [stdout]   12: tokio::runtime::scheduler::current_thread::CoreGuard::enter::{{closure}}
[INFO] [stdout]   13: tokio::runtime::context::scoped::Scoped<T>::set
[INFO] [stdout]   14: tokio::runtime::context::set_scheduler::{{closure}}
[INFO] [stdout]   15: std::thread::local::LocalKey<T>::try_with
[INFO] [stdout]   16: std::thread::local::LocalKey<T>::with
[INFO] [stdout]   17: tokio::runtime::context::set_scheduler
[INFO] [stdout]   18: tokio::runtime::scheduler::current_thread::CoreGuard::enter
[INFO] [stdout]   19: tokio::runtime::scheduler::current_thread::CoreGuard::block_on
[INFO] [stdout]   20: tokio::runtime::scheduler::current_thread::CurrentThread::block_on::{{closure}}
[INFO] [stdout]   21: tokio::runtime::context::runtime::enter_runtime
[INFO] [stdout]   22: tokio::runtime::scheduler::current_thread::CurrentThread::block_on
[INFO] [stdout]   23: tokio::runtime::runtime::Runtime::block_on_inner
[INFO] [stdout]   24: tokio::runtime::runtime::Runtime::block_on
[INFO] [stdout]   25: derrick::workspace_controllers::local_temp_sync::tests::test_sets_path_correctly_for_run_cmd
[INFO] [stdout]   26: derrick::workspace_controllers::local_temp_sync::tests::test_sets_path_correctly_for_run_cmd::{{closure}}
[INFO] [stdout]   27: core::ops::function::FnOnce::call_once
[INFO] [stdout]   28: test::__rust_begin_short_backtrace
[INFO] [stdout]   29: test::run_test::{{closure}}
[INFO] [stdout]   30: std::sys::backtrace::__rust_begin_short_backtrace
[INFO] [stdout]   31: core::ops::function::FnOnce::call_once{{vtable.shim}}
[INFO] [stdout]   32: std::sys::pal::unix::thread::Thread::new::thread_start
[INFO] [stdout]   33: <unknown>
[INFO] [stdout]   34: clone
[INFO] [stdout] stack backtrace:
[INFO] [stdout]    0:     0x59647e6228ca - <std::sys::backtrace::BacktraceLock::print::DisplayBacktrace as core::fmt::Display>::fmt::h98c26ac25ffe89bb
[INFO] [stdout]    1:     0x59647e64b903 - core::fmt::write::h0dd5f6e2238c7982
[INFO] [stdout]    2:     0x59647e61f2a3 - std::io::Write::write_fmt::h03bb0ca26e6faf8c
[INFO] [stdout]    3:     0x59647e622712 - std::sys::backtrace::BacktraceLock::print::h5c19c1c038ee186d
[INFO] [stdout]    4:     0x59647e623d4d - std::panicking::default_hook::{{closure}}::h77172f079a1fcb13
[INFO] [stdout]    5:     0x59647e623b57 - std::panicking::default_hook::he5f8e3b203ccddba
[INFO] [stdout]    6:     0x59647e1be1f7 - test::test_main::{{closure}}::hf0d3b69ae9b353d1
[INFO] [stdout]    7:     0x59647e6243f8 - std::panicking::rust_panic_with_hook::h53863d4e9018df39
[INFO] [stdout]    8:     0x59647e6241ba - std::panicking::begin_panic_handler::{{closure}}::h67280e6fa0757873
[INFO] [stdout]    9:     0x59647e622da9 - std::sys::backtrace::__rust_end_short_backtrace::h1dac3f54d6fbbeb2
[INFO] [stdout]   10:     0x59647e623e4c - rust_begin_unwind
[INFO] [stdout]   11:     0x59647e13c2a0 - core::panicking::panic_fmt::h6792bd1b2bf01041
[INFO] [stdout]   12:     0x59647e13c786 - core::result::unwrap_failed::h05e0602ed34287c5
[INFO] [stdout]   13:     0x59647e13faa7 - derrick::workspace_controllers::local_temp_sync::LocalTempSyncController::initialize::{{closure}}::{{closure}}::h33ebedaa643e6b4f
[INFO] [stdout]   14:     0x59647e13f74a - derrick::workspace_controllers::local_temp_sync::LocalTempSyncController::initialize::{{closure}}::h28f4d2fa735fbca6
[INFO] [stdout]   15:     0x59647e17ac15 - derrick::workspace_controllers::local_temp_sync::tests::test_sets_path_correctly_for_run_cmd::{{closure}}::h2701b45cc175a0dc
[INFO] [stdout]   16:     0x59647e161714 - <core::pin::Pin<P> as core::future::future::Future>::poll::h8d13464e702300e7
[INFO] [stdout]   17:     0x59647e1616f6 - <core::pin::Pin<P> as core::future::future::Future>::poll::h6ee93aa42d3e5b94
[INFO] [stdout]   18:     0x59647e1797f5 - tokio::runtime::scheduler::current_thread::CoreGuard::block_on::{{closure}}::{{closure}}::{{closure}}::he64281d6521e7617
[INFO] [stdout]   19:     0x59647e1795c8 - tokio::runtime::scheduler::current_thread::CoreGuard::block_on::{{closure}}::{{closure}}::hab6eedef2ae4df3b
[INFO] [stdout]   20:     0x59647e176f20 - tokio::runtime::scheduler::current_thread::Context::enter::h467cd617d234df73
[INFO] [stdout]   21:     0x59647e178e6e - tokio::runtime::scheduler::current_thread::CoreGuard::block_on::{{closure}}::had15e80287407bea
[INFO] [stdout]   22:     0x59647e178334 - tokio::runtime::scheduler::current_thread::CoreGuard::enter::{{closure}}::h8c85d7f777afe9e4
[INFO] [stdout]   23:     0x59647e175171 - tokio::runtime::context::scoped::Scoped<T>::set::hf72364d2639fb739
[INFO] [stdout]   24:     0x59647e16ca14 - tokio::runtime::context::set_scheduler::{{closure}}::he89603a50836ac0a
[INFO] [stdout]   25:     0x59647e1700ba - std::thread::local::LocalKey<T>::try_with::h567df0b2010676f1
[INFO] [stdout]   26:     0x59647e16f916 - std::thread::local::LocalKey<T>::with::h509da6df6f31a002
[INFO] [stdout]   27:     0x59647e16c99b - tokio::runtime::context::set_scheduler::h91b26e5b1653d727
[INFO] [stdout]   28:     0x59647e1780f4 - tokio::runtime::scheduler::current_thread::CoreGuard::enter::haea7d45d106fc742
[INFO] [stdout]   29:     0x59647e17836e - tokio::runtime::scheduler::current_thread::CoreGuard::block_on::h26db6f3f6ec106d3
[INFO] [stdout]   30:     0x59647e17629f - tokio::runtime::scheduler::current_thread::CurrentThread::block_on::{{closure}}::h551260fd8dfa3a89
[INFO] [stdout]   31:     0x59647e17549e - tokio::runtime::context::runtime::enter_runtime::hdad4630d6f0a2300
[INFO] [stdout]   32:     0x59647e176058 - tokio::runtime::scheduler::current_thread::CurrentThread::block_on::hce06baf6b5f4765c
[INFO] [stdout]   33:     0x59647e158f0c - tokio::runtime::runtime::Runtime::block_on_inner::h3fd59898cd8c0418
[INFO] [stdout]   34:     0x59647e159113 - tokio::runtime::runtime::Runtime::block_on::h9d0352c6edfbbe7e
[INFO] [stdout]   35:     0x59647e17a9fb - derrick::workspace_controllers::local_temp_sync::tests::test_sets_path_correctly_for_run_cmd::h8ae57d0a8ef91805
[INFO] [stdout]   36:     0x59647e17a8d3 - derrick::workspace_controllers::local_temp_sync::tests::test_sets_path_correctly_for_run_cmd::{{closure}}::he96256c659cacd2d
[INFO] [stdout]   37:     0x59647e154796 - core::ops::function::FnOnce::call_once::h38eb3a29498ef1f8
[INFO] [stdout]   38:     0x59647e1c2d1b - test::__rust_begin_short_backtrace::h2167df1e2b7d76fd
[INFO] [stdout]   39:     0x59647e1c2708 - test::run_test::{{closure}}::hac2a9cb07be3d48d
[INFO] [stdout]   40:     0x59647e1861aa - std::sys::backtrace::__rust_begin_short_backtrace::h0496fb742492f573
[INFO] [stdout]   41:     0x59647e189b24 - core::ops::function::FnOnce::call_once{{vtable.shim}}::h6127de71b8124639
[INFO] [stdout]   42:     0x59647e6291fb - std::sys::pal::unix::thread::Thread::new::thread_start::h48cf765408f6f5f2
[INFO] [stdout]   43:     0x76ceaacf1ac3 - <unknown>
[INFO] [stdout]   44:     0x76ceaad82a04 - clone
[INFO] [stdout]   45:                0x0 - <unknown>
[INFO] [stdout] 
[INFO] [stdout] ---- workspace_controllers::local_temp_sync::tests::test_reading_file_with_nextjs_style_path stdout ----
[INFO] [stdout] thread 'workspace_controllers::local_temp_sync::tests::test_reading_file_with_nextjs_style_path' panicked at src/workspace_controllers/local_temp_sync.rs:34:14:
[INFO] [stdout] called `Result::unwrap()` on an `Err` value: Could not create local temp directory
[INFO] [stdout] 
[INFO] [stdout] Caused by:
[INFO] [stdout]     0: Could not create local temp directory
[INFO] [stdout]     1: Read-only file system (os error 30)
[INFO] [stdout] 
[INFO] [stdout] Stack backtrace:
[INFO] [stdout]    0: <E as anyhow::context::ext::StdError>::ext_context
[INFO] [stdout]    1: anyhow::context::<impl anyhow::Context<T,E> for core::result::Result<T,E>>::context
[INFO] [stdout]    2: derrick::workspace_controllers::local_temp_sync::init_path
[INFO] [stdout]    3: derrick::workspace_controllers::local_temp_sync::LocalTempSyncController::initialize::{{closure}}::{{closure}}
[INFO] [stdout]    4: derrick::workspace_controllers::local_temp_sync::LocalTempSyncController::initialize::{{closure}}
[INFO] [stdout]    5: derrick::workspace_controllers::local_temp_sync::tests::test_reading_file_with_nextjs_style_path::{{closure}}
[INFO] [stdout]    6: <core::pin::Pin<P> as core::future::future::Future>::poll
[INFO] [stdout]    7: <core::pin::Pin<P> as core::future::future::Future>::poll
[INFO] [stdout]    8: tokio::runtime::scheduler::current_thread::CoreGuard::block_on::{{closure}}::{{closure}}::{{closure}}
[INFO] [stdout]    9: tokio::runtime::scheduler::current_thread::CoreGuard::block_on::{{closure}}::{{closure}}
[INFO] [stdout]   10: tokio::runtime::scheduler::current_thread::Context::enter
[INFO] [stdout]   11: tokio::runtime::scheduler::current_thread::CoreGuard::block_on::{{closure}}
[INFO] [stdout]   12: tokio::runtime::scheduler::current_thread::CoreGuard::enter::{{closure}}
[INFO] [stdout]   13: tokio::runtime::context::scoped::Scoped<T>::set
[INFO] [stdout]   14: tokio::runtime::context::set_scheduler::{{closure}}
[INFO] [stdout]   15: std::thread::local::LocalKey<T>::try_with
[INFO] [stdout]   16: std::thread::local::LocalKey<T>::with
[INFO] [stdout]   17: tokio::runtime::context::set_scheduler
[INFO] [stdout]   18: tokio::runtime::scheduler::current_thread::CoreGuard::enter
[INFO] [stdout]   19: tokio::runtime::scheduler::current_thread::CoreGuard::block_on
[INFO] [stdout]   20: tokio::runtime::scheduler::current_thread::CurrentThread::block_on::{{closure}}
[INFO] [stdout]   21: tokio::runtime::context::runtime::enter_runtime
[INFO] [stdout]   22: tokio::runtime::scheduler::current_thread::CurrentThread::block_on
[INFO] [stdout]   23: tokio::runtime::runtime::Runtime::block_on_inner
[INFO] [stdout]   24: tokio::runtime::runtime::Runtime::block_on
[INFO] [stdout]   25: derrick::workspace_controllers::local_temp_sync::tests::test_reading_file_with_nextjs_style_path
[INFO] [stdout]   26: derrick::workspace_controllers::local_temp_sync::tests::test_reading_file_with_nextjs_style_path::{{closure}}
[INFO] [stdout]   27: core::ops::function::FnOnce::call_once
[INFO] [stdout]   28: test::__rust_begin_short_backtrace
[INFO] [stdout]   29: test::run_test::{{closure}}
[INFO] [stdout]   30: std::sys::backtrace::__rust_begin_short_backtrace
[INFO] [stdout]   31: core::ops::function::FnOnce::call_once{{vtable.shim}}
[INFO] [stdout]   32: std::sys::pal::unix::thread::Thread::new::thread_start
[INFO] [stdout]   33: <unknown>
[INFO] [stdout]   34: clone
[INFO] [stdout] stack backtrace:
[INFO] [stdout]    0:     0x59647e6228ca - <std::sys::backtrace::BacktraceLock::print::DisplayBacktrace as core::fmt::Display>::fmt::h98c26ac25ffe89bb
[INFO] [stdout]    1:     0x59647e64b903 - core::fmt::write::h0dd5f6e2238c7982
[INFO] [stdout]    2:     0x59647e61f2a3 - std::io::Write::write_fmt::h03bb0ca26e6faf8c
[INFO] [stdout]    3:     0x59647e622712 - std::sys::backtrace::BacktraceLock::print::h5c19c1c038ee186d
[INFO] [stdout]    4:     0x59647e623d4d - std::panicking::default_hook::{{closure}}::h77172f079a1fcb13
[INFO] [stdout]    5:     0x59647e623b57 - std::panicking::default_hook::he5f8e3b203ccddba
[INFO] [stdout]    6:     0x59647e1be1f7 - test::test_main::{{closure}}::hf0d3b69ae9b353d1
[INFO] [stdout]    7:     0x59647e6243f8 - std::panicking::rust_panic_with_hook::h53863d4e9018df39
[INFO] [stdout]    8:     0x59647e6241ba - std::panicking::begin_panic_handler::{{closure}}::h67280e6fa0757873
[INFO] [stdout]    9:     0x59647e622da9 - std::sys::backtrace::__rust_end_short_backtrace::h1dac3f54d6fbbeb2
[INFO] [stdout]   10:     0x59647e623e4c - rust_begin_unwind
[INFO] [stdout]   11:     0x59647e13c2a0 - core::panicking::panic_fmt::h6792bd1b2bf01041
[INFO] [stdout]   12:     0x59647e13c786 - core::result::unwrap_failed::h05e0602ed34287c5
[INFO] [stdout]   13:     0x59647e13faa7 - derrick::workspace_controllers::local_temp_sync::LocalTempSyncController::initialize::{{closure}}::{{closure}}::h33ebedaa643e6b4f
[INFO] [stdout]   14:     0x59647e13f74a - derrick::workspace_controllers::local_temp_sync::LocalTempSyncController::initialize::{{closure}}::h28f4d2fa735fbca6
[INFO] [stdout]   15:     0x59647e1808ee - derrick::workspace_controllers::local_temp_sync::tests::test_reading_file_with_nextjs_style_path::{{closure}}::hcdba9c2cbd0abe88
[INFO] [stdout]   16:     0x59647e161714 - <core::pin::Pin<P> as core::future::future::Future>::poll::h8d13464e702300e7
[INFO] [stdout]   17:     0x59647e1616f6 - <core::pin::Pin<P> as core::future::future::Future>::poll::h6ee93aa42d3e5b94
[INFO] [stdout]   18:     0x59647e1797f5 - tokio::runtime::scheduler::current_thread::CoreGuard::block_on::{{closure}}::{{closure}}::{{closure}}::he64281d6521e7617
[INFO] [stdout]   19:     0x59647e1795c8 - tokio::runtime::scheduler::current_thread::CoreGuard::block_on::{{closure}}::{{closure}}::hab6eedef2ae4df3b
[INFO] [stdout]   20:     0x59647e176f20 - tokio::runtime::scheduler::current_thread::Context::enter::h467cd617d234df73
[INFO] [stdout]   21:     0x59647e178e6e - tokio::runtime::scheduler::current_thread::CoreGuard::block_on::{{closure}}::had15e80287407bea
[INFO] [stdout]   22:     0x59647e178334 - tokio::runtime::scheduler::current_thread::CoreGuard::enter::{{closure}}::h8c85d7f777afe9e4
[INFO] [stdout]   23:     0x59647e175171 - tokio::runtime::context::scoped::Scoped<T>::set::hf72364d2639fb739
[INFO] [stdout]   24:     0x59647e16ca14 - tokio::runtime::context::set_scheduler::{{closure}}::he89603a50836ac0a
[INFO] [stdout]   25:     0x59647e1700ba - std::thread::local::LocalKey<T>::try_with::h567df0b2010676f1
[INFO] [stdout]   26:     0x59647e16f916 - std::thread::local::LocalKey<T>::with::h509da6df6f31a002
[INFO] [stdout]   27:     0x59647e16c99b - tokio::runtime::context::set_scheduler::h91b26e5b1653d727
[INFO] [stdout]   28:     0x59647e1780f4 - tokio::runtime::scheduler::current_thread::CoreGuard::enter::haea7d45d106fc742
[INFO] [stdout]   29:     0x59647e17836e - tokio::runtime::scheduler::current_thread::CoreGuard::block_on::h26db6f3f6ec106d3
[INFO] [stdout]   30:     0x59647e17629f - tokio::runtime::scheduler::current_thread::CurrentThread::block_on::{{closure}}::h551260fd8dfa3a89
[INFO] [stdout]   31:     0x59647e17549e - tokio::runtime::context::runtime::enter_runtime::hdad4630d6f0a2300
[INFO] [stdout]   32:     0x59647e176058 - tokio::runtime::scheduler::current_thread::CurrentThread::block_on::hce06baf6b5f4765c
[INFO] [stdout]   33:     0x59647e158f0c - tokio::runtime::runtime::Runtime::block_on_inner::h3fd59898cd8c0418
[INFO] [stdout]   34:     0x59647e159113 - tokio::runtime::runtime::Runtime::block_on::h9d0352c6edfbbe7e
[INFO] [stdout]   35:     0x59647e18069b - derrick::workspace_controllers::local_temp_sync::tests::test_reading_file_with_nextjs_style_path::h5e00b1be91b5f6f1
[INFO] [stdout]   36:     0x59647e180573 - derrick::workspace_controllers::local_temp_sync::tests::test_reading_file_with_nextjs_style_path::{{closure}}::hf9de4986fbb60c77
[INFO] [stdout]   37:     0x59647e1549b6 - core::ops::function::FnOnce::call_once::hb1ffdf27775b7a42
[INFO] [stdout]   38:     0x59647e1c2d1b - test::__rust_begin_short_backtrace::h2167df1e2b7d76fd
[INFO] [stdout]   39:     0x59647e1c2708 - test::run_test::{{closure}}::hac2a9cb07be3d48d
[INFO] [stdout]   40:     0x59647e1861aa - std::sys::backtrace::__rust_begin_short_backtrace::h0496fb742492f573
[INFO] [stdout]   41:     0x59647e189b24 - core::ops::function::FnOnce::call_once{{vtable.shim}}::h6127de71b8124639
[INFO] [stdout]   42:     0x59647e6291fb - std::sys::pal::unix::thread::Thread::new::thread_start::h48cf765408f6f5f2
[INFO] [stdout]   43:     0x76ceaacf1ac3 - <unknown>
[INFO] [stdout]   44:     0x76ceaad82a04 - clone
[INFO] [stdout]   45:                0x0 - <unknown>
[INFO] [stdout] 
[INFO] [stdout] ---- workspace_controllers::local_temp_sync::tests::test_working_dir stdout ----
[INFO] [stdout] thread 'workspace_controllers::local_temp_sync::tests::test_working_dir' panicked at src/workspace_controllers/local_temp_sync.rs:34:14:
[INFO] [stdout] called `Result::unwrap()` on an `Err` value: Could not create local temp directory
[INFO] [stdout] 
[INFO] [stdout] Caused by:
[INFO] [stdout]     0: Could not create local temp directory
[INFO] [stdout]     1: Read-only file system (os error 30)
[INFO] [stdout] 
[INFO] [stdout] Stack backtrace:
[INFO] [stdout]    0: <E as anyhow::context::ext::StdError>::ext_context
[INFO] [stdout]    1: anyhow::context::<impl anyhow::Context<T,E> for core::result::Result<T,E>>::context
[INFO] [stdout]    2: derrick::workspace_controllers::local_temp_sync::init_path
[INFO] [stdout]    3: derrick::workspace_controllers::local_temp_sync::LocalTempSyncController::initialize::{{closure}}::{{closure}}
[INFO] [stdout]    4: derrick::workspace_controllers::local_temp_sync::LocalTempSyncController::initialize::{{closure}}
[INFO] [stdout]    5: derrick::workspace_controllers::local_temp_sync::tests::test_working_dir::{{closure}}
[INFO] [stdout]    6: <core::pin::Pin<P> as core::future::future::Future>::poll
[INFO] [stdout]    7: <core::pin::Pin<P> as core::future::future::Future>::poll
[INFO] [stdout]    8: tokio::runtime::scheduler::current_thread::CoreGuard::block_on::{{closure}}::{{closure}}::{{closure}}
[INFO] [stdout]    9: tokio::runtime::scheduler::current_thread::CoreGuard::block_on::{{closure}}::{{closure}}
[INFO] [stdout]   10: tokio::runtime::scheduler::current_thread::Context::enter
[INFO] [stdout]   11: tokio::runtime::scheduler::current_thread::CoreGuard::block_on::{{closure}}
[INFO] [stdout]   12: tokio::runtime::scheduler::current_thread::CoreGuard::enter::{{closure}}
[INFO] [stdout]   13: tokio::runtime::context::scoped::Scoped<T>::set
[INFO] [stdout]   14: tokio::runtime::context::set_scheduler::{{closure}}
[INFO] [stdout]   15: std::thread::local::LocalKey<T>::try_with
[INFO] [stdout]   16: std::thread::local::LocalKey<T>::with
[INFO] [stdout]   17: tokio::runtime::context::set_scheduler
[INFO] [stdout]   18: tokio::runtime::scheduler::current_thread::CoreGuard::enter
[INFO] [stdout]   19: tokio::runtime::scheduler::current_thread::CoreGuard::block_on
[INFO] [stdout]   20: tokio::runtime::scheduler::current_thread::CurrentThread::block_on::{{closure}}
[INFO] [stdout]   21: tokio::runtime::context::runtime::enter_runtime
[INFO] [stdout]   22: tokio::runtime::scheduler::current_thread::CurrentThread::block_on
[INFO] [stdout]   23: tokio::runtime::runtime::Runtime::block_on_inner
[INFO] [stdout]   24: tokio::runtime::runtime::Runtime::block_on
[INFO] [stdout]   25: derrick::workspace_controllers::local_temp_sync::tests::test_working_dir
[INFO] [stdout]   26: derrick::workspace_controllers::local_temp_sync::tests::test_working_dir::{{closure}}
[INFO] [stdout]   27: core::ops::function::FnOnce::call_once
[INFO] [stdout]   28: test::__rust_begin_short_backtrace
[INFO] [stdout]   29: test::run_test::{{closure}}
[INFO] [stdout]   30: std::sys::backtrace::__rust_begin_short_backtrace
[INFO] [stdout]   31: core::ops::function::FnOnce::call_once{{vtable.shim}}
[INFO] [stdout]   32: std::sys::pal::unix::thread::Thread::new::thread_start
[INFO] [stdout]   33: <unknown>
[INFO] [stdout]   34: clone
[INFO] [stdout] stack backtrace:
[INFO] [stdout]    0:     0x59647e6228ca - <std::sys::backtrace::BacktraceLock::print::DisplayBacktrace as core::fmt::Display>::fmt::h98c26ac25ffe89bb
[INFO] [stdout]    1:     0x59647e64b903 - core::fmt::write::h0dd5f6e2238c7982
[INFO] [stdout]    2:     0x59647e61f2a3 - std::io::Write::write_fmt::h03bb0ca26e6faf8c
[INFO] [stdout]    3:     0x59647e622712 - std::sys::backtrace::BacktraceLock::print::h5c19c1c038ee186d
[INFO] [stdout]    4:     0x59647e623d4d - std::panicking::default_hook::{{closure}}::h77172f079a1fcb13
[INFO] [stdout]    5:     0x59647e623b57 - std::panicking::default_hook::he5f8e3b203ccddba
[INFO] [stdout]    6:     0x59647e1be1f7 - test::test_main::{{closure}}::hf0d3b69ae9b353d1
[INFO] [stdout]    7:     0x59647e6243f8 - std::panicking::rust_panic_with_hook::h53863d4e9018df39
[INFO] [stdout]    8:     0x59647e6241ba - std::panicking::begin_panic_handler::{{closure}}::h67280e6fa0757873
[INFO] [stdout]    9:     0x59647e622da9 - std::sys::backtrace::__rust_end_short_backtrace::h1dac3f54d6fbbeb2
[INFO] [stdout]   10:     0x59647e623e4c - rust_begin_unwind
[INFO] [stdout]   11:     0x59647e13c2a0 - core::panicking::panic_fmt::h6792bd1b2bf01041
[INFO] [stdout]   12:     0x59647e13c786 - core::result::unwrap_failed::h05e0602ed34287c5
[INFO] [stdout]   13:     0x59647e13faa7 - derrick::workspace_controllers::local_temp_sync::LocalTempSyncController::initialize::{{closure}}::{{closure}}::h33ebedaa643e6b4f
[INFO] [stdout]   14:     0x59647e13f74a - derrick::workspace_controllers::local_temp_sync::LocalTempSyncController::initialize::{{closure}}::h28f4d2fa735fbca6
[INFO] [stdout]   15:     0x59647e17b615 - derrick::workspace_controllers::local_temp_sync::tests::test_working_dir::{{closure}}::hdf0a0de35683763a
[INFO] [stdout]   16:     0x59647e161714 - <core::pin::Pin<P> as core::future::future::Future>::poll::h8d13464e702300e7
[INFO] [stdout]   17:     0x59647e1616f6 - <core::pin::Pin<P> as core::future::future::Future>::poll::h6ee93aa42d3e5b94
[INFO] [stderr] error: test failed, to rerun pass `--lib`
[INFO] [stdout]   18:     0x59647e1797f5 - tokio::runtime::scheduler::current_thread::CoreGuard::block_on::{{closure}}::{{closure}}::{{closure}}::he64281d6521e7617
[INFO] [stdout]   19:     0x59647e1795c8 - tokio::runtime::scheduler::current_thread::CoreGuard::block_on::{{closure}}::{{closure}}::hab6eedef2ae4df3b
[INFO] [stdout]   20:     0x59647e176f20 - tokio::runtime::scheduler::current_thread::Context::enter::h467cd617d234df73
[INFO] [stdout]   21:     0x59647e178e6e - tokio::runtime::scheduler::current_thread::CoreGuard::block_on::{{closure}}::had15e80287407bea
[INFO] [stdout]   22:     0x59647e178334 - tokio::runtime::scheduler::current_thread::CoreGuard::enter::{{closure}}::h8c85d7f777afe9e4
[INFO] [stdout]   23:     0x59647e175171 - tokio::runtime::context::scoped::Scoped<T>::set::hf72364d2639fb739
[INFO] [stdout]   24:     0x59647e16ca14 - tokio::runtime::context::set_scheduler::{{closure}}::he89603a50836ac0a
[INFO] [stdout]   25:     0x59647e1700ba - std::thread::local::LocalKey<T>::try_with::h567df0b2010676f1
[INFO] [stdout]   26:     0x59647e16f916 - std::thread::local::LocalKey<T>::with::h509da6df6f31a002
[INFO] [stdout]   27:     0x59647e16c99b - tokio::runtime::context::set_scheduler::h91b26e5b1653d727
[INFO] [stdout]   28:     0x59647e1780f4 - tokio::runtime::scheduler::current_thread::CoreGuard::enter::haea7d45d106fc742
[INFO] [stdout]   29:     0x59647e17836e - tokio::runtime::scheduler::current_thread::CoreGuard::block_on::h26db6f3f6ec106d3
[INFO] [stdout]   30:     0x59647e17629f - tokio::runtime::scheduler::current_thread::CurrentThread::block_on::{{closure}}::h551260fd8dfa3a89
[INFO] [stdout]   31:     0x59647e17549e - tokio::runtime::context::runtime::enter_runtime::hdad4630d6f0a2300
[INFO] [stdout]   32:     0x59647e176058 - tokio::runtime::scheduler::current_thread::CurrentThread::block_on::hce06baf6b5f4765c
[INFO] [stdout]   33:     0x59647e158f0c - tokio::runtime::runtime::Runtime::block_on_inner::h3fd59898cd8c0418
[INFO] [stdout]   34:     0x59647e159113 - tokio::runtime::runtime::Runtime::block_on::h9d0352c6edfbbe7e
[INFO] [stdout]   35:     0x59647e17b3fb - derrick::workspace_controllers::local_temp_sync::tests::test_working_dir::hcec173cdc17b5d12
[INFO] [stdout]   36:     0x59647e17b2d3 - derrick::workspace_controllers::local_temp_sync::tests::test_working_dir::{{closure}}::hcf4e75827349c2e5
[INFO] [stdout]   37:     0x59647e154b06 - core::ops::function::FnOnce::call_once::hd246783c2ebf8d67
[INFO] [stdout]   38:     0x59647e1c2d1b - test::__rust_begin_short_backtrace::h2167df1e2b7d76fd
[INFO] [stdout]   39:     0x59647e1c2708 - test::run_test::{{closure}}::hac2a9cb07be3d48d
[INFO] [stdout]   40:     0x59647e1861aa - std::sys::backtrace::__rust_begin_short_backtrace::h0496fb742492f573
[INFO] [stdout]   41:     0x59647e189b24 - core::ops::function::FnOnce::call_once{{vtable.shim}}::h6127de71b8124639
[INFO] [stdout]   42:     0x59647e6291fb - std::sys::pal::unix::thread::Thread::new::thread_start::h48cf765408f6f5f2
[INFO] [stdout]   43:     0x76ceaacf1ac3 - <unknown>
[INFO] [stdout]   44:     0x76ceaad82a04 - clone
[INFO] [stdout]   45:                0x0 - <unknown>
[INFO] [stdout] 
[INFO] [stdout] ---- workspace_controllers::local_temp_sync::tests::test_cmd_valid stdout ----
[INFO] [stdout] thread 'workspace_controllers::local_temp_sync::tests::test_cmd_valid' panicked at src/workspace_controllers/local_temp_sync.rs:34:14:
[INFO] [stdout] called `Result::unwrap()` on an `Err` value: Could not create local temp directory
[INFO] [stdout] 
[INFO] [stdout] Caused by:
[INFO] [stdout]     0: Could not create local temp directory
[INFO] [stdout]     1: Read-only file system (os error 30)
[INFO] [stdout] 
[INFO] [stdout] Stack backtrace:
[INFO] [stdout]    0: <E as anyhow::context::ext::StdError>::ext_context
[INFO] [stdout]    1: anyhow::context::<impl anyhow::Context<T,E> for core::result::Result<T,E>>::context
[INFO] [stdout]    2: derrick::workspace_controllers::local_temp_sync::init_path
[INFO] [stdout]    3: derrick::workspace_controllers::local_temp_sync::LocalTempSyncController::initialize::{{closure}}::{{closure}}
[INFO] [stdout]    4: derrick::workspace_controllers::local_temp_sync::LocalTempSyncController::initialize::{{closure}}
[INFO] [stdout]    5: derrick::workspace_controllers::local_temp_sync::tests::test_cmd_valid::{{closure}}
[INFO] [stdout]    6: <core::pin::Pin<P> as core::future::future::Future>::poll
[INFO] [stdout]    7: <core::pin::Pin<P> as core::future::future::Future>::poll
[INFO] [stdout]    8: tokio::runtime::scheduler::current_thread::CoreGuard::block_on::{{closure}}::{{closure}}::{{closure}}
[INFO] [stdout]    9: tokio::runtime::scheduler::current_thread::CoreGuard::block_on::{{closure}}::{{closure}}
[INFO] [stdout]   10: tokio::runtime::scheduler::current_thread::Context::enter
[INFO] [stdout]   11: tokio::runtime::scheduler::current_thread::CoreGuard::block_on::{{closure}}
[INFO] [stdout]   12: tokio::runtime::scheduler::current_thread::CoreGuard::enter::{{closure}}
[INFO] [stdout]   13: tokio::runtime::context::scoped::Scoped<T>::set
[INFO] [stdout]   14: tokio::runtime::context::set_scheduler::{{closure}}
[INFO] [stdout]   15: std::thread::local::LocalKey<T>::try_with
[INFO] [stdout]   16: std::thread::local::LocalKey<T>::with
[INFO] [stdout]   17: tokio::runtime::context::set_scheduler
[INFO] [stdout]   18: tokio::runtime::scheduler::current_thread::CoreGuard::enter
[INFO] [stdout]   19: tokio::runtime::scheduler::current_thread::CoreGuard::block_on
[INFO] [stdout]   20: tokio::runtime::scheduler::current_thread::CurrentThread::block_on::{{closure}}
[INFO] [stdout]   21: tokio::runtime::context::runtime::enter_runtime
[INFO] [stdout]   22: tokio::runtime::scheduler::current_thread::CurrentThread::block_on
[INFO] [stdout]   23: tokio::runtime::runtime::Runtime::block_on_inner
[INFO] [stdout]   24: tokio::runtime::runtime::Runtime::block_on
[INFO] [stdout]   25: derrick::workspace_controllers::local_temp_sync::tests::test_cmd_valid
[INFO] [stdout]   26: derrick::workspace_controllers::local_temp_sync::tests::test_cmd_valid::{{closure}}
[INFO] [stdout]   27: core::ops::function::FnOnce::call_once
[INFO] [stdout]   28: test::__rust_begin_short_backtrace
[INFO] [stdout]   29: test::run_test::{{closure}}
[INFO] [stdout]   30: std::sys::backtrace::__rust_begin_short_backtrace
[INFO] [stdout]   31: core::ops::function::FnOnce::call_once{{vtable.shim}}
[INFO] [stdout]   32: std::sys::pal::unix::thread::Thread::new::thread_start
[INFO] [stdout]   33: <unknown>
[INFO] [stdout]   34: clone
[INFO] [stdout] stack backtrace:
[INFO] [stdout]    0:     0x59647e6228ca - <std::sys::backtrace::BacktraceLock::print::DisplayBacktrace as core::fmt::Display>::fmt::h98c26ac25ffe89bb
[INFO] [stdout]    1:     0x59647e64b903 - core::fmt::write::h0dd5f6e2238c7982
[INFO] [stdout]    2:     0x59647e61f2a3 - std::io::Write::write_fmt::h03bb0ca26e6faf8c
[INFO] [stdout]    3:     0x59647e622712 - std::sys::backtrace::BacktraceLock::print::h5c19c1c038ee186d
[INFO] [stdout]    4:     0x59647e623d4d - std::panicking::default_hook::{{closure}}::h77172f079a1fcb13
[INFO] [stdout]    5:     0x59647e623b57 - std::panicking::default_hook::he5f8e3b203ccddba
[INFO] [stdout]    6:     0x59647e1be1f7 - test::test_main::{{closure}}::hf0d3b69ae9b353d1
[INFO] [stdout]    7:     0x59647e6243f8 - std::panicking::rust_panic_with_hook::h53863d4e9018df39
[INFO] [stdout]    8:     0x59647e6241ba - std::panicking::begin_panic_handler::{{closure}}::h67280e6fa0757873
[INFO] [stdout]    9:     0x59647e622da9 - std::sys::backtrace::__rust_end_short_backtrace::h1dac3f54d6fbbeb2
[INFO] [stdout]   10:     0x59647e623e4c - rust_begin_unwind
[INFO] [stdout]   11:     0x59647e13c2a0 - core::panicking::panic_fmt::h6792bd1b2bf01041
[INFO] [stdout]   12:     0x59647e13c786 - core::result::unwrap_failed::h05e0602ed34287c5
[INFO] [stdout]   13:     0x59647e13faa7 - derrick::workspace_controllers::local_temp_sync::LocalTempSyncController::initialize::{{closure}}::{{closure}}::h33ebedaa643e6b4f
[INFO] [stdout]   14:     0x59647e13f74a - derrick::workspace_controllers::local_temp_sync::LocalTempSyncController::initialize::{{closure}}::h28f4d2fa735fbca6
[INFO] [stdout]   15:     0x59647e17d410 - derrick::workspace_controllers::local_temp_sync::tests::test_cmd_valid::{{closure}}::hd9e8434574053969
[INFO] [stdout]   16:     0x59647e161714 - <core::pin::Pin<P> as core::future::future::Future>::poll::h8d13464e702300e7
[INFO] [stdout]   17:     0x59647e1616f6 - <core::pin::Pin<P> as core::future::future::Future>::poll::h6ee93aa42d3e5b94
[INFO] [stdout]   18:     0x59647e1797f5 - tokio::runtime::scheduler::current_thread::CoreGuard::block_on::{{closure}}::{{closure}}::{{closure}}::he64281d6521e7617
[INFO] [stdout]   19:     0x59647e1795c8 - tokio::runtime::scheduler::current_thread::CoreGuard::block_on::{{closure}}::{{closure}}::hab6eedef2ae4df3b
[INFO] [stdout]   20:     0x59647e176f20 - tokio::runtime::scheduler::current_thread::Context::enter::h467cd617d234df73
[INFO] [stdout]   21:     0x59647e178e6e - tokio::runtime::scheduler::current_thread::CoreGuard::block_on::{{closure}}::had15e80287407bea
[INFO] [stdout]   22:     0x59647e178334 - tokio::runtime::scheduler::current_thread::CoreGuard::enter::{{closure}}::h8c85d7f777afe9e4
[INFO] [stdout]   23:     0x59647e175171 - tokio::runtime::context::scoped::Scoped<T>::set::hf72364d2639fb739
[INFO] [stdout]   24:     0x59647e16ca14 - tokio::runtime::context::set_scheduler::{{closure}}::he89603a50836ac0a
[INFO] [stdout]   25:     0x59647e1700ba - std::thread::local::LocalKey<T>::try_with::h567df0b2010676f1
[INFO] [stdout]   26:     0x59647e16f916 - std::thread::local::LocalKey<T>::with::h509da6df6f31a002
[INFO] [stdout]   27:     0x59647e16c99b - tokio::runtime::context::set_scheduler::h91b26e5b1653d727
[INFO] [stdout]   28:     0x59647e1780f4 - tokio::runtime::scheduler::current_thread::CoreGuard::enter::haea7d45d106fc742
[INFO] [stdout]   29:     0x59647e17836e - tokio::runtime::scheduler::current_thread::CoreGuard::block_on::h26db6f3f6ec106d3
[INFO] [stdout]   30:     0x59647e17629f - tokio::runtime::scheduler::current_thread::CurrentThread::block_on::{{closure}}::h551260fd8dfa3a89
[INFO] [stdout]   31:     0x59647e17549e - tokio::runtime::context::runtime::enter_runtime::hdad4630d6f0a2300
[INFO] [stdout]   32:     0x59647e176058 - tokio::runtime::scheduler::current_thread::CurrentThread::block_on::hce06baf6b5f4765c
[INFO] [stdout]   33:     0x59647e158f0c - tokio::runtime::runtime::Runtime::block_on_inner::h3fd59898cd8c0418
[INFO] [stdout]   34:     0x59647e159113 - tokio::runtime::runtime::Runtime::block_on::h9d0352c6edfbbe7e
[INFO] [stdout]   35:     0x59647e17d1db - derrick::workspace_controllers::local_temp_sync::tests::test_cmd_valid::h7f4e2c3e8921c769
[INFO] [stdout]   36:     0x59647e17d0b3 - derrick::workspace_controllers::local_temp_sync::tests::test_cmd_valid::{{closure}}::h4ae9e2079f6a95b0
[INFO] [stdout]   37:     0x59647e154c46 - core::ops::function::FnOnce::call_once::hf4c1d145eb3aea59
[INFO] [stdout]   38:     0x59647e1c2d1b - test::__rust_begin_short_backtrace::h2167df1e2b7d76fd
[INFO] [stdout]   39:     0x59647e1c2708 - test::run_test::{{closure}}::hac2a9cb07be3d48d
[INFO] [stdout]   40:     0x59647e1861aa - std::sys::backtrace::__rust_begin_short_backtrace::h0496fb742492f573
[INFO] [stdout]   41:     0x59647e189b24 - core::ops::function::FnOnce::call_once{{vtable.shim}}::h6127de71b8124639
[INFO] [stdout]   42:     0x59647e6291fb - std::sys::pal::unix::thread::Thread::new::thread_start::h48cf765408f6f5f2
[INFO] [stdout]   43:     0x76ceaacf1ac3 - <unknown>
[INFO] [stdout]   44:     0x76ceaad82a04 - clone
[INFO] [stdout]   45:                0x0 - <unknown>
[INFO] [stdout] 
[INFO] [stdout] ---- workspace_controllers::local_temp_sync::tests::test_writing_file stdout ----
[INFO] [stdout] thread 'workspace_controllers::local_temp_sync::tests::test_writing_file' panicked at src/workspace_controllers/local_temp_sync.rs:34:14:
[INFO] [stdout] called `Result::unwrap()` on an `Err` value: Could not create local temp directory
[INFO] [stdout] 
[INFO] [stdout] Caused by:
[INFO] [stdout]     0: Could not create local temp directory
[INFO] [stdout]     1: Read-only file system (os error 30)
[INFO] [stdout] 
[INFO] [stdout] Stack backtrace:
[INFO] [stdout]    0: <E as anyhow::context::ext::StdError>::ext_context
[INFO] [stdout]    1: anyhow::context::<impl anyhow::Context<T,E> for core::result::Result<T,E>>::context
[INFO] [stdout]    2: derrick::workspace_controllers::local_temp_sync::init_path
[INFO] [stdout]    3: derrick::workspace_controllers::local_temp_sync::LocalTempSyncController::initialize::{{closure}}::{{closure}}
[INFO] [stdout]    4: derrick::workspace_controllers::local_temp_sync::LocalTempSyncController::initialize::{{closure}}
[INFO] [stdout]    5: derrick::workspace_controllers::local_temp_sync::tests::test_writing_file::{{closure}}
[INFO] [stdout]    6: <core::pin::Pin<P> as core::future::future::Future>::poll
[INFO] [stdout]    7: <core::pin::Pin<P> as core::future::future::Future>::poll
[INFO] [stdout]    8: tokio::runtime::scheduler::current_thread::CoreGuard::block_on::{{closure}}::{{closure}}::{{closure}}
[INFO] [stdout]    9: tokio::runtime::scheduler::current_thread::CoreGuard::block_on::{{closure}}::{{closure}}
[INFO] [stdout]   10: tokio::runtime::scheduler::current_thread::Context::enter
[INFO] [stdout]   11: tokio::runtime::scheduler::current_thread::CoreGuard::block_on::{{closure}}
[INFO] [stdout]   12: tokio::runtime::scheduler::current_thread::CoreGuard::enter::{{closure}}
[INFO] [stdout]   13: tokio::runtime::context::scoped::Scoped<T>::set
[INFO] [stdout]   14: tokio::runtime::context::set_scheduler::{{closure}}
[INFO] [stdout]   15: std::thread::local::LocalKey<T>::try_with
[INFO] [stdout]   16: std::thread::local::LocalKey<T>::with
[INFO] [stdout]   17: tokio::runtime::context::set_scheduler
[INFO] [stdout]   18: tokio::runtime::scheduler::current_thread::CoreGuard::enter
[INFO] [stdout]   19: tokio::runtime::scheduler::current_thread::CoreGuard::block_on
[INFO] [stdout]   20: tokio::runtime::scheduler::current_thread::CurrentThread::block_on::{{closure}}
[INFO] [stdout]   21: tokio::runtime::context::runtime::enter_runtime
[INFO] [stdout]   22: tokio::runtime::scheduler::current_thread::CurrentThread::block_on
[INFO] [stdout]   23: tokio::runtime::runtime::Runtime::block_on_inner
[INFO] [stdout]   24: tokio::runtime::runtime::Runtime::block_on
[INFO] [stdout]   25: derrick::workspace_controllers::local_temp_sync::tests::test_writing_file
[INFO] [stdout]   26: derrick::workspace_controllers::local_temp_sync::tests::test_writing_file::{{closure}}
[INFO] [stdout]   27: core::ops::function::FnOnce::call_once
[INFO] [stdout]   28: test::__rust_begin_short_backtrace
[INFO] [stdout]   29: test::run_test::{{closure}}
[INFO] [stdout]   30: std::sys::backtrace::__rust_begin_short_backtrace
[INFO] [stdout]   31: core::ops::function::FnOnce::call_once{{vtable.shim}}
[INFO] [stdout]   32: std::sys::pal::unix::thread::Thread::new::thread_start
[INFO] [stdout]   33: <unknown>
[INFO] [stdout]   34: clone
[INFO] [stdout] stack backtrace:
[INFO] [stdout]    0:     0x59647e6228ca - <std::sys::backtrace::BacktraceLock::print::DisplayBacktrace as core::fmt::Display>::fmt::h98c26ac25ffe89bb
[INFO] [stdout]    1:     0x59647e64b903 - core::fmt::write::h0dd5f6e2238c7982
[INFO] [stdout]    2:     0x59647e61f2a3 - std::io::Write::write_fmt::h03bb0ca26e6faf8c
[INFO] [stdout]    3:     0x59647e622712 - std::sys::backtrace::BacktraceLock::print::h5c19c1c038ee186d
[INFO] [stdout]    4:     0x59647e623d4d - std::panicking::default_hook::{{closure}}::h77172f079a1fcb13
[INFO] [stdout]    5:     0x59647e623b57 - std::panicking::default_hook::he5f8e3b203ccddba
[INFO] [stdout]    6:     0x59647e1be1f7 - test::test_main::{{closure}}::hf0d3b69ae9b353d1
[INFO] [stdout]    7:     0x59647e6243f8 - std::panicking::rust_panic_with_hook::h53863d4e9018df39
[INFO] [stdout]    8:     0x59647e6241ba - std::panicking::begin_panic_handler::{{closure}}::h67280e6fa0757873
[INFO] [stdout]    9:     0x59647e622da9 - std::sys::backtrace::__rust_end_short_backtrace::h1dac3f54d6fbbeb2
[INFO] [stdout]   10:     0x59647e623e4c - rust_begin_unwind
[INFO] [stdout]   11:     0x59647e13c2a0 - core::panicking::panic_fmt::h6792bd1b2bf01041
[INFO] [stdout]   12:     0x59647e13c786 - core::result::unwrap_failed::h05e0602ed34287c5
[INFO] [stdout]   13:     0x59647e13faa7 - derrick::workspace_controllers::local_temp_sync::LocalTempSyncController::initialize::{{closure}}::{{closure}}::h33ebedaa643e6b4f
[INFO] [stdout]   14:     0x59647e13f74a - derrick::workspace_controllers::local_temp_sync::LocalTempSyncController::initialize::{{closure}}::h28f4d2fa735fbca6
[INFO] [stdout]   15:     0x59647e17f4cf - derrick::workspace_controllers::local_temp_sync::tests::test_writing_file::{{closure}}::hbf7f815e86f504f6
[INFO] [stdout]   16:     0x59647e161714 - <core::pin::Pin<P> as core::future::future::Future>::poll::h8d13464e702300e7
[INFO] [stdout]   17:     0x59647e1616f6 - <core::pin::Pin<P> as core::future::future::Future>::poll::h6ee93aa42d3e5b94
[INFO] [stdout]   18:     0x59647e1797f5 - tokio::runtime::scheduler::current_thread::CoreGuard::block_on::{{closure}}::{{closure}}::{{closure}}::he64281d6521e7617
[INFO] [stdout]   19:     0x59647e1795c8 - tokio::runtime::scheduler::current_thread::CoreGuard::block_on::{{closure}}::{{closure}}::hab6eedef2ae4df3b
[INFO] [stdout]   20:     0x59647e176f20 - tokio::runtime::scheduler::current_thread::Context::enter::h467cd617d234df73
[INFO] [stdout]   21:     0x59647e178e6e - tokio::runtime::scheduler::current_thread::CoreGuard::block_on::{{closure}}::had15e80287407bea
[INFO] [stdout]   22:     0x59647e178334 - tokio::runtime::scheduler::current_thread::CoreGuard::enter::{{closure}}::h8c85d7f777afe9e4
[INFO] [stdout]   23:     0x59647e175171 - tokio::runtime::context::scoped::Scoped<T>::set::hf72364d2639fb739
[INFO] [stdout]   24:     0x59647e16ca14 - tokio::runtime::context::set_scheduler::{{closure}}::he89603a50836ac0a
[INFO] [stdout]   25:     0x59647e1700ba - std::thread::local::LocalKey<T>::try_with::h567df0b2010676f1
[INFO] [stdout]   26:     0x59647e16f916 - std::thread::local::LocalKey<T>::with::h509da6df6f31a002
[INFO] [stdout]   27:     0x59647e16c99b - tokio::runtime::context::set_scheduler::h91b26e5b1653d727
[INFO] [stdout]   28:     0x59647e1780f4 - tokio::runtime::scheduler::current_thread::CoreGuard::enter::haea7d45d106fc742
[INFO] [stdout]   29:     0x59647e17836e - tokio::runtime::scheduler::current_thread::CoreGuard::block_on::h26db6f3f6ec106d3
[INFO] [stdout]   30:     0x59647e17629f - tokio::runtime::scheduler::current_thread::CurrentThread::block_on::{{closure}}::h551260fd8dfa3a89
[INFO] [stdout]   31:     0x59647e17549e - tokio::runtime::context::runtime::enter_runtime::hdad4630d6f0a2300
[INFO] [stdout]   32:     0x59647e176058 - tokio::runtime::scheduler::current_thread::CurrentThread::block_on::hce06baf6b5f4765c
[INFO] [stdout]   33:     0x59647e158f0c - tokio::runtime::runtime::Runtime::block_on_inner::h3fd59898cd8c0418
[INFO] [stdout]   34:     0x59647e159113 - tokio::runtime::runtime::Runtime::block_on::h9d0352c6edfbbe7e
[INFO] [stdout]   35:     0x59647e17f23b - derrick::workspace_controllers::local_temp_sync::tests::test_writing_file::h23f8e1a1dc42f8d0
[INFO] [stdout]   36:     0x59647e17f113 - derrick::workspace_controllers::local_temp_sync::tests::test_writing_file::{{closure}}::h03cd08d00089e590
[INFO] [stdout]   37:     0x59647e154b46 - core::ops::function::FnOnce::call_once::hd961b7c5ebc45b6c
[INFO] [stdout]   38:     0x59647e1c2d1b - test::__rust_begin_short_backtrace::h2167df1e2b7d76fd
[INFO] [stdout]   39:     0x59647e1c2708 - test::run_test::{{closure}}::hac2a9cb07be3d48d
[INFO] [stdout]   40:     0x59647e1861aa - std::sys::backtrace::__rust_begin_short_backtrace::h0496fb742492f573
[INFO] [stdout]   41:     0x59647e189b24 - core::ops::function::FnOnce::call_once{{vtable.shim}}::h6127de71b8124639
[INFO] [stdout]   42:     0x59647e6291fb - std::sys::pal::unix::thread::Thread::new::thread_start::h48cf765408f6f5f2
[INFO] [stdout]   43:     0x76ceaacf1ac3 - <unknown>
[INFO] [stdout]   44:     0x76ceaad82a04 - clone
[INFO] [stdout]   45:                0x0 - <unknown>
[INFO] [stdout] 
[INFO] [stdout] 
[INFO] [stdout] failures:
[INFO] [stdout]     workspace_controllers::local_temp_sync::tests::test_cmd_invalid
[INFO] [stdout]     workspace_controllers::local_temp_sync::tests::test_cmd_valid
[INFO] [stdout]     workspace_controllers::local_temp_sync::tests::test_cmd_with_output
[INFO] [stdout]     workspace_controllers::local_temp_sync::tests::test_init
[INFO] [stdout]     workspace_controllers::local_temp_sync::tests::test_init_path
[INFO] [stdout]     workspace_controllers::local_temp_sync::tests::test_it_should_allow_whitelisted_env_variables
[INFO] [stdout]     workspace_controllers::local_temp_sync::tests::test_it_should_write_and_read_newlines_and_other_weird_characters
[INFO] [stdout]     workspace_controllers::local_temp_sync::tests::test_piping_a_command
[INFO] [stdout]     workspace_controllers::local_temp_sync::tests::test_reading_file_with_nextjs_style_path
[INFO] [stdout]     workspace_controllers::local_temp_sync::tests::test_sets_path_correctly_for_run_cmd
[INFO] [stdout]     workspace_controllers::local_temp_sync::tests::test_working_dir
[INFO] [stdout]     workspace_controllers::local_temp_sync::tests::test_writing_file
[INFO] [stdout] 
[INFO] [stdout] test result: FAILED. 8 passed; 12 failed; 0 ignored; 0 measured; 0 filtered out; finished in 0.07s
[INFO] [stdout] 
[INFO] running `Command { std: "docker" "inspect" "fc1c4c71136456276d216b6228f98241465a6b926ea58974c1fd964ffd544fe2", kill_on_drop: false }`
[INFO] running `Command { std: "docker" "rm" "-f" "fc1c4c71136456276d216b6228f98241465a6b926ea58974c1fd964ffd544fe2", kill_on_drop: false }`
[INFO] [stdout] fc1c4c71136456276d216b6228f98241465a6b926ea58974c1fd964ffd544fe2
