[INFO] fetching crate derive_preset 0.1.0...
[INFO] testing derive_preset-0.1.0 against beta-2024-12-08 for beta-1.84.0-4-retry
[INFO] extracting crate derive_preset 0.1.0 into /workspace/builds/worker-7-tc2/source
[INFO] validating manifest of crates.io crate derive_preset 0.1.0 on toolchain beta-2024-12-08
[INFO] running `Command { std: CARGO_HOME="/workspace/cargo-home" RUSTUP_HOME="/workspace/rustup-home" "/workspace/cargo-home/bin/cargo" "+beta-2024-12-08" "metadata" "--manifest-path" "Cargo.toml" "--no-deps", kill_on_drop: false }`
[INFO] started tweaking crates.io crate derive_preset 0.1.0
[INFO] finished tweaking crates.io crate derive_preset 0.1.0
[INFO] tweaked toml for crates.io crate derive_preset 0.1.0 written to /workspace/builds/worker-7-tc2/source/Cargo.toml
[INFO] running `Command { std: CARGO_HOME="/workspace/cargo-home" RUSTUP_HOME="/workspace/rustup-home" "/workspace/cargo-home/bin/cargo" "+beta-2024-12-08" "generate-lockfile" "--manifest-path" "Cargo.toml", kill_on_drop: false }`
[INFO] [stderr]     Updating crates.io index
[INFO] [stderr]      Locking 3 packages to latest compatible versions
[INFO] running `Command { std: CARGO_HOME="/workspace/cargo-home" RUSTUP_HOME="/workspace/rustup-home" "/workspace/cargo-home/bin/cargo" "+beta-2024-12-08" "fetch" "--manifest-path" "Cargo.toml", kill_on_drop: false }`
[INFO] running `Command { std: "docker" "create" "-v" "/var/lib/crater-agent-workspace/builds/worker-7-tc2/target:/opt/rustwide/target:rw,Z" "-v" "/var/lib/crater-agent-workspace/builds/worker-7-tc2/source:/opt/rustwide/workdir:ro,Z" "-v" "/var/lib/crater-agent-workspace/cargo-home:/opt/rustwide/cargo-home:ro,Z" "-v" "/var/lib/crater-agent-workspace/rustup-home:/opt/rustwide/rustup-home:ro,Z" "-e" "SOURCE_DIR=/opt/rustwide/workdir" "-e" "CARGO_TARGET_DIR=/opt/rustwide/target" "-e" "CARGO_HOME=/opt/rustwide/cargo-home" "-e" "RUSTUP_HOME=/opt/rustwide/rustup-home" "-w" "/opt/rustwide/workdir" "-m" "1610612736" "--user" "0:0" "--network" "none" "ghcr.io/rust-lang/crates-build-env/linux@sha256:f3a9d4ad9d972b27faf3965f35b62e55ba32bbce8f20bc8fe909558a86702fde" "/opt/rustwide/cargo-home/bin/cargo" "+beta-2024-12-08" "metadata" "--no-deps" "--format-version=1", kill_on_drop: false }`
[INFO] [stdout] b6047d30e7d30a4b030221c0b83996bfc07a1df3c8a93b389c116fb2d058777b
[INFO] running `Command { std: "docker" "start" "-a" "b6047d30e7d30a4b030221c0b83996bfc07a1df3c8a93b389c116fb2d058777b", kill_on_drop: false }`
[INFO] running `Command { std: "docker" "inspect" "b6047d30e7d30a4b030221c0b83996bfc07a1df3c8a93b389c116fb2d058777b", kill_on_drop: false }`
[INFO] running `Command { std: "docker" "rm" "-f" "b6047d30e7d30a4b030221c0b83996bfc07a1df3c8a93b389c116fb2d058777b", kill_on_drop: false }`
[INFO] [stdout] b6047d30e7d30a4b030221c0b83996bfc07a1df3c8a93b389c116fb2d058777b
[INFO] running `Command { std: "docker" "create" "-v" "/var/lib/crater-agent-workspace/builds/worker-7-tc2/target:/opt/rustwide/target:rw,Z" "-v" "/var/lib/crater-agent-workspace/builds/worker-7-tc2/source:/opt/rustwide/workdir:ro,Z" "-v" "/var/lib/crater-agent-workspace/cargo-home:/opt/rustwide/cargo-home:ro,Z" "-v" "/var/lib/crater-agent-workspace/rustup-home:/opt/rustwide/rustup-home:ro,Z" "-e" "SOURCE_DIR=/opt/rustwide/workdir" "-e" "CARGO_TARGET_DIR=/opt/rustwide/target" "-e" "CARGO_INCREMENTAL=0" "-e" "RUST_BACKTRACE=full" "-e" "RUSTFLAGS=--cap-lints=warn" "-e" "RUSTDOCFLAGS=--cap-lints=warn" "-e" "CARGO_HOME=/opt/rustwide/cargo-home" "-e" "RUSTUP_HOME=/opt/rustwide/rustup-home" "-w" "/opt/rustwide/workdir" "-m" "1610612736" "--user" "0:0" "--network" "none" "ghcr.io/rust-lang/crates-build-env/linux@sha256:f3a9d4ad9d972b27faf3965f35b62e55ba32bbce8f20bc8fe909558a86702fde" "/opt/rustwide/cargo-home/bin/cargo" "+beta-2024-12-08" "build" "--frozen" "--message-format=json", kill_on_drop: false }`
[INFO] [stdout] 5cb1ca729c2be9470b8bac7411359b32423d6d2489c87fff055279f214e9edd1
[INFO] running `Command { std: "docker" "start" "-a" "5cb1ca729c2be9470b8bac7411359b32423d6d2489c87fff055279f214e9edd1", kill_on_drop: false }`
[INFO] [stderr]    Compiling proc-macro2 v1.0.92
[INFO] [stderr]    Compiling unicode-ident v1.0.14
[INFO] [stderr]    Compiling quote v1.0.37
[INFO] [stderr]    Compiling derive_preset v0.1.0 (/opt/rustwide/workdir)
[INFO] [stderr]     Finished `dev` profile [unoptimized + debuginfo] target(s) in 1.28s
[INFO] running `Command { std: "docker" "inspect" "5cb1ca729c2be9470b8bac7411359b32423d6d2489c87fff055279f214e9edd1", kill_on_drop: false }`
[INFO] running `Command { std: "docker" "rm" "-f" "5cb1ca729c2be9470b8bac7411359b32423d6d2489c87fff055279f214e9edd1", kill_on_drop: false }`
[INFO] [stdout] 5cb1ca729c2be9470b8bac7411359b32423d6d2489c87fff055279f214e9edd1
[INFO] running `Command { std: "docker" "create" "-v" "/var/lib/crater-agent-workspace/builds/worker-7-tc2/target:/opt/rustwide/target:rw,Z" "-v" "/var/lib/crater-agent-workspace/builds/worker-7-tc2/source:/opt/rustwide/workdir:ro,Z" "-v" "/var/lib/crater-agent-workspace/cargo-home:/opt/rustwide/cargo-home:ro,Z" "-v" "/var/lib/crater-agent-workspace/rustup-home:/opt/rustwide/rustup-home:ro,Z" "-e" "SOURCE_DIR=/opt/rustwide/workdir" "-e" "CARGO_TARGET_DIR=/opt/rustwide/target" "-e" "CARGO_INCREMENTAL=0" "-e" "RUST_BACKTRACE=full" "-e" "RUSTFLAGS=--cap-lints=warn" "-e" "RUSTDOCFLAGS=--cap-lints=warn" "-e" "CARGO_HOME=/opt/rustwide/cargo-home" "-e" "RUSTUP_HOME=/opt/rustwide/rustup-home" "-w" "/opt/rustwide/workdir" "-m" "1610612736" "--user" "0:0" "--network" "none" "ghcr.io/rust-lang/crates-build-env/linux@sha256:f3a9d4ad9d972b27faf3965f35b62e55ba32bbce8f20bc8fe909558a86702fde" "/opt/rustwide/cargo-home/bin/cargo" "+beta-2024-12-08" "test" "--frozen" "--no-run" "--message-format=json", kill_on_drop: false }`
[INFO] [stdout] a8cf8442163f677bcf5e4615b6d99e82e37cb6ba29a9b4f059a6af833e93eb30
[INFO] running `Command { std: "docker" "start" "-a" "a8cf8442163f677bcf5e4615b6d99e82e37cb6ba29a9b4f059a6af833e93eb30", kill_on_drop: false }`
[INFO] [stderr]    Compiling derive_preset v0.1.0 (/opt/rustwide/workdir)
[INFO] [stderr]     Finished `test` profile [unoptimized + debuginfo] target(s) in 0.38s
[INFO] running `Command { std: "docker" "inspect" "a8cf8442163f677bcf5e4615b6d99e82e37cb6ba29a9b4f059a6af833e93eb30", kill_on_drop: false }`
[INFO] running `Command { std: "docker" "rm" "-f" "a8cf8442163f677bcf5e4615b6d99e82e37cb6ba29a9b4f059a6af833e93eb30", kill_on_drop: false }`
[INFO] [stdout] a8cf8442163f677bcf5e4615b6d99e82e37cb6ba29a9b4f059a6af833e93eb30
[INFO] running `Command { std: "docker" "create" "-v" "/var/lib/crater-agent-workspace/builds/worker-7-tc2/target:/opt/rustwide/target:rw,Z" "-v" "/var/lib/crater-agent-workspace/builds/worker-7-tc2/source:/opt/rustwide/workdir:ro,Z" "-v" "/var/lib/crater-agent-workspace/cargo-home:/opt/rustwide/cargo-home:ro,Z" "-v" "/var/lib/crater-agent-workspace/rustup-home:/opt/rustwide/rustup-home:ro,Z" "-e" "SOURCE_DIR=/opt/rustwide/workdir" "-e" "CARGO_TARGET_DIR=/opt/rustwide/target" "-e" "CARGO_INCREMENTAL=0" "-e" "RUST_BACKTRACE=full" "-e" "RUSTFLAGS=--cap-lints=warn" "-e" "RUSTDOCFLAGS=--cap-lints=warn" "-e" "CARGO_HOME=/opt/rustwide/cargo-home" "-e" "RUSTUP_HOME=/opt/rustwide/rustup-home" "-w" "/opt/rustwide/workdir" "-m" "1610612736" "--user" "0:0" "--network" "none" "ghcr.io/rust-lang/crates-build-env/linux@sha256:f3a9d4ad9d972b27faf3965f35b62e55ba32bbce8f20bc8fe909558a86702fde" "/opt/rustwide/cargo-home/bin/cargo" "+beta-2024-12-08" "test" "--frozen", kill_on_drop: false }`
[INFO] [stdout] cf11ad18c3433ee6567317a982e84d42b153ece3bdcd103742cad0042482554a
[INFO] running `Command { std: "docker" "start" "-a" "cf11ad18c3433ee6567317a982e84d42b153ece3bdcd103742cad0042482554a", kill_on_drop: false }`
[INFO] [stderr]     Finished `test` profile [unoptimized + debuginfo] target(s) in 0.01s
[INFO] [stderr]      Running unittests src/lib.rs (/opt/rustwide/target/debug/deps/derive_preset-a048c5cc450e2a46)
[INFO] [stdout] 
[INFO] [stdout] running 0 tests
[INFO] [stdout] 
[INFO] [stdout] test result: ok. 0 passed; 0 failed; 0 ignored; 0 measured; 0 filtered out; finished in 0.00s
[INFO] [stdout] 
[INFO] [stderr]    Doc-tests derive_preset
[INFO] [stdout] 
[INFO] [stdout] running 2 tests
[INFO] [stdout] test src/lib.rs - create (line 15) ... FAILED
[INFO] [stdout] test src/lib.rs - create (line 7) ... FAILED
[INFO] [stdout] 
[INFO] [stdout] failures:
[INFO] [stdout] 
[INFO] [stdout] ---- src/lib.rs - create (line 15) stdout ----
[INFO] [stdout] error[E0432]: unresolved import `my_proc_crate`
[INFO] [stdout]  --> src/lib.rs:16:5
[INFO] [stdout]   |
[INFO] [stdout] 3 | use my_proc_crate::*;
[INFO] [stdout]   |     ^^^^^^^^^^^^^ use of undeclared crate or module `my_proc_crate`
[INFO] [stdout] 
[INFO] [stdout] error: cannot find attribute `serde` in this scope
[INFO] [stdout]  --> src/lib.rs:21:7
[INFO] [stdout]   |
[INFO] [stdout] 8 |     #[serde(Debug)]
[INFO] [stdout]   |       ^^^^^
[INFO] [stdout] 
[INFO] [stdout] error: cannot find attribute `hashable` in this scope
[INFO] [stdout]  --> src/lib.rs:18:7
[INFO] [stdout]   |
[INFO] [stdout] 5 |     #[hashable(Clone,Default)]
[INFO] [stdout]   |       ^^^^^^^^
[INFO] [stdout] 
[INFO] [stdout] error: aborting due to 3 previous errors
[INFO] [stdout] 
[INFO] [stdout] For more information about this error, try `rustc --explain E0432`.
[INFO] [stdout] Couldn't compile the test.
[INFO] [stdout] ---- src/lib.rs - create (line 7) stdout ----
[INFO] [stdout] error: the `#[proc_macro_attribute]` attribute is only usable with crates of the `proc-macro` crate type
[INFO] [stdout]  --> src/lib.rs:9:1
[INFO] [stdout]   |
[INFO] [stdout] 5 | / derive_preset::create!{
[INFO] [stdout] 6 | |         hashable "PartialEq,Eq,Hash,Clone,Debug"
[INFO] [stdout] 7 | |         serde "Serialize,Deserialize,Clone"
[INFO] [stdout] 8 | |     }
[INFO] [stdout]   | |_____^
[INFO] [stdout]   |
[INFO] [stdout]   = note: this error originates in the macro `derive_preset::create` (in Nightly builds, run with -Z macro-backtrace for more info)
[INFO] [stdout] 
[INFO] [stdout] error[E0433]: failed to resolve: use of undeclared crate or module `proc_macro`
[INFO] [stdout]  --> src/lib.rs:9:1
[INFO] [stdout]   |
[INFO] [stdout] 5 | / derive_preset::create!{
[INFO] [stdout] 6 | |         hashable "PartialEq,Eq,Hash,Clone,Debug"
[INFO] [stdout] 7 | |         serde "Serialize,Deserialize,Clone"
[INFO] [stdout] 8 | |     }
[INFO] [stdout]   | |_____^ use of undeclared crate or module `proc_macro`
[INFO] [stdout]   |
[INFO] [stdout]   = note: this error originates in the macro `derive_preset::create` (in Nightly builds, run with -Z macro-backtrace for more info)
[INFO] [stdout] help: there is a crate or module with a similar name
[INFO] [stdout]  --> /opt/rustwide/workdir/src/lib.rs:35:61
[INFO] [stdout]   |
[INFO] [stdout] 35|                 derives.push(derive_preset::Ident::new(&str,proc_macro2::Span::call_site().into()))
[INFO] [stdout]   |                                                             ~~~~~~~~~~~
[INFO] [stdout] help: consider importing this struct
[INFO] [stdout]   |
[INFO] [stdout] 2 + use proc_macro2::Span;
[INFO] [stdout]   |
[INFO] [stdout] 
[INFO] [stdout] error[E0433]: failed to resolve: use of undeclared crate or module `proc_macro`
[INFO] [stdout]  --> src/lib.rs:9:1
[INFO] [stdout]   |
[INFO] [stdout] 5 | / derive_preset::create!{
[INFO] [stdout] 6 | |         hashable "PartialEq,Eq,Hash,Clone,Debug"
[INFO] [stdout] 7 | |         serde "Serialize,Deserialize,Clone"
[INFO] [stdout] 8 | |     }
[INFO] [stdout]   | |_____^ use of undeclared crate or module `proc_macro`
[INFO] [stdout]   |
[INFO] [stdout]   = note: this error originates in the macro `derive_preset::create` (in Nightly builds, run with -Z macro-backtrace for more info)
[INFO] [stdout] help: there is a crate or module with a similar name
[INFO] [stdout]  --> /opt/rustwide/workdir/src/lib.rs:38:27
[INFO] [stdout]   |
[INFO] [stdout] 38|             let mut pre = proc_macro2::TokenStream::from(derive_preset::quote!(#[derive(#pre,#(#derives),* )]));
[INFO] [stdout]   |                           ~~~~~~~~~~~
[INFO] [stdout] help: consider importing this struct
[INFO] [stdout]   |
[INFO] [stdout] 2 + use proc_macro2::TokenStream;
[INFO] [stdout]   |
[INFO] [stdout] 
[INFO] [stdout] error[E0433]: failed to resolve: use of undeclared crate or module `proc_macro`
[INFO] [stdout]  --> src/lib.rs:9:1
[INFO] [stdout]   |
[INFO] [stdout] 5 | / derive_preset::create!{
[INFO] [stdout] 6 | |         hashable "PartialEq,Eq,Hash,Clone,Debug"
[INFO] [stdout] 7 | |         serde "Serialize,Deserialize,Clone"
[INFO] [stdout] 8 | |     }
[INFO] [stdout]   | |_____^ use of undeclared crate or module `proc_macro`
[INFO] [stdout]   |
[INFO] [stdout]   = note: this error originates in the macro `derive_preset::create` (in Nightly builds, run with -Z macro-backtrace for more info)
[INFO] [stdout] help: there is a crate or module with a similar name
[INFO] [stdout]  --> /opt/rustwide/workdir/src/lib.rs:30:28
[INFO] [stdout]   |
[INFO] [stdout] 30|         pub fn $name(attr: proc_macro2::TokenStream, item: proc_macro::TokenStream) -> proc_macro::TokenStream {
[INFO] [stdout]   |                            ~~~~~~~~~~~
[INFO] [stdout] 
[INFO] [stdout] error[E0433]: failed to resolve: use of undeclared crate or module `proc_macro`
[INFO] [stdout]  --> src/lib.rs:9:1
[INFO] [stdout]   |
[INFO] [stdout] 5 | / derive_preset::create!{
[INFO] [stdout] 6 | |         hashable "PartialEq,Eq,Hash,Clone,Debug"
[INFO] [stdout] 7 | |         serde "Serialize,Deserialize,Clone"
[INFO] [stdout] 8 | |     }
[INFO] [stdout]   | |_____^ use of undeclared crate or module `proc_macro`
[INFO] [stdout]   |
[INFO] [stdout]   = note: this error originates in the macro `derive_preset::create` (in Nightly builds, run with -Z macro-backtrace for more info)
[INFO] [stdout] help: there is a crate or module with a similar name
[INFO] [stdout]  --> /opt/rustwide/workdir/src/lib.rs:30:59
[INFO] [stdout]   |
[INFO] [stdout] 30|         pub fn $name(attr: proc_macro::TokenStream, item: proc_macro2::TokenStream) -> proc_macro::TokenStream {
[INFO] [stdout]   |                                                           ~~~~~~~~~~~
[INFO] [stdout] 
[INFO] [stdout] error[E0433]: failed to resolve: use of undeclared crate or module `proc_macro`
[INFO] [stdout]  --> src/lib.rs:9:1
[INFO] [stdout]   |
[INFO] [stdout] 5 | / derive_preset::create!{
[INFO] [stdout] 6 | |         hashable "PartialEq,Eq,Hash,Clone,Debug"
[INFO] [stdout] 7 | |         serde "Serialize,Deserialize,Clone"
[INFO] [stdout] 8 | |     }
[INFO] [stdout]   | |_____^ use of undeclared crate or module `proc_macro`
[INFO] [stdout]   |
[INFO] [stdout]   = note: this error originates in the macro `derive_preset::create` (in Nightly builds, run with -Z macro-backtrace for more info)
[INFO] [stdout] help: there is a crate or module with a similar name
[INFO] [stdout]  --> /opt/rustwide/workdir/src/lib.rs:30:87
[INFO] [stdout]   |
[INFO] [stdout] 30|         pub fn $name(attr: proc_macro::TokenStream, item: proc_macro::TokenStream) -> proc_macro2::TokenStream {
[INFO] [stdout]   |                                                                                       ~~~~~~~~~~~
[INFO] [stdout] 
[INFO] [stdout] error: aborting due to 6 previous errors
[INFO] [stdout] 
[INFO] [stdout] For more information about this error, try `rustc --explain E0433`.
[INFO] [stdout] Couldn't compile the test.
[INFO] [stdout] 
[INFO] [stdout] failures:
[INFO] [stdout]     src/lib.rs - create (line 15)
[INFO] [stdout]     src/lib.rs - create (line 7)
[INFO] [stdout] 
[INFO] [stdout] test result: FAILED. 0 passed; 2 failed; 0 ignored; 0 measured; 0 filtered out; finished in 0.21s
[INFO] [stdout] 
[INFO] [stderr] error: doctest failed, to rerun pass `--doc`
[INFO] running `Command { std: "docker" "inspect" "cf11ad18c3433ee6567317a982e84d42b153ece3bdcd103742cad0042482554a", kill_on_drop: false }`
[INFO] running `Command { std: "docker" "rm" "-f" "cf11ad18c3433ee6567317a982e84d42b153ece3bdcd103742cad0042482554a", kill_on_drop: false }`
[INFO] [stdout] cf11ad18c3433ee6567317a982e84d42b153ece3bdcd103742cad0042482554a
