[INFO] fetching crate derive_hub 0.1.0...
[INFO] testing derive_hub-0.1.0 against beta-2024-12-08 for beta-1.84.0-4-retry
[INFO] extracting crate derive_hub 0.1.0 into /workspace/builds/worker-4-tc2/source
[INFO] validating manifest of crates.io crate derive_hub 0.1.0 on toolchain beta-2024-12-08
[INFO] running `Command { std: CARGO_HOME="/workspace/cargo-home" RUSTUP_HOME="/workspace/rustup-home" "/workspace/cargo-home/bin/cargo" "+beta-2024-12-08" "metadata" "--manifest-path" "Cargo.toml" "--no-deps", kill_on_drop: false }`
[INFO] started tweaking crates.io crate derive_hub 0.1.0
[INFO] finished tweaking crates.io crate derive_hub 0.1.0
[INFO] tweaked toml for crates.io crate derive_hub 0.1.0 written to /workspace/builds/worker-4-tc2/source/Cargo.toml
[INFO] crate crates.io crate derive_hub 0.1.0 already has a lockfile, it will not be regenerated
[INFO] running `Command { std: CARGO_HOME="/workspace/cargo-home" RUSTUP_HOME="/workspace/rustup-home" "/workspace/cargo-home/bin/cargo" "+beta-2024-12-08" "fetch" "--manifest-path" "Cargo.toml", kill_on_drop: false }`
[INFO] [stderr]     Blocking waiting for file lock on package cache
[INFO] running `Command { std: "docker" "create" "-v" "/var/lib/crater-agent-workspace/builds/worker-4-tc2/target:/opt/rustwide/target:rw,Z" "-v" "/var/lib/crater-agent-workspace/builds/worker-4-tc2/source:/opt/rustwide/workdir:ro,Z" "-v" "/var/lib/crater-agent-workspace/cargo-home:/opt/rustwide/cargo-home:ro,Z" "-v" "/var/lib/crater-agent-workspace/rustup-home:/opt/rustwide/rustup-home:ro,Z" "-e" "SOURCE_DIR=/opt/rustwide/workdir" "-e" "CARGO_TARGET_DIR=/opt/rustwide/target" "-e" "CARGO_HOME=/opt/rustwide/cargo-home" "-e" "RUSTUP_HOME=/opt/rustwide/rustup-home" "-w" "/opt/rustwide/workdir" "-m" "1610612736" "--user" "0:0" "--network" "none" "ghcr.io/rust-lang/crates-build-env/linux@sha256:f3a9d4ad9d972b27faf3965f35b62e55ba32bbce8f20bc8fe909558a86702fde" "/opt/rustwide/cargo-home/bin/cargo" "+beta-2024-12-08" "metadata" "--no-deps" "--format-version=1", kill_on_drop: false }`
[INFO] [stdout] 598546ef981498c00eb28447c5ac9a8a5f6ed1b2b6868ca8f2faca6b058e3eae
[INFO] running `Command { std: "docker" "start" "-a" "598546ef981498c00eb28447c5ac9a8a5f6ed1b2b6868ca8f2faca6b058e3eae", kill_on_drop: false }`
[INFO] running `Command { std: "docker" "inspect" "598546ef981498c00eb28447c5ac9a8a5f6ed1b2b6868ca8f2faca6b058e3eae", kill_on_drop: false }`
[INFO] running `Command { std: "docker" "rm" "-f" "598546ef981498c00eb28447c5ac9a8a5f6ed1b2b6868ca8f2faca6b058e3eae", kill_on_drop: false }`
[INFO] [stdout] 598546ef981498c00eb28447c5ac9a8a5f6ed1b2b6868ca8f2faca6b058e3eae
[INFO] running `Command { std: "docker" "create" "-v" "/var/lib/crater-agent-workspace/builds/worker-4-tc2/target:/opt/rustwide/target:rw,Z" "-v" "/var/lib/crater-agent-workspace/builds/worker-4-tc2/source:/opt/rustwide/workdir:ro,Z" "-v" "/var/lib/crater-agent-workspace/cargo-home:/opt/rustwide/cargo-home:ro,Z" "-v" "/var/lib/crater-agent-workspace/rustup-home:/opt/rustwide/rustup-home:ro,Z" "-e" "SOURCE_DIR=/opt/rustwide/workdir" "-e" "CARGO_TARGET_DIR=/opt/rustwide/target" "-e" "CARGO_INCREMENTAL=0" "-e" "RUST_BACKTRACE=full" "-e" "RUSTFLAGS=--cap-lints=warn" "-e" "RUSTDOCFLAGS=--cap-lints=warn" "-e" "CARGO_HOME=/opt/rustwide/cargo-home" "-e" "RUSTUP_HOME=/opt/rustwide/rustup-home" "-w" "/opt/rustwide/workdir" "-m" "1610612736" "--user" "0:0" "--network" "none" "ghcr.io/rust-lang/crates-build-env/linux@sha256:f3a9d4ad9d972b27faf3965f35b62e55ba32bbce8f20bc8fe909558a86702fde" "/opt/rustwide/cargo-home/bin/cargo" "+beta-2024-12-08" "build" "--frozen" "--message-format=json", kill_on_drop: false }`
[INFO] [stdout] 7222dce684b08a7bc2798a60f045b94ce1b62acdee80606d0add6c47a49ca64d
[INFO] running `Command { std: "docker" "start" "-a" "7222dce684b08a7bc2798a60f045b94ce1b62acdee80606d0add6c47a49ca64d", kill_on_drop: false }`
[INFO] [stderr]    Compiling proc-macro2 v1.0.67
[INFO] [stderr]    Compiling unicode-ident v1.0.12
[INFO] [stderr]    Compiling syn v1.0.109
[INFO] [stderr]    Compiling fnv v1.0.7
[INFO] [stderr]    Compiling strsim v0.10.0
[INFO] [stderr]    Compiling ident_case v1.0.1
[INFO] [stderr]    Compiling quote v1.0.33
[INFO] [stderr]    Compiling syn v2.0.37
[INFO] [stderr]    Compiling darling_core v0.14.4
[INFO] [stderr]    Compiling darling_macro v0.14.4
[INFO] [stderr]    Compiling darling v0.14.4
[INFO] [stderr]    Compiling derive_builder_core v0.12.0
[INFO] [stderr]    Compiling derive_builder_macro v0.12.0
[INFO] [stderr]    Compiling derive_builder v0.12.0
[INFO] [stderr]    Compiling derive_hub v0.1.0 (/opt/rustwide/workdir)
[INFO] [stderr]     Finished `dev` profile [unoptimized + debuginfo] target(s) in 14.62s
[INFO] running `Command { std: "docker" "inspect" "7222dce684b08a7bc2798a60f045b94ce1b62acdee80606d0add6c47a49ca64d", kill_on_drop: false }`
[INFO] running `Command { std: "docker" "rm" "-f" "7222dce684b08a7bc2798a60f045b94ce1b62acdee80606d0add6c47a49ca64d", kill_on_drop: false }`
[INFO] [stdout] 7222dce684b08a7bc2798a60f045b94ce1b62acdee80606d0add6c47a49ca64d
[INFO] running `Command { std: "docker" "create" "-v" "/var/lib/crater-agent-workspace/builds/worker-4-tc2/target:/opt/rustwide/target:rw,Z" "-v" "/var/lib/crater-agent-workspace/builds/worker-4-tc2/source:/opt/rustwide/workdir:ro,Z" "-v" "/var/lib/crater-agent-workspace/cargo-home:/opt/rustwide/cargo-home:ro,Z" "-v" "/var/lib/crater-agent-workspace/rustup-home:/opt/rustwide/rustup-home:ro,Z" "-e" "SOURCE_DIR=/opt/rustwide/workdir" "-e" "CARGO_TARGET_DIR=/opt/rustwide/target" "-e" "CARGO_INCREMENTAL=0" "-e" "RUST_BACKTRACE=full" "-e" "RUSTFLAGS=--cap-lints=warn" "-e" "RUSTDOCFLAGS=--cap-lints=warn" "-e" "CARGO_HOME=/opt/rustwide/cargo-home" "-e" "RUSTUP_HOME=/opt/rustwide/rustup-home" "-w" "/opt/rustwide/workdir" "-m" "1610612736" "--user" "0:0" "--network" "none" "ghcr.io/rust-lang/crates-build-env/linux@sha256:f3a9d4ad9d972b27faf3965f35b62e55ba32bbce8f20bc8fe909558a86702fde" "/opt/rustwide/cargo-home/bin/cargo" "+beta-2024-12-08" "test" "--frozen" "--no-run" "--message-format=json", kill_on_drop: false }`
[INFO] [stdout] 3209b30e8ee3204793a1d41f6cf6c70a077b4539cb33c87252a7fb17d6243cb1
[INFO] running `Command { std: "docker" "start" "-a" "3209b30e8ee3204793a1d41f6cf6c70a077b4539cb33c87252a7fb17d6243cb1", kill_on_drop: false }`
[INFO] [stderr]    Compiling derive_hub v0.1.0 (/opt/rustwide/workdir)
[INFO] [stderr]     Finished `test` profile [unoptimized + debuginfo] target(s) in 1.10s
[INFO] running `Command { std: "docker" "inspect" "3209b30e8ee3204793a1d41f6cf6c70a077b4539cb33c87252a7fb17d6243cb1", kill_on_drop: false }`
[INFO] running `Command { std: "docker" "rm" "-f" "3209b30e8ee3204793a1d41f6cf6c70a077b4539cb33c87252a7fb17d6243cb1", kill_on_drop: false }`
[INFO] [stdout] 3209b30e8ee3204793a1d41f6cf6c70a077b4539cb33c87252a7fb17d6243cb1
[INFO] running `Command { std: "docker" "create" "-v" "/var/lib/crater-agent-workspace/builds/worker-4-tc2/target:/opt/rustwide/target:rw,Z" "-v" "/var/lib/crater-agent-workspace/builds/worker-4-tc2/source:/opt/rustwide/workdir:ro,Z" "-v" "/var/lib/crater-agent-workspace/cargo-home:/opt/rustwide/cargo-home:ro,Z" "-v" "/var/lib/crater-agent-workspace/rustup-home:/opt/rustwide/rustup-home:ro,Z" "-e" "SOURCE_DIR=/opt/rustwide/workdir" "-e" "CARGO_TARGET_DIR=/opt/rustwide/target" "-e" "CARGO_INCREMENTAL=0" "-e" "RUST_BACKTRACE=full" "-e" "RUSTFLAGS=--cap-lints=warn" "-e" "RUSTDOCFLAGS=--cap-lints=warn" "-e" "CARGO_HOME=/opt/rustwide/cargo-home" "-e" "RUSTUP_HOME=/opt/rustwide/rustup-home" "-w" "/opt/rustwide/workdir" "-m" "1610612736" "--user" "0:0" "--network" "none" "ghcr.io/rust-lang/crates-build-env/linux@sha256:f3a9d4ad9d972b27faf3965f35b62e55ba32bbce8f20bc8fe909558a86702fde" "/opt/rustwide/cargo-home/bin/cargo" "+beta-2024-12-08" "test" "--frozen", kill_on_drop: false }`
[INFO] [stdout] 65d51930457555592813f0ae5a0f51c85eef1a41b4864e0f78675edb86d15b60
[INFO] running `Command { std: "docker" "start" "-a" "65d51930457555592813f0ae5a0f51c85eef1a41b4864e0f78675edb86d15b60", kill_on_drop: false }`
[INFO] [stderr]     Finished `test` profile [unoptimized + debuginfo] target(s) in 0.03s
[INFO] [stderr]      Running unittests src/lib.rs (/opt/rustwide/target/debug/deps/derive_hub-9062b5caaaa6b4ab)
[INFO] [stdout] 
[INFO] [stdout] running 0 tests
[INFO] [stdout] 
[INFO] [stdout] test result: ok. 0 passed; 0 failed; 0 ignored; 0 measured; 0 filtered out; finished in 0.00s
[INFO] [stdout] 
[INFO] [stderr]      Running unittests src/main.rs (/opt/rustwide/target/debug/deps/derive_hub-86c0a40dfc5887a7)
[INFO] [stdout] 
[INFO] [stdout] running 0 tests
[INFO] [stdout] 
[INFO] [stdout] test result: ok. 0 passed; 0 failed; 0 ignored; 0 measured; 0 filtered out; finished in 0.00s
[INFO] [stdout] 
[INFO] [stderr]    Doc-tests derive_hub
[INFO] [stdout] 
[INFO] [stdout] running 2 tests
[INFO] [stdout] test src/lib.rs - (line 5) ... FAILED
[INFO] [stdout] test src/lib.rs - (line 63) ... FAILED
[INFO] [stdout] 
[INFO] [stdout] failures:
[INFO] [stdout] 
[INFO] [stdout] ---- src/lib.rs - (line 5) stdout ----
[INFO] [stdout] error: expected identifier, found `#`
[INFO] [stdout]  --> src/lib.rs:8:19
[INFO] [stdout]   |
[INFO] [stdout] 5 |        pub struct #hub_name {
[INFO] [stdout]   |                   ^ expected identifier
[INFO] [stderr] error: doctest failed, to rerun pass `--doc`
[INFO] [stdout] 
[INFO] [stdout] error: aborting due to 1 previous error
[INFO] [stdout] 
[INFO] [stdout] Couldn't compile the test.
[INFO] [stdout] ---- src/lib.rs - (line 63) stdout ----
[INFO] [stdout] error: expected one of `!` or `[`, found `Recommendations`
[INFO] [stdout]   --> src/lib.rs:85:3
[INFO] [stdout]    |
[INFO] [stdout] 24 | # Recommendations.
[INFO] [stdout]    |   ^^^^^^^^^^^^^^^ expected one of `!` or `[`
[INFO] [stdout] 
[INFO] [stdout] error: `self` parameter is only allowed in associated functions
[INFO] [stdout]  --> src/lib.rs:64:18
[INFO] [stdout]   |
[INFO] [stdout] 3 | pub async fn run(self, flag: tokio_util::sync::CancellationToken) {
[INFO] [stdout]   |                  ^^^^ not semantically valid as function parameter
[INFO] [stdout]   |
[INFO] [stdout]   = note: associated functions are those in `impl` or `trait` definitions
[INFO] [stdout] 
[INFO] [stdout] error[E0433]: failed to resolve: use of undeclared crate or module `tokio`
[INFO] [stdout]  --> src/lib.rs:66:12
[INFO] [stdout]   |
[INFO] [stdout] 5 |            tokio::select! {
[INFO] [stdout]   |            ^^^^^ use of undeclared crate or module `tokio`
[INFO] [stdout] 
[INFO] [stdout] error[E0433]: failed to resolve: use of undeclared crate or module `tokio_util`
[INFO] [stdout]  --> src/lib.rs:64:30
[INFO] [stdout]   |
[INFO] [stdout] 3 | pub async fn run(self, flag: tokio_util::sync::CancellationToken) {
[INFO] [stdout]   |                              ^^^^^^^^^^ use of undeclared crate or module `tokio_util`
[INFO] [stdout] 
[INFO] [stdout] error: aborting due to 4 previous errors
[INFO] [stdout] 
[INFO] [stdout] For more information about this error, try `rustc --explain E0433`.
[INFO] [stdout] Couldn't compile the test.
[INFO] [stdout] 
[INFO] [stdout] failures:
[INFO] [stdout]     src/lib.rs - (line 5)
[INFO] [stdout]     src/lib.rs - (line 63)
[INFO] [stdout] 
[INFO] [stdout] test result: FAILED. 0 passed; 2 failed; 0 ignored; 0 measured; 0 filtered out; finished in 0.09s
[INFO] [stdout] 
[INFO] running `Command { std: "docker" "inspect" "65d51930457555592813f0ae5a0f51c85eef1a41b4864e0f78675edb86d15b60", kill_on_drop: false }`
[INFO] running `Command { std: "docker" "rm" "-f" "65d51930457555592813f0ae5a0f51c85eef1a41b4864e0f78675edb86d15b60", kill_on_drop: false }`
[INFO] [stdout] 65d51930457555592813f0ae5a0f51c85eef1a41b4864e0f78675edb86d15b60
