[INFO] fetching crate derive_fuzztest 0.1.4...
[INFO] testing derive_fuzztest-0.1.4 against beta-2024-12-08 for beta-1.84.0-4-retry
[INFO] extracting crate derive_fuzztest 0.1.4 into /workspace/builds/worker-5-tc2/source
[INFO] validating manifest of crates.io crate derive_fuzztest 0.1.4 on toolchain beta-2024-12-08
[INFO] running `Command { std: CARGO_HOME="/workspace/cargo-home" RUSTUP_HOME="/workspace/rustup-home" "/workspace/cargo-home/bin/cargo" "+beta-2024-12-08" "metadata" "--manifest-path" "Cargo.toml" "--no-deps", kill_on_drop: false }`
[INFO] started tweaking crates.io crate derive_fuzztest 0.1.4
[INFO] removed 0 missing tests
[INFO] finished tweaking crates.io crate derive_fuzztest 0.1.4
[INFO] tweaked toml for crates.io crate derive_fuzztest 0.1.4 written to /workspace/builds/worker-5-tc2/source/Cargo.toml
[INFO] running `Command { std: CARGO_HOME="/workspace/cargo-home" RUSTUP_HOME="/workspace/rustup-home" "/workspace/cargo-home/bin/cargo" "+beta-2024-12-08" "generate-lockfile" "--manifest-path" "Cargo.toml", kill_on_drop: false }`
[INFO] [stderr]     Updating crates.io index
[INFO] [stderr]      Locking 63 packages to latest compatible versions
[INFO] running `Command { std: CARGO_HOME="/workspace/cargo-home" RUSTUP_HOME="/workspace/rustup-home" "/workspace/cargo-home/bin/cargo" "+beta-2024-12-08" "fetch" "--manifest-path" "Cargo.toml", kill_on_drop: false }`
[INFO] running `Command { std: "docker" "create" "-v" "/var/lib/crater-agent-workspace/builds/worker-5-tc2/target:/opt/rustwide/target:rw,Z" "-v" "/var/lib/crater-agent-workspace/builds/worker-5-tc2/source:/opt/rustwide/workdir:ro,Z" "-v" "/var/lib/crater-agent-workspace/cargo-home:/opt/rustwide/cargo-home:ro,Z" "-v" "/var/lib/crater-agent-workspace/rustup-home:/opt/rustwide/rustup-home:ro,Z" "-e" "SOURCE_DIR=/opt/rustwide/workdir" "-e" "CARGO_TARGET_DIR=/opt/rustwide/target" "-e" "CARGO_HOME=/opt/rustwide/cargo-home" "-e" "RUSTUP_HOME=/opt/rustwide/rustup-home" "-w" "/opt/rustwide/workdir" "-m" "1610612736" "--user" "0:0" "--network" "none" "ghcr.io/rust-lang/crates-build-env/linux@sha256:f3a9d4ad9d972b27faf3965f35b62e55ba32bbce8f20bc8fe909558a86702fde" "/opt/rustwide/cargo-home/bin/cargo" "+beta-2024-12-08" "metadata" "--no-deps" "--format-version=1", kill_on_drop: false }`
[INFO] [stdout] b8bec28ed90c149a9a2792d3b75cfae657f87aeeeb6ec1a6e9863aba46ac5c1b
[INFO] running `Command { std: "docker" "start" "-a" "b8bec28ed90c149a9a2792d3b75cfae657f87aeeeb6ec1a6e9863aba46ac5c1b", kill_on_drop: false }`
[INFO] running `Command { std: "docker" "inspect" "b8bec28ed90c149a9a2792d3b75cfae657f87aeeeb6ec1a6e9863aba46ac5c1b", kill_on_drop: false }`
[INFO] running `Command { std: "docker" "rm" "-f" "b8bec28ed90c149a9a2792d3b75cfae657f87aeeeb6ec1a6e9863aba46ac5c1b", kill_on_drop: false }`
[INFO] [stdout] b8bec28ed90c149a9a2792d3b75cfae657f87aeeeb6ec1a6e9863aba46ac5c1b
[INFO] running `Command { std: "docker" "create" "-v" "/var/lib/crater-agent-workspace/builds/worker-5-tc2/target:/opt/rustwide/target:rw,Z" "-v" "/var/lib/crater-agent-workspace/builds/worker-5-tc2/source:/opt/rustwide/workdir:ro,Z" "-v" "/var/lib/crater-agent-workspace/cargo-home:/opt/rustwide/cargo-home:ro,Z" "-v" "/var/lib/crater-agent-workspace/rustup-home:/opt/rustwide/rustup-home:ro,Z" "-e" "SOURCE_DIR=/opt/rustwide/workdir" "-e" "CARGO_TARGET_DIR=/opt/rustwide/target" "-e" "CARGO_INCREMENTAL=0" "-e" "RUST_BACKTRACE=full" "-e" "RUSTFLAGS=--cap-lints=warn" "-e" "RUSTDOCFLAGS=--cap-lints=warn" "-e" "CARGO_HOME=/opt/rustwide/cargo-home" "-e" "RUSTUP_HOME=/opt/rustwide/rustup-home" "-w" "/opt/rustwide/workdir" "-m" "1610612736" "--user" "0:0" "--network" "none" "ghcr.io/rust-lang/crates-build-env/linux@sha256:f3a9d4ad9d972b27faf3965f35b62e55ba32bbce8f20bc8fe909558a86702fde" "/opt/rustwide/cargo-home/bin/cargo" "+beta-2024-12-08" "build" "--frozen" "--message-format=json", kill_on_drop: false }`
[INFO] [stdout] f2c43633b1a0763647e98016c4c2e8f1216299a0f625c90502208eda908ff616
[INFO] running `Command { std: "docker" "start" "-a" "f2c43633b1a0763647e98016c4c2e8f1216299a0f625c90502208eda908ff616", kill_on_drop: false }`
[INFO] [stderr]    Compiling libc v0.2.168
[INFO] [stderr]    Compiling memchr v2.7.4
[INFO] [stderr]    Compiling proc-macro2 v1.0.92
[INFO] [stderr]    Compiling unicode-ident v1.0.14
[INFO] [stderr]    Compiling cfg-if v1.0.0
[INFO] [stderr]    Compiling regex-syntax v0.8.5
[INFO] [stderr]    Compiling log v0.4.22
[INFO] [stderr]    Compiling arbitrary v1.4.1
[INFO] [stderr]    Compiling aho-corasick v1.1.3
[INFO] [stderr]    Compiling getrandom v0.2.15
[INFO] [stderr]    Compiling quote v1.0.37
[INFO] [stderr]    Compiling rand_core v0.6.4
[INFO] [stderr]    Compiling rand v0.8.5
[INFO] [stderr]    Compiling syn v2.0.90
[INFO] [stderr]    Compiling regex-automata v0.4.9
[INFO] [stderr]    Compiling regex v1.11.1
[INFO] [stderr]    Compiling env_logger v0.8.4
[INFO] [stderr]    Compiling quickcheck v1.0.3
[INFO] [stderr]    Compiling derive_fuzztest_macro v0.1.4
[INFO] [stderr]    Compiling derive_fuzztest v0.1.4 (/opt/rustwide/workdir)
[INFO] [stderr]     Finished `dev` profile [unoptimized + debuginfo] target(s) in 24.17s
[INFO] running `Command { std: "docker" "inspect" "f2c43633b1a0763647e98016c4c2e8f1216299a0f625c90502208eda908ff616", kill_on_drop: false }`
[INFO] running `Command { std: "docker" "rm" "-f" "f2c43633b1a0763647e98016c4c2e8f1216299a0f625c90502208eda908ff616", kill_on_drop: false }`
[INFO] [stdout] f2c43633b1a0763647e98016c4c2e8f1216299a0f625c90502208eda908ff616
[INFO] running `Command { std: "docker" "create" "-v" "/var/lib/crater-agent-workspace/builds/worker-5-tc2/target:/opt/rustwide/target:rw,Z" "-v" "/var/lib/crater-agent-workspace/builds/worker-5-tc2/source:/opt/rustwide/workdir:ro,Z" "-v" "/var/lib/crater-agent-workspace/cargo-home:/opt/rustwide/cargo-home:ro,Z" "-v" "/var/lib/crater-agent-workspace/rustup-home:/opt/rustwide/rustup-home:ro,Z" "-e" "SOURCE_DIR=/opt/rustwide/workdir" "-e" "CARGO_TARGET_DIR=/opt/rustwide/target" "-e" "CARGO_INCREMENTAL=0" "-e" "RUST_BACKTRACE=full" "-e" "RUSTFLAGS=--cap-lints=warn" "-e" "RUSTDOCFLAGS=--cap-lints=warn" "-e" "CARGO_HOME=/opt/rustwide/cargo-home" "-e" "RUSTUP_HOME=/opt/rustwide/rustup-home" "-w" "/opt/rustwide/workdir" "-m" "1610612736" "--user" "0:0" "--network" "none" "ghcr.io/rust-lang/crates-build-env/linux@sha256:f3a9d4ad9d972b27faf3965f35b62e55ba32bbce8f20bc8fe909558a86702fde" "/opt/rustwide/cargo-home/bin/cargo" "+beta-2024-12-08" "test" "--frozen" "--no-run" "--message-format=json", kill_on_drop: false }`
[INFO] [stdout] e974570807a1e878b3ebfb2a4b0065f3cc5ba5e02751031a7766ede1065fa165
[INFO] running `Command { std: "docker" "start" "-a" "e974570807a1e878b3ebfb2a4b0065f3cc5ba5e02751031a7766ede1065fa165", kill_on_drop: false }`
[INFO] [stderr]    Compiling anyhow v1.0.94
[INFO] [stderr]    Compiling xshell-macros v0.2.7
[INFO] [stderr]    Compiling xshell v0.2.7
[INFO] [stderr]    Compiling derive_fuzztest v0.1.4 (/opt/rustwide/workdir)
[INFO] [stderr]     Finished `test` profile [unoptimized + debuginfo] target(s) in 3.30s
[INFO] running `Command { std: "docker" "inspect" "e974570807a1e878b3ebfb2a4b0065f3cc5ba5e02751031a7766ede1065fa165", kill_on_drop: false }`
[INFO] running `Command { std: "docker" "rm" "-f" "e974570807a1e878b3ebfb2a4b0065f3cc5ba5e02751031a7766ede1065fa165", kill_on_drop: false }`
[INFO] [stdout] e974570807a1e878b3ebfb2a4b0065f3cc5ba5e02751031a7766ede1065fa165
[INFO] running `Command { std: "docker" "create" "-v" "/var/lib/crater-agent-workspace/builds/worker-5-tc2/target:/opt/rustwide/target:rw,Z" "-v" "/var/lib/crater-agent-workspace/builds/worker-5-tc2/source:/opt/rustwide/workdir:ro,Z" "-v" "/var/lib/crater-agent-workspace/cargo-home:/opt/rustwide/cargo-home:ro,Z" "-v" "/var/lib/crater-agent-workspace/rustup-home:/opt/rustwide/rustup-home:ro,Z" "-e" "SOURCE_DIR=/opt/rustwide/workdir" "-e" "CARGO_TARGET_DIR=/opt/rustwide/target" "-e" "CARGO_INCREMENTAL=0" "-e" "RUST_BACKTRACE=full" "-e" "RUSTFLAGS=--cap-lints=warn" "-e" "RUSTDOCFLAGS=--cap-lints=warn" "-e" "CARGO_HOME=/opt/rustwide/cargo-home" "-e" "RUSTUP_HOME=/opt/rustwide/rustup-home" "-w" "/opt/rustwide/workdir" "-m" "1610612736" "--user" "0:0" "--network" "none" "ghcr.io/rust-lang/crates-build-env/linux@sha256:f3a9d4ad9d972b27faf3965f35b62e55ba32bbce8f20bc8fe909558a86702fde" "/opt/rustwide/cargo-home/bin/cargo" "+beta-2024-12-08" "test" "--frozen", kill_on_drop: false }`
[INFO] [stdout] b5d2938bd21e2f0c8b8d7f2bd3633eefa822d3e772afc57e9e8bddb09affeaae
[INFO] running `Command { std: "docker" "start" "-a" "b5d2938bd21e2f0c8b8d7f2bd3633eefa822d3e772afc57e9e8bddb09affeaae", kill_on_drop: false }`
[INFO] [stderr]     Finished `test` profile [unoptimized + debuginfo] target(s) in 0.06s
[INFO] [stderr]      Running unittests src/lib.rs (/opt/rustwide/target/debug/deps/derive_fuzztest-24870f125cfcc183)
[INFO] [stdout] 
[INFO] [stdout] running 0 tests
[INFO] [stdout] 
[INFO] [stdout] test result: ok. 0 passed; 0 failed; 0 ignored; 0 measured; 0 filtered out; finished in 0.00s
[INFO] [stdout] 
[INFO] [stderr]      Running tests/run_fuzz.rs (/opt/rustwide/target/debug/deps/run_fuzz-b9b68a162b7b9553)
[INFO] [stdout] 
[INFO] [stdout] running 1 test
[INFO] [stdout] test run_fuzzers ... FAILED
[INFO] [stdout] 
[INFO] [stdout] failures:
[INFO] [stdout] 
[INFO] [stdout] ---- run_fuzzers stdout ----
[INFO] [stdout] thread 'run_fuzzers' panicked at tests/run_fuzz.rs:14:87:
[INFO] [stdout] called `Option::unwrap()` on a `None` value
[INFO] [stdout] stack backtrace:
[INFO] [stdout]    0:     0x6344a12d70ca - std::backtrace_rs::backtrace::libunwind::trace::h8810477743020387
[INFO] [stdout]                                at /rustc/202008a1b8de96d2e5b6bc02d379db03a877d34d/library/std/src/../../backtrace/src/backtrace/libunwind.rs:116:5
[INFO] [stdout]    1:     0x6344a12d70ca - std::backtrace_rs::backtrace::trace_unsynchronized::h3aa55355dd6c54a6
[INFO] [stdout]                                at /rustc/202008a1b8de96d2e5b6bc02d379db03a877d34d/library/std/src/../../backtrace/src/backtrace/mod.rs:66:5
[INFO] [stdout]    2:     0x6344a12d70ca - std::sys::backtrace::_print_fmt::h8588b0f62410823f
[INFO] [stdout]                                at /rustc/202008a1b8de96d2e5b6bc02d379db03a877d34d/library/std/src/sys/backtrace.rs:66:9
[INFO] [stdout]    3:     0x6344a12d70ca - <std::sys::backtrace::BacktraceLock::print::DisplayBacktrace as core::fmt::Display>::fmt::h98c26ac25ffe89bb
[INFO] [stdout]                                at /rustc/202008a1b8de96d2e5b6bc02d379db03a877d34d/library/std/src/sys/backtrace.rs:39:26
[INFO] [stdout]    4:     0x6344a12fd453 - core::fmt::rt::Argument::fmt::hf95377f4aebd453b
[INFO] [stdout]                                at /rustc/202008a1b8de96d2e5b6bc02d379db03a877d34d/library/core/src/fmt/rt.rs:177:76
[INFO] [stdout]    5:     0x6344a12fd453 - core::fmt::write::h0dd5f6e2238c7982
[INFO] [stdout]                                at /rustc/202008a1b8de96d2e5b6bc02d379db03a877d34d/library/core/src/fmt/mod.rs:1189:21
[INFO] [stdout]    6:     0x6344a12d3ac3 - std::io::Write::write_fmt::h03bb0ca26e6faf8c
[INFO] [stdout]                                at /rustc/202008a1b8de96d2e5b6bc02d379db03a877d34d/library/std/src/io/mod.rs:1884:15
[INFO] [stdout]    7:     0x6344a12d6f12 - std::sys::backtrace::BacktraceLock::print::h5c19c1c038ee186d
[INFO] [stdout]                                at /rustc/202008a1b8de96d2e5b6bc02d379db03a877d34d/library/std/src/sys/backtrace.rs:42:9
[INFO] [stdout]    8:     0x6344a12d8b4d - std::panicking::default_hook::{{closure}}::h77172f079a1fcb13
[INFO] [stdout]                                at /rustc/202008a1b8de96d2e5b6bc02d379db03a877d34d/library/std/src/panicking.rs:268:22
[INFO] [stdout]    9:     0x6344a12d8957 - std::panicking::default_hook::he5f8e3b203ccddba
[INFO] [stdout]                                at /rustc/202008a1b8de96d2e5b6bc02d379db03a877d34d/library/std/src/panicking.rs:292:9
[INFO] [stdout]   10:     0x6344a128ac87 - <alloc::boxed::Box<F,A> as core::ops::function::Fn<Args>>::call::h7a3c7b4a1ae77f2f
[INFO] [stdout]                                at /rustc/202008a1b8de96d2e5b6bc02d379db03a877d34d/library/alloc/src/boxed.rs:1986:9
[INFO] [stdout]   11:     0x6344a128ac87 - test::test_main::{{closure}}::hf0d3b69ae9b353d1
[INFO] [stdout]                                at /rustc/202008a1b8de96d2e5b6bc02d379db03a877d34d/library/test/src/lib.rs:134:21
[INFO] [stdout]   12:     0x6344a12d91f8 - <alloc::boxed::Box<F,A> as core::ops::function::Fn<Args>>::call::h6332e82e7b189abd
[INFO] [stdout]                                at /rustc/202008a1b8de96d2e5b6bc02d379db03a877d34d/library/alloc/src/boxed.rs:1986:9
[INFO] [stdout]   13:     0x6344a12d91f8 - std::panicking::rust_panic_with_hook::h53863d4e9018df39
[INFO] [stdout]                                at /rustc/202008a1b8de96d2e5b6bc02d379db03a877d34d/library/std/src/panicking.rs:809:13
[INFO] [stdout]   14:     0x6344a12d8f86 - std::panicking::begin_panic_handler::{{closure}}::h67280e6fa0757873
[INFO] [stdout]                                at /rustc/202008a1b8de96d2e5b6bc02d379db03a877d34d/library/std/src/panicking.rs:667:13
[INFO] [stdout]   15:     0x6344a12d75a9 - std::sys::backtrace::__rust_end_short_backtrace::h1dac3f54d6fbbeb2
[INFO] [stdout]                                at /rustc/202008a1b8de96d2e5b6bc02d379db03a877d34d/library/std/src/sys/backtrace.rs:170:18
[INFO] [stdout]   16:     0x6344a12d8c4c - rust_begin_unwind
[INFO] [stdout]                                at /rustc/202008a1b8de96d2e5b6bc02d379db03a877d34d/library/std/src/panicking.rs:665:5
[INFO] [stdout]   17:     0x6344a1244b10 - core::panicking::panic_fmt::h6792bd1b2bf01041
[INFO] [stdout]                                at /rustc/202008a1b8de96d2e5b6bc02d379db03a877d34d/library/core/src/panicking.rs:76:14
[INFO] [stdout]   18:     0x6344a1244b9c - core::panicking::panic::hbb5c236a846c507c
[INFO] [stdout]                                at /rustc/202008a1b8de96d2e5b6bc02d379db03a877d34d/library/core/src/panicking.rs:148:5
[INFO] [stdout]   19:     0x6344a1244a89 - core::option::unwrap_failed::hc5b7b0e3b50bafe9
[INFO] [stdout]                                at /rustc/202008a1b8de96d2e5b6bc02d379db03a877d34d/library/core/src/option.rs:2009:5
[INFO] [stdout]   20:     0x6344a1247a0e - core::option::Option<T>::unwrap::h7f52c4c998c8904d
[INFO] [stdout]                                at /rustc/202008a1b8de96d2e5b6bc02d379db03a877d34d/library/core/src/option.rs:972:21
[INFO] [stdout]   21:     0x6344a1247a0e - run_fuzz::run_fuzzers::hb16f9ba3ca7629e5
[INFO] [stdout]                                at /opt/rustwide/workdir/tests/run_fuzz.rs:14:19
[INFO] [stdout]   22:     0x6344a1247687 - run_fuzz::run_fuzzers::{{closure}}::h93f8a464a031c2d2
[INFO] [stdout]                                at /opt/rustwide/workdir/tests/run_fuzz.rs:12:21
[INFO] [stdout]   23:     0x6344a1245626 - core::ops::function::FnOnce::call_once::h74d4a107ef6f4d99
[INFO] [stdout]                                at /rustc/202008a1b8de96d2e5b6bc02d379db03a877d34d/library/core/src/ops/function.rs:250:5
[INFO] [stdout]   24:     0x6344a128f7ab - core::ops::function::FnOnce::call_once::h871bf86719ec9aa4
[INFO] [stdout]                                at /rustc/202008a1b8de96d2e5b6bc02d379db03a877d34d/library/core/src/ops/function.rs:250:5
[INFO] [stdout]   25:     0x6344a128f7ab - test::__rust_begin_short_backtrace::h2167df1e2b7d76fd
[INFO] [stdout]                                at /rustc/202008a1b8de96d2e5b6bc02d379db03a877d34d/library/test/src/lib.rs:632:18
[INFO] [stdout]   26:     0x6344a128f198 - test::run_test_in_process::{{closure}}::h15d92f75a3adfb79
[INFO] [stdout]                                at /rustc/202008a1b8de96d2e5b6bc02d379db03a877d34d/library/test/src/lib.rs:655:60
[INFO] [stdout]   27:     0x6344a128f198 - <core::panic::unwind_safe::AssertUnwindSafe<F> as core::ops::function::FnOnce<()>>::call_once::hb6c8955835a8dbbb
[INFO] [stdout]                                at /rustc/202008a1b8de96d2e5b6bc02d379db03a877d34d/library/core/src/panic/unwind_safe.rs:272:9
[INFO] [stdout]   28:     0x6344a128f198 - std::panicking::try::do_call::hc79d0fc888a0bd30
[INFO] [stdout]                                at /rustc/202008a1b8de96d2e5b6bc02d379db03a877d34d/library/std/src/panicking.rs:557:40
[INFO] [stdout]   29:     0x6344a128f198 - std::panicking::try::hb8a7878e3a8589d6
[INFO] [stdout]                                at /rustc/202008a1b8de96d2e5b6bc02d379db03a877d34d/library/std/src/panicking.rs:520:19
[INFO] [stdout]   30:     0x6344a128f198 - std::panic::catch_unwind::hb8e4600ff0ff5cfa
[INFO] [stdout]                                at /rustc/202008a1b8de96d2e5b6bc02d379db03a877d34d/library/std/src/panic.rs:358:14
[INFO] [stdout]   31:     0x6344a128f198 - test::run_test_in_process::hc2900b0b18688dd6
[INFO] [stdout]                                at /rustc/202008a1b8de96d2e5b6bc02d379db03a877d34d/library/test/src/lib.rs:655:27
[INFO] [stdout]   32:     0x6344a128f198 - test::run_test::{{closure}}::hac2a9cb07be3d48d
[INFO] [stdout]                                at /rustc/202008a1b8de96d2e5b6bc02d379db03a877d34d/library/test/src/lib.rs:576:43
[INFO] [stdout]   33:     0x6344a1252c3a - test::run_test::{{closure}}::h4a5b729e66a38cd8
[INFO] [stdout]                                at /rustc/202008a1b8de96d2e5b6bc02d379db03a877d34d/library/test/src/lib.rs:606:41
[INFO] [stdout]   34:     0x6344a1252c3a - std::sys::backtrace::__rust_begin_short_backtrace::h0496fb742492f573
[INFO] [stdout]                                at /rustc/202008a1b8de96d2e5b6bc02d379db03a877d34d/library/std/src/sys/backtrace.rs:154:18
[INFO] [stdout]   35:     0x6344a12565b4 - std::thread::Builder::spawn_unchecked_::{{closure}}::{{closure}}::hbb6d257c550a54bd
[INFO] [stdout]                                at /rustc/202008a1b8de96d2e5b6bc02d379db03a877d34d/library/std/src/thread/mod.rs:561:17
[INFO] [stdout]   36:     0x6344a12565b4 - <core::panic::unwind_safe::AssertUnwindSafe<F> as core::ops::function::FnOnce<()>>::call_once::h46696fe4a6832328
[INFO] [stdout]                                at /rustc/202008a1b8de96d2e5b6bc02d379db03a877d34d/library/core/src/panic/unwind_safe.rs:272:9
[INFO] [stdout]   37:     0x6344a12565b4 - std::panicking::try::do_call::h2625a51b667bfb64
[INFO] [stdout]                                at /rustc/202008a1b8de96d2e5b6bc02d379db03a877d34d/library/std/src/panicking.rs:557:40
[INFO] [stdout]   38:     0x6344a12565b4 - std::panicking::try::hb956a59a1973aa4c
[INFO] [stdout]                                at /rustc/202008a1b8de96d2e5b6bc02d379db03a877d34d/library/std/src/panicking.rs:520:19
[INFO] [stdout]   39:     0x6344a12565b4 - std::panic::catch_unwind::h64f3b9d1067ef6a0
[INFO] [stdout]                                at /rustc/202008a1b8de96d2e5b6bc02d379db03a877d34d/library/std/src/panic.rs:358:14
[INFO] [stdout]   40:     0x6344a12565b4 - std::thread::Builder::spawn_unchecked_::{{closure}}::h42b2841295b6c0b2
[INFO] [stdout]                                at /rustc/202008a1b8de96d2e5b6bc02d379db03a877d34d/library/std/src/thread/mod.rs:559:30
[INFO] [stdout]   41:     0x6344a12565b4 - core::ops::function::FnOnce::call_once{{vtable.shim}}::h6127de71b8124639
[INFO] [stdout]                                at /rustc/202008a1b8de96d2e5b6bc02d379db03a877d34d/library/core/src/ops/function.rs:250:5
[INFO] [stdout]   42:     0x6344a12dd37b - <alloc::boxed::Box<F,A> as core::ops::function::FnOnce<Args>>::call_once::h42f0ba71002a1b2c
[INFO] [stdout]                                at /rustc/202008a1b8de96d2e5b6bc02d379db03a877d34d/library/alloc/src/boxed.rs:1972:9
[INFO] [stdout]   43:     0x6344a12dd37b - <alloc::boxed::Box<F,A> as core::ops::function::FnOnce<Args>>::call_once::had9e47d7a3dcecb8
[INFO] [stdout]                                at /rustc/202008a1b8de96d2e5b6bc02d379db03a877d34d/library/alloc/src/boxed.rs:1972:9
[INFO] [stdout]   44:     0x6344a12dd37b - std::sys::pal::unix::thread::Thread::new::thread_start::h48cf765408f6f5f2
[INFO] [stdout]                                at /rustc/202008a1b8de96d2e5b6bc02d379db03a877d34d/library/std/src/sys/pal/unix/thread.rs:105:17
[INFO] [stdout]   45:     0x787841f84ac3 - <unknown>
[INFO] [stdout]   46:     0x787842015a04 - clone
[INFO] [stdout]   47:                0x0 - <unknown>
[INFO] [stdout] 
[INFO] [stdout] 
[INFO] [stdout] failures:
[INFO] [stdout]     run_fuzzers
[INFO] [stdout] 
[INFO] [stdout] test result: FAILED. 0 passed; 1 failed; 0 ignored; 0 measured; 0 filtered out; finished in 0.06s
[INFO] [stdout] 
[INFO] [stderr] error: test failed, to rerun pass `--test run_fuzz`
[INFO] running `Command { std: "docker" "inspect" "b5d2938bd21e2f0c8b8d7f2bd3633eefa822d3e772afc57e9e8bddb09affeaae", kill_on_drop: false }`
[INFO] running `Command { std: "docker" "rm" "-f" "b5d2938bd21e2f0c8b8d7f2bd3633eefa822d3e772afc57e9e8bddb09affeaae", kill_on_drop: false }`
[INFO] [stdout] b5d2938bd21e2f0c8b8d7f2bd3633eefa822d3e772afc57e9e8bddb09affeaae
