[INFO] fetching crate derive-from-one 0.1.0...
[INFO] testing derive-from-one-0.1.0 against 1.83.0 for beta-1.84.0-4-retry
[INFO] extracting crate derive-from-one 0.1.0 into /workspace/builds/worker-2-tc1/source
[INFO] validating manifest of crates.io crate derive-from-one 0.1.0 on toolchain 1.83.0
[INFO] running `Command { std: CARGO_HOME="/workspace/cargo-home" RUSTUP_HOME="/workspace/rustup-home" "/workspace/cargo-home/bin/cargo" "+1.83.0" "metadata" "--manifest-path" "Cargo.toml" "--no-deps", kill_on_drop: false }`
[INFO] started tweaking crates.io crate derive-from-one 0.1.0
[INFO] finished tweaking crates.io crate derive-from-one 0.1.0
[INFO] tweaked toml for crates.io crate derive-from-one 0.1.0 written to /workspace/builds/worker-2-tc1/source/Cargo.toml
[INFO] running `Command { std: CARGO_HOME="/workspace/cargo-home" RUSTUP_HOME="/workspace/rustup-home" "/workspace/cargo-home/bin/cargo" "+1.83.0" "generate-lockfile" "--manifest-path" "Cargo.toml", kill_on_drop: false }`
[INFO] [stderr]     Updating crates.io index
[INFO] [stderr]      Locking 34 packages to latest compatible versions
[INFO] [stderr]       Adding indoc v1.0.9 (available: v2.0.5)
[INFO] running `Command { std: CARGO_HOME="/workspace/cargo-home" RUSTUP_HOME="/workspace/rustup-home" "/workspace/cargo-home/bin/cargo" "+1.83.0" "fetch" "--manifest-path" "Cargo.toml", kill_on_drop: false }`
[INFO] running `Command { std: "docker" "create" "-v" "/var/lib/crater-agent-workspace/builds/worker-2-tc1/target:/opt/rustwide/target:rw,Z" "-v" "/var/lib/crater-agent-workspace/builds/worker-2-tc1/source:/opt/rustwide/workdir:ro,Z" "-v" "/var/lib/crater-agent-workspace/cargo-home:/opt/rustwide/cargo-home:ro,Z" "-v" "/var/lib/crater-agent-workspace/rustup-home:/opt/rustwide/rustup-home:ro,Z" "-e" "SOURCE_DIR=/opt/rustwide/workdir" "-e" "CARGO_TARGET_DIR=/opt/rustwide/target" "-e" "CARGO_HOME=/opt/rustwide/cargo-home" "-e" "RUSTUP_HOME=/opt/rustwide/rustup-home" "-w" "/opt/rustwide/workdir" "-m" "1610612736" "--user" "0:0" "--network" "none" "ghcr.io/rust-lang/crates-build-env/linux@sha256:f3a9d4ad9d972b27faf3965f35b62e55ba32bbce8f20bc8fe909558a86702fde" "/opt/rustwide/cargo-home/bin/cargo" "+1.83.0" "metadata" "--no-deps" "--format-version=1", kill_on_drop: false }`
[INFO] [stdout] bdc52865e4bc3870dd3b5f36e4a7691db0cdc07834607bbf7eb1469d3edb66d8
[INFO] running `Command { std: "docker" "start" "-a" "bdc52865e4bc3870dd3b5f36e4a7691db0cdc07834607bbf7eb1469d3edb66d8", kill_on_drop: false }`
[INFO] running `Command { std: "docker" "inspect" "bdc52865e4bc3870dd3b5f36e4a7691db0cdc07834607bbf7eb1469d3edb66d8", kill_on_drop: false }`
[INFO] running `Command { std: "docker" "rm" "-f" "bdc52865e4bc3870dd3b5f36e4a7691db0cdc07834607bbf7eb1469d3edb66d8", kill_on_drop: false }`
[INFO] [stdout] bdc52865e4bc3870dd3b5f36e4a7691db0cdc07834607bbf7eb1469d3edb66d8
[INFO] running `Command { std: "docker" "create" "-v" "/var/lib/crater-agent-workspace/builds/worker-2-tc1/target:/opt/rustwide/target:rw,Z" "-v" "/var/lib/crater-agent-workspace/builds/worker-2-tc1/source:/opt/rustwide/workdir:ro,Z" "-v" "/var/lib/crater-agent-workspace/cargo-home:/opt/rustwide/cargo-home:ro,Z" "-v" "/var/lib/crater-agent-workspace/rustup-home:/opt/rustwide/rustup-home:ro,Z" "-e" "SOURCE_DIR=/opt/rustwide/workdir" "-e" "CARGO_TARGET_DIR=/opt/rustwide/target" "-e" "CARGO_INCREMENTAL=0" "-e" "RUST_BACKTRACE=full" "-e" "RUSTFLAGS=--cap-lints=warn" "-e" "RUSTDOCFLAGS=--cap-lints=warn" "-e" "CARGO_HOME=/opt/rustwide/cargo-home" "-e" "RUSTUP_HOME=/opt/rustwide/rustup-home" "-w" "/opt/rustwide/workdir" "-m" "1610612736" "--user" "0:0" "--network" "none" "ghcr.io/rust-lang/crates-build-env/linux@sha256:f3a9d4ad9d972b27faf3965f35b62e55ba32bbce8f20bc8fe909558a86702fde" "/opt/rustwide/cargo-home/bin/cargo" "+1.83.0" "build" "--frozen" "--message-format=json", kill_on_drop: false }`
[INFO] [stdout] 2f6b38a5403a4cafe9ed003cfecbc5c61e6c2c4823990987f3eeffbde6d40a72
[INFO] running `Command { std: "docker" "start" "-a" "2f6b38a5403a4cafe9ed003cfecbc5c61e6c2c4823990987f3eeffbde6d40a72", kill_on_drop: false }`
[INFO] [stderr]    Compiling proc-macro2 v1.0.92
[INFO] [stderr]    Compiling unicode-ident v1.0.14
[INFO] [stderr]    Compiling quote v1.0.37
[INFO] [stderr]    Compiling syn v2.0.90
[INFO] [stderr]    Compiling derive-from-one v0.1.0 (/opt/rustwide/workdir)
[INFO] [stderr]     Finished `dev` profile [unoptimized + debuginfo] target(s) in 7.47s
[INFO] running `Command { std: "docker" "inspect" "2f6b38a5403a4cafe9ed003cfecbc5c61e6c2c4823990987f3eeffbde6d40a72", kill_on_drop: false }`
[INFO] running `Command { std: "docker" "rm" "-f" "2f6b38a5403a4cafe9ed003cfecbc5c61e6c2c4823990987f3eeffbde6d40a72", kill_on_drop: false }`
[INFO] [stdout] 2f6b38a5403a4cafe9ed003cfecbc5c61e6c2c4823990987f3eeffbde6d40a72
[INFO] running `Command { std: "docker" "create" "-v" "/var/lib/crater-agent-workspace/builds/worker-2-tc1/target:/opt/rustwide/target:rw,Z" "-v" "/var/lib/crater-agent-workspace/builds/worker-2-tc1/source:/opt/rustwide/workdir:ro,Z" "-v" "/var/lib/crater-agent-workspace/cargo-home:/opt/rustwide/cargo-home:ro,Z" "-v" "/var/lib/crater-agent-workspace/rustup-home:/opt/rustwide/rustup-home:ro,Z" "-e" "SOURCE_DIR=/opt/rustwide/workdir" "-e" "CARGO_TARGET_DIR=/opt/rustwide/target" "-e" "CARGO_INCREMENTAL=0" "-e" "RUST_BACKTRACE=full" "-e" "RUSTFLAGS=--cap-lints=warn" "-e" "RUSTDOCFLAGS=--cap-lints=warn" "-e" "CARGO_HOME=/opt/rustwide/cargo-home" "-e" "RUSTUP_HOME=/opt/rustwide/rustup-home" "-w" "/opt/rustwide/workdir" "-m" "1610612736" "--user" "0:0" "--network" "none" "ghcr.io/rust-lang/crates-build-env/linux@sha256:f3a9d4ad9d972b27faf3965f35b62e55ba32bbce8f20bc8fe909558a86702fde" "/opt/rustwide/cargo-home/bin/cargo" "+1.83.0" "test" "--frozen" "--no-run" "--message-format=json", kill_on_drop: false }`
[INFO] [stdout] bd87b59a53449f8704fe7cbdf7a4e28c5cc506568e940f8b18675b67131b0023
[INFO] running `Command { std: "docker" "start" "-a" "bd87b59a53449f8704fe7cbdf7a4e28c5cc506568e940f8b18675b67131b0023", kill_on_drop: false }`
[INFO] [stderr]    Compiling serde v1.0.216
[INFO] [stderr]    Compiling proc-macro2 v1.0.92
[INFO] [stderr]    Compiling unicode-ident v1.0.14
[INFO] [stderr]    Compiling equivalent v1.0.1
[INFO] [stderr]    Compiling hashbrown v0.15.2
[INFO] [stderr]    Compiling serde_json v1.0.133
[INFO] [stderr]    Compiling winnow v0.6.20
[INFO] [stderr]    Compiling target-triple v0.1.3
[INFO] [stderr]    Compiling itoa v1.0.14
[INFO] [stderr]    Compiling ryu v1.0.18
[INFO] [stderr]    Compiling memchr v2.7.4
[INFO] [stderr]    Compiling glob v0.3.1
[INFO] [stderr]    Compiling termcolor v1.4.1
[INFO] [stderr]    Compiling indoc v1.0.9
[INFO] [stderr]    Compiling indexmap v2.7.0
[INFO] [stderr]    Compiling quote v1.0.37
[INFO] [stderr]    Compiling syn v2.0.90
[INFO] [stderr]    Compiling serde_derive v1.0.216
[INFO] [stderr]    Compiling derive-from-one v0.1.0 (/opt/rustwide/workdir)
[INFO] [stderr]    Compiling serde_spanned v0.6.8
[INFO] [stderr]    Compiling toml_datetime v0.6.8
[INFO] [stderr]    Compiling toml_edit v0.22.22
[INFO] [stderr]    Compiling toml v0.8.19
[INFO] [stderr]    Compiling trybuild v1.0.101
[INFO] [stderr]     Finished `test` profile [unoptimized + debuginfo] target(s) in 32.10s
[INFO] running `Command { std: "docker" "inspect" "bd87b59a53449f8704fe7cbdf7a4e28c5cc506568e940f8b18675b67131b0023", kill_on_drop: false }`
[INFO] running `Command { std: "docker" "rm" "-f" "bd87b59a53449f8704fe7cbdf7a4e28c5cc506568e940f8b18675b67131b0023", kill_on_drop: false }`
[INFO] [stdout] bd87b59a53449f8704fe7cbdf7a4e28c5cc506568e940f8b18675b67131b0023
[INFO] running `Command { std: "docker" "create" "-v" "/var/lib/crater-agent-workspace/builds/worker-2-tc1/target:/opt/rustwide/target:rw,Z" "-v" "/var/lib/crater-agent-workspace/builds/worker-2-tc1/source:/opt/rustwide/workdir:ro,Z" "-v" "/var/lib/crater-agent-workspace/cargo-home:/opt/rustwide/cargo-home:ro,Z" "-v" "/var/lib/crater-agent-workspace/rustup-home:/opt/rustwide/rustup-home:ro,Z" "-e" "SOURCE_DIR=/opt/rustwide/workdir" "-e" "CARGO_TARGET_DIR=/opt/rustwide/target" "-e" "CARGO_INCREMENTAL=0" "-e" "RUST_BACKTRACE=full" "-e" "RUSTFLAGS=--cap-lints=warn" "-e" "RUSTDOCFLAGS=--cap-lints=warn" "-e" "CARGO_HOME=/opt/rustwide/cargo-home" "-e" "RUSTUP_HOME=/opt/rustwide/rustup-home" "-w" "/opt/rustwide/workdir" "-m" "1610612736" "--user" "0:0" "--network" "none" "ghcr.io/rust-lang/crates-build-env/linux@sha256:f3a9d4ad9d972b27faf3965f35b62e55ba32bbce8f20bc8fe909558a86702fde" "/opt/rustwide/cargo-home/bin/cargo" "+1.83.0" "test" "--frozen", kill_on_drop: false }`
[INFO] [stdout] 59ac7d4e20bb23c19ea5234e8330124add4c35c6ef5529a242c89fbffe98a8e3
[INFO] running `Command { std: "docker" "start" "-a" "59ac7d4e20bb23c19ea5234e8330124add4c35c6ef5529a242c89fbffe98a8e3", kill_on_drop: false }`
[INFO] [stderr]     Finished `test` profile [unoptimized + debuginfo] target(s) in 0.04s
[INFO] [stderr]      Running unittests src/lib.rs (/opt/rustwide/target/debug/deps/derive_from_one-22cde44d831cbcd2)
[INFO] [stdout] 
[INFO] [stdout] running 0 tests
[INFO] [stdout] 
[INFO] [stdout] test result: ok. 0 passed; 0 failed; 0 ignored; 0 measured; 0 filtered out; finished in 0.00s
[INFO] [stdout] 
[INFO] [stderr]      Running tests/tests.rs (/opt/rustwide/target/debug/deps/tests-fb7dacbf4c8d104b)
[INFO] [stdout] 
[INFO] [stdout] running 1 test
[INFO] [stderr]    Compiling proc-macro2 v1.0.92
[INFO] [stderr]    Compiling unicode-ident v1.0.14
[INFO] [stderr]    Compiling indoc v1.0.9
[INFO] [stderr]    Compiling quote v1.0.37
[INFO] [stderr]    Compiling syn v2.0.90
[INFO] [stderr]    Compiling derive-from-one v0.1.0 (/opt/rustwide/workdir)
[INFO] [stderr]    Compiling derive-from-one-tests v0.0.0 (/opt/rustwide/target/tests/trybuild/derive-from-one)
[INFO] [stderr]     Finished `dev` profile [unoptimized + debuginfo] target(s) in 13.36s
[INFO] [stderr] 
[INFO] [stderr] 
[INFO] [stderr] test tests/success/enum-multiple-mix.rs [should pass] ... ok
[INFO] [stderr] test tests/success/enum-single-named.rs [should pass] ... ok
[INFO] [stderr] test tests/success/enum-single-unnamed.rs [should pass] ... ok
[INFO] [stderr] test tests/success/struct-single-named.rs [should pass] ... ok
[INFO] [stderr] test tests/success/struct-single-unnamed.rs [should pass] ... ok
[INFO] [stderr] test tests/failure/enum-duplicate-type-named-unnamed-multiple.rs [should fail to compile] ... mismatch
[INFO] [stderr] 
[INFO] [stderr] EXPECTED:
[INFO] [stderr] ┈┈┈┈┈┈┈┈┈┈┈┈┈┈┈┈┈┈┈┈┈┈┈┈┈┈┈┈┈┈┈┈┈┈┈┈┈┈┈┈┈┈┈┈┈┈┈┈┈┈┈┈┈┈┈┈┈┈┈┈
[INFO] [stderr] error[E0277]: the trait bound `T: From<{integer}>` is not satisfied
[INFO] [stderr]   --> tests/failure/enum-duplicate-type-named-unnamed-multiple.rs:11:24
[INFO] [stderr]    |
[INFO] [stderr] 11 |     let _: T = T::from(1);
[INFO] [stderr]    |                ------- ^ the trait `From<{integer}>` is not implemented for `T`
[INFO] [stderr]    |                |
[INFO] [stderr]    |                required by a bound introduced by this call
[INFO] [stderr]    |
[INFO] [stderr]    = help: the trait `From<&'static str>` is implemented for `T`
[INFO] [stderr] ┈┈┈┈┈┈┈┈┈┈┈┈┈┈┈┈┈┈┈┈┈┈┈┈┈┈┈┈┈┈┈┈┈┈┈┈┈┈┈┈┈┈┈┈┈┈┈┈┈┈┈┈┈┈┈┈┈┈┈┈
[INFO] [stderr] 
[INFO] [stderr] ACTUAL OUTPUT:
[INFO] [stderr] ┈┈┈┈┈┈┈┈┈┈┈┈┈┈┈┈┈┈┈┈┈┈┈┈┈┈┈┈┈┈┈┈┈┈┈┈┈┈┈┈┈┈┈┈┈┈┈┈┈┈┈┈┈┈┈┈┈┈┈┈
[INFO] [stderr] error[E0277]: the trait bound `T: From<{integer}>` is not satisfied
[INFO] [stderr]   --> tests/failure/enum-duplicate-type-named-unnamed-multiple.rs:11:16
[INFO] [stderr]    |
[INFO] [stderr] 11 |     let _: T = T::from(1);
[INFO] [stderr]    |                ^ the trait `From<{integer}>` is not implemented for `T`
[INFO] [stderr]    |
[INFO] [stderr]    = help: the trait `From<&'static str>` is implemented for `T`
[INFO] [stderr]    = help: for that trait implementation, expected `&'static str`, found `{integer}`
[INFO] [stderr] ┈┈┈┈┈┈┈┈┈┈┈┈┈┈┈┈┈┈┈┈┈┈┈┈┈┈┈┈┈┈┈┈┈┈┈┈┈┈┈┈┈┈┈┈┈┈┈┈┈┈┈┈┈┈┈┈┈┈┈┈
[INFO] [stderr] note: If the actual output is the correct output you can bless it by rerunning
[INFO] [stderr]       your test with the environment variable TRYBUILD=overwrite
[INFO] [stderr] 
[INFO] [stderr] test tests/failure/enum-duplicate-type-named-unnamed.rs [should fail to compile] ... mismatch
[INFO] [stderr] 
[INFO] [stderr] EXPECTED:
[INFO] [stderr] ┈┈┈┈┈┈┈┈┈┈┈┈┈┈┈┈┈┈┈┈┈┈┈┈┈┈┈┈┈┈┈┈┈┈┈┈┈┈┈┈┈┈┈┈┈┈┈┈┈┈┈┈┈┈┈┈┈┈┈┈
[INFO] [stderr] error[E0308]: mismatched types
[INFO] [stderr]   --> tests/failure/enum-duplicate-type-named-unnamed.rs:10:24
[INFO] [stderr]    |
[INFO] [stderr] 10 |     let _: T = T::from(1);
[INFO] [stderr]    |                ------- ^ expected `T`, found integer
[INFO] [stderr]    |                |
[INFO] [stderr]    |                arguments to this function are incorrect
[INFO] [stderr]    |
[INFO] [stderr] note: associated function defined here
[INFO] [stderr]   --> $RUST/core/src/convert/mod.rs
[INFO] [stderr]    |
[INFO] [stderr]    |     fn from(value: T) -> Self;
[INFO] [stderr]    |        ^^^^
[INFO] [stderr] help: try wrapping the expression in a variant of `T`
[INFO] [stderr]     |
[INFO] [stderr] 10  |     let _: T = T::from(T::A(1));
[INFO] [stderr]     |                        +++++ +
[INFO] [stderr] 10  |     let _: T = T::from(T::B { b: 1 });
[INFO] [stderr]     |                        +++++++++   +
[INFO] [stderr] ┈┈┈┈┈┈┈┈┈┈┈┈┈┈┈┈┈┈┈┈┈┈┈┈┈┈┈┈┈┈┈┈┈┈┈┈┈┈┈┈┈┈┈┈┈┈┈┈┈┈┈┈┈┈┈┈┈┈┈┈
[INFO] [stderr] 
[INFO] [stderr] ACTUAL OUTPUT:
[INFO] [stderr] ┈┈┈┈┈┈┈┈┈┈┈┈┈┈┈┈┈┈┈┈┈┈┈┈┈┈┈┈┈┈┈┈┈┈┈┈┈┈┈┈┈┈┈┈┈┈┈┈┈┈┈┈┈┈┈┈┈┈┈┈
[INFO] [stderr] error[E0308]: mismatched types
[INFO] [stderr]   --> tests/failure/enum-duplicate-type-named-unnamed.rs:10:24
[INFO] [stderr]    |
[INFO] [stderr] 10 |     let _: T = T::from(1);
[INFO] [stderr]    |                ------- ^ expected `T`, found integer
[INFO] [stderr]    |                |
[INFO] [stderr]    |                arguments to this function are incorrect
[INFO] [stderr]    |
[INFO] [stderr] note: associated function defined here
[INFO] [stderr]   --> $RUST/core/src/convert/mod.rs
[INFO] [stderr] help: try wrapping the expression in a variant of `T`
[INFO] [stderr]    |
[INFO] [stderr] 10 |     let _: T = T::from(T::A(1));
[INFO] [stderr]    |                        +++++ +
[INFO] [stderr] 10 |     let _: T = T::from(T::B { b: 1 });
[INFO] [stderr]    |                        +++++++++   +
[INFO] [stderr] ┈┈┈┈┈┈┈┈┈┈┈┈┈┈┈┈┈┈┈┈┈┈┈┈┈┈┈┈┈┈┈┈┈┈┈┈┈┈┈┈┈┈┈┈┈┈┈┈┈┈┈┈┈┈┈┈┈┈┈┈
[INFO] [stderr] note: If the actual output is the correct output you can bless it by rerunning
[INFO] [stderr]       your test with the environment variable TRYBUILD=overwrite
[INFO] [stderr] 
[INFO] [stderr] test tests/failure/enum-duplicate-type-unnamed.rs [should fail to compile] ... mismatch
[INFO] [stderr] 
[INFO] [stderr] EXPECTED:
[INFO] [stderr] ┈┈┈┈┈┈┈┈┈┈┈┈┈┈┈┈┈┈┈┈┈┈┈┈┈┈┈┈┈┈┈┈┈┈┈┈┈┈┈┈┈┈┈┈┈┈┈┈┈┈┈┈┈┈┈┈┈┈┈┈
[INFO] [stderr] error[E0308]: mismatched types
[INFO] [stderr]   --> tests/failure/enum-duplicate-type-unnamed.rs:10:24
[INFO] [stderr]    |
[INFO] [stderr] 10 |     let _: T = T::from(1);
[INFO] [stderr]    |                ------- ^ expected `T`, found integer
[INFO] [stderr]    |                |
[INFO] [stderr]    |                arguments to this function are incorrect
[INFO] [stderr]    |
[INFO] [stderr] note: associated function defined here
[INFO] [stderr]   --> $RUST/core/src/convert/mod.rs
[INFO] [stderr]    |
[INFO] [stderr]    |     fn from(value: T) -> Self;
[INFO] [stderr]    |        ^^^^
[INFO] [stderr] help: try wrapping the expression in a variant of `T`
[INFO] [stderr]     |
[INFO] [stderr] 10  |     let _: T = T::from(T::A(1));
[INFO] [stderr]     |                        +++++ +
[INFO] [stderr] 10  |     let _: T = T::from(T::B(1));
[INFO] [stderr]     |                        +++++ +
[INFO] [stderr] ┈┈┈┈┈┈┈┈┈┈┈┈┈┈┈┈┈┈┈┈┈┈┈┈┈┈┈┈┈┈┈┈┈┈┈┈┈┈┈┈┈┈┈┈┈┈┈┈┈┈┈┈┈┈┈┈┈┈┈┈
[INFO] [stderr] 
[INFO] [stderr] ACTUAL OUTPUT:
[INFO] [stderr] ┈┈┈┈┈┈┈┈┈┈┈┈┈┈┈┈┈┈┈┈┈┈┈┈┈┈┈┈┈┈┈┈┈┈┈┈┈┈┈┈┈┈┈┈┈┈┈┈┈┈┈┈┈┈┈┈┈┈┈┈
[INFO] [stderr] error[E0308]: mismatched types
[INFO] [stderr]   --> tests/failure/enum-duplicate-type-unnamed.rs:10:24
[INFO] [stderr]    |
[INFO] [stderr] 10 |     let _: T = T::from(1);
[INFO] [stderr]    |                ------- ^ expected `T`, found integer
[INFO] [stderr]    |                |
[INFO] [stderr]    |                arguments to this function are incorrect
[INFO] [stderr]    |
[INFO] [stderr] note: associated function defined here
[INFO] [stderr]   --> $RUST/core/src/convert/mod.rs
[INFO] [stderr] help: try wrapping the expression in a variant of `T`
[INFO] [stderr]    |
[INFO] [stderr] 10 |     let _: T = T::from(T::A(1));
[INFO] [stderr]    |                        +++++ +
[INFO] [stderr] 10 |     let _: T = T::from(T::B(1));
[INFO] [stderr]    |                        +++++ +
[INFO] [stderr] ┈┈┈┈┈┈┈┈┈┈┈┈┈┈┈┈┈┈┈┈┈┈┈┈┈┈┈┈┈┈┈┈┈┈┈┈┈┈┈┈┈┈┈┈┈┈┈┈┈┈┈┈┈┈┈┈┈┈┈┈
[INFO] [stderr] note: If the actual output is the correct output you can bless it by rerunning
[INFO] [stderr]       your test with the environment variable TRYBUILD=overwrite
[INFO] [stderr] 
[INFO] [stderr] test tests/failure/enum-from-invalid-arg.rs [should fail to compile] ... ok
[INFO] [stderr] test tests/failure/enum-from-no-args.rs [should fail to compile] ... ok
[INFO] [stderr] test tests/failure/enum-multiple-named.rs [should fail to compile] ... mismatch
[INFO] [stderr] 
[INFO] [stderr] EXPECTED:
[INFO] [stderr] ┈┈┈┈┈┈┈┈┈┈┈┈┈┈┈┈┈┈┈┈┈┈┈┈┈┈┈┈┈┈┈┈┈┈┈┈┈┈┈┈┈┈┈┈┈┈┈┈┈┈┈┈┈┈┈┈┈┈┈┈
[INFO] [stderr] error[E0277]: the trait bound `T: From<bool>` is not satisfied
[INFO] [stderr]   --> tests/failure/enum-multiple-named.rs:11:24
[INFO] [stderr]    |
[INFO] [stderr] 11 |     let _: T = T::from(true);
[INFO] [stderr]    |                ------- ^^^^ the trait `From<bool>` is not implemented for `T`
[INFO] [stderr]    |                |
[INFO] [stderr]    |                required by a bound introduced by this call
[INFO] [stderr]    |
[INFO] [stderr]    = help: the trait `From<&'static str>` is implemented for `T`
[INFO] [stderr] ┈┈┈┈┈┈┈┈┈┈┈┈┈┈┈┈┈┈┈┈┈┈┈┈┈┈┈┈┈┈┈┈┈┈┈┈┈┈┈┈┈┈┈┈┈┈┈┈┈┈┈┈┈┈┈┈┈┈┈┈
[INFO] [stderr] 
[INFO] [stderr] ACTUAL OUTPUT:
[INFO] [stderr] ┈┈┈┈┈┈┈┈┈┈┈┈┈┈┈┈┈┈┈┈┈┈┈┈┈┈┈┈┈┈┈┈┈┈┈┈┈┈┈┈┈┈┈┈┈┈┈┈┈┈┈┈┈┈┈┈┈┈┈┈
[INFO] [stderr] error[E0277]: the trait bound `T: From<bool>` is not satisfied
[INFO] [stderr]   --> tests/failure/enum-multiple-named.rs:11:16
[INFO] [stderr]    |
[INFO] [stderr] 11 |     let _: T = T::from(true);
[INFO] [stderr]    |                ^ the trait `From<bool>` is not implemented for `T`
[INFO] [stderr]    |
[INFO] [stderr]    = help: the trait `From<&'static str>` is implemented for `T`
[INFO] [stderr]    = help: for that trait implementation, expected `&'static str`, found `bool`
[INFO] [stderr] ┈┈┈┈┈┈┈┈┈┈┈┈┈┈┈┈┈┈┈┈┈┈┈┈┈┈┈┈┈┈┈┈┈┈┈┈┈┈┈┈┈┈┈┈┈┈┈┈┈┈┈┈┈┈┈┈┈┈┈┈
[INFO] [stderr] note: If the actual output is the correct output you can bless it by rerunning
[INFO] [stderr]       your test with the environment variable TRYBUILD=overwrite
[INFO] [stderr] 
[INFO] [stderr] test tests/failure/enum-multiple-unnamed.rs [should fail to compile] ... mismatch
[INFO] [stderr] 
[INFO] [stderr] EXPECTED:
[INFO] [stderr] ┈┈┈┈┈┈┈┈┈┈┈┈┈┈┈┈┈┈┈┈┈┈┈┈┈┈┈┈┈┈┈┈┈┈┈┈┈┈┈┈┈┈┈┈┈┈┈┈┈┈┈┈┈┈┈┈┈┈┈┈
[INFO] [stderr] error[E0277]: the trait bound `T: From<bool>` is not satisfied
[INFO] [stderr]   --> tests/failure/enum-multiple-unnamed.rs:11:24
[INFO] [stderr]    |
[INFO] [stderr] 11 |     let _: T = T::from(true);
[INFO] [stderr]    |                ------- ^^^^ the trait `From<bool>` is not implemented for `T`
[INFO] [stderr]    |                |
[INFO] [stderr]    |                required by a bound introduced by this call
[INFO] [stderr]    |
[INFO] [stderr]    = help: the trait `From<&'static str>` is implemented for `T`
[INFO] [stderr] ┈┈┈┈┈┈┈┈┈┈┈┈┈┈┈┈┈┈┈┈┈┈┈┈┈┈┈┈┈┈┈┈┈┈┈┈┈┈┈┈┈┈┈┈┈┈┈┈┈┈┈┈┈┈┈┈┈┈┈┈
[INFO] [stderr] 
[INFO] [stderr] ACTUAL OUTPUT:
[INFO] [stderr] ┈┈┈┈┈┈┈┈┈┈┈┈┈┈┈┈┈┈┈┈┈┈┈┈┈┈┈┈┈┈┈┈┈┈┈┈┈┈┈┈┈┈┈┈┈┈┈┈┈┈┈┈┈┈┈┈┈┈┈┈
[INFO] [stderr] error[E0277]: the trait bound `T: From<bool>` is not satisfied
[INFO] [stderr]   --> tests/failure/enum-multiple-unnamed.rs:11:16
[INFO] [stderr]    |
[INFO] [stderr] 11 |     let _: T = T::from(true);
[INFO] [stderr]    |                ^ the trait `From<bool>` is not implemented for `T`
[INFO] [stderr]    |
[INFO] [stderr]    = help: the trait `From<&'static str>` is implemented for `T`
[INFO] [stderr]    = help: for that trait implementation, expected `&'static str`, found `bool`
[INFO] [stderr] ┈┈┈┈┈┈┈┈┈┈┈┈┈┈┈┈┈┈┈┈┈┈┈┈┈┈┈┈┈┈┈┈┈┈┈┈┈┈┈┈┈┈┈┈┈┈┈┈┈┈┈┈┈┈┈┈┈┈┈┈
[INFO] [stderr] note: If the actual output is the correct output you can bless it by rerunning
[INFO] [stderr]       your test with the environment variable TRYBUILD=overwrite
[INFO] [stderr] 
[INFO] [stderr] test tests/failure/enum-skip.rs [should fail to compile] ... mismatch
[INFO] [stderr] 
[INFO] [stderr] EXPECTED:
[INFO] [stderr] ┈┈┈┈┈┈┈┈┈┈┈┈┈┈┈┈┈┈┈┈┈┈┈┈┈┈┈┈┈┈┈┈┈┈┈┈┈┈┈┈┈┈┈┈┈┈┈┈┈┈┈┈┈┈┈┈┈┈┈┈
[INFO] [stderr] error[E0277]: the trait bound `T: From<bool>` is not satisfied
[INFO] [stderr]   --> tests/failure/enum-skip.rs:12:24
[INFO] [stderr]    |
[INFO] [stderr] 12 |     let _: T = T::from(true);
[INFO] [stderr]    |                ------- ^^^^ the trait `From<bool>` is not implemented for `T`
[INFO] [stderr]    |                |
[INFO] [stderr]    |                required by a bound introduced by this call
[INFO] [stderr]    |
[INFO] [stderr]    = help: the trait `From<&'static str>` is implemented for `T`
[INFO] [stderr] ┈┈┈┈┈┈┈┈┈┈┈┈┈┈┈┈┈┈┈┈┈┈┈┈┈┈┈┈┈┈┈┈┈┈┈┈┈┈┈┈┈┈┈┈┈┈┈┈┈┈┈┈┈┈┈┈┈┈┈┈
[INFO] [stderr] 
[INFO] [stderr] ACTUAL OUTPUT:
[INFO] [stderr] ┈┈┈┈┈┈┈┈┈┈┈┈┈┈┈┈┈┈┈┈┈┈┈┈┈┈┈┈┈┈┈┈┈┈┈┈┈┈┈┈┈┈┈┈┈┈┈┈┈┈┈┈┈┈┈┈┈┈┈┈
[INFO] [stderr] error[E0277]: the trait bound `T: From<bool>` is not satisfied
[INFO] [stderr]   --> tests/failure/enum-skip.rs:12:16
[INFO] [stderr]    |
[INFO] [stderr] 12 |     let _: T = T::from(true);
[INFO] [stderr]    |                ^ the trait `From<bool>` is not implemented for `T`
[INFO] [stderr]    |
[INFO] [stderr]    = help: the trait `From<&'static str>` is implemented for `T`
[INFO] [stderr]    = help: for that trait implementation, expected `&'static str`, found `bool`
[INFO] [stderr] ┈┈┈┈┈┈┈┈┈┈┈┈┈┈┈┈┈┈┈┈┈┈┈┈┈┈┈┈┈┈┈┈┈┈┈┈┈┈┈┈┈┈┈┈┈┈┈┈┈┈┈┈┈┈┈┈┈┈┈┈
[INFO] [stderr] note: If the actual output is the correct output you can bless it by rerunning
[INFO] [stderr]       your test with the environment variable TRYBUILD=overwrite
[INFO] [stderr] 
[INFO] [stderr] test tests/failure/struct-multiple-named.rs [should fail to compile] ... mismatch
[INFO] [stderr] 
[INFO] [stderr] EXPECTED:
[INFO] [stderr] ┈┈┈┈┈┈┈┈┈┈┈┈┈┈┈┈┈┈┈┈┈┈┈┈┈┈┈┈┈┈┈┈┈┈┈┈┈┈┈┈┈┈┈┈┈┈┈┈┈┈┈┈┈┈┈┈┈┈┈┈
[INFO] [stderr] error: FromOne can only be used with structs with a single field
[INFO] [stderr]  --> tests/failure/struct-multiple-named.rs:4:12
[INFO] [stderr]   |
[INFO] [stderr] 4 | pub struct T {
[INFO] [stderr]   |            ^
[INFO] [stderr] 
[INFO] [stderr] error[E0308]: mismatched types
[INFO] [stderr]   --> tests/failure/struct-multiple-named.rs:10:24
[INFO] [stderr]    |
[INFO] [stderr] 10 |     let _: T = T::from(1);
[INFO] [stderr]    |                ------- ^ expected `T`, found integer
[INFO] [stderr]    |                |
[INFO] [stderr]    |                arguments to this function are incorrect
[INFO] [stderr]    |
[INFO] [stderr] note: associated function defined here
[INFO] [stderr]   --> $RUST/core/src/convert/mod.rs
[INFO] [stderr]    |
[INFO] [stderr]    |     fn from(value: T) -> Self;
[INFO] [stderr]    |        ^^^^
[INFO] [stderr] ┈┈┈┈┈┈┈┈┈┈┈┈┈┈┈┈┈┈┈┈┈┈┈┈┈┈┈┈┈┈┈┈┈┈┈┈┈┈┈┈┈┈┈┈┈┈┈┈┈┈┈┈┈┈┈┈┈┈┈┈
[INFO] [stderr] 
[INFO] [stderr] ACTUAL OUTPUT:
[INFO] [stderr] ┈┈┈┈┈┈┈┈┈┈┈┈┈┈┈┈┈┈┈┈┈┈┈┈┈┈┈┈┈┈┈┈┈┈┈┈┈┈┈┈┈┈┈┈┈┈┈┈┈┈┈┈┈┈┈┈┈┈┈┈
[INFO] [stderr] error: FromOne can only be used with structs with a single field
[INFO] [stderr]  --> tests/failure/struct-multiple-named.rs:4:12
[INFO] [stderr]   |
[INFO] [stderr] 4 | pub struct T {
[INFO] [stderr]   |            ^
[INFO] [stderr] 
[INFO] [stderr] error[E0308]: mismatched types
[INFO] [stderr]   --> tests/failure/struct-multiple-named.rs:10:24
[INFO] [stderr]    |
[INFO] [stderr] 10 |     let _: T = T::from(1);
[INFO] [stderr]    |                ------- ^ expected `T`, found integer
[INFO] [stderr]    |                |
[INFO] [stderr]    |                arguments to this function are incorrect
[INFO] [stderr]    |
[INFO] [stderr] note: associated function defined here
[INFO] [stderr]   --> $RUST/core/src/convert/mod.rs
[INFO] [stderr] ┈┈┈┈┈┈┈┈┈┈┈┈┈┈┈┈┈┈┈┈┈┈┈┈┈┈┈┈┈┈┈┈┈┈┈┈┈┈┈┈┈┈┈┈┈┈┈┈┈┈┈┈┈┈┈┈┈┈┈┈
[INFO] [stderr] note: If the actual output is the correct output you can bless it by rerunning
[INFO] [stderr]       your test with the environment variable TRYBUILD=overwrite
[INFO] [stderr] 
[INFO] [stderr] test tests/failure/struct-multiple-unnamed.rs [should fail to compile] ... mismatch
[INFO] [stderr] 
[INFO] [stderr] EXPECTED:
[INFO] [stderr] ┈┈┈┈┈┈┈┈┈┈┈┈┈┈┈┈┈┈┈┈┈┈┈┈┈┈┈┈┈┈┈┈┈┈┈┈┈┈┈┈┈┈┈┈┈┈┈┈┈┈┈┈┈┈┈┈┈┈┈┈
[INFO] [stderr] error: FromOne can only be used with structs with a single field
[INFO] [stderr]  --> tests/failure/struct-multiple-unnamed.rs:4:12
[INFO] [stderr]   |
[INFO] [stderr] 4 | pub struct T(u32, bool);
[INFO] [stderr]   |            ^
[INFO] [stderr] 
[INFO] [stderr] error[E0308]: mismatched types
[INFO] [stderr]  --> tests/failure/struct-multiple-unnamed.rs:7:24
[INFO] [stderr]   |
[INFO] [stderr] 7 |     let _: T = T::from(1);
[INFO] [stderr]   |                ------- ^ expected `T`, found integer
[INFO] [stderr]   |                |
[INFO] [stderr]   |                arguments to this function are incorrect
[INFO] [stderr]   |
[INFO] [stderr] note: associated function defined here
[INFO] [stderr]  --> $RUST/core/src/convert/mod.rs
[INFO] [stderr]   |
[INFO] [stderr]   |     fn from(value: T) -> Self;
[INFO] [stderr]   |        ^^^^
[INFO] [stderr] ┈┈┈┈┈┈┈┈┈┈┈┈┈┈┈┈┈┈┈┈┈┈┈┈┈┈┈┈┈┈┈┈┈┈┈┈┈┈┈┈┈┈┈┈┈┈┈┈┈┈┈┈┈┈┈┈┈┈┈┈
[INFO] [stderr] 
[INFO] [stderr] ACTUAL OUTPUT:
[INFO] [stderr] ┈┈┈┈┈┈┈┈┈┈┈┈┈┈┈┈┈┈┈┈┈┈┈┈┈┈┈┈┈┈┈┈┈┈┈┈┈┈┈┈┈┈┈┈┈┈┈┈┈┈┈┈┈┈┈┈┈┈┈┈
[INFO] [stderr] error: FromOne can only be used with structs with a single field
[INFO] [stderr]  --> tests/failure/struct-multiple-unnamed.rs:4:12
[INFO] [stderr]   |
[INFO] [stderr] 4 | pub struct T(u32, bool);
[INFO] [stderr]   |            ^
[INFO] [stderr] 
[INFO] [stderr] error[E0308]: mismatched types
[INFO] [stderr]  --> tests/failure/struct-multiple-unnamed.rs:7:24
[INFO] [stderr]   |
[INFO] [stderr] 7 |     let _: T = T::from(1);
[INFO] [stderr]   |                ------- ^ expected `T`, found integer
[INFO] [stderr]   |                |
[INFO] [stderr]   |                arguments to this function are incorrect
[INFO] [stderr]   |
[INFO] [stderr] note: associated function defined here
[INFO] [stderr]  --> $RUST/core/src/convert/mod.rs
[INFO] [stderr] ┈┈┈┈┈┈┈┈┈┈┈┈┈┈┈┈┈┈┈┈┈┈┈┈┈┈┈┈┈┈┈┈┈┈┈┈┈┈┈┈┈┈┈┈┈┈┈┈┈┈┈┈┈┈┈┈┈┈┈┈
[INFO] [stderr] note: If the actual output is the correct output you can bless it by rerunning
[INFO] [stderr]       your test with the environment variable TRYBUILD=overwrite
[INFO] [stderr] 
[INFO] [stderr] test tests/failure/struct-unit.rs [should fail to compile] ... ok
[INFO] [stderr] 
[INFO] [stderr] 
[INFO] [stdout] test ui ... FAILED
[INFO] [stdout] 
[INFO] [stdout] failures:
[INFO] [stdout] 
[INFO] [stdout] ---- ui stdout ----
[INFO] [stdout] thread 'ui' panicked at /opt/rustwide/cargo-home/registry/src/index.crates.io-6f17d22bba15001f/trybuild-1.0.101/src/run.rs:101:13:
[INFO] [stdout] 8 of 16 tests failed
[INFO] [stdout] stack backtrace:
[INFO] [stdout]    0:     0x5b53d6c86b8a - std::backtrace_rs::backtrace::libunwind::trace::h5a5b8284f2d0c266
[INFO] [stdout]                                at /rustc/90b35a6239c3d8bdabc530a6a0816f7ff89a0aaf/library/std/src/../../backtrace/src/backtrace/libunwind.rs:116:5
[INFO] [stdout]    1:     0x5b53d6c86b8a - std::backtrace_rs::backtrace::trace_unsynchronized::h76d4f1c9b0b875e3
[INFO] [stdout]                                at /rustc/90b35a6239c3d8bdabc530a6a0816f7ff89a0aaf/library/std/src/../../backtrace/src/backtrace/mod.rs:66:5
[INFO] [stdout]    2:     0x5b53d6c86b8a - std::sys::backtrace::_print_fmt::hc4546b8364a537c6
[INFO] [stdout]                                at /rustc/90b35a6239c3d8bdabc530a6a0816f7ff89a0aaf/library/std/src/sys/backtrace.rs:66:9
[INFO] [stdout]    3:     0x5b53d6c86b8a - <std::sys::backtrace::BacktraceLock::print::DisplayBacktrace as core::fmt::Display>::fmt::h5b6bd5631a6d1f6b
[INFO] [stdout]                                at /rustc/90b35a6239c3d8bdabc530a6a0816f7ff89a0aaf/library/std/src/sys/backtrace.rs:39:26
[INFO] [stdout]    4:     0x5b53d6caf793 - core::fmt::rt::Argument::fmt::h270f6602a2b96f62
[INFO] [stdout]                                at /rustc/90b35a6239c3d8bdabc530a6a0816f7ff89a0aaf/library/core/src/fmt/rt.rs:177:76
[INFO] [stdout]    5:     0x5b53d6caf793 - core::fmt::write::h7550c97b06c86515
[INFO] [stdout]                                at /rustc/90b35a6239c3d8bdabc530a6a0816f7ff89a0aaf/library/core/src/fmt/mod.rs:1186:21
[INFO] [stdout]    6:     0x5b53d6c83263 - std::io::Write::write_fmt::h509ff860e5956e5e
[INFO] [stdout]                                at /rustc/90b35a6239c3d8bdabc530a6a0816f7ff89a0aaf/library/std/src/io/mod.rs:1839:15
[INFO] [stdout]    7:     0x5b53d6c869d2 - std::sys::backtrace::BacktraceLock::print::h2395ccd2c84ba3aa
[INFO] [stdout]                                at /rustc/90b35a6239c3d8bdabc530a6a0816f7ff89a0aaf/library/std/src/sys/backtrace.rs:42:9
[INFO] [stdout]    8:     0x5b53d6c885ea - std::panicking::default_hook::{{closure}}::he19d4c7230e07961
[INFO] [stdout]                                at /rustc/90b35a6239c3d8bdabc530a6a0816f7ff89a0aaf/library/std/src/panicking.rs:268:22
[INFO] [stdout]    9:     0x5b53d6c883f4 - std::panicking::default_hook::hf614597d3c67bbdb
[INFO] [stdout]                                at /rustc/90b35a6239c3d8bdabc530a6a0816f7ff89a0aaf/library/std/src/panicking.rs:292:9
[INFO] [stdout]   10:     0x5b53d699ca19 - <alloc::boxed::Box<F,A> as core::ops::function::Fn<Args>>::call::h39b51ce4599c23d1
[INFO] [stdout]                                at /rustc/90b35a6239c3d8bdabc530a6a0816f7ff89a0aaf/library/alloc/src/boxed.rs:2468:9
[INFO] [stdout]   11:     0x5b53d699ca19 - test::test_main::{{closure}}::he977ae839a582784
[INFO] [stdout]                                at /rustc/90b35a6239c3d8bdabc530a6a0816f7ff89a0aaf/library/test/src/lib.rs:133:21
[INFO] [stdout]   12:     0x5b53d6c88c88 - <alloc::boxed::Box<F,A> as core::ops::function::Fn<Args>>::call::h9455091b6b06f9fb
[INFO] [stdout]                                at /rustc/90b35a6239c3d8bdabc530a6a0816f7ff89a0aaf/library/alloc/src/boxed.rs:2468:9
[INFO] [stdout]   13:     0x5b53d6c88c88 - std::panicking::rust_panic_with_hook::h8942133a8b252070
[INFO] [stdout]                                at /rustc/90b35a6239c3d8bdabc530a6a0816f7ff89a0aaf/library/std/src/panicking.rs:809:13
[INFO] [stdout]   14:     0x5b53d6c88a4a - std::panicking::begin_panic_handler::{{closure}}::hb5f5963570096b29
[INFO] [stdout]                                at /rustc/90b35a6239c3d8bdabc530a6a0816f7ff89a0aaf/library/std/src/panicking.rs:674:13
[INFO] [stdout]   15:     0x5b53d6c87069 - std::sys::backtrace::__rust_end_short_backtrace::h6208cedc1922feda
[INFO] [stdout]                                at /rustc/90b35a6239c3d8bdabc530a6a0816f7ff89a0aaf/library/std/src/sys/backtrace.rs:170:18
[INFO] [stdout]   16:     0x5b53d6c886dc - rust_begin_unwind
[INFO] [stdout]                                at /rustc/90b35a6239c3d8bdabc530a6a0816f7ff89a0aaf/library/std/src/panicking.rs:665:5
[INFO] [stdout]   17:     0x5b53d6963210 - core::panicking::panic_fmt::h0c3082644d1bf418
[INFO] [stdout]                                at /rustc/90b35a6239c3d8bdabc530a6a0816f7ff89a0aaf/library/core/src/panicking.rs:74:14
[INFO] [stdout]   18:     0x5b53d69b39cf - trybuild::run::<impl trybuild::Runner>::run::h8ffb3f59a0d86c14
[INFO] [stdout]                                at /opt/rustwide/cargo-home/registry/src/index.crates.io-6f17d22bba15001f/trybuild-1.0.101/src/run.rs:101:13
[INFO] [stdout]   19:     0x5b53d69b8ed8 - <trybuild::TestCases as core::ops::drop::Drop>::drop::h350acfcbd0fc5cc2
[INFO] [stdout]                                at /opt/rustwide/cargo-home/registry/src/index.crates.io-6f17d22bba15001f/trybuild-1.0.101/src/lib.rs:340:13
[INFO] [stdout]   20:     0x5b53d6963e57 - core::ptr::drop_in_place<trybuild::TestCases>::h99d47d0f31edaf1d
[INFO] [stdout]                                at /rustc/90b35a6239c3d8bdabc530a6a0816f7ff89a0aaf/library/core/src/ptr/mod.rs:574:1
[INFO] [stdout]   21:     0x5b53d69646eb - tests::ui::h292e2ad10ec135cd
[INFO] [stdout]                                at /opt/rustwide/workdir/tests/tests.rs:9:1
[INFO] [stdout]   22:     0x5b53d6964667 - tests::ui::{{closure}}::ha8be79af2a1118d4
[INFO] [stdout]                                at /opt/rustwide/workdir/tests/tests.rs:4:8
[INFO] [stdout]   23:     0x5b53d6963df6 - core::ops::function::FnOnce::call_once::h22c93454539fe65e
[INFO] [stdout]                                at /rustc/90b35a6239c3d8bdabc530a6a0816f7ff89a0aaf/library/core/src/ops/function.rs:250:5
[INFO] [stdout]   24:     0x5b53d69a13db - core::ops::function::FnOnce::call_once::h109cf8051a59b34e
[INFO] [stdout]                                at /rustc/90b35a6239c3d8bdabc530a6a0816f7ff89a0aaf/library/core/src/ops/function.rs:250:5
[INFO] [stdout]   25:     0x5b53d69a13db - test::__rust_begin_short_backtrace::hf4fff89d377446ba
[INFO] [stdout]                                at /rustc/90b35a6239c3d8bdabc530a6a0816f7ff89a0aaf/library/test/src/lib.rs:621:18
[INFO] [stdout]   26:     0x5b53d69a0c17 - test::run_test_in_process::{{closure}}::h0e39181dd7ee5a43
[INFO] [stdout]                                at /rustc/90b35a6239c3d8bdabc530a6a0816f7ff89a0aaf/library/test/src/lib.rs:644:60
[INFO] [stdout]   27:     0x5b53d69a0c17 - <core::panic::unwind_safe::AssertUnwindSafe<F> as core::ops::function::FnOnce<()>>::call_once::hc5a66a30f0bdfd1f
[INFO] [stdout]                                at /rustc/90b35a6239c3d8bdabc530a6a0816f7ff89a0aaf/library/core/src/panic/unwind_safe.rs:272:9
[INFO] [stdout]   28:     0x5b53d69a0c17 - std::panicking::try::do_call::h873b7cf639554a5e
[INFO] [stdout]                                at /rustc/90b35a6239c3d8bdabc530a6a0816f7ff89a0aaf/library/std/src/panicking.rs:557:40
[INFO] [stdout]   29:     0x5b53d69a0c17 - std::panicking::try::hdb19862fad9c8bd1
[INFO] [stdout]                                at /rustc/90b35a6239c3d8bdabc530a6a0816f7ff89a0aaf/library/std/src/panicking.rs:520:19
[INFO] [stdout]   30:     0x5b53d69a0c17 - std::panic::catch_unwind::h281fe732d236d260
[INFO] [stdout]                                at /rustc/90b35a6239c3d8bdabc530a6a0816f7ff89a0aaf/library/std/src/panic.rs:358:14
[INFO] [stdout]   31:     0x5b53d69a0c17 - test::run_test_in_process::h949b6df8457ed338
[INFO] [stdout]                                at /rustc/90b35a6239c3d8bdabc530a6a0816f7ff89a0aaf/library/test/src/lib.rs:644:27
[INFO] [stdout]   32:     0x5b53d69a0c17 - test::run_test::{{closure}}::h52c556a6d4740e10
[INFO] [stdout]                                at /rustc/90b35a6239c3d8bdabc530a6a0816f7ff89a0aaf/library/test/src/lib.rs:565:43
[INFO] [stdout]   33:     0x5b53d6965ef4 - test::run_test::{{closure}}::h4237f6381c45ccb9
[INFO] [stdout]                                at /rustc/90b35a6239c3d8bdabc530a6a0816f7ff89a0aaf/library/test/src/lib.rs:595:41
[INFO] [stdout]   34:     0x5b53d6965ef4 - std::sys::backtrace::__rust_begin_short_backtrace::h505c97a579eca628
[INFO] [stdout]                                at /rustc/90b35a6239c3d8bdabc530a6a0816f7ff89a0aaf/library/std/src/sys/backtrace.rs:154:18
[INFO] [stdout]   35:     0x5b53d69695be - std::thread::Builder::spawn_unchecked_::{{closure}}::{{closure}}::h9e86b2e2bc107ea3
[INFO] [stdout]                                at /rustc/90b35a6239c3d8bdabc530a6a0816f7ff89a0aaf/library/std/src/thread/mod.rs:538:17
[INFO] [stdout]   36:     0x5b53d69695be - <core::panic::unwind_safe::AssertUnwindSafe<F> as core::ops::function::FnOnce<()>>::call_once::h8b06ddb275ff4a25
[INFO] [stdout]                                at /rustc/90b35a6239c3d8bdabc530a6a0816f7ff89a0aaf/library/core/src/panic/unwind_safe.rs:272:9
[INFO] [stdout]   37:     0x5b53d69695be - std::panicking::try::do_call::hb26ecd7cd9a9355d
[INFO] [stdout]                                at /rustc/90b35a6239c3d8bdabc530a6a0816f7ff89a0aaf/library/std/src/panicking.rs:557:40
[INFO] [stdout]   38:     0x5b53d69695be - std::panicking::try::h8ddeca9d705f9069
[INFO] [stdout]                                at /rustc/90b35a6239c3d8bdabc530a6a0816f7ff89a0aaf/library/std/src/panicking.rs:520:19
[INFO] [stdout]   39:     0x5b53d69695be - std::panic::catch_unwind::h49e1c33078844c46
[INFO] [stdout]                                at /rustc/90b35a6239c3d8bdabc530a6a0816f7ff89a0aaf/library/std/src/panic.rs:358:14
[INFO] [stdout]   40:     0x5b53d69695be - std::thread::Builder::spawn_unchecked_::{{closure}}::h6073db6ff56ad35d
[INFO] [stdout]                                at /rustc/90b35a6239c3d8bdabc530a6a0816f7ff89a0aaf/library/std/src/thread/mod.rs:537:30
[INFO] [stdout]   41:     0x5b53d69695be - core::ops::function::FnOnce::call_once{{vtable.shim}}::h2c5a5f3779c774f1
[INFO] [stdout]                                at /rustc/90b35a6239c3d8bdabc530a6a0816f7ff89a0aaf/library/core/src/ops/function.rs:250:5
[INFO] [stdout]   42:     0x5b53d6c8d97b - <alloc::boxed::Box<F,A> as core::ops::function::FnOnce<Args>>::call_once::hf75717d9f28faebf
[INFO] [stdout]                                at /rustc/90b35a6239c3d8bdabc530a6a0816f7ff89a0aaf/library/alloc/src/boxed.rs:2454:9
[INFO] [stdout]   43:     0x5b53d6c8d97b - <alloc::boxed::Box<F,A> as core::ops::function::FnOnce<Args>>::call_once::h7bd883a5f3c5f3c1
[INFO] [stdout]                                at /rustc/90b35a6239c3d8bdabc530a6a0816f7ff89a0aaf/library/alloc/src/boxed.rs:2454:9
[INFO] [stdout]   44:     0x5b53d6c8d97b - std::sys::pal::unix::thread::Thread::new::thread_start::hcc78f3943333fa94
[INFO] [stdout]                                at /rustc/90b35a6239c3d8bdabc530a6a0816f7ff89a0aaf/library/std/src/sys/pal/unix/thread.rs:105:17
[INFO] [stdout]   45:     0x75b862c2bac3 - <unknown>
[INFO] [stdout]   46:     0x75b862cbca04 - clone
[INFO] [stdout]   47:                0x0 - <unknown>
[INFO] [stdout] 
[INFO] [stdout] 
[INFO] [stdout] failures:
[INFO] [stdout]     ui
[INFO] [stdout] 
[INFO] [stdout] test result: FAILED. 0 passed; 1 failed; 0 ignored; 0 measured; 0 filtered out; finished in 18.19s
[INFO] [stdout] 
[INFO] [stderr] error: test failed, to rerun pass `--test tests`
[INFO] running `Command { std: "docker" "inspect" "59ac7d4e20bb23c19ea5234e8330124add4c35c6ef5529a242c89fbffe98a8e3", kill_on_drop: false }`
[INFO] running `Command { std: "docker" "rm" "-f" "59ac7d4e20bb23c19ea5234e8330124add4c35c6ef5529a242c89fbffe98a8e3", kill_on_drop: false }`
[INFO] [stdout] 59ac7d4e20bb23c19ea5234e8330124add4c35c6ef5529a242c89fbffe98a8e3
