[INFO] fetching crate derivative_pricer 0.2.1...
[INFO] testing derivative_pricer-0.2.1 against beta-2024-12-08 for beta-1.84.0-4-retry
[INFO] extracting crate derivative_pricer 0.2.1 into /workspace/builds/worker-5-tc2/source
[INFO] validating manifest of crates.io crate derivative_pricer 0.2.1 on toolchain beta-2024-12-08
[INFO] running `Command { std: CARGO_HOME="/workspace/cargo-home" RUSTUP_HOME="/workspace/rustup-home" "/workspace/cargo-home/bin/cargo" "+beta-2024-12-08" "metadata" "--manifest-path" "Cargo.toml" "--no-deps", kill_on_drop: false }`
[INFO] started tweaking crates.io crate derivative_pricer 0.2.1
[INFO] finished tweaking crates.io crate derivative_pricer 0.2.1
[INFO] tweaked toml for crates.io crate derivative_pricer 0.2.1 written to /workspace/builds/worker-5-tc2/source/Cargo.toml
[INFO] running `Command { std: CARGO_HOME="/workspace/cargo-home" RUSTUP_HOME="/workspace/rustup-home" "/workspace/cargo-home/bin/cargo" "+beta-2024-12-08" "generate-lockfile" "--manifest-path" "Cargo.toml", kill_on_drop: false }`
[INFO] [stderr]     Updating crates.io index
[INFO] [stderr]      Locking 19 packages to latest compatible versions
[INFO] running `Command { std: CARGO_HOME="/workspace/cargo-home" RUSTUP_HOME="/workspace/rustup-home" "/workspace/cargo-home/bin/cargo" "+beta-2024-12-08" "fetch" "--manifest-path" "Cargo.toml", kill_on_drop: false }`
[INFO] running `Command { std: "docker" "create" "-v" "/var/lib/crater-agent-workspace/builds/worker-5-tc2/target:/opt/rustwide/target:rw,Z" "-v" "/var/lib/crater-agent-workspace/builds/worker-5-tc2/source:/opt/rustwide/workdir:ro,Z" "-v" "/var/lib/crater-agent-workspace/cargo-home:/opt/rustwide/cargo-home:ro,Z" "-v" "/var/lib/crater-agent-workspace/rustup-home:/opt/rustwide/rustup-home:ro,Z" "-e" "SOURCE_DIR=/opt/rustwide/workdir" "-e" "CARGO_TARGET_DIR=/opt/rustwide/target" "-e" "CARGO_HOME=/opt/rustwide/cargo-home" "-e" "RUSTUP_HOME=/opt/rustwide/rustup-home" "-w" "/opt/rustwide/workdir" "-m" "1610612736" "--user" "0:0" "--network" "none" "ghcr.io/rust-lang/crates-build-env/linux@sha256:f3a9d4ad9d972b27faf3965f35b62e55ba32bbce8f20bc8fe909558a86702fde" "/opt/rustwide/cargo-home/bin/cargo" "+beta-2024-12-08" "metadata" "--no-deps" "--format-version=1", kill_on_drop: false }`
[INFO] [stdout] 4aa4c797ccae0900dafafb576ffc2c246d6d1b06c12b2cd017b450c97cc7d13c
[INFO] running `Command { std: "docker" "start" "-a" "4aa4c797ccae0900dafafb576ffc2c246d6d1b06c12b2cd017b450c97cc7d13c", kill_on_drop: false }`
[INFO] running `Command { std: "docker" "inspect" "4aa4c797ccae0900dafafb576ffc2c246d6d1b06c12b2cd017b450c97cc7d13c", kill_on_drop: false }`
[INFO] running `Command { std: "docker" "rm" "-f" "4aa4c797ccae0900dafafb576ffc2c246d6d1b06c12b2cd017b450c97cc7d13c", kill_on_drop: false }`
[INFO] [stdout] 4aa4c797ccae0900dafafb576ffc2c246d6d1b06c12b2cd017b450c97cc7d13c
[INFO] running `Command { std: "docker" "create" "-v" "/var/lib/crater-agent-workspace/builds/worker-5-tc2/target:/opt/rustwide/target:rw,Z" "-v" "/var/lib/crater-agent-workspace/builds/worker-5-tc2/source:/opt/rustwide/workdir:ro,Z" "-v" "/var/lib/crater-agent-workspace/cargo-home:/opt/rustwide/cargo-home:ro,Z" "-v" "/var/lib/crater-agent-workspace/rustup-home:/opt/rustwide/rustup-home:ro,Z" "-e" "SOURCE_DIR=/opt/rustwide/workdir" "-e" "CARGO_TARGET_DIR=/opt/rustwide/target" "-e" "CARGO_INCREMENTAL=0" "-e" "RUST_BACKTRACE=full" "-e" "RUSTFLAGS=--cap-lints=warn" "-e" "RUSTDOCFLAGS=--cap-lints=warn" "-e" "CARGO_HOME=/opt/rustwide/cargo-home" "-e" "RUSTUP_HOME=/opt/rustwide/rustup-home" "-w" "/opt/rustwide/workdir" "-m" "1610612736" "--user" "0:0" "--network" "none" "ghcr.io/rust-lang/crates-build-env/linux@sha256:f3a9d4ad9d972b27faf3965f35b62e55ba32bbce8f20bc8fe909558a86702fde" "/opt/rustwide/cargo-home/bin/cargo" "+beta-2024-12-08" "build" "--frozen" "--message-format=json", kill_on_drop: false }`
[INFO] [stdout] fdfe09a7aeb959f0ad1054dc4293dd980b66222095ee03f4417d2fb5c4edaffd
[INFO] running `Command { std: "docker" "start" "-a" "fdfe09a7aeb959f0ad1054dc4293dd980b66222095ee03f4417d2fb5c4edaffd", kill_on_drop: false }`
[INFO] [stderr]    Compiling proc-macro2 v1.0.92
[INFO] [stderr]    Compiling unicode-ident v1.0.14
[INFO] [stderr]    Compiling libc v0.2.168
[INFO] [stderr]    Compiling cfg-if v1.0.0
[INFO] [stderr]    Compiling byteorder v1.5.0
[INFO] [stderr]    Compiling libm v0.2.11
[INFO] [stderr]    Compiling autocfg v1.4.0
[INFO] [stderr]    Compiling num-traits v0.2.19
[INFO] [stderr]    Compiling quote v1.0.37
[INFO] [stderr]    Compiling getrandom v0.2.15
[INFO] [stderr]    Compiling syn v2.0.90
[INFO] [stderr]    Compiling rand_core v0.6.4
[INFO] [stderr]    Compiling zerocopy-derive v0.7.35
[INFO] [stderr]    Compiling zerocopy v0.7.35
[INFO] [stderr]    Compiling ppv-lite86 v0.2.20
[INFO] [stderr]    Compiling rand_chacha v0.3.1
[INFO] [stderr]    Compiling rand v0.8.5
[INFO] [stderr]    Compiling rand_distr v0.4.3
[INFO] [stderr]    Compiling derivative_pricer v0.2.1 (/opt/rustwide/workdir)
[INFO] [stderr]     Finished `dev` profile [unoptimized + debuginfo] target(s) in 11.83s
[INFO] running `Command { std: "docker" "inspect" "fdfe09a7aeb959f0ad1054dc4293dd980b66222095ee03f4417d2fb5c4edaffd", kill_on_drop: false }`
[INFO] running `Command { std: "docker" "rm" "-f" "fdfe09a7aeb959f0ad1054dc4293dd980b66222095ee03f4417d2fb5c4edaffd", kill_on_drop: false }`
[INFO] [stdout] fdfe09a7aeb959f0ad1054dc4293dd980b66222095ee03f4417d2fb5c4edaffd
[INFO] running `Command { std: "docker" "create" "-v" "/var/lib/crater-agent-workspace/builds/worker-5-tc2/target:/opt/rustwide/target:rw,Z" "-v" "/var/lib/crater-agent-workspace/builds/worker-5-tc2/source:/opt/rustwide/workdir:ro,Z" "-v" "/var/lib/crater-agent-workspace/cargo-home:/opt/rustwide/cargo-home:ro,Z" "-v" "/var/lib/crater-agent-workspace/rustup-home:/opt/rustwide/rustup-home:ro,Z" "-e" "SOURCE_DIR=/opt/rustwide/workdir" "-e" "CARGO_TARGET_DIR=/opt/rustwide/target" "-e" "CARGO_INCREMENTAL=0" "-e" "RUST_BACKTRACE=full" "-e" "RUSTFLAGS=--cap-lints=warn" "-e" "RUSTDOCFLAGS=--cap-lints=warn" "-e" "CARGO_HOME=/opt/rustwide/cargo-home" "-e" "RUSTUP_HOME=/opt/rustwide/rustup-home" "-w" "/opt/rustwide/workdir" "-m" "1610612736" "--user" "0:0" "--network" "none" "ghcr.io/rust-lang/crates-build-env/linux@sha256:f3a9d4ad9d972b27faf3965f35b62e55ba32bbce8f20bc8fe909558a86702fde" "/opt/rustwide/cargo-home/bin/cargo" "+beta-2024-12-08" "test" "--frozen" "--no-run" "--message-format=json", kill_on_drop: false }`
[INFO] [stdout] af6bfb075c5c8955fe86870138e72b3373fdcc4cd85e0d0e3c80e9006aab422d
[INFO] running `Command { std: "docker" "start" "-a" "af6bfb075c5c8955fe86870138e72b3373fdcc4cd85e0d0e3c80e9006aab422d", kill_on_drop: false }`
[INFO] [stderr]    Compiling derivative_pricer v0.2.1 (/opt/rustwide/workdir)
[INFO] [stderr]     Finished `test` profile [unoptimized + debuginfo] target(s) in 0.89s
[INFO] running `Command { std: "docker" "inspect" "af6bfb075c5c8955fe86870138e72b3373fdcc4cd85e0d0e3c80e9006aab422d", kill_on_drop: false }`
[INFO] running `Command { std: "docker" "rm" "-f" "af6bfb075c5c8955fe86870138e72b3373fdcc4cd85e0d0e3c80e9006aab422d", kill_on_drop: false }`
[INFO] [stdout] af6bfb075c5c8955fe86870138e72b3373fdcc4cd85e0d0e3c80e9006aab422d
[INFO] running `Command { std: "docker" "create" "-v" "/var/lib/crater-agent-workspace/builds/worker-5-tc2/target:/opt/rustwide/target:rw,Z" "-v" "/var/lib/crater-agent-workspace/builds/worker-5-tc2/source:/opt/rustwide/workdir:ro,Z" "-v" "/var/lib/crater-agent-workspace/cargo-home:/opt/rustwide/cargo-home:ro,Z" "-v" "/var/lib/crater-agent-workspace/rustup-home:/opt/rustwide/rustup-home:ro,Z" "-e" "SOURCE_DIR=/opt/rustwide/workdir" "-e" "CARGO_TARGET_DIR=/opt/rustwide/target" "-e" "CARGO_INCREMENTAL=0" "-e" "RUST_BACKTRACE=full" "-e" "RUSTFLAGS=--cap-lints=warn" "-e" "RUSTDOCFLAGS=--cap-lints=warn" "-e" "CARGO_HOME=/opt/rustwide/cargo-home" "-e" "RUSTUP_HOME=/opt/rustwide/rustup-home" "-w" "/opt/rustwide/workdir" "-m" "1610612736" "--user" "0:0" "--network" "none" "ghcr.io/rust-lang/crates-build-env/linux@sha256:f3a9d4ad9d972b27faf3965f35b62e55ba32bbce8f20bc8fe909558a86702fde" "/opt/rustwide/cargo-home/bin/cargo" "+beta-2024-12-08" "test" "--frozen", kill_on_drop: false }`
[INFO] [stdout] 5b5c6f0e44b09c150f673d36c25d7f9b2115216715d979a40a8fc016ddaaea42
[INFO] running `Command { std: "docker" "start" "-a" "5b5c6f0e44b09c150f673d36c25d7f9b2115216715d979a40a8fc016ddaaea42", kill_on_drop: false }`
[INFO] [stderr]     Finished `test` profile [unoptimized + debuginfo] target(s) in 0.05s
[INFO] [stderr]      Running unittests src/lib.rs (/opt/rustwide/target/debug/deps/derivative_pricer-d20b84e0bfdada4b)
[INFO] [stdout] 
[INFO] [stdout] running 39 tests
[INFO] [stdout] test random_number_generator::tests::get_gaussians_sequential_test ... ok
[INFO] [stdout] test random_number_generator::tests::get_gaussians_test ... ok
[INFO] [stdout] test random_number_generator::tests::get_uniforms_sequential_test ... ok
[INFO] [stdout] test random_number_generator::tests::get_uniforms_test ... ok
[INFO] [stdout] test raw_formulas::tests::call_delta_test ... ok
[INFO] [stdout] test raw_formulas::tests::call_gamma_test ... ok
[INFO] [stdout] test raw_formulas::tests::call_price_test ... ok
[INFO] [stdout] test raw_formulas::tests::call_put_parity_test_1 ... ok
[INFO] [stdout] test raw_formulas::tests::call_put_parity_test_2 ... ok
[INFO] [stdout] test raw_formulas::tests::call_rho_test ... ok
[INFO] [stdout] test raw_formulas::tests::call_theta_test ... ok
[INFO] [stdout] test raw_formulas::tests::call_vega_test ... ok
[INFO] [stdout] test raw_formulas::tests::digital_put_plus_digital_call_equals_zero_cupon ... ok
[INFO] [stdout] test raw_formulas::tests::forward_times_zero_cupon_is_spot ... ok
[INFO] [stdout] test raw_formulas::tests::put_delta_test ... ok
[INFO] [stdout] test raw_formulas::tests::put_gamma_test ... ok
[INFO] [stdout] test raw_formulas::tests::put_price_test ... ok
[INFO] [stdout] test raw_formulas::tests::put_rho_test ... ok
[INFO] [stdout] test raw_formulas::tests::put_theta_test ... ok
[INFO] [stdout] test raw_formulas::tests::put_vega_test ... ok
[INFO] [stdout] test statistics_gatherer::tests::stats_gatherer_test ... ok
[INFO] [stdout] test statistics_gatherer::tests::stats_gatherer_test2 ... ok
[INFO] [stdout] test monte_carlo_pricer::tests::vanilla_put_test2 ... ok
[INFO] [stdout] test stock::tests::stock_test1 ... ok
[INFO] [stdout] test stock::tests::stock_test2 ... ok
[INFO] [stdout] test stock::tests::stock_test3 ... ok
[INFO] [stdout] test utils::tests::cum_normal_test1 ... ok
[INFO] [stdout] test utils::tests::inv_cum_normal_test1 ... ok
[INFO] [stdout] test utils::tests::non_negative_float_test1 ... ok
[INFO] [stdout] test monte_carlo_pricer::tests::vanilla_call_test2 ... ok
[INFO] [stdout] test utils::tests::non_negative_float_test3 ... ok
[INFO] [stdout] test utils::tests::non_negative_float_test4 - should panic ... FAILED
[INFO] [stdout] test monte_carlo_pricer::tests::vanilla_put_test1 ... ok
[INFO] [stdout] test monte_carlo_pricer::tests::vanilla_call_test1 ... ok
[INFO] [stdout] test monte_carlo_pricer::tests::vanilla_put_test3 ... ok
[INFO] [stdout] test utils::tests::non_negative_float_test2 - should panic ... ok
[INFO] [stdout] test monte_carlo_pricer::tests::asian_call_test1 ... ok
[INFO] [stdout] test monte_carlo_pricer::tests::asian_put_test1 ... FAILED
[INFO] [stdout] test statistics_gatherer::tests::stats_gatherer_test3 ... ok
[INFO] [stdout] 
[INFO] [stdout] failures:
[INFO] [stdout] 
[INFO] [stdout] ---- utils::tests::non_negative_float_test4 stdout ----
[INFO] [stdout] note: test did not panic as expected
[INFO] [stdout] ---- monte_carlo_pricer::tests::asian_put_test1 stdout ----
[INFO] [stdout] thread 'monte_carlo_pricer::tests::asian_put_test1' panicked at src/monte_carlo_pricer.rs:200:9:
[INFO] [stdout] assertion failed: f64::abs(monte_carlo_pricer(&op, 0.03, None, 300000) - 1.86) < 0.01
[INFO] [stdout] stack backtrace:
[INFO] [stdout]    0:     0x58fa8cb081da - std::backtrace_rs::backtrace::libunwind::trace::h8810477743020387
[INFO] [stdout]                                at /rustc/202008a1b8de96d2e5b6bc02d379db03a877d34d/library/std/src/../../backtrace/src/backtrace/libunwind.rs:116:5
[INFO] [stdout]    1:     0x58fa8cb081da - std::backtrace_rs::backtrace::trace_unsynchronized::h3aa55355dd6c54a6
[INFO] [stdout]                                at /rustc/202008a1b8de96d2e5b6bc02d379db03a877d34d/library/std/src/../../backtrace/src/backtrace/mod.rs:66:5
[INFO] [stdout]    2:     0x58fa8cb081da - std::sys::backtrace::_print_fmt::h8588b0f62410823f
[INFO] [stdout]                                at /rustc/202008a1b8de96d2e5b6bc02d379db03a877d34d/library/std/src/sys/backtrace.rs:66:9
[INFO] [stdout]    3:     0x58fa8cb081da - <std::sys::backtrace::BacktraceLock::print::DisplayBacktrace as core::fmt::Display>::fmt::h98c26ac25ffe89bb
[INFO] [stdout]                                at /rustc/202008a1b8de96d2e5b6bc02d379db03a877d34d/library/std/src/sys/backtrace.rs:39:26
[INFO] [stdout]    4:     0x58fa8cb2e093 - core::fmt::rt::Argument::fmt::hf95377f4aebd453b
[INFO] [stdout]                                at /rustc/202008a1b8de96d2e5b6bc02d379db03a877d34d/library/core/src/fmt/rt.rs:177:76
[INFO] [stdout]    5:     0x58fa8cb2e093 - core::fmt::write::h0dd5f6e2238c7982
[INFO] [stdout]                                at /rustc/202008a1b8de96d2e5b6bc02d379db03a877d34d/library/core/src/fmt/mod.rs:1189:21
[INFO] [stdout]    6:     0x58fa8cb05373 - std::io::Write::write_fmt::h03bb0ca26e6faf8c
[INFO] [stdout]                                at /rustc/202008a1b8de96d2e5b6bc02d379db03a877d34d/library/std/src/io/mod.rs:1884:15
[INFO] [stdout]    7:     0x58fa8cb08022 - std::sys::backtrace::BacktraceLock::print::h5c19c1c038ee186d
[INFO] [stdout]                                at /rustc/202008a1b8de96d2e5b6bc02d379db03a877d34d/library/std/src/sys/backtrace.rs:42:9
[INFO] [stdout]    8:     0x58fa8cb0965d - std::panicking::default_hook::{{closure}}::h77172f079a1fcb13
[INFO] [stdout]                                at /rustc/202008a1b8de96d2e5b6bc02d379db03a877d34d/library/std/src/panicking.rs:268:22
[INFO] [stdout]    9:     0x58fa8cb09467 - std::panicking::default_hook::he5f8e3b203ccddba
[INFO] [stdout]                                at /rustc/202008a1b8de96d2e5b6bc02d379db03a877d34d/library/std/src/panicking.rs:292:9
[INFO] [stdout]   10:     0x58fa8ca98f97 - <alloc::boxed::Box<F,A> as core::ops::function::Fn<Args>>::call::h7a3c7b4a1ae77f2f
[INFO] [stdout]                                at /rustc/202008a1b8de96d2e5b6bc02d379db03a877d34d/library/alloc/src/boxed.rs:1986:9
[INFO] [stdout]   11:     0x58fa8ca98f97 - test::test_main::{{closure}}::hf0d3b69ae9b353d1
[INFO] [stdout]                                at /rustc/202008a1b8de96d2e5b6bc02d379db03a877d34d/library/test/src/lib.rs:134:21
[INFO] [stdout]   12:     0x58fa8cb09d08 - <alloc::boxed::Box<F,A> as core::ops::function::Fn<Args>>::call::h6332e82e7b189abd
[INFO] [stdout]                                at /rustc/202008a1b8de96d2e5b6bc02d379db03a877d34d/library/alloc/src/boxed.rs:1986:9
[INFO] [stdout]   13:     0x58fa8cb09d08 - std::panicking::rust_panic_with_hook::h53863d4e9018df39
[INFO] [stdout]                                at /rustc/202008a1b8de96d2e5b6bc02d379db03a877d34d/library/std/src/panicking.rs:809:13
[INFO] [stdout]   14:     0x58fa8cb09a96 - std::panicking::begin_panic_handler::{{closure}}::h67280e6fa0757873
[INFO] [stdout]                                at /rustc/202008a1b8de96d2e5b6bc02d379db03a877d34d/library/std/src/panicking.rs:667:13
[INFO] [stdout]   15:     0x58fa8cb086b9 - std::sys::backtrace::__rust_end_short_backtrace::h1dac3f54d6fbbeb2
[INFO] [stdout]                                at /rustc/202008a1b8de96d2e5b6bc02d379db03a877d34d/library/std/src/sys/backtrace.rs:170:18
[INFO] [stdout]   16:     0x58fa8cb0975c - rust_begin_unwind
[INFO] [stdout]                                at /rustc/202008a1b8de96d2e5b6bc02d379db03a877d34d/library/std/src/panicking.rs:665:5
[INFO] [stdout]   17:     0x58fa8ca4d020 - core::panicking::panic_fmt::h6792bd1b2bf01041
[INFO] [stdout]                                at /rustc/202008a1b8de96d2e5b6bc02d379db03a877d34d/library/core/src/panicking.rs:76:14
[INFO] [stdout]   18:     0x58fa8ca4d0ac - core::panicking::panic::hbb5c236a846c507c
[INFO] [stdout]                                at /rustc/202008a1b8de96d2e5b6bc02d379db03a877d34d/library/core/src/panicking.rs:148:5
[INFO] [stdout]   19:     0x58fa8ca58333 - derivative_pricer::monte_carlo_pricer::tests::asian_put_test1::h9388789a24fcac42
[INFO] [stdout]                                at /opt/rustwide/workdir/src/monte_carlo_pricer.rs:200:9
[INFO] [stdout]   20:     0x58fa8ca57cd7 - derivative_pricer::monte_carlo_pricer::tests::asian_put_test1::{{closure}}::h52280806eec4c2ea
[INFO] [stdout]                                at /opt/rustwide/workdir/src/monte_carlo_pricer.rs:171:25
[INFO] [stdout]   21:     0x58fa8ca4e966 - core::ops::function::FnOnce::call_once::h78a2ec3f69c3a615
[INFO] [stdout]                                at /rustc/202008a1b8de96d2e5b6bc02d379db03a877d34d/library/core/src/ops/function.rs:250:5
[INFO] [stdout]   22:     0x58fa8ca9dabb - core::ops::function::FnOnce::call_once::h871bf86719ec9aa4
[INFO] [stdout]                                at /rustc/202008a1b8de96d2e5b6bc02d379db03a877d34d/library/core/src/ops/function.rs:250:5
[INFO] [stdout]   23:     0x58fa8ca9dabb - test::__rust_begin_short_backtrace::h2167df1e2b7d76fd
[INFO] [stdout]                                at /rustc/202008a1b8de96d2e5b6bc02d379db03a877d34d/library/test/src/lib.rs:632:18
[INFO] [stdout]   24:     0x58fa8ca9d4a8 - test::run_test_in_process::{{closure}}::h15d92f75a3adfb79
[INFO] [stdout]                                at /rustc/202008a1b8de96d2e5b6bc02d379db03a877d34d/library/test/src/lib.rs:655:60
[INFO] [stdout]   25:     0x58fa8ca9d4a8 - <core::panic::unwind_safe::AssertUnwindSafe<F> as core::ops::function::FnOnce<()>>::call_once::hb6c8955835a8dbbb
[INFO] [stdout]                                at /rustc/202008a1b8de96d2e5b6bc02d379db03a877d34d/library/core/src/panic/unwind_safe.rs:272:9
[INFO] [stdout]   26:     0x58fa8ca9d4a8 - std::panicking::try::do_call::hc79d0fc888a0bd30
[INFO] [stdout]                                at /rustc/202008a1b8de96d2e5b6bc02d379db03a877d34d/library/std/src/panicking.rs:557:40
[INFO] [stdout]   27:     0x58fa8ca9d4a8 - std::panicking::try::hb8a7878e3a8589d6
[INFO] [stdout]                                at /rustc/202008a1b8de96d2e5b6bc02d379db03a877d34d/library/std/src/panicking.rs:520:19
[INFO] [stdout]   28:     0x58fa8ca9d4a8 - std::panic::catch_unwind::hb8e4600ff0ff5cfa
[INFO] [stdout]                                at /rustc/202008a1b8de96d2e5b6bc02d379db03a877d34d/library/std/src/panic.rs:358:14
[INFO] [stdout]   29:     0x58fa8ca9d4a8 - test::run_test_in_process::hc2900b0b18688dd6
[INFO] [stdout]                                at /rustc/202008a1b8de96d2e5b6bc02d379db03a877d34d/library/test/src/lib.rs:655:27
[INFO] [stdout]   30:     0x58fa8ca9d4a8 - test::run_test::{{closure}}::hac2a9cb07be3d48d
[INFO] [stdout]                                at /rustc/202008a1b8de96d2e5b6bc02d379db03a877d34d/library/test/src/lib.rs:576:43
[INFO] [stdout]   31:     0x58fa8ca60f4a - test::run_test::{{closure}}::h4a5b729e66a38cd8
[INFO] [stdout]                                at /rustc/202008a1b8de96d2e5b6bc02d379db03a877d34d/library/test/src/lib.rs:606:41
[INFO] [stdout]   32:     0x58fa8ca60f4a - std::sys::backtrace::__rust_begin_short_backtrace::h0496fb742492f573
[INFO] [stdout]                                at /rustc/202008a1b8de96d2e5b6bc02d379db03a877d34d/library/std/src/sys/backtrace.rs:154:18
[INFO] [stdout]   33:     0x58fa8ca648c4 - std::thread::Builder::spawn_unchecked_::{{closure}}::{{closure}}::hbb6d257c550a54bd
[INFO] [stdout]                                at /rustc/202008a1b8de96d2e5b6bc02d379db03a877d34d/library/std/src/thread/mod.rs:561:17
[INFO] [stdout]   34:     0x58fa8ca648c4 - <core::panic::unwind_safe::AssertUnwindSafe<F> as core::ops::function::FnOnce<()>>::call_once::h46696fe4a6832328
[INFO] [stdout]                                at /rustc/202008a1b8de96d2e5b6bc02d379db03a877d34d/library/core/src/panic/unwind_safe.rs:272:9
[INFO] [stdout]   35:     0x58fa8ca648c4 - std::panicking::try::do_call::h2625a51b667bfb64
[INFO] [stdout]                                at /rustc/202008a1b8de96d2e5b6bc02d379db03a877d34d/library/std/src/panicking.rs:557:40
[INFO] [stdout]   36:     0x58fa8ca648c4 - std::panicking::try::hb956a59a1973aa4c
[INFO] [stdout]                                at /rustc/202008a1b8de96d2e5b6bc02d379db03a877d34d/library/std/src/panicking.rs:520:19
[INFO] [stdout]   37:     0x58fa8ca648c4 - std::panic::catch_unwind::h64f3b9d1067ef6a0
[INFO] [stdout]                                at /rustc/202008a1b8de96d2e5b6bc02d379db03a877d34d/library/std/src/panic.rs:358:14
[INFO] [stdout]   38:     0x58fa8ca648c4 - std::thread::Builder::spawn_unchecked_::{{closure}}::h42b2841295b6c0b2
[INFO] [stdout]                                at /rustc/202008a1b8de96d2e5b6bc02d379db03a877d34d/library/std/src/thread/mod.rs:559:30
[INFO] [stdout]   39:     0x58fa8ca648c4 - core::ops::function::FnOnce::call_once{{vtable.shim}}::h6127de71b8124639
[INFO] [stdout]                                at /rustc/202008a1b8de96d2e5b6bc02d379db03a877d34d/library/core/src/ops/function.rs:250:5
[INFO] [stdout]   40:     0x58fa8cb0dc4b - <alloc::boxed::Box<F,A> as core::ops::function::FnOnce<Args>>::call_once::h42f0ba71002a1b2c
[INFO] [stdout]                                at /rustc/202008a1b8de96d2e5b6bc02d379db03a877d34d/library/alloc/src/boxed.rs:1972:9
[INFO] [stdout]   41:     0x58fa8cb0dc4b - <alloc::boxed::Box<F,A> as core::ops::function::FnOnce<Args>>::call_once::had9e47d7a3dcecb8
[INFO] [stdout]                                at /rustc/202008a1b8de96d2e5b6bc02d379db03a877d34d/library/alloc/src/boxed.rs:1972:9
[INFO] [stdout]   42:     0x58fa8cb0dc4b - std::sys::pal::unix::thread::Thread::new::thread_start::h48cf765408f6f5f2
[INFO] [stdout]                                at /rustc/202008a1b8de96d2e5b6bc02d379db03a877d34d/library/std/src/sys/pal/unix/thread.rs:105:17
[INFO] [stdout]   43:     0x78602b48bac3 - <unknown>
[INFO] [stdout]   44:     0x78602b51ca04 - clone
[INFO] [stdout]   45:                0x0 - <unknown>
[INFO] [stdout] 
[INFO] [stdout] 
[INFO] [stdout] failures:
[INFO] [stdout]     monte_carlo_pricer::tests::asian_put_test1
[INFO] [stdout]     utils::tests::non_negative_float_test4
[INFO] [stdout] 
[INFO] [stdout] test result: FAILED. 37 passed; 2 failed; 0 ignored; 0 measured; 0 filtered out; finished in 48.55s
[INFO] [stdout] 
[INFO] [stderr] error: test failed, to rerun pass `--lib`
[INFO] running `Command { std: "docker" "inspect" "5b5c6f0e44b09c150f673d36c25d7f9b2115216715d979a40a8fc016ddaaea42", kill_on_drop: false }`
[INFO] running `Command { std: "docker" "rm" "-f" "5b5c6f0e44b09c150f673d36c25d7f9b2115216715d979a40a8fc016ddaaea42", kill_on_drop: false }`
[INFO] [stdout] 5b5c6f0e44b09c150f673d36c25d7f9b2115216715d979a40a8fc016ddaaea42
