[INFO] fetching crate derivative 2.2.0...
[INFO] testing derivative-2.2.0 against 1.83.0 for beta-1.84.0-4-retry
[INFO] extracting crate derivative 2.2.0 into /workspace/builds/worker-5-tc1/source
[INFO] validating manifest of crates.io crate derivative 2.2.0 on toolchain 1.83.0
[INFO] running `Command { std: CARGO_HOME="/workspace/cargo-home" RUSTUP_HOME="/workspace/rustup-home" "/workspace/cargo-home/bin/cargo" "+1.83.0" "metadata" "--manifest-path" "Cargo.toml" "--no-deps", kill_on_drop: false }`
[INFO] started tweaking crates.io crate derivative 2.2.0
[INFO] finished tweaking crates.io crate derivative 2.2.0
[INFO] tweaked toml for crates.io crate derivative 2.2.0 written to /workspace/builds/worker-5-tc1/source/Cargo.toml
[INFO] running `Command { std: CARGO_HOME="/workspace/cargo-home" RUSTUP_HOME="/workspace/rustup-home" "/workspace/cargo-home/bin/cargo" "+1.83.0" "generate-lockfile" "--manifest-path" "Cargo.toml", kill_on_drop: false }`
[INFO] [stderr]     Updating crates.io index
[INFO] [stderr]      Locking 27 packages to latest compatible versions
[INFO] [stderr]       Adding syn v1.0.109 (available: v2.0.90)
[INFO] [stderr]       Adding trybuild v1.0.22 (available: v1.0.101)
[INFO] running `Command { std: CARGO_HOME="/workspace/cargo-home" RUSTUP_HOME="/workspace/rustup-home" "/workspace/cargo-home/bin/cargo" "+1.83.0" "fetch" "--manifest-path" "Cargo.toml", kill_on_drop: false }`
[INFO] [stderr] warning: no edition set: defaulting to the 2015 edition while the latest is 2021
[INFO] [stderr]  Downloading crates ...
[INFO] [stderr]   Downloaded trybuild v1.0.22
[INFO] running `Command { std: "docker" "create" "-v" "/var/lib/crater-agent-workspace/builds/worker-5-tc1/target:/opt/rustwide/target:rw,Z" "-v" "/var/lib/crater-agent-workspace/builds/worker-5-tc1/source:/opt/rustwide/workdir:ro,Z" "-v" "/var/lib/crater-agent-workspace/cargo-home:/opt/rustwide/cargo-home:ro,Z" "-v" "/var/lib/crater-agent-workspace/rustup-home:/opt/rustwide/rustup-home:ro,Z" "-e" "SOURCE_DIR=/opt/rustwide/workdir" "-e" "CARGO_TARGET_DIR=/opt/rustwide/target" "-e" "CARGO_HOME=/opt/rustwide/cargo-home" "-e" "RUSTUP_HOME=/opt/rustwide/rustup-home" "-w" "/opt/rustwide/workdir" "-m" "1610612736" "--user" "0:0" "--network" "none" "ghcr.io/rust-lang/crates-build-env/linux@sha256:f3a9d4ad9d972b27faf3965f35b62e55ba32bbce8f20bc8fe909558a86702fde" "/opt/rustwide/cargo-home/bin/cargo" "+1.83.0" "metadata" "--no-deps" "--format-version=1", kill_on_drop: false }`
[INFO] [stdout] 8a60811b831b37459a2a88896944ea77333fd0aa967f3b88a68cb1b7de5f6b8b
[INFO] running `Command { std: "docker" "start" "-a" "8a60811b831b37459a2a88896944ea77333fd0aa967f3b88a68cb1b7de5f6b8b", kill_on_drop: false }`
[INFO] running `Command { std: "docker" "inspect" "8a60811b831b37459a2a88896944ea77333fd0aa967f3b88a68cb1b7de5f6b8b", kill_on_drop: false }`
[INFO] running `Command { std: "docker" "rm" "-f" "8a60811b831b37459a2a88896944ea77333fd0aa967f3b88a68cb1b7de5f6b8b", kill_on_drop: false }`
[INFO] [stdout] 8a60811b831b37459a2a88896944ea77333fd0aa967f3b88a68cb1b7de5f6b8b
[INFO] running `Command { std: "docker" "create" "-v" "/var/lib/crater-agent-workspace/builds/worker-5-tc1/target:/opt/rustwide/target:rw,Z" "-v" "/var/lib/crater-agent-workspace/builds/worker-5-tc1/source:/opt/rustwide/workdir:ro,Z" "-v" "/var/lib/crater-agent-workspace/cargo-home:/opt/rustwide/cargo-home:ro,Z" "-v" "/var/lib/crater-agent-workspace/rustup-home:/opt/rustwide/rustup-home:ro,Z" "-e" "SOURCE_DIR=/opt/rustwide/workdir" "-e" "CARGO_TARGET_DIR=/opt/rustwide/target" "-e" "CARGO_INCREMENTAL=0" "-e" "RUST_BACKTRACE=full" "-e" "RUSTFLAGS=--cap-lints=warn" "-e" "RUSTDOCFLAGS=--cap-lints=warn" "-e" "CARGO_HOME=/opt/rustwide/cargo-home" "-e" "RUSTUP_HOME=/opt/rustwide/rustup-home" "-w" "/opt/rustwide/workdir" "-m" "1610612736" "--user" "0:0" "--network" "none" "ghcr.io/rust-lang/crates-build-env/linux@sha256:f3a9d4ad9d972b27faf3965f35b62e55ba32bbce8f20bc8fe909558a86702fde" "/opt/rustwide/cargo-home/bin/cargo" "+1.83.0" "build" "--frozen" "--message-format=json", kill_on_drop: false }`
[INFO] [stdout] 836b22727529472ac78042f1f91e17dc5a610a77c8ddd43e5dd563832e5c5be2
[INFO] running `Command { std: "docker" "start" "-a" "836b22727529472ac78042f1f91e17dc5a610a77c8ddd43e5dd563832e5c5be2", kill_on_drop: false }`
[INFO] [stderr] warning: no edition set: defaulting to the 2015 edition while the latest is 2021
[INFO] [stderr]    Compiling proc-macro2 v1.0.92
[INFO] [stderr]    Compiling unicode-ident v1.0.14
[INFO] [stderr]    Compiling syn v1.0.109
[INFO] [stderr]    Compiling quote v1.0.37
[INFO] [stderr]    Compiling derivative v2.2.0 (/opt/rustwide/workdir)
[INFO] [stdout] warning: field `span` is never read
[INFO] [stdout]   --> src/ast.rs:34:9
[INFO] [stdout]    |
[INFO] [stdout] 30 | pub struct Field<'a> {
[INFO] [stdout]    |            ----- field in this struct
[INFO] [stdout] ...
[INFO] [stdout] 34 |     pub span: proc_macro2::Span,
[INFO] [stdout]    |         ^^^^
[INFO] [stdout]    |
[INFO] [stdout]    = note: `Field` has a derived impl for the trait `Debug`, but this is intentionally ignored during dead code analysis
[INFO] [stdout]    = note: `#[warn(dead_code)]` on by default
[INFO] [stdout] 
[INFO] [stdout] 
[INFO] [stderr]     Finished `dev` profile [unoptimized + debuginfo] target(s) in 9.18s
[INFO] running `Command { std: "docker" "inspect" "836b22727529472ac78042f1f91e17dc5a610a77c8ddd43e5dd563832e5c5be2", kill_on_drop: false }`
[INFO] running `Command { std: "docker" "rm" "-f" "836b22727529472ac78042f1f91e17dc5a610a77c8ddd43e5dd563832e5c5be2", kill_on_drop: false }`
[INFO] [stdout] 836b22727529472ac78042f1f91e17dc5a610a77c8ddd43e5dd563832e5c5be2
[INFO] running `Command { std: "docker" "create" "-v" "/var/lib/crater-agent-workspace/builds/worker-5-tc1/target:/opt/rustwide/target:rw,Z" "-v" "/var/lib/crater-agent-workspace/builds/worker-5-tc1/source:/opt/rustwide/workdir:ro,Z" "-v" "/var/lib/crater-agent-workspace/cargo-home:/opt/rustwide/cargo-home:ro,Z" "-v" "/var/lib/crater-agent-workspace/rustup-home:/opt/rustwide/rustup-home:ro,Z" "-e" "SOURCE_DIR=/opt/rustwide/workdir" "-e" "CARGO_TARGET_DIR=/opt/rustwide/target" "-e" "CARGO_INCREMENTAL=0" "-e" "RUST_BACKTRACE=full" "-e" "RUSTFLAGS=--cap-lints=warn" "-e" "RUSTDOCFLAGS=--cap-lints=warn" "-e" "CARGO_HOME=/opt/rustwide/cargo-home" "-e" "RUSTUP_HOME=/opt/rustwide/rustup-home" "-w" "/opt/rustwide/workdir" "-m" "1610612736" "--user" "0:0" "--network" "none" "ghcr.io/rust-lang/crates-build-env/linux@sha256:f3a9d4ad9d972b27faf3965f35b62e55ba32bbce8f20bc8fe909558a86702fde" "/opt/rustwide/cargo-home/bin/cargo" "+1.83.0" "test" "--frozen" "--no-run" "--message-format=json", kill_on_drop: false }`
[INFO] [stdout] 914f09488158725ca9de8f018435afe8d40ca818e861aeb4646672d267bfcbb5
[INFO] running `Command { std: "docker" "start" "-a" "914f09488158725ca9de8f018435afe8d40ca818e861aeb4646672d267bfcbb5", kill_on_drop: false }`
[INFO] [stderr] warning: no edition set: defaulting to the 2015 edition while the latest is 2021
[INFO] [stderr]    Compiling proc-macro2 v1.0.92
[INFO] [stderr]    Compiling unicode-ident v1.0.14
[INFO] [stderr]    Compiling serde v1.0.216
[INFO] [stderr]    Compiling serde_json v1.0.133
[INFO] [stderr]    Compiling ryu v1.0.18
[INFO] [stderr]    Compiling memchr v2.7.4
[INFO] [stderr]    Compiling itoa v1.0.14
[INFO] [stderr]    Compiling syn v1.0.109
[INFO] [stderr]    Compiling termcolor v1.4.1
[INFO] [stderr]    Compiling glob v0.3.1
[INFO] [stderr]    Compiling lazy_static v1.5.0
[INFO] [stderr]    Compiling quote v1.0.37
[INFO] [stderr]    Compiling syn v2.0.90
[INFO] [stderr]    Compiling serde_derive v1.0.216
[INFO] [stderr]    Compiling derivative v2.2.0 (/opt/rustwide/workdir)
[INFO] [stdout] warning: field `span` is never read
[INFO] [stdout]   --> src/ast.rs:34:9
[INFO] [stdout]    |
[INFO] [stdout] 30 | pub struct Field<'a> {
[INFO] [stdout]    |            ----- field in this struct
[INFO] [stdout] ...
[INFO] [stdout] 34 |     pub span: proc_macro2::Span,
[INFO] [stdout]    |         ^^^^
[INFO] [stdout]    |
[INFO] [stdout]    = note: `Field` has a derived impl for the trait `Debug`, but this is intentionally ignored during dead code analysis
[INFO] [stdout]    = note: `#[warn(dead_code)]` on by default
[INFO] [stdout] 
[INFO] [stdout] 
[INFO] [stderr]    Compiling toml v0.5.11
[INFO] [stderr]    Compiling trybuild v1.0.22
[INFO] [stdout] warning: ambiguous wide pointer comparison, the comparison includes metadata which may not be expected
[INFO] [stdout]   --> tests/derive-eq.rs:24:9
[INFO] [stdout]    |
[INFO] [stdout] 24 |         self.foo == other.foo
[INFO] [stdout]    |         ^^^^^^^^^^^^^^^^^^^^^
[INFO] [stdout]    |
[INFO] [stdout]    = note: `#[warn(ambiguous_wide_pointer_comparisons)]` on by default
[INFO] [stdout] help: use `std::ptr::addr_eq` or untyped pointers to only compare their addresses
[INFO] [stdout]    |
[INFO] [stdout] 24 |         std::ptr::addr_eq(self.foo, other.foo)
[INFO] [stdout]    |         ++++++++++++++++++        ~          +
[INFO] [stdout] help: use explicit `std::ptr::eq` method to compare metadata and addresses
[INFO] [stdout]    |
[INFO] [stdout] 24 |         std::ptr::eq(self.foo, other.foo)
[INFO] [stdout]    |         +++++++++++++        ~          +
[INFO] [stdout] 
[INFO] [stdout] 
[INFO] [stdout] warning: struct `S` is never constructed
[INFO] [stdout]   --> tests/rustc-deriving-clone-tuple-struct.rs:21:8
[INFO] [stdout]    |
[INFO] [stdout] 21 | struct S((), ());
[INFO] [stdout]    |        ^
[INFO] [stdout]    |
[INFO] [stdout]    = note: `#[warn(dead_code)]` on by default
[INFO] [stdout] 
[INFO] [stdout] 
[INFO] [stdout] warning: trait `Foo` is never used
[INFO] [stdout]  --> tests/issue-55.rs:7:7
[INFO] [stdout]   |
[INFO] [stdout] 7 | trait Foo {}
[INFO] [stdout]   |       ^^^
[INFO] [stdout]   |
[INFO] [stdout]   = note: `#[warn(dead_code)]` on by default
[INFO] [stdout] 
[INFO] [stdout] 
[INFO] [stdout] warning: struct `Test` is never constructed
[INFO] [stdout]   --> tests/issue-82.rs:10:8
[INFO] [stdout]    |
[INFO] [stdout] 10 | struct Test {
[INFO] [stdout]    |        ^^^^
[INFO] [stdout]    |
[INFO] [stdout]    = note: `#[warn(dead_code)]` on by default
[INFO] [stdout] 
[INFO] [stdout] 
[INFO] [stdout] warning: function `fmt` is never used
[INFO] [stdout]  --> tests/issue-55.rs:9:4
[INFO] [stdout]   |
[INFO] [stdout] 9 | fn fmt<T>(_: &T, _: &mut std::fmt::Formatter) -> std::fmt::Result {
[INFO] [stdout]   |    ^^^
[INFO] [stdout] 
[INFO] [stdout] 
[INFO] [stdout] warning: struct `Qux` is never constructed
[INFO] [stdout]   --> tests/issue-55.rs:14:8
[INFO] [stdout]    |
[INFO] [stdout] 14 | struct Qux<'a, T: Foo>(&'a T);
[INFO] [stdout]    |        ^^^
[INFO] [stdout] 
[INFO] [stdout] 
[INFO] [stdout] warning: method `dummy` is never used
[INFO] [stdout]   --> tests/rustc-issue-19358.rs:14:18
[INFO] [stdout]    |
[INFO] [stdout] 14 | trait Trait { fn dummy(&self) { } }
[INFO] [stdout]    |       -----      ^^^^^
[INFO] [stdout]    |       |
[INFO] [stdout]    |       method in this trait
[INFO] [stdout]    |
[INFO] [stdout]    = note: `#[warn(dead_code)]` on by default
[INFO] [stdout] 
[INFO] [stdout] 
[INFO] [stdout] warning: ambiguous wide pointer comparison, the comparison includes metadata which may not be expected
[INFO] [stdout]   --> tests/derive-eq-packed.rs:26:9
[INFO] [stdout]    |
[INFO] [stdout] 26 |         self.foo == other.foo
[INFO] [stdout]    |         ^^^^^^^^^^^^^^^^^^^^^
[INFO] [stdout]    |
[INFO] [stdout]    = note: `#[warn(ambiguous_wide_pointer_comparisons)]` on by default
[INFO] [stdout] help: use `std::ptr::addr_eq` or untyped pointers to only compare their addresses
[INFO] [stdout]    |
[INFO] [stdout] 26 |         std::ptr::addr_eq(self.foo, other.foo)
[INFO] [stdout]    |         ++++++++++++++++++        ~          +
[INFO] [stdout] help: use explicit `std::ptr::eq` method to compare metadata and addresses
[INFO] [stdout]    |
[INFO] [stdout] 26 |         std::ptr::eq(self.foo, other.foo)
[INFO] [stdout]    |         +++++++++++++        ~          +
[INFO] [stdout] 
[INFO] [stdout] 
[INFO] [stdout] warning: unused return value of `must_use` that must be used
[INFO] [stdout]   --> tests/rustc-deriving-in-fn.rs:26:5
[INFO] [stdout]    |
[INFO] [stdout] 26 |     format!("{:?}", f);
[INFO] [stdout]    |     ^^^^^^^^^^^^^^^^^^
[INFO] [stdout]    |
[INFO] [stdout]    = note: `#[warn(unused_must_use)]` on by default
[INFO] [stdout]    = note: this warning originates in the macro `format` (in Nightly builds, run with -Z macro-backtrace for more info)
[INFO] [stdout] 
[INFO] [stdout] 
[INFO] [stdout] warning: field `span` is never read
[INFO] [stdout]   --> src/ast.rs:34:9
[INFO] [stdout]    |
[INFO] [stdout] 30 | pub struct Field<'a> {
[INFO] [stdout]    |            ----- field in this struct
[INFO] [stdout] ...
[INFO] [stdout] 34 |     pub span: proc_macro2::Span,
[INFO] [stdout]    |         ^^^^
[INFO] [stdout]    |
[INFO] [stdout]    = note: `Field` has a derived impl for the trait `Debug`, but this is intentionally ignored during dead code analysis
[INFO] [stdout]    = note: `#[warn(dead_code)]` on by default
[INFO] [stdout] 
[INFO] [stdout] 
[INFO] [stdout] warning: struct `CopyArray` is never constructed
[INFO] [stdout]   --> tests/rustc-issue-28561.rs:61:8
[INFO] [stdout]    |
[INFO] [stdout] 61 | struct CopyArray<T: Copy> {
[INFO] [stdout]    |        ^^^^^^^^^
[INFO] [stdout]    |
[INFO] [stdout]    = note: `#[warn(dead_code)]` on by default
[INFO] [stdout] 
[INFO] [stdout] 
[INFO] [stdout] warning: struct `Fn` is never constructed
[INFO] [stdout]    --> tests/rustc-issue-28561.rs:100:8
[INFO] [stdout]     |
[INFO] [stdout] 100 | struct Fn<A, B, C, D, E, F, G, H, I, J, K, L> {
[INFO] [stdout]     |        ^^
[INFO] [stdout] 
[INFO] [stdout] 
[INFO] [stderr]     Finished `test` profile [unoptimized + debuginfo] target(s) in 47.23s
[INFO] running `Command { std: "docker" "inspect" "914f09488158725ca9de8f018435afe8d40ca818e861aeb4646672d267bfcbb5", kill_on_drop: false }`
[INFO] running `Command { std: "docker" "rm" "-f" "914f09488158725ca9de8f018435afe8d40ca818e861aeb4646672d267bfcbb5", kill_on_drop: false }`
[INFO] [stdout] 914f09488158725ca9de8f018435afe8d40ca818e861aeb4646672d267bfcbb5
[INFO] running `Command { std: "docker" "create" "-v" "/var/lib/crater-agent-workspace/builds/worker-5-tc1/target:/opt/rustwide/target:rw,Z" "-v" "/var/lib/crater-agent-workspace/builds/worker-5-tc1/source:/opt/rustwide/workdir:ro,Z" "-v" "/var/lib/crater-agent-workspace/cargo-home:/opt/rustwide/cargo-home:ro,Z" "-v" "/var/lib/crater-agent-workspace/rustup-home:/opt/rustwide/rustup-home:ro,Z" "-e" "SOURCE_DIR=/opt/rustwide/workdir" "-e" "CARGO_TARGET_DIR=/opt/rustwide/target" "-e" "CARGO_INCREMENTAL=0" "-e" "RUST_BACKTRACE=full" "-e" "RUSTFLAGS=--cap-lints=warn" "-e" "RUSTDOCFLAGS=--cap-lints=warn" "-e" "CARGO_HOME=/opt/rustwide/cargo-home" "-e" "RUSTUP_HOME=/opt/rustwide/rustup-home" "-w" "/opt/rustwide/workdir" "-m" "1610612736" "--user" "0:0" "--network" "none" "ghcr.io/rust-lang/crates-build-env/linux@sha256:f3a9d4ad9d972b27faf3965f35b62e55ba32bbce8f20bc8fe909558a86702fde" "/opt/rustwide/cargo-home/bin/cargo" "+1.83.0" "test" "--frozen", kill_on_drop: false }`
[INFO] [stdout] c2279d3339229c3b716368d9a8a2222dd5c2799f85bfd59d9f614ca50b476663
[INFO] running `Command { std: "docker" "start" "-a" "c2279d3339229c3b716368d9a8a2222dd5c2799f85bfd59d9f614ca50b476663", kill_on_drop: false }`
[INFO] [stderr] warning: no edition set: defaulting to the 2015 edition while the latest is 2021
[INFO] [stderr] warning: field `span` is never read
[INFO] [stderr]   --> src/ast.rs:34:9
[INFO] [stderr]    |
[INFO] [stderr] 30 | pub struct Field<'a> {
[INFO] [stderr]    |            ----- field in this struct
[INFO] [stderr] ...
[INFO] [stderr] 34 |     pub span: proc_macro2::Span,
[INFO] [stderr]    |         ^^^^
[INFO] [stderr]    |
[INFO] [stderr]    = note: `Field` has a derived impl for the trait `Debug`, but this is intentionally ignored during dead code analysis
[INFO] [stderr]    = note: `#[warn(dead_code)]` on by default
[INFO] [stderr] 
[INFO] [stderr] warning: `derivative` (lib) generated 1 warning
[INFO] [stderr] warning: method `dummy` is never used
[INFO] [stderr]   --> tests/rustc-issue-19358.rs:14:18
[INFO] [stderr]    |
[INFO] [stderr] 14 | trait Trait { fn dummy(&self) { } }
[INFO] [stderr]    |       -----      ^^^^^
[INFO] [stderr]    |       |
[INFO] [stderr]    |       method in this trait
[INFO] [stderr]    |
[INFO] [stderr]    = note: `#[warn(dead_code)]` on by default
[INFO] [stderr] 
[INFO] [stderr] warning: `derivative` (test "rustc-issue-19358") generated 1 warning
[INFO] [stderr] warning: struct `CopyArray` is never constructed
[INFO] [stderr]   --> tests/rustc-issue-28561.rs:61:8
[INFO] [stderr]    |
[INFO] [stderr] 61 | struct CopyArray<T: Copy> {
[INFO] [stderr]    |        ^^^^^^^^^
[INFO] [stderr]    |
[INFO] [stderr]    = note: `#[warn(dead_code)]` on by default
[INFO] [stderr] 
[INFO] [stderr] warning: struct `Fn` is never constructed
[INFO] [stderr]    --> tests/rustc-issue-28561.rs:100:8
[INFO] [stderr]     |
[INFO] [stderr] 100 | struct Fn<A, B, C, D, E, F, G, H, I, J, K, L> {
[INFO] [stderr]     |        ^^
[INFO] [stderr] 
[INFO] [stderr] warning: `derivative` (lib test) generated 1 warning (1 duplicate)
[INFO] [stderr] warning: `derivative` (test "rustc-issue-28561") generated 2 warnings
[INFO] [stderr] warning: trait `Foo` is never used
[INFO] [stderr]  --> tests/issue-55.rs:7:7
[INFO] [stderr]   |
[INFO] [stderr] 7 | trait Foo {}
[INFO] [stderr]   |       ^^^
[INFO] [stderr]   |
[INFO] [stderr]   = note: `#[warn(dead_code)]` on by default
[INFO] [stderr] 
[INFO] [stderr] warning: function `fmt` is never used
[INFO] [stderr]  --> tests/issue-55.rs:9:4
[INFO] [stderr]   |
[INFO] [stderr] 9 | fn fmt<T>(_: &T, _: &mut std::fmt::Formatter) -> std::fmt::Result {
[INFO] [stderr]   |    ^^^
[INFO] [stderr] 
[INFO] [stderr] warning: struct `Qux` is never constructed
[INFO] [stderr]   --> tests/issue-55.rs:14:8
[INFO] [stderr]    |
[INFO] [stderr] 14 | struct Qux<'a, T: Foo>(&'a T);
[INFO] [stderr]    |        ^^^
[INFO] [stderr] 
[INFO] [stderr] warning: `derivative` (test "issue-55") generated 3 warnings
[INFO] [stderr] warning: ambiguous wide pointer comparison, the comparison includes metadata which may not be expected
[INFO] [stderr]   --> tests/derive-eq-packed.rs:26:9
[INFO] [stderr]    |
[INFO] [stderr] 26 |         self.foo == other.foo
[INFO] [stderr]    |         ^^^^^^^^^^^^^^^^^^^^^
[INFO] [stderr]    |
[INFO] [stderr]    = note: `#[warn(ambiguous_wide_pointer_comparisons)]` on by default
[INFO] [stderr] help: use `std::ptr::addr_eq` or untyped pointers to only compare their addresses
[INFO] [stderr]    |
[INFO] [stderr] 26 |         std::ptr::addr_eq(self.foo, other.foo)
[INFO] [stderr]    |         ++++++++++++++++++        ~          +
[INFO] [stderr] help: use explicit `std::ptr::eq` method to compare metadata and addresses
[INFO] [stderr]    |
[INFO] [stderr] 26 |         std::ptr::eq(self.foo, other.foo)
[INFO] [stderr]    |         +++++++++++++        ~          +
[INFO] [stderr] 
[INFO] [stderr] warning: `derivative` (test "derive-eq-packed") generated 1 warning
[INFO] [stderr] warning: ambiguous wide pointer comparison, the comparison includes metadata which may not be expected
[INFO] [stderr]   --> tests/derive-eq.rs:24:9
[INFO] [stderr]    |
[INFO] [stderr] 24 |         self.foo == other.foo
[INFO] [stderr]    |         ^^^^^^^^^^^^^^^^^^^^^
[INFO] [stderr]    |
[INFO] [stderr]    = note: `#[warn(ambiguous_wide_pointer_comparisons)]` on by default
[INFO] [stderr] help: use `std::ptr::addr_eq` or untyped pointers to only compare their addresses
[INFO] [stderr]    |
[INFO] [stderr] 24 |         std::ptr::addr_eq(self.foo, other.foo)
[INFO] [stderr]    |         ++++++++++++++++++        ~          +
[INFO] [stderr] help: use explicit `std::ptr::eq` method to compare metadata and addresses
[INFO] [stderr]    |
[INFO] [stderr] 24 |         std::ptr::eq(self.foo, other.foo)
[INFO] [stderr]    |         +++++++++++++        ~          +
[INFO] [stderr] 
[INFO] [stderr] warning: `derivative` (test "derive-eq") generated 1 warning
[INFO] [stderr] warning: unused return value of `must_use` that must be used
[INFO] [stderr]   --> tests/rustc-deriving-in-fn.rs:26:5
[INFO] [stderr]    |
[INFO] [stderr] 26 |     format!("{:?}", f);
[INFO] [stderr]    |     ^^^^^^^^^^^^^^^^^^
[INFO] [stderr]    |
[INFO] [stderr]    = note: `#[warn(unused_must_use)]` on by default
[INFO] [stderr]    = note: this warning originates in the macro `format` (in Nightly builds, run with -Z macro-backtrace for more info)
[INFO] [stderr] 
[INFO] [stderr] warning: struct `Test` is never constructed
[INFO] [stderr]   --> tests/issue-82.rs:10:8
[INFO] [stderr]    |
[INFO] [stderr] 10 | struct Test {
[INFO] [stderr]    |        ^^^^
[INFO] [stderr]    |
[INFO] [stderr]    = note: `#[warn(dead_code)]` on by default
[INFO] [stderr] 
[INFO] [stderr] warning: struct `S` is never constructed
[INFO] [stderr]   --> tests/rustc-deriving-clone-tuple-struct.rs:21:8
[INFO] [stderr]    |
[INFO] [stderr] 21 | struct S((), ());
[INFO] [stderr]    |        ^
[INFO] [stderr]    |
[INFO] [stderr]    = note: `#[warn(dead_code)]` on by default
[INFO] [stderr] 
[INFO] [stderr] warning: `derivative` (test "rustc-deriving-in-fn") generated 1 warning
[INFO] [stderr] warning: `derivative` (test "issue-82") generated 1 warning
[INFO] [stderr] warning: `derivative` (test "rustc-deriving-clone-tuple-struct") generated 1 warning
[INFO] [stderr]     Finished `test` profile [unoptimized + debuginfo] target(s) in 0.07s
[INFO] [stderr]      Running unittests src/lib.rs (/opt/rustwide/target/debug/deps/derivative-f61ee17d557d88ec)
[INFO] [stdout] 
[INFO] [stdout] running 0 tests
[INFO] [stdout] 
[INFO] [stdout] test result: ok. 0 passed; 0 failed; 0 ignored; 0 measured; 0 filtered out; finished in 0.00s
[INFO] [stdout] 
[INFO] [stderr]      Running tests/clippy-warning-clone-from.rs (/opt/rustwide/target/debug/deps/clippy_warning_clone_from-078ea3222163402d)
[INFO] [stdout] 
[INFO] [stdout] running 0 tests
[INFO] [stdout] 
[INFO] [stdout] test result: ok. 0 passed; 0 failed; 0 ignored; 0 measured; 0 filtered out; finished in 0.00s
[INFO] [stdout] 
[INFO] [stderr]      Running tests/compile-test.rs (/opt/rustwide/target/debug/deps/compile_test-6e7b5a3cfd3f7fc3)
[INFO] [stdout] 
[INFO] [stdout] running 1 test
[INFO] [stdout] test compile_test ... ignored
[INFO] [stdout] 
[INFO] [stdout] test result: ok. 0 passed; 0 failed; 1 ignored; 0 measured; 0 filtered out; finished in 0.00s
[INFO] [stdout] 
[INFO] [stderr]      Running tests/derive-clone.rs (/opt/rustwide/target/debug/deps/derive_clone-1f552b17ee9ad09b)
[INFO] [stdout] 
[INFO] [stdout] running 1 test
[INFO] [stdout] test main ... ok
[INFO] [stdout] 
[INFO] [stdout] test result: ok. 1 passed; 0 failed; 0 ignored; 0 measured; 0 filtered out; finished in 0.00s
[INFO] [stdout] 
[INFO] [stderr]      Running tests/derive-clone-generics.rs (/opt/rustwide/target/debug/deps/derive_clone_generics-dacf59cd2672aa30)
[INFO] [stdout] 
[INFO] [stdout] running 1 test
[INFO] [stderr]      Running tests/derive-debug.rs (/opt/rustwide/target/debug/deps/derive_debug-b18bbc5f7b056e5d)
[INFO] [stdout] test main ... ok
[INFO] [stdout] 
[INFO] [stdout] test result: ok. 1 passed; 0 failed; 0 ignored; 0 measured; 0 filtered out; finished in 0.01s
[INFO] [stdout] 
[INFO] [stdout] 
[INFO] [stdout] running 1 test
[INFO] [stdout] test main ... ok
[INFO] [stdout] 
[INFO] [stdout] test result: ok. 1 passed; 0 failed; 0 ignored; 0 measured; 0 filtered out; finished in 0.00s
[INFO] [stdout] 
[INFO] [stderr]      Running tests/derive-debug-bounds.rs (/opt/rustwide/target/debug/deps/derive_debug_bounds-87804d906424ba01)
[INFO] [stdout] 
[INFO] [stdout] running 1 test
[INFO] [stdout] test main ... ok
[INFO] [stdout] 
[INFO] [stdout] test result: ok. 1 passed; 0 failed; 0 ignored; 0 measured; 0 filtered out; finished in 0.02s
[INFO] [stdout] 
[INFO] [stderr]      Running tests/derive-debug-generics.rs (/opt/rustwide/target/debug/deps/derive_debug_generics-183be41b28f46a4b)
[INFO] [stdout] 
[INFO] [stdout] running 1 test
[INFO] [stdout] test main ... FAILED
[INFO] [stdout] 
[INFO] [stdout] failures:
[INFO] [stdout] 
[INFO] [stdout] ---- main stdout ----
[INFO] [stdout] thread 'main' panicked at tests/derive-debug-generics.rs:91:5:
[INFO] [stdout] assertion `left == right` failed
[INFO] [stdout]   left: "PhantomField { foo: PhantomData<derive_debug_generics::NoDebug> }"
[INFO] [stdout]  right: "PhantomField { foo: PhantomData }"
[INFO] [stdout] stack backtrace:
[INFO] [stdout]    0:     0x5593ebad2baa - std::backtrace_rs::backtrace::libunwind::trace::h5a5b8284f2d0c266
[INFO] [stdout]                                at /rustc/90b35a6239c3d8bdabc530a6a0816f7ff89a0aaf/library/std/src/../../backtrace/src/backtrace/libunwind.rs:116:5
[INFO] [stdout]    1:     0x5593ebad2baa - std::backtrace_rs::backtrace::trace_unsynchronized::h76d4f1c9b0b875e3
[INFO] [stdout]                                at /rustc/90b35a6239c3d8bdabc530a6a0816f7ff89a0aaf/library/std/src/../../backtrace/src/backtrace/mod.rs:66:5
[INFO] [stdout]    2:     0x5593ebad2baa - std::sys::backtrace::_print_fmt::hc4546b8364a537c6
[INFO] [stdout]                                at /rustc/90b35a6239c3d8bdabc530a6a0816f7ff89a0aaf/library/std/src/sys/backtrace.rs:66:9
[INFO] [stdout]    3:     0x5593ebad2baa - <std::sys::backtrace::BacktraceLock::print::DisplayBacktrace as core::fmt::Display>::fmt::h5b6bd5631a6d1f6b
[INFO] [stdout]                                at /rustc/90b35a6239c3d8bdabc530a6a0816f7ff89a0aaf/library/std/src/sys/backtrace.rs:39:26
[INFO] [stdout]    4:     0x5593ebaf7e33 - core::fmt::rt::Argument::fmt::h270f6602a2b96f62
[INFO] [stdout]                                at /rustc/90b35a6239c3d8bdabc530a6a0816f7ff89a0aaf/library/core/src/fmt/rt.rs:177:76
[INFO] [stdout]    5:     0x5593ebaf7e33 - core::fmt::write::h7550c97b06c86515
[INFO] [stdout]                                at /rustc/90b35a6239c3d8bdabc530a6a0816f7ff89a0aaf/library/core/src/fmt/mod.rs:1186:21
[INFO] [stdout]    6:     0x5593ebacfd73 - std::io::Write::write_fmt::h509ff860e5956e5e
[INFO] [stdout]                                at /rustc/90b35a6239c3d8bdabc530a6a0816f7ff89a0aaf/library/std/src/io/mod.rs:1839:15
[INFO] [stdout]    7:     0x5593ebad29f2 - std::sys::backtrace::BacktraceLock::print::h2395ccd2c84ba3aa
[INFO] [stdout]                                at /rustc/90b35a6239c3d8bdabc530a6a0816f7ff89a0aaf/library/std/src/sys/backtrace.rs:42:9
[INFO] [stdout]    8:     0x5593ebad400a - std::panicking::default_hook::{{closure}}::he19d4c7230e07961
[INFO] [stdout]                                at /rustc/90b35a6239c3d8bdabc530a6a0816f7ff89a0aaf/library/std/src/panicking.rs:268:22
[INFO] [stdout]    9:     0x5593ebad3e14 - std::panicking::default_hook::hf614597d3c67bbdb
[INFO] [stdout]                                at /rustc/90b35a6239c3d8bdabc530a6a0816f7ff89a0aaf/library/std/src/panicking.rs:292:9
[INFO] [stdout]   10:     0x5593eba9f6f9 - <alloc::boxed::Box<F,A> as core::ops::function::Fn<Args>>::call::h39b51ce4599c23d1
[INFO] [stdout]                                at /rustc/90b35a6239c3d8bdabc530a6a0816f7ff89a0aaf/library/alloc/src/boxed.rs:2468:9
[INFO] [stdout]   11:     0x5593eba9f6f9 - test::test_main::{{closure}}::he977ae839a582784
[INFO] [stdout]                                at /rustc/90b35a6239c3d8bdabc530a6a0816f7ff89a0aaf/library/test/src/lib.rs:133:21
[INFO] [stdout]   12:     0x5593ebad46a8 - <alloc::boxed::Box<F,A> as core::ops::function::Fn<Args>>::call::h9455091b6b06f9fb
[INFO] [stdout]                                at /rustc/90b35a6239c3d8bdabc530a6a0816f7ff89a0aaf/library/alloc/src/boxed.rs:2468:9
[INFO] [stdout]   13:     0x5593ebad46a8 - std::panicking::rust_panic_with_hook::h8942133a8b252070
[INFO] [stdout]                                at /rustc/90b35a6239c3d8bdabc530a6a0816f7ff89a0aaf/library/std/src/panicking.rs:809:13
[INFO] [stdout]   14:     0x5593ebad446a - std::panicking::begin_panic_handler::{{closure}}::hb5f5963570096b29
[INFO] [stdout]                                at /rustc/90b35a6239c3d8bdabc530a6a0816f7ff89a0aaf/library/std/src/panicking.rs:674:13
[INFO] [stdout]   15:     0x5593ebad3089 - std::sys::backtrace::__rust_end_short_backtrace::h6208cedc1922feda
[INFO] [stdout]                                at /rustc/90b35a6239c3d8bdabc530a6a0816f7ff89a0aaf/library/std/src/sys/backtrace.rs:170:18
[INFO] [stdout]   16:     0x5593ebad40fc - rust_begin_unwind
[INFO] [stdout]                                at /rustc/90b35a6239c3d8bdabc530a6a0816f7ff89a0aaf/library/std/src/panicking.rs:665:5
[INFO] [stdout]   17:     0x5593eba63a50 - core::panicking::panic_fmt::h0c3082644d1bf418
[INFO] [stdout]                                at /rustc/90b35a6239c3d8bdabc530a6a0816f7ff89a0aaf/library/core/src/panicking.rs:74:14
[INFO] [stdout]   18:     0x5593eba63d7b - core::panicking::assert_failed_inner::h2ddf1fcc067fa858
[INFO] [stdout]   19:     0x5593eba65098 - core::panicking::assert_failed::h8aa3be91f507260d
[INFO] [stdout]                                at /rustc/90b35a6239c3d8bdabc530a6a0816f7ff89a0aaf/library/core/src/panicking.rs:367:5
[INFO] [stdout]   20:     0x5593eba67252 - derive_debug_generics::main::h3adfae96e4324052
[INFO] [stdout]                                at /opt/rustwide/workdir/tests/derive-debug-generics.rs:91:5
[INFO] [stdout]   21:     0x5593eba666e7 - derive_debug_generics::main::{{closure}}::hb0dfe38bb0492705
[INFO] [stdout]                                at /opt/rustwide/workdir/tests/derive-debug-generics.rs:81:10
[INFO] [stdout]   22:     0x5593eba64bf6 - core::ops::function::FnOnce::call_once::h5cde05357b8e2b2f
[INFO] [stdout]                                at /rustc/90b35a6239c3d8bdabc530a6a0816f7ff89a0aaf/library/core/src/ops/function.rs:250:5
[INFO] [stdout]   23:     0x5593ebaa40bb - core::ops::function::FnOnce::call_once::h109cf8051a59b34e
[INFO] [stdout]                                at /rustc/90b35a6239c3d8bdabc530a6a0816f7ff89a0aaf/library/core/src/ops/function.rs:250:5
[INFO] [stdout]   24:     0x5593ebaa40bb - test::__rust_begin_short_backtrace::hf4fff89d377446ba
[INFO] [stdout]                                at /rustc/90b35a6239c3d8bdabc530a6a0816f7ff89a0aaf/library/test/src/lib.rs:621:18
[INFO] [stdout]   25:     0x5593ebaa38f7 - test::run_test_in_process::{{closure}}::h0e39181dd7ee5a43
[INFO] [stdout]                                at /rustc/90b35a6239c3d8bdabc530a6a0816f7ff89a0aaf/library/test/src/lib.rs:644:60
[INFO] [stdout]   26:     0x5593ebaa38f7 - <core::panic::unwind_safe::AssertUnwindSafe<F> as core::ops::function::FnOnce<()>>::call_once::hc5a66a30f0bdfd1f
[INFO] [stdout]                                at /rustc/90b35a6239c3d8bdabc530a6a0816f7ff89a0aaf/library/core/src/panic/unwind_safe.rs:272:9
[INFO] [stdout]   27:     0x5593ebaa38f7 - std::panicking::try::do_call::h873b7cf639554a5e
[INFO] [stdout]                                at /rustc/90b35a6239c3d8bdabc530a6a0816f7ff89a0aaf/library/std/src/panicking.rs:557:40
[INFO] [stdout]   28:     0x5593ebaa38f7 - std::panicking::try::hdb19862fad9c8bd1
[INFO] [stdout]                                at /rustc/90b35a6239c3d8bdabc530a6a0816f7ff89a0aaf/library/std/src/panicking.rs:520:19
[INFO] [stdout]   29:     0x5593ebaa38f7 - std::panic::catch_unwind::h281fe732d236d260
[INFO] [stdout]                                at /rustc/90b35a6239c3d8bdabc530a6a0816f7ff89a0aaf/library/std/src/panic.rs:358:14
[INFO] [stdout]   30:     0x5593ebaa38f7 - test::run_test_in_process::h949b6df8457ed338
[INFO] [stdout]                                at /rustc/90b35a6239c3d8bdabc530a6a0816f7ff89a0aaf/library/test/src/lib.rs:644:27
[INFO] [stdout]   31:     0x5593ebaa38f7 - test::run_test::{{closure}}::h52c556a6d4740e10
[INFO] [stdout]                                at /rustc/90b35a6239c3d8bdabc530a6a0816f7ff89a0aaf/library/test/src/lib.rs:565:43
[INFO] [stdout]   32:     0x5593eba68bd4 - test::run_test::{{closure}}::h4237f6381c45ccb9
[INFO] [stdout]                                at /rustc/90b35a6239c3d8bdabc530a6a0816f7ff89a0aaf/library/test/src/lib.rs:595:41
[INFO] [stdout]   33:     0x5593eba68bd4 - std::sys::backtrace::__rust_begin_short_backtrace::h505c97a579eca628
[INFO] [stdout]                                at /rustc/90b35a6239c3d8bdabc530a6a0816f7ff89a0aaf/library/std/src/sys/backtrace.rs:154:18
[INFO] [stdout]   34:     0x5593eba6c29e - std::thread::Builder::spawn_unchecked_::{{closure}}::{{closure}}::h9e86b2e2bc107ea3
[INFO] [stdout]                                at /rustc/90b35a6239c3d8bdabc530a6a0816f7ff89a0aaf/library/std/src/thread/mod.rs:538:17
[INFO] [stdout]   35:     0x5593eba6c29e - <core::panic::unwind_safe::AssertUnwindSafe<F> as core::ops::function::FnOnce<()>>::call_once::h8b06ddb275ff4a25
[INFO] [stdout]                                at /rustc/90b35a6239c3d8bdabc530a6a0816f7ff89a0aaf/library/core/src/panic/unwind_safe.rs:272:9
[INFO] [stdout]   36:     0x5593eba6c29e - std::panicking::try::do_call::hb26ecd7cd9a9355d
[INFO] [stdout]                                at /rustc/90b35a6239c3d8bdabc530a6a0816f7ff89a0aaf/library/std/src/panicking.rs:557:40
[INFO] [stdout]   37:     0x5593eba6c29e - std::panicking::try::h8ddeca9d705f9069
[INFO] [stdout]                                at /rustc/90b35a6239c3d8bdabc530a6a0816f7ff89a0aaf/library/std/src/panicking.rs:520:19
[INFO] [stdout]   38:     0x5593eba6c29e - std::panic::catch_unwind::h49e1c33078844c46
[INFO] [stdout]                                at /rustc/90b35a6239c3d8bdabc530a6a0816f7ff89a0aaf/library/std/src/panic.rs:358:14
[INFO] [stdout]   39:     0x5593eba6c29e - std::thread::Builder::spawn_unchecked_::{{closure}}::h6073db6ff56ad35d
[INFO] [stdout]                                at /rustc/90b35a6239c3d8bdabc530a6a0816f7ff89a0aaf/library/std/src/thread/mod.rs:537:30
[INFO] [stdout]   40:     0x5593eba6c29e - core::ops::function::FnOnce::call_once{{vtable.shim}}::h2c5a5f3779c774f1
[INFO] [stdout]                                at /rustc/90b35a6239c3d8bdabc530a6a0816f7ff89a0aaf/library/core/src/ops/function.rs:250:5
[INFO] [stdout]   41:     0x5593ebad83fb - <alloc::boxed::Box<F,A> as core::ops::function::FnOnce<Args>>::call_once::hf75717d9f28faebf
[INFO] [stdout]                                at /rustc/90b35a6239c3d8bdabc530a6a0816f7ff89a0aaf/library/alloc/src/boxed.rs:2454:9
[INFO] [stdout]   42:     0x5593ebad83fb - <alloc::boxed::Box<F,A> as core::ops::function::FnOnce<Args>>::call_once::h7bd883a5f3c5f3c1
[INFO] [stdout]                                at /rustc/90b35a6239c3d8bdabc530a6a0816f7ff89a0aaf/library/alloc/src/boxed.rs:2454:9
[INFO] [stdout]   43:     0x5593ebad83fb - std::sys::pal::unix::thread::Thread::new::thread_start::hcc78f3943333fa94
[INFO] [stdout]                                at /rustc/90b35a6239c3d8bdabc530a6a0816f7ff89a0aaf/library/std/src/sys/pal/unix/thread.rs:105:17
[INFO] [stdout]   44:     0x7a296a96eac3 - <unknown>
[INFO] [stdout]   45:     0x7a296a9ffa04 - clone
[INFO] [stdout]   46:                0x0 - <unknown>
[INFO] [stdout] 
[INFO] [stdout] 
[INFO] [stdout] failures:
[INFO] [stdout]     main
[INFO] [stdout] 
[INFO] [stdout] test result: FAILED. 0 passed; 1 failed; 0 ignored; 0 measured; 0 filtered out; finished in 0.03s
[INFO] [stdout] 
[INFO] [stderr] error: test failed, to rerun pass `--test derive-debug-generics`
[INFO] running `Command { std: "docker" "inspect" "c2279d3339229c3b716368d9a8a2222dd5c2799f85bfd59d9f614ca50b476663", kill_on_drop: false }`
[INFO] running `Command { std: "docker" "rm" "-f" "c2279d3339229c3b716368d9a8a2222dd5c2799f85bfd59d9f614ca50b476663", kill_on_drop: false }`
[INFO] [stdout] c2279d3339229c3b716368d9a8a2222dd5c2799f85bfd59d9f614ca50b476663
