[INFO] fetching crate derivable-object-pool-macros 0.1.0...
[INFO] testing derivable-object-pool-macros-0.1.0 against 1.83.0 for beta-1.84.0-4-retry
[INFO] extracting crate derivable-object-pool-macros 0.1.0 into /workspace/builds/worker-3-tc1/source
[INFO] validating manifest of crates.io crate derivable-object-pool-macros 0.1.0 on toolchain 1.83.0
[INFO] running `Command { std: CARGO_HOME="/workspace/cargo-home" RUSTUP_HOME="/workspace/rustup-home" "/workspace/cargo-home/bin/cargo" "+1.83.0" "metadata" "--manifest-path" "Cargo.toml" "--no-deps", kill_on_drop: false }`
[INFO] started tweaking crates.io crate derivable-object-pool-macros 0.1.0
[INFO] finished tweaking crates.io crate derivable-object-pool-macros 0.1.0
[INFO] tweaked toml for crates.io crate derivable-object-pool-macros 0.1.0 written to /workspace/builds/worker-3-tc1/source/Cargo.toml
[INFO] running `Command { std: CARGO_HOME="/workspace/cargo-home" RUSTUP_HOME="/workspace/rustup-home" "/workspace/cargo-home/bin/cargo" "+1.83.0" "generate-lockfile" "--manifest-path" "Cargo.toml", kill_on_drop: false }`
[INFO] [stderr]     Updating crates.io index
[INFO] [stderr]      Locking 4 packages to latest compatible versions
[INFO] running `Command { std: CARGO_HOME="/workspace/cargo-home" RUSTUP_HOME="/workspace/rustup-home" "/workspace/cargo-home/bin/cargo" "+1.83.0" "fetch" "--manifest-path" "Cargo.toml", kill_on_drop: false }`
[INFO] running `Command { std: "docker" "create" "-v" "/var/lib/crater-agent-workspace/builds/worker-3-tc1/target:/opt/rustwide/target:rw,Z" "-v" "/var/lib/crater-agent-workspace/builds/worker-3-tc1/source:/opt/rustwide/workdir:ro,Z" "-v" "/var/lib/crater-agent-workspace/cargo-home:/opt/rustwide/cargo-home:ro,Z" "-v" "/var/lib/crater-agent-workspace/rustup-home:/opt/rustwide/rustup-home:ro,Z" "-e" "SOURCE_DIR=/opt/rustwide/workdir" "-e" "CARGO_TARGET_DIR=/opt/rustwide/target" "-e" "CARGO_HOME=/opt/rustwide/cargo-home" "-e" "RUSTUP_HOME=/opt/rustwide/rustup-home" "-w" "/opt/rustwide/workdir" "-m" "1610612736" "--user" "0:0" "--network" "none" "ghcr.io/rust-lang/crates-build-env/linux@sha256:f3a9d4ad9d972b27faf3965f35b62e55ba32bbce8f20bc8fe909558a86702fde" "/opt/rustwide/cargo-home/bin/cargo" "+1.83.0" "metadata" "--no-deps" "--format-version=1", kill_on_drop: false }`
[INFO] [stdout] bdf003578ba66bf2ccb015322a257b842c89a54e7f7d9f907471e9ab3793481f
[INFO] running `Command { std: "docker" "start" "-a" "bdf003578ba66bf2ccb015322a257b842c89a54e7f7d9f907471e9ab3793481f", kill_on_drop: false }`
[INFO] running `Command { std: "docker" "inspect" "bdf003578ba66bf2ccb015322a257b842c89a54e7f7d9f907471e9ab3793481f", kill_on_drop: false }`
[INFO] running `Command { std: "docker" "rm" "-f" "bdf003578ba66bf2ccb015322a257b842c89a54e7f7d9f907471e9ab3793481f", kill_on_drop: false }`
[INFO] [stdout] bdf003578ba66bf2ccb015322a257b842c89a54e7f7d9f907471e9ab3793481f
[INFO] running `Command { std: "docker" "create" "-v" "/var/lib/crater-agent-workspace/builds/worker-3-tc1/target:/opt/rustwide/target:rw,Z" "-v" "/var/lib/crater-agent-workspace/builds/worker-3-tc1/source:/opt/rustwide/workdir:ro,Z" "-v" "/var/lib/crater-agent-workspace/cargo-home:/opt/rustwide/cargo-home:ro,Z" "-v" "/var/lib/crater-agent-workspace/rustup-home:/opt/rustwide/rustup-home:ro,Z" "-e" "SOURCE_DIR=/opt/rustwide/workdir" "-e" "CARGO_TARGET_DIR=/opt/rustwide/target" "-e" "CARGO_INCREMENTAL=0" "-e" "RUST_BACKTRACE=full" "-e" "RUSTFLAGS=--cap-lints=warn" "-e" "RUSTDOCFLAGS=--cap-lints=warn" "-e" "CARGO_HOME=/opt/rustwide/cargo-home" "-e" "RUSTUP_HOME=/opt/rustwide/rustup-home" "-w" "/opt/rustwide/workdir" "-m" "1610612736" "--user" "0:0" "--network" "none" "ghcr.io/rust-lang/crates-build-env/linux@sha256:f3a9d4ad9d972b27faf3965f35b62e55ba32bbce8f20bc8fe909558a86702fde" "/opt/rustwide/cargo-home/bin/cargo" "+1.83.0" "build" "--frozen" "--message-format=json", kill_on_drop: false }`
[INFO] [stdout] 660a533dbed38e07e7be48c45b126d11e390282646329147b85a3c44e305b7b5
[INFO] running `Command { std: "docker" "start" "-a" "660a533dbed38e07e7be48c45b126d11e390282646329147b85a3c44e305b7b5", kill_on_drop: false }`
[INFO] [stderr]    Compiling proc-macro2 v1.0.92
[INFO] [stderr]    Compiling unicode-ident v1.0.14
[INFO] [stderr]    Compiling quote v1.0.37
[INFO] [stderr]    Compiling syn v2.0.90
[INFO] [stderr]    Compiling derivable-object-pool-macros v0.1.0 (/opt/rustwide/workdir)
[INFO] [stderr]     Finished `dev` profile [unoptimized + debuginfo] target(s) in 4.04s
[INFO] running `Command { std: "docker" "inspect" "660a533dbed38e07e7be48c45b126d11e390282646329147b85a3c44e305b7b5", kill_on_drop: false }`
[INFO] running `Command { std: "docker" "rm" "-f" "660a533dbed38e07e7be48c45b126d11e390282646329147b85a3c44e305b7b5", kill_on_drop: false }`
[INFO] [stdout] 660a533dbed38e07e7be48c45b126d11e390282646329147b85a3c44e305b7b5
[INFO] running `Command { std: "docker" "create" "-v" "/var/lib/crater-agent-workspace/builds/worker-3-tc1/target:/opt/rustwide/target:rw,Z" "-v" "/var/lib/crater-agent-workspace/builds/worker-3-tc1/source:/opt/rustwide/workdir:ro,Z" "-v" "/var/lib/crater-agent-workspace/cargo-home:/opt/rustwide/cargo-home:ro,Z" "-v" "/var/lib/crater-agent-workspace/rustup-home:/opt/rustwide/rustup-home:ro,Z" "-e" "SOURCE_DIR=/opt/rustwide/workdir" "-e" "CARGO_TARGET_DIR=/opt/rustwide/target" "-e" "CARGO_INCREMENTAL=0" "-e" "RUST_BACKTRACE=full" "-e" "RUSTFLAGS=--cap-lints=warn" "-e" "RUSTDOCFLAGS=--cap-lints=warn" "-e" "CARGO_HOME=/opt/rustwide/cargo-home" "-e" "RUSTUP_HOME=/opt/rustwide/rustup-home" "-w" "/opt/rustwide/workdir" "-m" "1610612736" "--user" "0:0" "--network" "none" "ghcr.io/rust-lang/crates-build-env/linux@sha256:f3a9d4ad9d972b27faf3965f35b62e55ba32bbce8f20bc8fe909558a86702fde" "/opt/rustwide/cargo-home/bin/cargo" "+1.83.0" "test" "--frozen" "--no-run" "--message-format=json", kill_on_drop: false }`
[INFO] [stdout] edd3d64121efc670d204be7d4521883966a8d985acbd0760e52ea180ce72c06b
[INFO] running `Command { std: "docker" "start" "-a" "edd3d64121efc670d204be7d4521883966a8d985acbd0760e52ea180ce72c06b", kill_on_drop: false }`
[INFO] [stderr]    Compiling derivable-object-pool-macros v0.1.0 (/opt/rustwide/workdir)
[INFO] [stderr]     Finished `test` profile [unoptimized + debuginfo] target(s) in 0.65s
[INFO] running `Command { std: "docker" "inspect" "edd3d64121efc670d204be7d4521883966a8d985acbd0760e52ea180ce72c06b", kill_on_drop: false }`
[INFO] running `Command { std: "docker" "rm" "-f" "edd3d64121efc670d204be7d4521883966a8d985acbd0760e52ea180ce72c06b", kill_on_drop: false }`
[INFO] [stdout] edd3d64121efc670d204be7d4521883966a8d985acbd0760e52ea180ce72c06b
[INFO] running `Command { std: "docker" "create" "-v" "/var/lib/crater-agent-workspace/builds/worker-3-tc1/target:/opt/rustwide/target:rw,Z" "-v" "/var/lib/crater-agent-workspace/builds/worker-3-tc1/source:/opt/rustwide/workdir:ro,Z" "-v" "/var/lib/crater-agent-workspace/cargo-home:/opt/rustwide/cargo-home:ro,Z" "-v" "/var/lib/crater-agent-workspace/rustup-home:/opt/rustwide/rustup-home:ro,Z" "-e" "SOURCE_DIR=/opt/rustwide/workdir" "-e" "CARGO_TARGET_DIR=/opt/rustwide/target" "-e" "CARGO_INCREMENTAL=0" "-e" "RUST_BACKTRACE=full" "-e" "RUSTFLAGS=--cap-lints=warn" "-e" "RUSTDOCFLAGS=--cap-lints=warn" "-e" "CARGO_HOME=/opt/rustwide/cargo-home" "-e" "RUSTUP_HOME=/opt/rustwide/rustup-home" "-w" "/opt/rustwide/workdir" "-m" "1610612736" "--user" "0:0" "--network" "none" "ghcr.io/rust-lang/crates-build-env/linux@sha256:f3a9d4ad9d972b27faf3965f35b62e55ba32bbce8f20bc8fe909558a86702fde" "/opt/rustwide/cargo-home/bin/cargo" "+1.83.0" "test" "--frozen", kill_on_drop: false }`
[INFO] [stdout] 2ad89edfa3c347dd98db5165732890d7e3a2c5e7807927c6460493f667e42710
[INFO] running `Command { std: "docker" "start" "-a" "2ad89edfa3c347dd98db5165732890d7e3a2c5e7807927c6460493f667e42710", kill_on_drop: false }`
[INFO] [stderr]     Finished `test` profile [unoptimized + debuginfo] target(s) in 0.02s
[INFO] [stderr]      Running unittests src/lib.rs (/opt/rustwide/target/debug/deps/derivable_object_pool_macros-297cece496ff56e6)
[INFO] [stderr]    Doc-tests derivable_object_pool_macros
[INFO] [stdout] 
[INFO] [stdout] running 0 tests
[INFO] [stdout] 
[INFO] [stdout] test result: ok. 0 passed; 0 failed; 0 ignored; 0 measured; 0 filtered out; finished in 0.00s
[INFO] [stdout] 
[INFO] [stdout] 
[INFO] [stdout] running 2 tests
[INFO] [stdout] test src/lib.rs - object_pool_derive_macro (line 53) ... FAILED
[INFO] [stdout] test src/lib.rs - object_pool_derive_macro (line 77) ... FAILED
[INFO] [stdout] 
[INFO] [stdout] failures:
[INFO] [stdout] 
[INFO] [stdout] ---- src/lib.rs - object_pool_derive_macro (line 53) stdout ----
[INFO] [stdout] error[E0433]: failed to resolve: use of undeclared crate or module `derivable_object_pool`
[INFO] [stdout]  --> src/lib.rs:54:5
[INFO] [stdout]   |
[INFO] [stdout] 2 | use derivable_object_pool::prelude::*;
[INFO] [stdout]   |     ^^^^^^^^^^^^^^^^^^^^^ use of undeclared crate or module `derivable_object_pool`
[INFO] [stdout]   |
[INFO] [stdout] help: there is a crate or module with a similar name
[INFO] [stdout]   |
[INFO] [stdout] 2 | use derivable_object_pool_macros::prelude::*;
[INFO] [stdout]   |     ~~~~~~~~~~~~~~~~~~~~~~~~~~~~
[INFO] [stdout] 
[INFO] [stdout] error: cannot find derive macro `ObjectPool` in this scope
[INFO] [stdout]  --> src/lib.rs:56:10
[INFO] [stdout]   |
[INFO] [stdout] 4 | #[derive(ObjectPool)]
[INFO] [stdout]   |          ^^^^^^^^^^
[INFO] [stdout]   |
[INFO] [stdout] help: consider importing this derive macro
[INFO] [stdout]   |
[INFO] [stdout] 2 + use derivable_object_pool_macros::ObjectPool;
[INFO] [stdout]   |
[INFO] [stdout] 
[INFO] [stdout] error: cannot find attribute `generator` in this scope
[INFO] [stdout]  --> src/lib.rs:57:3
[INFO] [stdout]   |
[INFO] [stdout] 5 | #[generator(Test2::new_item)]
[INFO] [stdout]   |   ^^^^^^^^^
[INFO] [stdout] 
[INFO] [stdout] error[E0599]: no function or associated item named `new` found for struct `Test2` in the current scope
[INFO] [stdout]   --> src/lib.rs:67:27
[INFO] [stdout]    |
[INFO] [stdout] 6  | struct Test2(u32);
[INFO] [stdout]    | ------------ function or associated item `new` not found for this struct
[INFO] [stdout] ...
[INFO] [stdout] 15 |     let mut item = Test2::new();
[INFO] [stdout]    |                           ^^^ function or associated item not found in `Test2`
[INFO] [stdout]    |
[INFO] [stdout] note: if you're trying to build a new `Test2`, consider using `Test2::new_item` which returns `Test2`
[INFO] [stdout]   --> src/lib.rs:61:5
[INFO] [stdout]    |
[INFO] [stdout] 9  |     fn new_item() -> Self {
[INFO] [stdout]    |     ^^^^^^^^^^^^^^^^^^^^^
[INFO] [stdout] 
[INFO] [stdout] error[E0599]: no function or associated item named `pool` found for struct `Test2` in the current scope
[INFO] [stdout]   --> src/lib.rs:71:23
[INFO] [stdout]    |
[INFO] [stdout] 6  | struct Test2(u32);
[INFO] [stdout]    | ------------ function or associated item `pool` not found for this struct
[INFO] [stdout] ...
[INFO] [stdout] 19 |     assert_eq!(Test2::pool().len(), 1);
[INFO] [stdout]    |                       ^^^^ function or associated item not found in `Test2`
[INFO] [stdout]    |
[INFO] [stdout] note: if you're trying to build a new `Test2`, consider using `Test2::new_item` which returns `Test2`
[INFO] [stdout]   --> src/lib.rs:61:5
[INFO] [stdout]    |
[INFO] [stdout] 9  |     fn new_item() -> Self {
[INFO] [stdout]    |     ^^^^^^^^^^^^^^^^^^^^^
[INFO] [stdout] 
[INFO] [stdout] error: aborting due to 5 previous errors
[INFO] [stdout] 
[INFO] [stdout] Some errors have detailed explanations: E0433, E0599.
[INFO] [stdout] For more information about an error, try `rustc --explain E0433`.
[INFO] [stdout] Couldn't compile the test.
[INFO] [stdout] ---- src/lib.rs - object_pool_derive_macro (line 77) stdout ----
[INFO] [stdout] error[E0433]: failed to resolve: use of undeclared crate or module `derivable_object_pool`
[INFO] [stdout]  --> src/lib.rs:78:5
[INFO] [stdout]   |
[INFO] [stdout] 2 | use derivable_object_pool::prelude::*;
[INFO] [stdout]   |     ^^^^^^^^^^^^^^^^^^^^^ use of undeclared crate or module `derivable_object_pool`
[INFO] [stdout]   |
[INFO] [stdout] help: there is a crate or module with a similar name
[INFO] [stdout]   |
[INFO] [stdout] 2 | use derivable_object_pool_macros::prelude::*;
[INFO] [stdout]   |     ~~~~~~~~~~~~~~~~~~~~~~~~~~~~
[INFO] [stdout] 
[INFO] [stdout] error[E0412]: cannot find type `Pool` in this scope
[INFO] [stdout]   --> src/lib.rs:88:27
[INFO] [stdout]    |
[INFO] [stdout] 12 | static TEST2_OBJECT_POOL: Pool<Test2> = Pool::new(Test2::new_item);
[INFO] [stdout]    |                           ^^^^ help: a builtin type with a similar name exists: `bool`
[INFO] [stdout] 
[INFO] [stdout] error[E0405]: cannot find trait `ObjectPool` in this scope
[INFO] [stdout]   --> src/lib.rs:90:6
[INFO] [stdout]    |
[INFO] [stdout] 14 | impl ObjectPool for Test2 {
[INFO] [stdout]    |      ^^^^^^^^^^ not found in this scope
[INFO] [stdout] 
[INFO] [stdout] error[E0412]: cannot find type `Pool` in this scope
[INFO] [stdout]   --> src/lib.rs:92:26
[INFO] [stdout]    |
[INFO] [stdout] 16 |     fn pool<'a>() -> &'a Pool<Self> {
[INFO] [stdout]    |                          ^^^^ help: a builtin type with a similar name exists: `bool`
[INFO] [stdout] 
[INFO] [stdout] error[E0433]: failed to resolve: use of undeclared type `Pool`
[INFO] [stdout]   --> src/lib.rs:88:41
[INFO] [stdout]    |
[INFO] [stdout] 12 | static TEST2_OBJECT_POOL: Pool<Test2> = Pool::new(Test2::new_item);
[INFO] [stdout]    |                                         ^^^^
[INFO] [stdout]    |                                         |
[INFO] [stdout]    |                                         use of undeclared type `Pool`
[INFO] [stdout]    |                                         help: a builtin type with a similar name exists: `bool`
[INFO] [stdout] 
[INFO] [stdout] error: aborting due to 5 previous errors
[INFO] [stdout] 
[INFO] [stdout] Some errors have detailed explanations: E0405, E0412, E0433.
[INFO] [stdout] For more information about an error, try `rustc --explain E0405`.
[INFO] [stdout] Couldn't compile the test.
[INFO] [stdout] 
[INFO] [stdout] failures:
[INFO] [stdout]     src/lib.rs - object_pool_derive_macro (line 53)
[INFO] [stdout]     src/lib.rs - object_pool_derive_macro (line 77)
[INFO] [stdout] 
[INFO] [stdout] test result: FAILED. 0 passed; 2 failed; 0 ignored; 0 measured; 0 filtered out; finished in 0.11s
[INFO] [stdout] 
[INFO] [stderr] error: doctest failed, to rerun pass `--doc`
[INFO] running `Command { std: "docker" "inspect" "2ad89edfa3c347dd98db5165732890d7e3a2c5e7807927c6460493f667e42710", kill_on_drop: false }`
[INFO] running `Command { std: "docker" "rm" "-f" "2ad89edfa3c347dd98db5165732890d7e3a2c5e7807927c6460493f667e42710", kill_on_drop: false }`
[INFO] [stdout] 2ad89edfa3c347dd98db5165732890d7e3a2c5e7807927c6460493f667e42710
