[INFO] fetching crate deno_config 0.40.0...
[INFO] testing deno_config-0.40.0 against beta-2024-12-08 for beta-1.84.0-4-retry
[INFO] extracting crate deno_config 0.40.0 into /workspace/builds/worker-2-tc2/source
[INFO] validating manifest of crates.io crate deno_config 0.40.0 on toolchain beta-2024-12-08
[INFO] running `Command { std: CARGO_HOME="/workspace/cargo-home" RUSTUP_HOME="/workspace/rustup-home" "/workspace/cargo-home/bin/cargo" "+beta-2024-12-08" "metadata" "--manifest-path" "Cargo.toml" "--no-deps", kill_on_drop: false }`
[INFO] removed /workspace/builds/worker-2-tc2/source/rust-toolchain.toml
[INFO] started tweaking crates.io crate deno_config 0.40.0
[INFO] finished tweaking crates.io crate deno_config 0.40.0
[INFO] tweaked toml for crates.io crate deno_config 0.40.0 written to /workspace/builds/worker-2-tc2/source/Cargo.toml
[INFO] running `Command { std: CARGO_HOME="/workspace/cargo-home" RUSTUP_HOME="/workspace/rustup-home" "/workspace/cargo-home/bin/cargo" "+beta-2024-12-08" "generate-lockfile" "--manifest-path" "Cargo.toml", kill_on_drop: false }`
[INFO] [stderr]     Blocking waiting for file lock on package cache
[INFO] [stderr]     Updating crates.io index
[INFO] [stderr]     Blocking waiting for file lock on package cache
[INFO] [stderr]      Locking 100 packages to latest compatible versions
[INFO] [stderr]       Adding import_map v0.20.1 (available: v0.21.0)
[INFO] [stderr]       Adding thiserror v1.0.69 (available: v2.0.7)
[INFO] running `Command { std: CARGO_HOME="/workspace/cargo-home" RUSTUP_HOME="/workspace/rustup-home" "/workspace/cargo-home/bin/cargo" "+beta-2024-12-08" "fetch" "--manifest-path" "Cargo.toml", kill_on_drop: false }`
[INFO] [stderr]     Blocking waiting for file lock on package cache
[INFO] running `Command { std: "docker" "create" "-v" "/var/lib/crater-agent-workspace/builds/worker-2-tc2/target:/opt/rustwide/target:rw,Z" "-v" "/var/lib/crater-agent-workspace/builds/worker-2-tc2/source:/opt/rustwide/workdir:ro,Z" "-v" "/var/lib/crater-agent-workspace/cargo-home:/opt/rustwide/cargo-home:ro,Z" "-v" "/var/lib/crater-agent-workspace/rustup-home:/opt/rustwide/rustup-home:ro,Z" "-e" "SOURCE_DIR=/opt/rustwide/workdir" "-e" "CARGO_TARGET_DIR=/opt/rustwide/target" "-e" "CARGO_HOME=/opt/rustwide/cargo-home" "-e" "RUSTUP_HOME=/opt/rustwide/rustup-home" "-w" "/opt/rustwide/workdir" "-m" "1610612736" "--user" "0:0" "--network" "none" "ghcr.io/rust-lang/crates-build-env/linux@sha256:f3a9d4ad9d972b27faf3965f35b62e55ba32bbce8f20bc8fe909558a86702fde" "/opt/rustwide/cargo-home/bin/cargo" "+beta-2024-12-08" "metadata" "--no-deps" "--format-version=1", kill_on_drop: false }`
[INFO] [stdout] b498e521f39dc0ebb01e1b5e2e680cc54f04566ad25d6a28207b145c21e68230
[INFO] running `Command { std: "docker" "start" "-a" "b498e521f39dc0ebb01e1b5e2e680cc54f04566ad25d6a28207b145c21e68230", kill_on_drop: false }`
[INFO] running `Command { std: "docker" "inspect" "b498e521f39dc0ebb01e1b5e2e680cc54f04566ad25d6a28207b145c21e68230", kill_on_drop: false }`
[INFO] running `Command { std: "docker" "rm" "-f" "b498e521f39dc0ebb01e1b5e2e680cc54f04566ad25d6a28207b145c21e68230", kill_on_drop: false }`
[INFO] [stdout] b498e521f39dc0ebb01e1b5e2e680cc54f04566ad25d6a28207b145c21e68230
[INFO] running `Command { std: "docker" "create" "-v" "/var/lib/crater-agent-workspace/builds/worker-2-tc2/target:/opt/rustwide/target:rw,Z" "-v" "/var/lib/crater-agent-workspace/builds/worker-2-tc2/source:/opt/rustwide/workdir:ro,Z" "-v" "/var/lib/crater-agent-workspace/cargo-home:/opt/rustwide/cargo-home:ro,Z" "-v" "/var/lib/crater-agent-workspace/rustup-home:/opt/rustwide/rustup-home:ro,Z" "-e" "SOURCE_DIR=/opt/rustwide/workdir" "-e" "CARGO_TARGET_DIR=/opt/rustwide/target" "-e" "CARGO_INCREMENTAL=0" "-e" "RUST_BACKTRACE=full" "-e" "RUSTFLAGS=--cap-lints=warn" "-e" "RUSTDOCFLAGS=--cap-lints=warn" "-e" "CARGO_HOME=/opt/rustwide/cargo-home" "-e" "RUSTUP_HOME=/opt/rustwide/rustup-home" "-w" "/opt/rustwide/workdir" "-m" "1610612736" "--user" "0:0" "--network" "none" "ghcr.io/rust-lang/crates-build-env/linux@sha256:f3a9d4ad9d972b27faf3965f35b62e55ba32bbce8f20bc8fe909558a86702fde" "/opt/rustwide/cargo-home/bin/cargo" "+beta-2024-12-08" "build" "--frozen" "--message-format=json", kill_on_drop: false }`
[INFO] [stdout] 86d362afcdd165a87e553d154ceee3f2c2ab1747930e65cd2fb2a3045ac05a25
[INFO] running `Command { std: "docker" "start" "-a" "86d362afcdd165a87e553d154ceee3f2c2ab1747930e65cd2fb2a3045ac05a25", kill_on_drop: false }`
[INFO] [stderr]    Compiling serde v1.0.216
[INFO] [stderr]    Compiling serde_json v1.0.133
[INFO] [stderr]    Compiling smallvec v1.13.2
[INFO] [stderr]    Compiling siphasher v0.3.11
[INFO] [stderr]    Compiling thiserror v2.0.7
[INFO] [stderr]    Compiling crossbeam-utils v0.8.20
[INFO] [stderr]    Compiling rand_core v0.6.4
[INFO] [stderr]    Compiling aho-corasick v1.1.3
[INFO] [stderr]    Compiling regex-syntax v0.8.5
[INFO] [stderr]    Compiling form_urlencoded v1.2.1
[INFO] [stderr]    Compiling thiserror v1.0.69
[INFO] [stderr]    Compiling bstr v1.11.1
[INFO] [stderr]    Compiling same-file v1.0.6
[INFO] [stderr]    Compiling monch v0.5.0
[INFO] [stderr]    Compiling deno_error_macro v0.5.2
[INFO] [stderr]    Compiling thiserror-impl v2.0.7
[INFO] [stderr]    Compiling thiserror-impl v1.0.69
[INFO] [stderr]    Compiling rand v0.8.5
[INFO] [stderr]    Compiling icu_normalizer v1.5.0
[INFO] [stderr]    Compiling phf_shared v0.11.2
[INFO] [stderr]    Compiling walkdir v2.5.0
[INFO] [stderr]    Compiling glob v0.3.1
[INFO] [stderr]    Compiling phf_generator v0.11.2
[INFO] [stderr]    Compiling crossbeam-epoch v0.9.18
[INFO] [stderr]    Compiling phf_macros v0.11.2
[INFO] [stderr]    Compiling idna_adapter v1.2.0
[INFO] [stderr]    Compiling idna v1.0.3
[INFO] [stderr]    Compiling crossbeam-deque v0.8.5
[INFO] [stderr]    Compiling regex-automata v0.4.9
[INFO] [stderr]    Compiling phf v0.11.2
[INFO] [stderr]    Compiling indexmap v2.7.0
[INFO] [stderr]    Compiling url v2.5.4
[INFO] [stderr]    Compiling globset v0.4.15
[INFO] [stderr]    Compiling ignore v0.4.23
[INFO] [stderr]    Compiling deno_error v0.5.2
[INFO] [stderr]    Compiling jsonc-parser v0.26.2
[INFO] [stderr]    Compiling import_map v0.20.1
[INFO] [stderr]    Compiling deno_semver v0.6.1
[INFO] [stderr]    Compiling deno_path_util v0.2.2
[INFO] [stderr]    Compiling deno_package_json v0.2.1
[INFO] [stderr]    Compiling deno_config v0.40.0 (/opt/rustwide/workdir)
[INFO] [stderr]     Finished `dev` profile [unoptimized + debuginfo] target(s) in 20.30s
[INFO] running `Command { std: "docker" "inspect" "86d362afcdd165a87e553d154ceee3f2c2ab1747930e65cd2fb2a3045ac05a25", kill_on_drop: false }`
[INFO] running `Command { std: "docker" "rm" "-f" "86d362afcdd165a87e553d154ceee3f2c2ab1747930e65cd2fb2a3045ac05a25", kill_on_drop: false }`
[INFO] [stdout] 86d362afcdd165a87e553d154ceee3f2c2ab1747930e65cd2fb2a3045ac05a25
[INFO] running `Command { std: "docker" "create" "-v" "/var/lib/crater-agent-workspace/builds/worker-2-tc2/target:/opt/rustwide/target:rw,Z" "-v" "/var/lib/crater-agent-workspace/builds/worker-2-tc2/source:/opt/rustwide/workdir:ro,Z" "-v" "/var/lib/crater-agent-workspace/cargo-home:/opt/rustwide/cargo-home:ro,Z" "-v" "/var/lib/crater-agent-workspace/rustup-home:/opt/rustwide/rustup-home:ro,Z" "-e" "SOURCE_DIR=/opt/rustwide/workdir" "-e" "CARGO_TARGET_DIR=/opt/rustwide/target" "-e" "CARGO_INCREMENTAL=0" "-e" "RUST_BACKTRACE=full" "-e" "RUSTFLAGS=--cap-lints=warn" "-e" "RUSTDOCFLAGS=--cap-lints=warn" "-e" "CARGO_HOME=/opt/rustwide/cargo-home" "-e" "RUSTUP_HOME=/opt/rustwide/rustup-home" "-w" "/opt/rustwide/workdir" "-m" "1610612736" "--user" "0:0" "--network" "none" "ghcr.io/rust-lang/crates-build-env/linux@sha256:f3a9d4ad9d972b27faf3965f35b62e55ba32bbce8f20bc8fe909558a86702fde" "/opt/rustwide/cargo-home/bin/cargo" "+beta-2024-12-08" "test" "--frozen" "--no-run" "--message-format=json", kill_on_drop: false }`
[INFO] [stdout] 844ca6b843cb60905d130a2be3580b78038100490aa1b1ab62c360fb470124f0
[INFO] running `Command { std: "docker" "start" "-a" "844ca6b843cb60905d130a2be3580b78038100490aa1b1ab62c360fb470124f0", kill_on_drop: false }`
[INFO] [stderr]    Compiling rustix v0.38.42
[INFO] [stderr]    Compiling linux-raw-sys v0.4.14
[INFO] [stderr]    Compiling bitflags v2.6.0
[INFO] [stderr]    Compiling fastrand v2.3.0
[INFO] [stderr]    Compiling yansi v1.0.1
[INFO] [stderr]    Compiling diff v0.1.13
[INFO] [stderr]    Compiling pretty_assertions v1.4.1
[INFO] [stderr]    Compiling tempfile v3.14.0
[INFO] [stderr]    Compiling deno_config v0.40.0 (/opt/rustwide/workdir)
[INFO] [stderr]     Finished `test` profile [unoptimized + debuginfo] target(s) in 14.35s
[INFO] running `Command { std: "docker" "inspect" "844ca6b843cb60905d130a2be3580b78038100490aa1b1ab62c360fb470124f0", kill_on_drop: false }`
[INFO] running `Command { std: "docker" "rm" "-f" "844ca6b843cb60905d130a2be3580b78038100490aa1b1ab62c360fb470124f0", kill_on_drop: false }`
[INFO] [stdout] 844ca6b843cb60905d130a2be3580b78038100490aa1b1ab62c360fb470124f0
[INFO] running `Command { std: "docker" "create" "-v" "/var/lib/crater-agent-workspace/builds/worker-2-tc2/target:/opt/rustwide/target:rw,Z" "-v" "/var/lib/crater-agent-workspace/builds/worker-2-tc2/source:/opt/rustwide/workdir:ro,Z" "-v" "/var/lib/crater-agent-workspace/cargo-home:/opt/rustwide/cargo-home:ro,Z" "-v" "/var/lib/crater-agent-workspace/rustup-home:/opt/rustwide/rustup-home:ro,Z" "-e" "SOURCE_DIR=/opt/rustwide/workdir" "-e" "CARGO_TARGET_DIR=/opt/rustwide/target" "-e" "CARGO_INCREMENTAL=0" "-e" "RUST_BACKTRACE=full" "-e" "RUSTFLAGS=--cap-lints=warn" "-e" "RUSTDOCFLAGS=--cap-lints=warn" "-e" "CARGO_HOME=/opt/rustwide/cargo-home" "-e" "RUSTUP_HOME=/opt/rustwide/rustup-home" "-w" "/opt/rustwide/workdir" "-m" "1610612736" "--user" "0:0" "--network" "none" "ghcr.io/rust-lang/crates-build-env/linux@sha256:f3a9d4ad9d972b27faf3965f35b62e55ba32bbce8f20bc8fe909558a86702fde" "/opt/rustwide/cargo-home/bin/cargo" "+beta-2024-12-08" "test" "--frozen", kill_on_drop: false }`
[INFO] [stdout] aff7440fed294a94ef1bcfc14b58995baf6855cd4d5187e75cbd8707840d0758
[INFO] running `Command { std: "docker" "start" "-a" "aff7440fed294a94ef1bcfc14b58995baf6855cd4d5187e75cbd8707840d0758", kill_on_drop: false }`
[INFO] [stderr]     Finished `test` profile [unoptimized + debuginfo] target(s) in 0.09s
[INFO] [stderr]      Running unittests src/lib.rs (/opt/rustwide/target/debug/deps/deno_config-313a70fdba0a757b)
[INFO] [stdout] 
[INFO] [stdout] running 143 tests
[INFO] [stdout] test deno_json::tests::include_config_path_on_error ... ok
[INFO] [stdout] test deno_json::tests::exports ... ok
[INFO] [stdout] test deno_json::tests::resolve_import_map_url_parent ... ok
[INFO] [stdout] test deno_json::tests::task_comments ... ok
[INFO] [stdout] test deno_json::tests::read_config_file_absolute ... ok
[INFO] [stdout] test deno_json::tests::exports_errors ... ok
[INFO] [stdout] test deno_json::tests::files_pattern_matches_remote ... ok
[INFO] [stdout] test deno_json::tests::resolve_lockfile_path_from_unix_path ... ok
[INFO] [stdout] test deno_json::tests::resolve_export_value_urls ... ok
[INFO] [stdout] test deno_json::tests::node_modules_dir_mode ... ok
[INFO] [stdout] test deno_json::tests::lock_object ... ok
[INFO] [stdout] test deno_json::tests::task_name_invalid_chars ... ok
[INFO] [stdout] test deno_json::tests::test_jsx_import_source_valid ... ok
[INFO] [stdout] test deno_json::tests::test_jsx_import_source_types_only ... ok
[INFO] [stdout] test deno_json::tests::task_name_non_alpha_starting_char ... ok
[INFO] [stdout] test deno_json::tests::test_jsx_import_source_only ... ok
[INFO] [stdout] test deno_json::tests::task_name_empty ... ok
[INFO] [stdout] test deno_json::tests::test_parse_config_with_deprecated_fmt_options ... ok
[INFO] [stdout] test deno_json::tests::test_parse_config ... ok
[INFO] [stdout] test deno_json::tests::test_parse_config_publish ... ok
[INFO] [stdout] test deno_json::tests::test_jsx_precompile_skip_setting ... ok
[INFO] [stdout] test deno_json::tests::test_is_package ... ok
[INFO] [stdout] test deno_json::tests::test_parse_config_with_global_files ... ok
[INFO] [stdout] test deno_json::tests::test_parse_config_with_invalid_file ... ok
[INFO] [stdout] test deno_json::tests::test_parse_config_with_not_object_file ... ok
[INFO] [stdout] test deno_json::tests::test_parse_config_with_global_files_only ... ok
[INFO] [stdout] test deno_json::tests::test_parse_config_with_empty_file ... ok
[INFO] [stdout] test deno_json::tests::test_to_import_map_scopes_entry ... ok
[INFO] [stdout] test deno_json::ts::tests::test_json_merge ... ok
[INFO] [stdout] test deno_json::tests::test_to_import_map_imports_entry ... ok
[INFO] [stdout] test deno_json::tests::test_to_import_map_import_map_entry ... ok
[INFO] [stdout] test deno_json::tests::test_to_import_map_from_imports ... ok
[INFO] [stdout] test glob::test::file_patterns_exclude ... ok
[INFO] [stdout] test deno_json::tests::test_parse_config_with_commented_file ... ok
[INFO] [stdout] test glob::test::file_patterns_include ... ok
[INFO] [stdout] test glob::test::file_patterns_include_excluded ... ok
[INFO] [stdout] test deno_json::ts::tests::test_tsconfig_as_bytes ... ok
[INFO] [stdout] test glob::test::from_relative_dot_slash ... ok
[INFO] [stdout] test glob::test::file_patterns_split_by_base_dir ... ok
[INFO] [stdout] test glob::test::from_relative ... ok
[INFO] [stdout] test glob::collector::test::test_collect_files ... ok
[INFO] [stdout] test glob::test::file_patterns_split_by_base_dir_exclude_unexcluded_and_glob ... ok
[INFO] [stdout] test glob::test::file_patterns_split_by_base_dir_opposite_exclude ... ok
[INFO] [stdout] test glob::test::file_patterns_include_exclude ... ok
[INFO] [stdout] test glob::test::file_patterns_split_by_base_dir_unexcluded ... ok
[INFO] [stdout] test glob::test::file_patterns_split_by_base_dir_unexcluded_with_path_includes ... ok
[INFO] [stdout] test glob::test::file_patterns_split_by_base_dir_unexcluded_with_glob_includes ... ok
[INFO] [stdout] test glob::test::file_patterns_opposite_incorrect_excluded_include ... ok
[INFO] [stdout] test glob::test::from_relative_specifier ... ok
[INFO] [stdout] test glob::gitignore::test::git_ignore_tree ... ok
[INFO] [stdout] test glob::test::negated_globs ... ok
[INFO] [stdout] test glob::test::test_is_glob_pattern ... ok
[INFO] [stdout] test workspace::resolver::test::pkg_json_resolution ... ok
[INFO] [stdout] test workspace::resolver::test::invalid_package_name_with_slashes ... ok
[INFO] [stdout] test workspace::resolver::test::resolve_workspace_pkg_json_folder ... ok
[INFO] [stdout] test workspace::resolver::test::resolve_workspace_pkg_json_workspace_deno_json_import_map ... ok
[INFO] [stdout] test workspace::resolver::test::resolves_patch_member_with_version ... ok
[INFO] [stdout] test glob::test::new_ctor ... ok
[INFO] [stdout] test workspace::resolver::test::resolves_workspace_member ... ok
[INFO] [stdout] test workspace::resolver::test::resolves_patch_workspace ... ok
[INFO] [stdout] test workspace::test::test_config_workspace ... ok
[INFO] [stdout] test workspace::resolver::test::resolves_patch_member_no_version ... ok
[INFO] [stdout] test workspace::test::test_config_workspace_non_natural_config_file_name ... ok
[INFO] [stdout] test workspace::resolver::test::workspace_specified_import_map ... ok
[INFO] [stdout] test workspace::test::test_deno_member_not_referenced_in_deno_workspace ... ok
[INFO] [stdout] test workspace::resolver::test::single_pkg_no_import_map ... ok
[INFO] [stdout] test workspace::test::test_empty_workspaces ... ok
[INFO] [stdout] test workspace::test::test_deno_workspace_member_deno_json_member_name ... ok
[INFO] [stdout] test workspace::test::test_duplicate_members ... ok
[INFO] [stdout] test workspace::test::test_deno_workspace_globs_with_package_json ... ok
[INFO] [stdout] test workspace::resolver::test::specified_import_map ... ok
[INFO] [stdout] test workspace::test::test_deno_workspace_negations ... ok
[INFO] [stdout] test workspace::test::test_deno_workspace_member_no_config_file_error ... ok
[INFO] [stdout] test workspace::test::npm_workspace_discovery_workspace_cache ... ok
[INFO] [stdout] test workspace::test::test_config_not_deno_workspace_member_non_natural_config_file_name ... ok
[INFO] [stdout] test workspace::test::deno_workspace_discovery_workspace_cache ... ok
[INFO] [stdout] test workspace::test::test_deno_workspace_globs ... ok
[INFO] [stdout] test workspace::test::test_no_auto_discovery_node_modules_dir ... ok
[INFO] [stdout] test workspace::test::test_npm_workspace_ignore_pkg_json_between_member_and_root ... ok
[INFO] [stdout] test workspace::test::test_npm_package_not_referenced_in_deno_workspace ... ok
[INFO] [stdout] test workspace::test::test_imports_with_import_map ... ok
[INFO] [stdout] test workspace::test::test_multiple_workspaces_npm_package_referenced_in_package_json_workspace ... ok
[INFO] [stdout] test workspace::test::test_npm_workspace_ignore_deno_json_between_member_and_root ... ok
[INFO] [stdout] test workspace::test::test_lock_path ... ok
[INFO] [stdout] test workspace::test::test_npm_workspace_member_no_config_file_error ... ok
[INFO] [stdout] test workspace::test::test_npm_workspace_package_json_and_deno_json_ok ... ok
[INFO] [stdout] test workspace::test::test_npm_workspace_self_reference_and_duplicate_references_ok ... ok
[INFO] [stdout] test workspace::test::test_npm_workspace_member_deno_json_error ... ok
[INFO] [stdout] test workspace::test::test_multiple_pkgs_same_name ... ok
[INFO] [stdout] test workspace::test::test_npm_workspace_globs ... ok
[INFO] [stdout] test workspace::test::test_npm_workspace_negations ... ok
[INFO] [stdout] test workspace::test::test_npm_workspace_ignores_vendor_folder ... ok
[INFO] [stdout] test workspace::test::test_npm_workspace_start_deno_json_not_in_workspace ... ok
[INFO] [stdout] test workspace::test::test_npm_workspace_start_deno_json_part_of_workspace ... ok
[INFO] [stdout] test workspace::test::test_npm_workspace_start_package_json_not_in_workspace ... ok
[INFO] [stdout] test workspace::test::test_npm_workspace_start_deno_json_part_of_workspace_sub_folder ... ok
[INFO] [stdout] test workspace::test::test_npm_workspace_start_deno_json_part_of_workspace_sub_folder_other_deno_json ... ok
[INFO] [stdout] test workspace::test::test_patch_not_exists ... ok
[INFO] [stdout] test workspace::test::test_packages_for_publish_non_workspace ... ok
[INFO] [stdout] test workspace::test::test_packages_for_publish_root_is_package ... ok
[INFO] [stdout] test workspace::test::test_packages_for_publish_npm_workspace ... ok
[INFO] [stdout] test workspace::test::test_packages_for_publish_root_not_package ... ok
[INFO] [stdout] test workspace::test::test_patch_workspace_member ... ok
[INFO] [stdout] test workspace::test::test_patch_npm_package ... ok
[INFO] [stdout] test workspace::test::test_packages_for_publish_workspace ... ok
[INFO] [stdout] test workspace::test::test_patch_of_patch ... ok
[INFO] [stdout] test workspace::test::test_resolve_multiple_dirs ... ok
[INFO] [stdout] test workspace::test::test_resolve_config_for_members_excluded_member_unexcluded_sub_dir ... ok
[INFO] [stdout] test workspace::test::test_resolve_multiple_dirs_outside_config ... ok
[INFO] [stdout] test workspace::test::test_resolve_multiple_dirs_outside_workspace ... ok
[INFO] [stdout] test workspace::test::test_root_member_bench_combinations ... ok
[INFO] [stdout] test workspace::test::test_resolve_config_for_members_excluded_member ... ok
[INFO] [stdout] test workspace::test::test_root_member_compiler_options ... ok
[INFO] [stdout] test workspace::test::test_root_member_exclude ... ok
[INFO] [stdout] test workspace::test::test_root_member_fmt_combinations ... ok
[INFO] [stdout] test workspace::test::test_root_member_import_map ... ok
[INFO] [stdout] test workspace::test::test_root_member_lint_combinations ... ok
[INFO] [stdout] test workspace::test::test_resolve_config_for_members_include_root_and_sub_member ... ok
[INFO] [stdout] test workspace::test::test_root_member_imports_and_scopes ... ok
[INFO] [stdout] test workspace::test::test_root_member_node_modules_dir_suggestions ... ok
[INFO] [stdout] test workspace::test::test_root_member_patch ... ok
[INFO] [stdout] test workspace::test::test_root_member_publish_combinations ... ok
[INFO] [stdout] test workspace::test::test_root_member_empty_config_resolves_excluded_members ... ok
[INFO] [stdout] test workspace::test::test_root_member_workspace_on_member ... ok
[INFO] [stdout] test workspace::test::test_specified_config_file_same_dir_discoverable_config_file ... ok
[INFO] [stdout] test workspace::test::test_root_member_test_combinations ... ok
[INFO] [stdout] test workspace::test::test_root_member_root_only_in_member ... ok
[INFO] [stdout] test workspace::test::test_workspace_invalid_self_reference ... ok
[INFO] [stdout] test workspace::test::test_split_cli_args_by_deno_json_folder_no_config ... ok
[INFO] [stdout] test workspace::test::test_workspaces_json_jsonc ... ok
[INFO] [stdout] test workspace::test::test_root_member_pkg_only_fields_on_workspace_root ... ok
[INFO] [stdout] test workspace::test::workspace_discovery_deno_json_cache ... ok
[INFO] [stdout] test workspace::test::test_workspaces_outside_root_config_dir ... ok
[INFO] [stdout] test workspace::test::test_workspaces_missing_exports ... ok
[INFO] [stdout] test workspace::test::test_workspaces_property ... ok
[INFO] [stdout] test workspace::test::test_tasks ... ok
[INFO] [stdout] test workspace::test::workspace_discovery_pkg_json_cache ... ok
[INFO] [stdout] test workspace::test::test_split_cli_args_by_deno_json_folder ... ok
[INFO] [stdout] test workspace::test::workspace_discovery_workspace_cache ... ok
[INFO] [stdout] test deno_json::tests::test_to_import_map_import_map_remote ... ok
[INFO] [stdout] test deno_json::tests::test_jsx_invalid_setting ... ok
[INFO] [stdout] test deno_json::tests::test_parse_config_exclude_lower_priority_glob ... FAILED
[INFO] [stdout] test deno_json::tests::test_parse_config_exclude_lower_priority_path ... FAILED
[INFO] [stdout] 
[INFO] [stdout] failures:
[INFO] [stdout] 
[INFO] [stdout] ---- deno_json::tests::test_parse_config_exclude_lower_priority_glob stdout ----
[INFO] [stdout] thread 'deno_json::tests::test_parse_config_exclude_lower_priority_glob' panicked at src/deno_json/mod.rs:1790:5:
[INFO] [stdout] assertion failed: `(left == right)`
[INFO] [stdout] 
[INFO] [stdout] [1mDiff[0m [31m< left[0m / [32mright >[0m :
[INFO] [stdout]  Invalid lint config.
[INFO] [stdout]  
[INFO] [stdout]  Caused by:
[INFO] [stdout]      0: Invalid exclude.
[INFO] [stdout]      1: The negation of '!dist/data/**/*.ts' is never reached due to the higher priority 'dist/' exclude. Move '!dist/data/**/*.ts' after 'dist/'.
[INFO] [stdout] [31m<[0m
[INFO] [stdout] [31m<Stack backtrace:[0m
[INFO] [stdout] [31m<   0: anyhow::error::<impl anyhow::Error>::msg[0m
[INFO] [stdout] [31m<             at /opt/rustwide/cargo-home/registry/src/index.crates.io-6f17d22bba15001f/anyhow-1.0.94/src/backtrace.rs:27:14[0m
[INFO] [stdout] [31m<   1: deno_config::glob::PathOrPatternSet::from_exclude_relative_path_or_patterns::validate_entry[0m
[INFO] [stdout] [31m<             at ./src/glob/mod.rs:356:11[0m
[INFO] [stdout] [31m<   2: deno_config::glob::PathOrPatternSet::from_exclude_relative_path_or_patterns[0m
[INFO] [stdout] [31m<             at ./src/glob/mod.rs:376:11[0m
[INFO] [stdout] [31m<   3: deno_config::deno_json::SerializedFilesConfig::into_resolved[0m
[INFO] [stdout] [31m<             at ./src/deno_json/mod.rs:77:16[0m
[INFO] [stdout] [31m<   4: deno_config::deno_json::SerializedLintConfig::into_resolved[0m
[INFO] [stdout] [31m<             at ./src/deno_json/mod.rs:113:14[0m
[INFO] [stdout] [31m<   5: deno_config::deno_json::ConfigFile::to_lint_config[0m
[INFO] [stdout] [31m<             at ./src/deno_json/mod.rs:1193:9[0m
[INFO] [stdout] [31m<   6: deno_config::deno_json::tests::test_parse_config_exclude_lower_priority_glob[0m
[INFO] [stdout] [31m<             at ./src/deno_json/mod.rs:1789:15[0m
[INFO] [stdout] [31m<   7: deno_config::deno_json::tests::test_parse_config_exclude_lower_priority_glob::{{closure}}[0m
[INFO] [stdout] [31m<             at ./src/deno_json/mod.rs:1775:53[0m
[INFO] [stdout] [31m<   8: core::ops::function::FnOnce::call_once[0m
[INFO] [stdout] [31m<             at /rustc/202008a1b8de96d2e5b6bc02d379db03a877d34d/library/core/src/ops/function.rs:250:5[0m
[INFO] [stdout] [31m<   9: core::ops::function::FnOnce::call_once[0m
[INFO] [stdout] [31m<             at /rustc/202008a1b8de96d2e5b6bc02d379db03a877d34d/library/core/src/ops/function.rs:250:5[0m
[INFO] [stdout] [31m<  10: test::__rust_begin_short_backtrace[0m
[INFO] [stdout] [31m<             at /rustc/202008a1b8de96d2e5b6bc02d379db03a877d34d/library/test/src/lib.rs:632:18[0m
[INFO] [stdout] [31m<  11: test::run_test_in_process::{{closure}}[0m
[INFO] [stdout] [31m<             at /rustc/202008a1b8de96d2e5b6bc02d379db03a877d34d/library/test/src/lib.rs:655:60[0m
[INFO] [stdout] [31m<  12: <core::panic::unwind_safe::AssertUnwindSafe<F> as core::ops::function::FnOnce<()>>::call_once[0m
[INFO] [stdout] [31m<             at /rustc/202008a1b8de96d2e5b6bc02d379db03a877d34d/library/core/src/panic/unwind_safe.rs:272:9[0m
[INFO] [stdout] [31m<  13: std::panicking::try::do_call[0m
[INFO] [stdout] [31m<             at /rustc/202008a1b8de96d2e5b6bc02d379db03a877d34d/library/std/src/panicking.rs:557:40[0m
[INFO] [stdout] [31m<  14: std::panicking::try[0m
[INFO] [stdout] [31m<             at /rustc/202008a1b8de96d2e5b6bc02d379db03a877d34d/library/std/src/panicking.rs:520:19[0m
[INFO] [stdout] [31m<  15: std::panic::catch_unwind[0m
[INFO] [stdout] [31m<             at /rustc/202008a1b8de96d2e5b6bc02d379db03a877d34d/library/std/src/panic.rs:358:14[0m
[INFO] [stdout] [31m<  16: test::run_test_in_process[0m
[INFO] [stdout] [31m<             at /rustc/202008a1b8de96d2e5b6bc02d379db03a877d34d/library/test/src/lib.rs:655:27[0m
[INFO] [stdout] [31m<  17: test::run_test::{{closure}}[0m
[INFO] [stdout] [31m<             at /rustc/202008a1b8de96d2e5b6bc02d379db03a877d34d/library/test/src/lib.rs:576:43[0m
[INFO] [stdout] [31m<  18: test::run_test::{{closure}}[0m
[INFO] [stdout] [31m<             at /rustc/202008a1b8de96d2e5b6bc02d379db03a877d34d/library/test/src/lib.rs:606:41[0m
[INFO] [stdout] [31m<  19: std::sys::backtrace::__rust_begin_short_backtrace[0m
[INFO] [stdout] [31m<             at /rustc/202008a1b8de96d2e5b6bc02d379db03a877d34d/library/std/src/sys/backtrace.rs:154:18[0m
[INFO] [stdout] [31m<  20: std::thread::Builder::spawn_unchecked_::{{closure}}::{{closure}}[0m
[INFO] [stdout] [31m<             at /rustc/202008a1b8de96d2e5b6bc02d379db03a877d34d/library/std/src/thread/mod.rs:561:17[0m
[INFO] [stdout] [31m<  21: <core::panic::unwind_safe::AssertUnwindSafe<F> as core::ops::function::FnOnce<()>>::call_once[0m
[INFO] [stdout] [31m<             at /rustc/202008a1b8de96d2e5b6bc02d379db03a877d34d/library/core/src/panic/unwind_safe.rs:272:9[0m
[INFO] [stdout] [31m<  22: std::panicking::try::do_call[0m
[INFO] [stdout] [31m<             at /rustc/202008a1b8de96d2e5b6bc02d379db03a877d34d/library/std/src/panicking.rs:557:40[0m
[INFO] [stdout] [31m<  23: std::panicking::try[0m
[INFO] [stdout] [31m<             at /rustc/202008a1b8de96d2e5b6bc02d379db03a877d34d/library/std/src/panicking.rs:520:19[0m
[INFO] [stdout] [31m<  24: std::panic::catch_unwind[0m
[INFO] [stdout] [31m<             at /rustc/202008a1b8de96d2e5b6bc02d379db03a877d34d/library/std/src/panic.rs:358:14[0m
[INFO] [stdout] [31m<  25: std::thread::Builder::spawn_unchecked_::{{closure}}[0m
[INFO] [stdout] [31m<             at /rustc/202008a1b8de96d2e5b6bc02d379db03a877d34d/library/std/src/thread/mod.rs:559:30[0m
[INFO] [stdout] [31m<  26: core::ops::function::FnOnce::call_once{{vtable.shim}}[0m
[INFO] [stdout] [31m<             at /rustc/202008a1b8de96d2e5b6bc02d379db03a877d34d/library/core/src/ops/function.rs:250:5[0m
[INFO] [stdout] [31m<  27: <alloc::boxed::Box<F,A> as core::ops::function::FnOnce<Args>>::call_once[0m
[INFO] [stdout] [31m<             at /rustc/202008a1b8de96d2e5b6bc02d379db03a877d34d/library/alloc/src/boxed.rs:1972:9[0m
[INFO] [stdout] [31m<  28: <alloc::boxed::Box<F,A> as core::ops::function::FnOnce<Args>>::call_once[0m
[INFO] [stdout] [31m<             at /rustc/202008a1b8de96d2e5b6bc02d379db03a877d34d/library/alloc/src/boxed.rs:1972:9[0m
[INFO] [stdout] [31m<  29: std::sys::pal::unix::thread::Thread::new::thread_start[0m
[INFO] [stdout] [31m<             at /rustc/202008a1b8de96d2e5b6bc02d379db03a877d34d/library/std/src/sys/pal/unix/thread.rs:105:17[0m
[INFO] [stdout] [31m<  30: <unknown>[0m
[INFO] [stdout] [31m<  31: clone[0m
[INFO] [stdout] 
[INFO] [stdout] 
[INFO] [stdout] stack backtrace:
[INFO] [stdout]    0:     0x6085120f6dda - std::backtrace_rs::backtrace::libunwind::trace::h8810477743020387
[INFO] [stdout]                                at /rustc/202008a1b8de96d2e5b6bc02d379db03a877d34d/library/std/src/../../backtrace/src/backtrace/libunwind.rs:116:5
[INFO] [stdout]    1:     0x6085120f6dda - std::backtrace_rs::backtrace::trace_unsynchronized::h3aa55355dd6c54a6
[INFO] [stdout]                                at /rustc/202008a1b8de96d2e5b6bc02d379db03a877d34d/library/std/src/../../backtrace/src/backtrace/mod.rs:66:5
[INFO] [stdout]    2:     0x6085120f6dda - std::sys::backtrace::_print_fmt::h8588b0f62410823f
[INFO] [stdout]                                at /rustc/202008a1b8de96d2e5b6bc02d379db03a877d34d/library/std/src/sys/backtrace.rs:66:9
[INFO] [stdout]    3:     0x6085120f6dda - <std::sys::backtrace::BacktraceLock::print::DisplayBacktrace as core::fmt::Display>::fmt::h98c26ac25ffe89bb
[INFO] [stdout]                                at /rustc/202008a1b8de96d2e5b6bc02d379db03a877d34d/library/std/src/sys/backtrace.rs:39:26
[INFO] [stdout]    4:     0x60851211f8c3 - core::fmt::rt::Argument::fmt::hf95377f4aebd453b
[INFO] [stdout]                                at /rustc/202008a1b8de96d2e5b6bc02d379db03a877d34d/library/core/src/fmt/rt.rs:177:76
[INFO] [stdout]    5:     0x60851211f8c3 - core::fmt::write::h0dd5f6e2238c7982
[INFO] [stdout]                                at /rustc/202008a1b8de96d2e5b6bc02d379db03a877d34d/library/core/src/fmt/mod.rs:1189:21
[INFO] [stdout]    6:     0x6085120f3553 - std::io::Write::write_fmt::h03bb0ca26e6faf8c
[INFO] [stdout]                                at /rustc/202008a1b8de96d2e5b6bc02d379db03a877d34d/library/std/src/io/mod.rs:1884:15
[INFO] [stdout]    7:     0x6085120f6c22 - std::sys::backtrace::BacktraceLock::print::h5c19c1c038ee186d
[INFO] [stdout]                                at /rustc/202008a1b8de96d2e5b6bc02d379db03a877d34d/library/std/src/sys/backtrace.rs:42:9
[INFO] [stdout]    8:     0x6085120f825d - std::panicking::default_hook::{{closure}}::h77172f079a1fcb13
[INFO] [stdout]                                at /rustc/202008a1b8de96d2e5b6bc02d379db03a877d34d/library/std/src/panicking.rs:268:22
[INFO] [stdout]    9:     0x6085120f8067 - std::panicking::default_hook::he5f8e3b203ccddba
[INFO] [stdout]                                at /rustc/202008a1b8de96d2e5b6bc02d379db03a877d34d/library/std/src/panicking.rs:292:9
[INFO] [stdout]   10:     0x608511f15607 - <alloc::boxed::Box<F,A> as core::ops::function::Fn<Args>>::call::h7a3c7b4a1ae77f2f
[INFO] [stdout]                                at /rustc/202008a1b8de96d2e5b6bc02d379db03a877d34d/library/alloc/src/boxed.rs:1986:9
[INFO] [stdout]   11:     0x608511f15607 - test::test_main::{{closure}}::hf0d3b69ae9b353d1
[INFO] [stdout]                                at /rustc/202008a1b8de96d2e5b6bc02d379db03a877d34d/library/test/src/lib.rs:134:21
[INFO] [stdout]   12:     0x6085120f8908 - <alloc::boxed::Box<F,A> as core::ops::function::Fn<Args>>::call::h6332e82e7b189abd
[INFO] [stdout]                                at /rustc/202008a1b8de96d2e5b6bc02d379db03a877d34d/library/alloc/src/boxed.rs:1986:9
[INFO] [stdout]   13:     0x6085120f8908 - std::panicking::rust_panic_with_hook::h53863d4e9018df39
[INFO] [stdout]                                at /rustc/202008a1b8de96d2e5b6bc02d379db03a877d34d/library/std/src/panicking.rs:809:13
[INFO] [stdout]   14:     0x6085120f86ca - std::panicking::begin_panic_handler::{{closure}}::h67280e6fa0757873
[INFO] [stdout]                                at /rustc/202008a1b8de96d2e5b6bc02d379db03a877d34d/library/std/src/panicking.rs:674:13
[INFO] [stdout]   15:     0x6085120f72b9 - std::sys::backtrace::__rust_end_short_backtrace::h1dac3f54d6fbbeb2
[INFO] [stdout]                                at /rustc/202008a1b8de96d2e5b6bc02d379db03a877d34d/library/std/src/sys/backtrace.rs:170:18
[INFO] [stdout]   16:     0x6085120f835c - rust_begin_unwind
[INFO] [stdout]                                at /rustc/202008a1b8de96d2e5b6bc02d379db03a877d34d/library/std/src/panicking.rs:665:5
[INFO] [stdout]   17:     0x60851196a320 - core::panicking::panic_fmt::h6792bd1b2bf01041
[INFO] [stdout]                                at /rustc/202008a1b8de96d2e5b6bc02d379db03a877d34d/library/core/src/panicking.rs:76:14
[INFO] [stdout]   18:     0x608511c21cac - deno_config::deno_json::tests::test_parse_config_exclude_lower_priority_glob::hd3dd9c8fb109c028
[INFO] [stdout]                                at /opt/rustwide/workdir/src/deno_json/mod.rs:1790:5
[INFO] [stdout]   19:     0x608511c21667 - deno_config::deno_json::tests::test_parse_config_exclude_lower_priority_glob::{{closure}}::hd3285511543785c9
[INFO] [stdout]                                at /opt/rustwide/workdir/src/deno_json/mod.rs:1775:53
[INFO] [stdout]   20:     0x608511bea796 - core::ops::function::FnOnce::call_once::h55aab4114f1515fe
[INFO] [stdout]                                at /rustc/202008a1b8de96d2e5b6bc02d379db03a877d34d/library/core/src/ops/function.rs:250:5
[INFO] [stdout]   21:     0x608511f1a12b - core::ops::function::FnOnce::call_once::h871bf86719ec9aa4
[INFO] [stdout]                                at /rustc/202008a1b8de96d2e5b6bc02d379db03a877d34d/library/core/src/ops/function.rs:250:5
[INFO] [stdout]   22:     0x608511f1a12b - test::__rust_begin_short_backtrace::h2167df1e2b7d76fd
[INFO] [stdout]                                at /rustc/202008a1b8de96d2e5b6bc02d379db03a877d34d/library/test/src/lib.rs:632:18
[INFO] [stdout]   23:     0x608511f19b18 - test::run_test_in_process::{{closure}}::h15d92f75a3adfb79
[INFO] [stdout]                                at /rustc/202008a1b8de96d2e5b6bc02d379db03a877d34d/library/test/src/lib.rs:655:60
[INFO] [stdout]   24:     0x608511f19b18 - <core::panic::unwind_safe::AssertUnwindSafe<F> as core::ops::function::FnOnce<()>>::call_once::hb6c8955835a8dbbb
[INFO] [stdout]                                at /rustc/202008a1b8de96d2e5b6bc02d379db03a877d34d/library/core/src/panic/unwind_safe.rs:272:9
[INFO] [stdout]   25:     0x608511f19b18 - std::panicking::try::do_call::hc79d0fc888a0bd30
[INFO] [stdout]                                at /rustc/202008a1b8de96d2e5b6bc02d379db03a877d34d/library/std/src/panicking.rs:557:40
[INFO] [stdout]   26:     0x608511f19b18 - std::panicking::try::hb8a7878e3a8589d6
[INFO] [stdout]                                at /rustc/202008a1b8de96d2e5b6bc02d379db03a877d34d/library/std/src/panicking.rs:520:19
[INFO] [stdout]   27:     0x608511f19b18 - std::panic::catch_unwind::hb8e4600ff0ff5cfa
[INFO] [stdout]                                at /rustc/202008a1b8de96d2e5b6bc02d379db03a877d34d/library/std/src/panic.rs:358:14
[INFO] [stdout]   28:     0x608511f19b18 - test::run_test_in_process::hc2900b0b18688dd6
[INFO] [stdout]                                at /rustc/202008a1b8de96d2e5b6bc02d379db03a877d34d/library/test/src/lib.rs:655:27
[INFO] [stdout]   29:     0x608511f19b18 - test::run_test::{{closure}}::hac2a9cb07be3d48d
[INFO] [stdout]                                at /rustc/202008a1b8de96d2e5b6bc02d379db03a877d34d/library/test/src/lib.rs:576:43
[INFO] [stdout]   30:     0x608511edd5ba - test::run_test::{{closure}}::h4a5b729e66a38cd8
[INFO] [stdout]                                at /rustc/202008a1b8de96d2e5b6bc02d379db03a877d34d/library/test/src/lib.rs:606:41
[INFO] [stdout]   31:     0x608511edd5ba - std::sys::backtrace::__rust_begin_short_backtrace::h0496fb742492f573
[INFO] [stdout]                                at /rustc/202008a1b8de96d2e5b6bc02d379db03a877d34d/library/std/src/sys/backtrace.rs:154:18
[INFO] [stdout]   32:     0x608511ee0f34 - std::thread::Builder::spawn_unchecked_::{{closure}}::{{closure}}::hbb6d257c550a54bd
[INFO] [stdout]                                at /rustc/202008a1b8de96d2e5b6bc02d379db03a877d34d/library/std/src/thread/mod.rs:561:17
[INFO] [stdout]   33:     0x608511ee0f34 - <core::panic::unwind_safe::AssertUnwindSafe<F> as core::ops::function::FnOnce<()>>::call_once::h46696fe4a6832328
[INFO] [stdout]                                at /rustc/202008a1b8de96d2e5b6bc02d379db03a877d34d/library/core/src/panic/unwind_safe.rs:272:9
[INFO] [stdout]   34:     0x608511ee0f34 - std::panicking::try::do_call::h2625a51b667bfb64
[INFO] [stdout]                                at /rustc/202008a1b8de96d2e5b6bc02d379db03a877d34d/library/std/src/panicking.rs:557:40
[INFO] [stdout]   35:     0x608511ee0f34 - std::panicking::try::hb956a59a1973aa4c
[INFO] [stdout]                                at /rustc/202008a1b8de96d2e5b6bc02d379db03a877d34d/library/std/src/panicking.rs:520:19
[INFO] [stdout]   36:     0x608511ee0f34 - std::panic::catch_unwind::h64f3b9d1067ef6a0
[INFO] [stdout]                                at /rustc/202008a1b8de96d2e5b6bc02d379db03a877d34d/library/std/src/panic.rs:358:14
[INFO] [stdout]   37:     0x608511ee0f34 - std::thread::Builder::spawn_unchecked_::{{closure}}::h42b2841295b6c0b2
[INFO] [stdout]                                at /rustc/202008a1b8de96d2e5b6bc02d379db03a877d34d/library/std/src/thread/mod.rs:559:30
[INFO] [stdout]   38:     0x608511ee0f34 - core::ops::function::FnOnce::call_once{{vtable.shim}}::h6127de71b8124639
[INFO] [stdout]                                at /rustc/202008a1b8de96d2e5b6bc02d379db03a877d34d/library/core/src/ops/function.rs:250:5
[INFO] [stdout]   39:     0x6085120fd5eb - <alloc::boxed::Box<F,A> as core::ops::function::FnOnce<Args>>::call_once::h42f0ba71002a1b2c
[INFO] [stdout]                                at /rustc/202008a1b8de96d2e5b6bc02d379db03a877d34d/library/alloc/src/boxed.rs:1972:9
[INFO] [stdout]   40:     0x6085120fd5eb - <alloc::boxed::Box<F,A> as core::ops::function::FnOnce<Args>>::call_once::had9e47d7a3dcecb8
[INFO] [stdout]                                at /rustc/202008a1b8de96d2e5b6bc02d379db03a877d34d/library/alloc/src/boxed.rs:1972:9
[INFO] [stdout]   41:     0x6085120fd5eb - std::sys::pal::unix::thread::Thread::new::thread_start::h48cf765408f6f5f2
[INFO] [stdout]                                at /rustc/202008a1b8de96d2e5b6bc02d379db03a877d34d/library/std/src/sys/pal/unix/thread.rs:105:17
[INFO] [stdout]   42:     0x7847670edac3 - <unknown>
[INFO] [stdout]   43:     0x78476717ea04 - clone
[INFO] [stdout]   44:                0x0 - <unknown>
[INFO] [stdout] 
[INFO] [stdout] ---- deno_json::tests::test_parse_config_exclude_lower_priority_path stdout ----
[INFO] [stdout] thread 'deno_json::tests::test_parse_config_exclude_lower_priority_path' panicked at src/deno_json/mod.rs:1764:5:
[INFO] [stdout] assertion failed: `(left == right)`
[INFO] [stdout] 
[INFO] [stdout] [1mDiff[0m [31m< left[0m / [32mright >[0m :
[INFO] [stdout]  Invalid fmt config.
[INFO] [stdout]  
[INFO] [stdout]  Caused by:
[INFO] [stdout]      0: Invalid exclude.
[INFO] [stdout]      1: The negation of '!dist/data' is never reached due to the higher priority 'dist/' exclude. Move '!dist/data' after 'dist/'.
[INFO] [stdout] [31m<[0m
[INFO] [stdout] [31m<Stack backtrace:[0m
[INFO] [stdout] [31m<   0: anyhow::error::<impl anyhow::Error>::msg[0m
[INFO] [stdout] [31m<             at /opt/rustwide/cargo-home/registry/src/index.crates.io-6f17d22bba15001f/anyhow-1.0.94/src/backtrace.rs:27:14[0m
[INFO] [stdout] [31m<   1: deno_config::glob::PathOrPatternSet::from_exclude_relative_path_or_patterns::validate_entry[0m
[INFO] [stdout] [31m<             at ./src/glob/mod.rs:356:11[0m
[INFO] [stdout] [31m<   2: deno_config::glob::PathOrPatternSet::from_exclude_relative_path_or_patterns[0m
[INFO] [stdout] [31m<             at ./src/glob/mod.rs:376:11[0m
[INFO] [stdout] [31m<   3: deno_config::deno_json::SerializedFilesConfig::into_resolved[0m
[INFO] [stdout] [31m<             at ./src/deno_json/mod.rs:77:16[0m
[INFO] [stdout] [31m<   4: deno_config::deno_json::SerializedFmtConfig::into_resolved[0m
[INFO] [stdout] [31m<             at ./src/deno_json/mod.rs:250:14[0m
[INFO] [stdout] [31m<   5: deno_config::deno_json::ConfigFile::to_fmt_config[0m
[INFO] [stdout] [31m<             at ./src/deno_json/mod.rs:1172:9[0m
[INFO] [stdout] [31m<   6: deno_config::deno_json::tests::test_parse_config_exclude_lower_priority_path[0m
[INFO] [stdout] [31m<             at ./src/deno_json/mod.rs:1763:15[0m
[INFO] [stdout] [31m<   7: deno_config::deno_json::tests::test_parse_config_exclude_lower_priority_path::{{closure}}[0m
[INFO] [stdout] [31m<             at ./src/deno_json/mod.rs:1749:53[0m
[INFO] [stdout] [31m<   8: core::ops::function::FnOnce::call_once[0m
[INFO] [stdout] [31m<             at /rustc/202008a1b8de96d2e5b6bc02d379db03a877d34d/library/core/src/ops/function.rs:250:5[0m
[INFO] [stdout] [31m<   9: core::ops::function::FnOnce::call_once[0m
[INFO] [stdout] [31m<             at /rustc/202008a1b8de96d2e5b6bc02d379db03a877d34d/library/core/src/ops/function.rs:250:5[0m
[INFO] [stdout] [31m<  10: test::__rust_begin_short_backtrace[0m
[INFO] [stdout] [31m<             at /rustc/202008a1b8de96d2e5b6bc02d379db03a877d34d/library/test/src/lib.rs:632:18[0m
[INFO] [stdout] [31m<  11: test::run_test_in_process::{{closure}}[0m
[INFO] [stdout] [31m<             at /rustc/202008a1b8de96d2e5b6bc02d379db03a877d34d/library/test/src/lib.rs:655:60[0m
[INFO] [stdout] [31m<  12: <core::panic::unwind_safe::AssertUnwindSafe<F> as core::ops::function::FnOnce<()>>::call_once[0m
[INFO] [stdout] [31m<             at /rustc/202008a1b8de96d2e5b6bc02d379db03a877d34d/library/core/src/panic/unwind_safe.rs:272:9[0m
[INFO] [stdout] [31m<  13: std::panicking::try::do_call[0m
[INFO] [stdout] [31m<             at /rustc/202008a1b8de96d2e5b6bc02d379db03a877d34d/library/std/src/panicking.rs:557:40[0m
[INFO] [stdout] [31m<  14: std::panicking::try[0m
[INFO] [stdout] [31m<             at /rustc/202008a1b8de96d2e5b6bc02d379db03a877d34d/library/std/src/panicking.rs:520:19[0m
[INFO] [stdout] [31m<  15: std::panic::catch_unwind[0m
[INFO] [stdout] [31m<             at /rustc/202008a1b8de96d2e5b6bc02d379db03a877d34d/library/std/src/panic.rs:358:14[0m
[INFO] [stdout] [31m<  16: test::run_test_in_process[0m
[INFO] [stdout] [31m<             at /rustc/202008a1b8de96d2e5b6bc02d379db03a877d34d/library/test/src/lib.rs:655:27[0m
[INFO] [stdout] [31m<  17: test::run_test::{{closure}}[0m
[INFO] [stdout] [31m<             at /rustc/202008a1b8de96d2e5b6bc02d379db03a877d34d/library/test/src/lib.rs:576:43[0m
[INFO] [stdout] [31m<  18: test::run_test::{{closure}}[0m
[INFO] [stdout] [31m<             at /rustc/202008a1b8de96d2e5b6bc02d379db03a877d34d/library/test/src/lib.rs:606:41[0m
[INFO] [stdout] [31m<  19: std::sys::backtrace::__rust_begin_short_backtrace[0m
[INFO] [stdout] [31m<             at /rustc/202008a1b8de96d2e5b6bc02d379db03a877d34d/library/std/src/sys/backtrace.rs:154:18[0m
[INFO] [stdout] [31m<  20: std::thread::Builder::spawn_unchecked_::{{closure}}::{{closure}}[0m
[INFO] [stdout] [31m<             at /rustc/202008a1b8de96d2e5b6bc02d379db03a877d34d/library/std/src/thread/mod.rs:561:17[0m
[INFO] [stdout] [31m<  21: <core::panic::unwind_safe::AssertUnwindSafe<F> as core::ops::function::FnOnce<()>>::call_once[0m
[INFO] [stdout] [31m<             at /rustc/202008a1b8de96d2e5b6bc02d379db03a877d34d/library/core/src/panic/unwind_safe.rs:272:9[0m
[INFO] [stdout] [31m<  22: std::panicking::try::do_call[0m
[INFO] [stdout] [31m<             at /rustc/202008a1b8de96d2e5b6bc02d379db03a877d34d/library/std/src/panicking.rs:557:40[0m
[INFO] [stdout] [31m<  23: std::panicking::try[0m
[INFO] [stdout] [31m<             at /rustc/202008a1b8de96d2e5b6bc02d379db03a877d34d/library/std/src/panicking.rs:520:19[0m
[INFO] [stdout] [31m<  24: std::panic::catch_unwind[0m
[INFO] [stdout] [31m<             at /rustc/202008a1b8de96d2e5b6bc02d379db03a877d34d/library/std/src/panic.rs:358:14[0m
[INFO] [stdout] [31m<  25: std::thread::Builder::spawn_unchecked_::{{closure}}[0m
[INFO] [stdout] [31m<             at /rustc/202008a1b8de96d2e5b6bc02d379db03a877d34d/library/std/src/thread/mod.rs:559:30[0m
[INFO] [stdout] [31m<  26: core::ops::function::FnOnce::call_once{{vtable.shim}}[0m
[INFO] [stdout] [31m<             at /rustc/202008a1b8de96d2e5b6bc02d379db03a877d34d/library/core/src/ops/function.rs:250:5[0m
[INFO] [stdout] [31m<  27: <alloc::boxed::Box<F,A> as core::ops::function::FnOnce<Args>>::call_once[0m
[INFO] [stdout] [31m<             at /rustc/202008a1b8de96d2e5b6bc02d379db03a877d34d/library/alloc/src/boxed.rs:1972:9[0m
[INFO] [stdout] [31m<  28: <alloc::boxed::Box<F,A> as core::ops::function::FnOnce<Args>>::call_once[0m
[INFO] [stdout] [31m<             at /rustc/202008a1b8de96d2e5b6bc02d379db03a877d34d/library/alloc/src/boxed.rs:1972:9[0m
[INFO] [stdout] [31m<  29: std::sys::pal::unix::thread::Thread::new::thread_start[0m
[INFO] [stdout] [31m<             at /rustc/202008a1b8de96d2e5b6bc02d379db03a877d34d/library/std/src/sys/pal/unix/thread.rs:105:17[0m
[INFO] [stdout] [31m<  30: <unknown>[0m
[INFO] [stdout] [31m<  31: clone[0m
[INFO] [stdout] 
[INFO] [stdout] 
[INFO] [stdout] stack backtrace:
[INFO] [stdout]    0:     0x6085120f6dda - std::backtrace_rs::backtrace::libunwind::trace::h8810477743020387
[INFO] [stdout]                                at /rustc/202008a1b8de96d2e5b6bc02d379db03a877d34d/library/std/src/../../backtrace/src/backtrace/libunwind.rs:116:5
[INFO] [stdout]    1:     0x6085120f6dda - std::backtrace_rs::backtrace::trace_unsynchronized::h3aa55355dd6c54a6
[INFO] [stdout]                                at /rustc/202008a1b8de96d2e5b6bc02d379db03a877d34d/library/std/src/../../backtrace/src/backtrace/mod.rs:66:5
[INFO] [stdout]    2:     0x6085120f6dda - std::sys::backtrace::_print_fmt::h8588b0f62410823f
[INFO] [stdout]                                at /rustc/202008a1b8de96d2e5b6bc02d379db03a877d34d/library/std/src/sys/backtrace.rs:66:9
[INFO] [stdout]    3:     0x6085120f6dda - <std::sys::backtrace::BacktraceLock::print::DisplayBacktrace as core::fmt::Display>::fmt::h98c26ac25ffe89bb
[INFO] [stdout]                                at /rustc/202008a1b8de96d2e5b6bc02d379db03a877d34d/library/std/src/sys/backtrace.rs:39:26
[INFO] [stdout]    4:     0x60851211f8c3 - core::fmt::rt::Argument::fmt::hf95377f4aebd453b
[INFO] [stdout]                                at /rustc/202008a1b8de96d2e5b6bc02d379db03a877d34d/library/core/src/fmt/rt.rs:177:76
[INFO] [stdout]    5:     0x60851211f8c3 - core::fmt::write::h0dd5f6e2238c7982
[INFO] [stdout]                                at /rustc/202008a1b8de96d2e5b6bc02d379db03a877d34d/library/core/src/fmt/mod.rs:1189:21
[INFO] [stdout]    6:     0x6085120f3553 - std::io::Write::write_fmt::h03bb0ca26e6faf8c
[INFO] [stdout]                                at /rustc/202008a1b8de96d2e5b6bc02d379db03a877d34d/library/std/src/io/mod.rs:1884:15
[INFO] [stdout]    7:     0x6085120f6c22 - std::sys::backtrace::BacktraceLock::print::h5c19c1c038ee186d
[INFO] [stdout]                                at /rustc/202008a1b8de96d2e5b6bc02d379db03a877d34d/library/std/src/sys/backtrace.rs:42:9
[INFO] [stdout]    8:     0x6085120f825d - std::panicking::default_hook::{{closure}}::h77172f079a1fcb13
[INFO] [stdout]                                at /rustc/202008a1b8de96d2e5b6bc02d379db03a877d34d/library/std/src/panicking.rs:268:22
[INFO] [stdout]    9:     0x6085120f8067 - std::panicking::default_hook::he5f8e3b203ccddba
[INFO] [stdout]                                at /rustc/202008a1b8de96d2e5b6bc02d379db03a877d34d/library/std/src/panicking.rs:292:9
[INFO] [stdout]   10:     0x608511f15607 - <alloc::boxed::Box<F,A> as core::ops::function::Fn<Args>>::call::h7a3c7b4a1ae77f2f
[INFO] [stdout]                                at /rustc/202008a1b8de96d2e5b6bc02d379db03a877d34d/library/alloc/src/boxed.rs:1986:9
[INFO] [stdout]   11:     0x608511f15607 - test::test_main::{{closure}}::hf0d3b69ae9b353d1
[INFO] [stdout]                                at /rustc/202008a1b8de96d2e5b6bc02d379db03a877d34d/library/test/src/lib.rs:134:21
[INFO] [stdout]   12:     0x6085120f8908 - <alloc::boxed::Box<F,A> as core::ops::function::Fn<Args>>::call::h6332e82e7b189abd
[INFO] [stdout]                                at /rustc/202008a1b8de96d2e5b6bc02d379db03a877d34d/library/alloc/src/boxed.rs:1986:9
[INFO] [stdout]   13:     0x6085120f8908 - std::panicking::rust_panic_with_hook::h53863d4e9018df39
[INFO] [stdout]                                at /rustc/202008a1b8de96d2e5b6bc02d379db03a877d34d/library/std/src/panicking.rs:809:13
[INFO] [stdout]   14:     0x6085120f86ca - std::panicking::begin_panic_handler::{{closure}}::h67280e6fa0757873
[INFO] [stdout]                                at /rustc/202008a1b8de96d2e5b6bc02d379db03a877d34d/library/std/src/panicking.rs:674:13
[INFO] [stdout]   15:     0x6085120f72b9 - std::sys::backtrace::__rust_end_short_backtrace::h1dac3f54d6fbbeb2
[INFO] [stdout]                                at /rustc/202008a1b8de96d2e5b6bc02d379db03a877d34d/library/std/src/sys/backtrace.rs:170:18
[INFO] [stdout]   16:     0x6085120f835c - rust_begin_unwind
[INFO] [stdout]                                at /rustc/202008a1b8de96d2e5b6bc02d379db03a877d34d/library/std/src/panicking.rs:665:5
[INFO] [stdout]   17:     0x60851196a320 - core::panicking::panic_fmt::h6792bd1b2bf01041
[INFO] [stdout]                                at /rustc/202008a1b8de96d2e5b6bc02d379db03a877d34d/library/core/src/panicking.rs:76:14
[INFO] [stdout]   18:     0x608511c215ec - deno_config::deno_json::tests::test_parse_config_exclude_lower_priority_path::hd620ebb8eab7a1e1
[INFO] [stdout]                                at /opt/rustwide/workdir/src/deno_json/mod.rs:1764:5
[INFO] [stdout]   19:     0x608511c20fa7 - deno_config::deno_json::tests::test_parse_config_exclude_lower_priority_path::{{closure}}::h89b4d4d63cf733e7
[INFO] [stdout]                                at /opt/rustwide/workdir/src/deno_json/mod.rs:1749:53
[INFO] [stdout]   20:     0x608511bed216 - core::ops::function::FnOnce::call_once::hf2d0add002dfa782
[INFO] [stdout]                                at /rustc/202008a1b8de96d2e5b6bc02d379db03a877d34d/library/core/src/ops/function.rs:250:5
[INFO] [stdout]   21:     0x608511f1a12b - core::ops::function::FnOnce::call_once::h871bf86719ec9aa4
[INFO] [stdout]                                at /rustc/202008a1b8de96d2e5b6bc02d379db03a877d34d/library/core/src/ops/function.rs:250:5
[INFO] [stdout]   22:     0x608511f1a12b - test::__rust_begin_short_backtrace::h2167df1e2b7d76fd
[INFO] [stdout]                                at /rustc/202008a1b8de96d2e5b6bc02d379db03a877d34d/library/test/src/lib.rs:632:18
[INFO] [stdout]   23:     0x608511f19b18 - test::run_test_in_process::{{closure}}::h15d92f75a3adfb79
[INFO] [stdout]                                at /rustc/202008a1b8de96d2e5b6bc02d379db03a877d34d/library/test/src/lib.rs:655:60
[INFO] [stdout]   24:     0x608511f19b18 - <core::panic::unwind_safe::AssertUnwindSafe<F> as core::ops::function::FnOnce<()>>::call_once::hb6c8955835a8dbbb
[INFO] [stdout]                                at /rustc/202008a1b8de96d2e5b6bc02d379db03a877d34d/library/core/src/panic/unwind_safe.rs:272:9
[INFO] [stdout]   25:     0x608511f19b18 - std::panicking::try::do_call::hc79d0fc888a0bd30
[INFO] [stdout]                                at /rustc/202008a1b8de96d2e5b6bc02d379db03a877d34d/library/std/src/panicking.rs:557:40
[INFO] [stdout]   26:     0x608511f19b18 - std::panicking::try::hb8a7878e3a8589d6
[INFO] [stdout]                                at /rustc/202008a1b8de96d2e5b6bc02d379db03a877d34d/library/std/src/panicking.rs:520:19
[INFO] [stdout]   27:     0x608511f19b18 - std::panic::catch_unwind::hb8e4600ff0ff5cfa
[INFO] [stdout]                                at /rustc/202008a1b8de96d2e5b6bc02d379db03a877d34d/library/std/src/panic.rs:358:14
[INFO] [stdout]   28:     0x608511f19b18 - test::run_test_in_process::hc2900b0b18688dd6
[INFO] [stdout]                                at /rustc/202008a1b8de96d2e5b6bc02d379db03a877d34d/library/test/src/lib.rs:655:27
[INFO] [stdout]   29:     0x608511f19b18 - test::run_test::{{closure}}::hac2a9cb07be3d48d
[INFO] [stdout]                                at /rustc/202008a1b8de96d2e5b6bc02d379db03a877d34d/library/test/src/lib.rs:576:43
[INFO] [stdout]   30:     0x608511edd5ba - test::run_test::{{closure}}::h4a5b729e66a38cd8
[INFO] [stdout]                                at /rustc/202008a1b8de96d2e5b6bc02d379db03a877d34d/library/test/src/lib.rs:606:41
[INFO] [stdout]   31:     0x608511edd5ba - std::sys::backtrace::__rust_begin_short_backtrace::h0496fb742492f573
[INFO] [stdout]                                at /rustc/202008a1b8de96d2e5b6bc02d379db03a877d34d/library/std/src/sys/backtrace.rs:154:18
[INFO] [stdout]   32:     0x608511ee0f34 - std::thread::Builder::spawn_unchecked_::{{closure}}::{{closure}}::hbb6d257c550a54bd
[INFO] [stdout]                                at /rustc/202008a1b8de96d2e5b6bc02d379db03a877d34d/library/std/src/thread/mod.rs:561:17
[INFO] [stdout]   33:     0x608511ee0f34 - <core::panic::unwind_safe::AssertUnwindSafe<F> as core::ops::function::FnOnce<()>>::call_once::h46696fe4a6832328
[INFO] [stdout]                                at /rustc/202008a1b8de96d2e5b6bc02d379db03a877d34d/library/core/src/panic/unwind_safe.rs:272:9
[INFO] [stdout]   34:     0x608511ee0f34 - std::panicking::try::do_call::h2625a51b667bfb64
[INFO] [stdout]                                at /rustc/202008a1b8de96d2e5b6bc02d379db03a877d34d/library/std/src/panicking.rs:557:40
[INFO] [stdout]   35:     0x608511ee0f34 - std::panicking::try::hb956a59a1973aa4c
[INFO] [stdout]                                at /rustc/202008a1b8de96d2e5b6bc02d379db03a877d34d/library/std/src/panicking.rs:520:19
[INFO] [stdout]   36:     0x608511ee0f34 - std::panic::catch_unwind::h64f3b9d1067ef6a0
[INFO] [stdout]                                at /rustc/202008a1b8de96d2e5b6bc02d379db03a877d34d/library/std/src/panic.rs:358:14
[INFO] [stdout]   37:     0x608511ee0f34 - std::thread::Builder::spawn_unchecked_::{{closure}}::h42b2841295b6c0b2
[INFO] [stdout]                                at /rustc/202008a1b8de96d2e5b6bc02d379db03a877d34d/library/std/src/thread/mod.rs:559:30
[INFO] [stdout]   38:     0x608511ee0f34 - core::ops::function::FnOnce::call_once{{vtable.shim}}::h6127de71b8124639
[INFO] [stdout]                                at /rustc/202008a1b8de96d2e5b6bc02d379db03a877d34d/library/core/src/ops/function.rs:250:5
[INFO] [stdout]   39:     0x6085120fd5eb - <alloc::boxed::Box<F,A> as core::ops::function::FnOnce<Args>>::call_once::h42f0ba71002a1b2c
[INFO] [stdout]                                at /rustc/202008a1b8de96d2e5b6bc02d379db03a877d34d/library/alloc/src/boxed.rs:1972:9
[INFO] [stdout]   40:     0x6085120fd5eb - <alloc::boxed::Box<F,A> as core::ops::function::FnOnce<Args>>::call_once::had9e47d7a3dcecb8
[INFO] [stdout]                                at /rustc/202008a1b8de96d2e5b6bc02d379db03a877d34d/library/alloc/src/boxed.rs:1972:9
[INFO] [stdout]   41:     0x6085120fd5eb - std::sys::pal::unix::thread::Thread::new::thread_start::h48cf765408f6f5f2
[INFO] [stdout]                                at /rustc/202008a1b8de96d2e5b6bc02d379db03a877d34d/library/std/src/sys/pal/unix/thread.rs:105:17
[INFO] [stdout]   42:     0x7847670edac3 - <unknown>
[INFO] [stdout]   43:     0x78476717ea04 - clone
[INFO] [stdout]   44:                0x0 - <unknown>
[INFO] [stdout] 
[INFO] [stdout] 
[INFO] [stdout] failures:
[INFO] [stdout]     deno_json::tests::test_parse_config_exclude_lower_priority_glob
[INFO] [stdout]     deno_json::tests::test_parse_config_exclude_lower_priority_path
[INFO] [stdout] 
[INFO] [stdout] test result: FAILED. 141 passed; 2 failed; 0 ignored; 0 measured; 0 filtered out; finished in 0.11s
[INFO] [stdout] 
[INFO] [stderr] error: test failed, to rerun pass `--lib`
[INFO] running `Command { std: "docker" "inspect" "aff7440fed294a94ef1bcfc14b58995baf6855cd4d5187e75cbd8707840d0758", kill_on_drop: false }`
[INFO] running `Command { std: "docker" "rm" "-f" "aff7440fed294a94ef1bcfc14b58995baf6855cd4d5187e75cbd8707840d0758", kill_on_drop: false }`
[INFO] [stdout] aff7440fed294a94ef1bcfc14b58995baf6855cd4d5187e75cbd8707840d0758
