[INFO] fetching crate deno_ast 0.44.0...
[INFO] testing deno_ast-0.44.0 against 1.83.0 for beta-1.84.0-4-retry
[INFO] extracting crate deno_ast 0.44.0 into /workspace/builds/worker-2-tc1/source
[INFO] validating manifest of crates.io crate deno_ast 0.44.0 on toolchain 1.83.0
[INFO] running `Command { std: CARGO_HOME="/workspace/cargo-home" RUSTUP_HOME="/workspace/rustup-home" "/workspace/cargo-home/bin/cargo" "+1.83.0" "metadata" "--manifest-path" "Cargo.toml" "--no-deps", kill_on_drop: false }`
[INFO] removed /workspace/builds/worker-2-tc1/source/rust-toolchain.toml
[INFO] started tweaking crates.io crate deno_ast 0.44.0
[INFO] finished tweaking crates.io crate deno_ast 0.44.0
[INFO] tweaked toml for crates.io crate deno_ast 0.44.0 written to /workspace/builds/worker-2-tc1/source/Cargo.toml
[INFO] running `Command { std: CARGO_HOME="/workspace/cargo-home" RUSTUP_HOME="/workspace/rustup-home" "/workspace/cargo-home/bin/cargo" "+1.83.0" "generate-lockfile" "--manifest-path" "Cargo.toml", kill_on_drop: false }`
[INFO] [stderr]     Updating crates.io index
[INFO] [stderr]      Locking 210 packages to latest compatible versions
[INFO] [stderr]       Adding base64 v0.21.7 (available: v0.22.1)
[INFO] [stderr]       Adding dprint-swc-ext v0.20.0 (available: v0.21.0)
[INFO] [stderr]       Adding swc_atoms v0.6.7 (available: v3.0.0)
[INFO] [stderr]       Adding swc_bundler v0.237.0 (available: v6.0.0)
[INFO] [stderr]       Adding swc_common v0.37.5 (available: v5.0.0)
[INFO] [stderr]       Adding swc_config v0.1.15 (available: v1.0.0)
[INFO] [stderr]       Adding swc_config_macro v0.1.4 (available: v1.0.0)
[INFO] [stderr]       Adding swc_ecma_ast v0.118.2 (available: v5.0.0)
[INFO] [stderr]       Adding swc_ecma_codegen v0.155.1 (available: v5.0.0)
[INFO] [stderr]       Adding swc_ecma_codegen_macros v0.7.7 (available: v1.0.0)
[INFO] [stderr]       Adding swc_ecma_loader v0.49.1 (available: v5.0.0)
[INFO] [stderr]       Adding swc_ecma_parser v0.149.1 (available: v6.0.0)
[INFO] [stderr]       Adding swc_ecma_transforms_base v0.145.0 (available: v6.0.2)
[INFO] [stderr]       Adding swc_ecma_transforms_classes v0.134.0 (available: v6.0.0)
[INFO] [stderr]       Adding swc_ecma_transforms_compat v0.171.0 (available: v7.0.0)
[INFO] [stderr]       Adding swc_ecma_transforms_macros v0.5.5 (available: v1.0.0)
[INFO] [stderr]       Adding swc_ecma_transforms_optimization v0.208.0 (available: v0.208.1)
[INFO] [stderr]       Adding swc_ecma_transforms_proposal v0.179.0 (available: v6.0.0)
[INFO] [stderr]       Adding swc_ecma_transforms_react v0.191.0 (available: v6.0.0)
[INFO] [stderr]       Adding swc_ecma_transforms_typescript v0.198.1 (available: v6.0.0)
[INFO] [stderr]       Adding swc_ecma_utils v0.134.2 (available: v0.134.3)
[INFO] [stderr]       Adding swc_ecma_visit v0.104.8 (available: v5.0.0)
[INFO] [stderr]       Adding swc_eq_ignore_macros v0.1.4 (available: v1.0.0)
[INFO] [stderr]       Adding swc_graph_analyzer v0.26.0 (available: v5.0.0)
[INFO] [stderr]       Adding swc_macros_common v0.3.13 (available: v0.3.14)
[INFO] [stderr]       Adding swc_trace_macro v0.1.3 (available: v2.0.0)
[INFO] [stderr]       Adding swc_visit v0.6.2 (available: v2.0.0)
[INFO] [stderr]       Adding unicode-width v0.1.14 (available: v0.2.0)
[INFO] running `Command { std: CARGO_HOME="/workspace/cargo-home" RUSTUP_HOME="/workspace/rustup-home" "/workspace/cargo-home/bin/cargo" "+1.83.0" "fetch" "--manifest-path" "Cargo.toml", kill_on_drop: false }`
[INFO] [stderr]  Downloading crates ...
[INFO] [stderr]   Downloaded swc_graph_analyzer v0.26.0
[INFO] [stderr]   Downloaded swc_fast_graph v0.25.0
[INFO] [stderr]   Downloaded swc_visit v0.6.2
[INFO] [stderr]   Downloaded hstr v0.2.12
[INFO] [stderr]   Downloaded swc_visit_macros v0.5.13
[INFO] [stderr]   Downloaded sourcemap v9.1.2
[INFO] [stderr]   Downloaded swc_ecma_compat_bugfixes v0.12.0
[INFO] [stderr]   Downloaded swc_ecma_compat_es2016 v0.12.0
[INFO] [stderr]   Downloaded deno_media_type v0.2.2
[INFO] [stderr]   Downloaded deno_error_macro v0.5.2
[INFO] [stderr]   Downloaded is-macro v0.3.7
[INFO] [stderr]   Downloaded swc_ecma_loader v0.49.1
[INFO] [stderr]   Downloaded swc_ecma_codegen v0.155.1
[INFO] [stderr]   Downloaded swc_ecma_compat_es2015 v0.12.0
[INFO] [stderr]   Downloaded dprint-swc-ext v0.20.0
[INFO] [stderr]   Downloaded swc_bundler v0.237.0
[INFO] [stderr]   Downloaded swc_ecma_transforms_base v0.145.0
[INFO] [stderr]   Downloaded swc_ecma_transforms_optimization v0.208.0
[INFO] [stderr]   Downloaded swc_ecma_parser v0.149.1
[INFO] [stderr]   Downloaded swc_ecma_ast v0.118.2
[INFO] [stderr]   Downloaded unicode-id-start v1.3.1
[INFO] [stderr]   Downloaded swc_common v0.37.5
[INFO] [stderr]   Downloaded swc_ecma_transforms_typescript v0.198.1
[INFO] [stderr]   Downloaded swc_ecma_utils v0.134.2
[INFO] [stderr]   Downloaded swc_ecma_compat_es2018 v0.12.0
[INFO] [stderr]   Downloaded swc_ecma_compat_es2022 v0.12.0
[INFO] [stderr]   Downloaded swc_ecma_transforms_react v0.191.0
[INFO] [stderr]   Downloaded deno_error v0.5.2
[INFO] [stderr]   Downloaded swc_ecma_visit v0.104.8
[INFO] [stderr]   Downloaded swc_ecma_compat_es2020 v0.12.0
[INFO] [stderr]   Downloaded swc_ecma_compat_common v0.11.0
[INFO] [stderr]   Downloaded swc_ecma_transforms_proposal v0.179.0
[INFO] [stderr]   Downloaded deno_terminal v0.2.0
[INFO] [stderr]   Downloaded swc_ecma_compat_es2021 v0.12.0
[INFO] [stderr]   Downloaded swc_ecma_compat_es3 v0.12.0
[INFO] [stderr]   Downloaded swc_ecma_transforms_compat v0.171.0
[INFO] [stderr]   Downloaded swc_ecma_transforms_classes v0.134.0
[INFO] [stderr]   Downloaded swc_config v0.1.15
[INFO] [stderr]   Downloaded swc_allocator v0.1.10
[INFO] [stderr]   Downloaded swc_ecma_compat_es2017 v0.12.0
[INFO] [stderr]   Downloaded swc_ecma_compat_es2019 v0.12.0
[INFO] [stderr]   Downloaded better_scoped_tls v0.1.2
[INFO] running `Command { std: "docker" "create" "-v" "/var/lib/crater-agent-workspace/builds/worker-2-tc1/target:/opt/rustwide/target:rw,Z" "-v" "/var/lib/crater-agent-workspace/builds/worker-2-tc1/source:/opt/rustwide/workdir:ro,Z" "-v" "/var/lib/crater-agent-workspace/cargo-home:/opt/rustwide/cargo-home:ro,Z" "-v" "/var/lib/crater-agent-workspace/rustup-home:/opt/rustwide/rustup-home:ro,Z" "-e" "SOURCE_DIR=/opt/rustwide/workdir" "-e" "CARGO_TARGET_DIR=/opt/rustwide/target" "-e" "CARGO_HOME=/opt/rustwide/cargo-home" "-e" "RUSTUP_HOME=/opt/rustwide/rustup-home" "-w" "/opt/rustwide/workdir" "-m" "1610612736" "--user" "0:0" "--network" "none" "ghcr.io/rust-lang/crates-build-env/linux@sha256:f3a9d4ad9d972b27faf3965f35b62e55ba32bbce8f20bc8fe909558a86702fde" "/opt/rustwide/cargo-home/bin/cargo" "+1.83.0" "metadata" "--no-deps" "--format-version=1", kill_on_drop: false }`
[INFO] [stdout] 67c2f84bdae07b9446f3c9983ef78c703c3da3bd77415cb43a139b6a766145a0
[INFO] running `Command { std: "docker" "start" "-a" "67c2f84bdae07b9446f3c9983ef78c703c3da3bd77415cb43a139b6a766145a0", kill_on_drop: false }`
[INFO] running `Command { std: "docker" "inspect" "67c2f84bdae07b9446f3c9983ef78c703c3da3bd77415cb43a139b6a766145a0", kill_on_drop: false }`
[INFO] running `Command { std: "docker" "rm" "-f" "67c2f84bdae07b9446f3c9983ef78c703c3da3bd77415cb43a139b6a766145a0", kill_on_drop: false }`
[INFO] [stdout] 67c2f84bdae07b9446f3c9983ef78c703c3da3bd77415cb43a139b6a766145a0
[INFO] running `Command { std: "docker" "create" "-v" "/var/lib/crater-agent-workspace/builds/worker-2-tc1/target:/opt/rustwide/target:rw,Z" "-v" "/var/lib/crater-agent-workspace/builds/worker-2-tc1/source:/opt/rustwide/workdir:ro,Z" "-v" "/var/lib/crater-agent-workspace/cargo-home:/opt/rustwide/cargo-home:ro,Z" "-v" "/var/lib/crater-agent-workspace/rustup-home:/opt/rustwide/rustup-home:ro,Z" "-e" "SOURCE_DIR=/opt/rustwide/workdir" "-e" "CARGO_TARGET_DIR=/opt/rustwide/target" "-e" "CARGO_INCREMENTAL=0" "-e" "RUST_BACKTRACE=full" "-e" "RUSTFLAGS=--cap-lints=warn" "-e" "RUSTDOCFLAGS=--cap-lints=warn" "-e" "CARGO_HOME=/opt/rustwide/cargo-home" "-e" "RUSTUP_HOME=/opt/rustwide/rustup-home" "-w" "/opt/rustwide/workdir" "-m" "1610612736" "--user" "0:0" "--network" "none" "ghcr.io/rust-lang/crates-build-env/linux@sha256:f3a9d4ad9d972b27faf3965f35b62e55ba32bbce8f20bc8fe909558a86702fde" "/opt/rustwide/cargo-home/bin/cargo" "+1.83.0" "build" "--frozen" "--message-format=json", kill_on_drop: false }`
[INFO] [stdout] 06ff4c92bc8aa323b377d1311da76b0ec57db22af954ef88e65c87363ce2fbcc
[INFO] running `Command { std: "docker" "start" "-a" "06ff4c92bc8aa323b377d1311da76b0ec57db22af954ef88e65c87363ce2fbcc", kill_on_drop: false }`
[INFO] [stderr]    Compiling proc-macro2 v1.0.92
[INFO] [stderr]    Compiling unicode-ident v1.0.14
[INFO] [stderr]    Compiling stable_deref_trait v1.2.0
[INFO] [stderr]    Compiling serde v1.0.216
[INFO] [stderr]    Compiling version_check v0.9.5
[INFO] [stderr]    Compiling litemap v0.7.4
[INFO] [stderr]    Compiling writeable v0.5.5
[INFO] [stderr]    Compiling autocfg v1.4.0
[INFO] [stderr]    Compiling once_cell v1.20.2
[INFO] [stderr]    Compiling icu_locid_transform_data v1.5.0
[INFO] [stderr]    Compiling siphasher v0.3.11
[INFO] [stderr]    Compiling rand_core v0.6.4
[INFO] [stderr]    Compiling cfg-if v1.0.0
[INFO] [stderr]    Compiling icu_properties_data v1.5.0
[INFO] [stderr]    Compiling phf_shared v0.11.2
[INFO] [stderr]    Compiling rand v0.8.5
[INFO] [stderr]    Compiling shlex v1.3.0
[INFO] [stderr]    Compiling syn v1.0.109
[INFO] [stderr]    Compiling ahash v0.8.11
[INFO] [stderr]    Compiling smallvec v1.13.2
[INFO] [stderr]    Compiling utf16_iter v1.0.5
[INFO] [stderr]    Compiling icu_normalizer_data v1.5.0
[INFO] [stderr]    Compiling zerocopy v0.7.35
[INFO] [stderr]    Compiling utf8_iter v1.0.4
[INFO] [stderr]    Compiling allocator-api2 v0.2.21
[INFO] [stderr]    Compiling write16 v1.0.0
[INFO] [stderr]    Compiling cc v1.2.4
[INFO] [stderr]    Compiling num-traits v0.2.19
[INFO] [stderr]    Compiling rustc-hash v1.1.0
[INFO] [stderr]    Compiling quote v1.0.37
[INFO] [stderr]    Compiling new_debug_unreachable v1.0.6
[INFO] [stderr]    Compiling percent-encoding v2.3.1
[INFO] [stderr]    Compiling phf_generator v0.11.2
[INFO] [stderr]    Compiling libc v0.2.168
[INFO] [stderr]    Compiling bumpalo v3.16.0
[INFO] [stderr]    Compiling form_urlencoded v1.2.1
[INFO] [stderr]    Compiling hashbrown v0.14.5
[INFO] [stderr]    Compiling syn v2.0.90
[INFO] [stderr]    Compiling tracing-core v0.1.33
[INFO] [stderr]    Compiling scoped-tls v1.0.1
[INFO] [stderr]    Compiling pin-project-lite v0.2.15
[INFO] [stderr]    Compiling either v1.13.0
[INFO] [stderr]    Compiling swc_visit v0.6.2
[INFO] [stderr]    Compiling better_scoped_tls v0.1.2
[INFO] [stderr]    Compiling smartstring v1.0.1
[INFO] [stderr]    Compiling heck v0.5.0
[INFO] [stderr]    Compiling unicode-width v0.1.14
[INFO] [stderr]    Compiling bitflags v2.6.0
[INFO] [stderr]    Compiling num-integer v0.1.46
[INFO] [stderr]    Compiling unicode-id-start v1.3.1
[INFO] [stderr]    Compiling static_assertions v1.1.0
[INFO] [stderr]    Compiling typed-arena v2.0.2
[INFO] [stderr]    Compiling thiserror v2.0.7
[INFO] [stderr]    Compiling termcolor v1.4.1
[INFO] [stderr]    Compiling data-url v0.3.1
[INFO] [stderr]    Compiling deno_terminal v0.2.0
[INFO] [stderr]    Compiling psm v0.1.24
[INFO] [stderr]    Compiling stacker v0.1.17
[INFO] [stderr]    Compiling ptr_meta_derive v0.1.4
[INFO] [stderr]    Compiling synstructure v0.13.1
[INFO] [stderr]    Compiling swc_macros_common v0.3.13
[INFO] [stderr]    Compiling ptr_meta v0.1.4
[INFO] [stderr]    Compiling zerofrom-derive v0.1.5
[INFO] [stderr]    Compiling yoke-derive v0.7.5
[INFO] [stderr]    Compiling zerovec-derive v0.10.3
[INFO] [stderr]    Compiling displaydoc v0.2.5
[INFO] [stderr]    Compiling serde_derive v1.0.216
[INFO] [stderr]    Compiling icu_provider_macros v1.5.0
[INFO] [stderr]    Compiling phf_macros v0.11.2
[INFO] [stderr]    Compiling tracing-attributes v0.1.28
[INFO] [stderr]    Compiling from_variant v0.1.9
[INFO] [stderr]    Compiling ast_node v0.9.9
[INFO] [stderr]    Compiling phf v0.11.2
[INFO] [stderr]    Compiling swc_eq_ignore_macros v0.1.4
[INFO] [stderr]    Compiling is-macro v0.3.7
[INFO] [stderr]    Compiling string_enum v0.4.4
[INFO] [stderr]    Compiling tracing v0.1.41
[INFO] [stderr]    Compiling thiserror-impl v2.0.7
[INFO] [stderr]    Compiling deno_error_macro v0.5.2
[INFO] [stderr]    Compiling zerofrom v0.1.5
[INFO] [stderr]    Compiling yoke v0.7.5
[INFO] [stderr]    Compiling zerovec v0.10.4
[INFO] [stderr]    Compiling deno_error v0.5.2
[INFO] [stderr]    Compiling tinystr v0.7.6
[INFO] [stderr]    Compiling icu_collections v1.5.0
[INFO] [stderr]    Compiling icu_locid v1.5.0
[INFO] [stderr]    Compiling icu_provider v1.5.0
[INFO] [stderr]    Compiling icu_locid_transform v1.5.0
[INFO] [stderr]    Compiling icu_properties v1.5.1
[INFO] [stderr]    Compiling triomphe v0.1.14
[INFO] [stderr]    Compiling num-bigint v0.4.6
[INFO] [stderr]    Compiling text_lines v0.6.0
[INFO] [stderr]    Compiling hstr v0.2.12
[INFO] [stderr]    Compiling swc_allocator v0.1.10
[INFO] [stderr]    Compiling swc_atoms v0.6.7
[INFO] [stderr]    Compiling icu_normalizer v1.5.0
[INFO] [stderr]    Compiling idna_adapter v1.2.0
[INFO] [stderr]    Compiling idna v1.0.3
[INFO] [stderr]    Compiling url v2.5.4
[INFO] [stderr]    Compiling swc_common v0.37.5
[INFO] [stderr]    Compiling deno_media_type v0.2.2
[INFO] [stderr]    Compiling swc_ecma_ast v0.118.2
[INFO] [stderr]    Compiling swc_ecma_parser v0.149.1
[INFO] [stderr]    Compiling dprint-swc-ext v0.20.0
[INFO] [stderr]    Compiling deno_ast v0.44.0 (/opt/rustwide/workdir)
[INFO] [stderr]     Finished `dev` profile [unoptimized + debuginfo] target(s) in 1m 34s
[INFO] running `Command { std: "docker" "inspect" "06ff4c92bc8aa323b377d1311da76b0ec57db22af954ef88e65c87363ce2fbcc", kill_on_drop: false }`
[INFO] running `Command { std: "docker" "rm" "-f" "06ff4c92bc8aa323b377d1311da76b0ec57db22af954ef88e65c87363ce2fbcc", kill_on_drop: false }`
[INFO] [stdout] 06ff4c92bc8aa323b377d1311da76b0ec57db22af954ef88e65c87363ce2fbcc
[INFO] running `Command { std: "docker" "create" "-v" "/var/lib/crater-agent-workspace/builds/worker-2-tc1/target:/opt/rustwide/target:rw,Z" "-v" "/var/lib/crater-agent-workspace/builds/worker-2-tc1/source:/opt/rustwide/workdir:ro,Z" "-v" "/var/lib/crater-agent-workspace/cargo-home:/opt/rustwide/cargo-home:ro,Z" "-v" "/var/lib/crater-agent-workspace/rustup-home:/opt/rustwide/rustup-home:ro,Z" "-e" "SOURCE_DIR=/opt/rustwide/workdir" "-e" "CARGO_TARGET_DIR=/opt/rustwide/target" "-e" "CARGO_INCREMENTAL=0" "-e" "RUST_BACKTRACE=full" "-e" "RUSTFLAGS=--cap-lints=warn" "-e" "RUSTDOCFLAGS=--cap-lints=warn" "-e" "CARGO_HOME=/opt/rustwide/cargo-home" "-e" "RUSTUP_HOME=/opt/rustwide/rustup-home" "-w" "/opt/rustwide/workdir" "-m" "1610612736" "--user" "0:0" "--network" "none" "ghcr.io/rust-lang/crates-build-env/linux@sha256:f3a9d4ad9d972b27faf3965f35b62e55ba32bbce8f20bc8fe909558a86702fde" "/opt/rustwide/cargo-home/bin/cargo" "+1.83.0" "test" "--frozen" "--no-run" "--message-format=json", kill_on_drop: false }`
[INFO] [stdout] f235bf0db0048c66e2375c1e55ba0163969c0482f55e623e587a43baaf34a89d
[INFO] running `Command { std: "docker" "start" "-a" "f235bf0db0048c66e2375c1e55ba0163969c0482f55e623e587a43baaf34a89d", kill_on_drop: false }`
[INFO] [stderr]    Compiling equivalent v1.0.1
[INFO] [stderr]    Compiling hashbrown v0.15.2
[INFO] [stderr]    Compiling serde_json v1.0.133
[INFO] [stderr]    Compiling yansi v1.0.1
[INFO] [stderr]    Compiling memchr v2.7.4
[INFO] [stderr]    Compiling ryu v1.0.18
[INFO] [stderr]    Compiling diff v0.1.13
[INFO] [stderr]    Compiling itoa v1.0.14
[INFO] [stderr]    Compiling pretty_assertions v1.4.1
[INFO] [stderr]    Compiling indexmap v2.7.0
[INFO] [stderr]    Compiling deno_ast v0.44.0 (/opt/rustwide/workdir)
[INFO] [stderr]     Finished `test` profile [unoptimized + debuginfo] target(s) in 12.98s
[INFO] running `Command { std: "docker" "inspect" "f235bf0db0048c66e2375c1e55ba0163969c0482f55e623e587a43baaf34a89d", kill_on_drop: false }`
[INFO] running `Command { std: "docker" "rm" "-f" "f235bf0db0048c66e2375c1e55ba0163969c0482f55e623e587a43baaf34a89d", kill_on_drop: false }`
[INFO] [stdout] f235bf0db0048c66e2375c1e55ba0163969c0482f55e623e587a43baaf34a89d
[INFO] running `Command { std: "docker" "create" "-v" "/var/lib/crater-agent-workspace/builds/worker-2-tc1/target:/opt/rustwide/target:rw,Z" "-v" "/var/lib/crater-agent-workspace/builds/worker-2-tc1/source:/opt/rustwide/workdir:ro,Z" "-v" "/var/lib/crater-agent-workspace/cargo-home:/opt/rustwide/cargo-home:ro,Z" "-v" "/var/lib/crater-agent-workspace/rustup-home:/opt/rustwide/rustup-home:ro,Z" "-e" "SOURCE_DIR=/opt/rustwide/workdir" "-e" "CARGO_TARGET_DIR=/opt/rustwide/target" "-e" "CARGO_INCREMENTAL=0" "-e" "RUST_BACKTRACE=full" "-e" "RUSTFLAGS=--cap-lints=warn" "-e" "RUSTDOCFLAGS=--cap-lints=warn" "-e" "CARGO_HOME=/opt/rustwide/cargo-home" "-e" "RUSTUP_HOME=/opt/rustwide/rustup-home" "-w" "/opt/rustwide/workdir" "-m" "1610612736" "--user" "0:0" "--network" "none" "ghcr.io/rust-lang/crates-build-env/linux@sha256:f3a9d4ad9d972b27faf3965f35b62e55ba32bbce8f20bc8fe909558a86702fde" "/opt/rustwide/cargo-home/bin/cargo" "+1.83.0" "test" "--frozen", kill_on_drop: false }`
[INFO] [stdout] 62bc3073c3e0607b11f801bcaa5a6a72ad51bb4728eb81fbdb10adab20b7f132
[INFO] running `Command { std: "docker" "start" "-a" "62bc3073c3e0607b11f801bcaa5a6a72ad51bb4728eb81fbdb10adab20b7f132", kill_on_drop: false }`
[INFO] [stderr]     Finished `test` profile [unoptimized + debuginfo] target(s) in 0.18s
[INFO] [stderr]      Running unittests src/lib.rs (/opt/rustwide/target/debug/deps/deno_ast-1ade2450d6794e3b)
[INFO] [stdout] 
[INFO] [stdout] running 34 tests
[INFO] [stdout] test comments::test::general_use ... ok
[INFO] [stdout] test diagnostics::tests::test_position_in_file_from_text_info_emoji ... ok
[INFO] [stdout] test lexing::test::tokenize_with_comments ... ok
[INFO] [stdout] test parsing::test::should_diganotic_missing_init_in_using ... ok
[INFO] [stdout] test lexing::test::handle_bom ... ok
[INFO] [stdout] test parsing::test::should_diagnostic_for_exected_expr_type_alias ... ok
[INFO] [stdout] test parsing::test::should_error_on_syntax_diagnostic ... ok
[INFO] [stdout] test parsing::test::should_handle_parse_error ... ok
[INFO] [stdout] test diagnostics::tests::test_specifier_to_file_path ... ok
[INFO] [stdout] test parsing::test::should_diganotic_when_var_stmts_sep_by_comma ... ok
[INFO] [stdout] test parsing::test::should_parse_module ... ok
[INFO] [stdout] test parsing::test::should_parse_program ... ok
[INFO] [stdout] test diagnostics::tests::test_position_in_file_from_text_info_simple ... ok
[INFO] [stdout] test parsing::test::test_err_many_trailing_blank_lines ... ok
[INFO] [stdout] test parsing::test::test_err_trailing_blank_line ... ok
[INFO] [stdout] test parsing::test::test_parse_export_equals ... ok
[INFO] [stdout] test parsing::test::test_strip_bom ... ok
[INFO] [stdout] test text_changes::test::applies_text_changes ... ok
[INFO] [stdout] test parsing::test::test_strip_bom_arc ... ok
[INFO] [stdout] test parsing::test::should_error_without_issue_when_there_exists_multi_byte_char_on_line_with_syntax_error ... ok
[INFO] [stdout] test parsing::test::should_diagnostic_for_no_equals_sign_in_var_decl ... ok
[INFO] [stdout] test types::test::range_end_of_line ... ok
[INFO] [stdout] test types::test::range_highlight_all_text ... ok
[INFO] [stdout] test types::test::range_highlight_all_text_last_line_long ... ok
[INFO] [stdout] test types::test::range_highlight_range_end_long_line ... ok
[INFO] [stdout] test types::test::range_highlight_range_start_long_line ... ok
[INFO] [stdout] test types::test::range_highlight_whitespace_start_line ... ok
[INFO] [stdout] test parsing::test::should_panic_when_getting_tokens_and_tokens_not_captured - should panic ... ok
[INFO] [stdout] test diagnostics::tests::test_display_width ... FAILED
[INFO] [stdout] test parsing::test::should_panic_when_getting_top_level_context_and_scope_analysis_false - should panic ... ok
[INFO] [stdout] test text_changes::test::panics_text_change_overlap - should panic ... ok
[INFO] [stdout] test text_changes::test::panics_text_change_within - should panic ... ok
[INFO] [stdout] test text_changes::test::panics_start_greater_end - should panic ... ok
[INFO] [stdout] test parsing::test::should_panic_when_getting_unresolved_context_and_scope_analysis_false - should panic ... ok
[INFO] [stdout] 
[INFO] [stdout] failures:
[INFO] [stdout] 
[INFO] [stdout] ---- diagnostics::tests::test_display_width stdout ----
[INFO] [stdout] thread 'diagnostics::tests::test_display_width' panicked at src/diagnostics.rs:578:5:
[INFO] [stdout] assertion `left == right` failed
[INFO] [stdout]   left: 2
[INFO] [stdout]  right: 4
[INFO] [stdout] stack backtrace:
[INFO] [stdout]    0:     0x5b0dc4b5844a - std::backtrace_rs::backtrace::libunwind::trace::h5a5b8284f2d0c266
[INFO] [stdout]                                at /rustc/90b35a6239c3d8bdabc530a6a0816f7ff89a0aaf/library/std/src/../../backtrace/src/backtrace/libunwind.rs:116:5
[INFO] [stdout]    1:     0x5b0dc4b5844a - std::backtrace_rs::backtrace::trace_unsynchronized::h76d4f1c9b0b875e3
[INFO] [stdout]                                at /rustc/90b35a6239c3d8bdabc530a6a0816f7ff89a0aaf/library/std/src/../../backtrace/src/backtrace/mod.rs:66:5
[INFO] [stdout]    2:     0x5b0dc4b5844a - std::sys::backtrace::_print_fmt::hc4546b8364a537c6
[INFO] [stdout]                                at /rustc/90b35a6239c3d8bdabc530a6a0816f7ff89a0aaf/library/std/src/sys/backtrace.rs:66:9
[INFO] [stdout]    3:     0x5b0dc4b5844a - <std::sys::backtrace::BacktraceLock::print::DisplayBacktrace as core::fmt::Display>::fmt::h5b6bd5631a6d1f6b
[INFO] [stdout]                                at /rustc/90b35a6239c3d8bdabc530a6a0816f7ff89a0aaf/library/std/src/sys/backtrace.rs:39:26
[INFO] [stdout]    4:     0x5b0dc4b80233 - core::fmt::rt::Argument::fmt::h270f6602a2b96f62
[INFO] [stdout]                                at /rustc/90b35a6239c3d8bdabc530a6a0816f7ff89a0aaf/library/core/src/fmt/rt.rs:177:76
[INFO] [stdout]    5:     0x5b0dc4b80233 - core::fmt::write::h7550c97b06c86515
[INFO] [stdout]                                at /rustc/90b35a6239c3d8bdabc530a6a0816f7ff89a0aaf/library/core/src/fmt/mod.rs:1186:21
[INFO] [stdout]    6:     0x5b0dc4b555b3 - std::io::Write::write_fmt::h509ff860e5956e5e
[INFO] [stdout]                                at /rustc/90b35a6239c3d8bdabc530a6a0816f7ff89a0aaf/library/std/src/io/mod.rs:1839:15
[INFO] [stdout]    7:     0x5b0dc4b58292 - std::sys::backtrace::BacktraceLock::print::h2395ccd2c84ba3aa
[INFO] [stdout]                                at /rustc/90b35a6239c3d8bdabc530a6a0816f7ff89a0aaf/library/std/src/sys/backtrace.rs:42:9
[INFO] [stdout]    8:     0x5b0dc4b598aa - std::panicking::default_hook::{{closure}}::he19d4c7230e07961
[INFO] [stdout]                                at /rustc/90b35a6239c3d8bdabc530a6a0816f7ff89a0aaf/library/std/src/panicking.rs:268:22
[INFO] [stdout]    9:     0x5b0dc4b596b4 - std::panicking::default_hook::hf614597d3c67bbdb
[INFO] [stdout]                                at /rustc/90b35a6239c3d8bdabc530a6a0816f7ff89a0aaf/library/std/src/panicking.rs:292:9
[INFO] [stdout]   10:     0x5b0dc47fa3f9 - <alloc::boxed::Box<F,A> as core::ops::function::Fn<Args>>::call::h39b51ce4599c23d1
[INFO] [stdout]                                at /rustc/90b35a6239c3d8bdabc530a6a0816f7ff89a0aaf/library/alloc/src/boxed.rs:2468:9
[INFO] [stdout]   11:     0x5b0dc47fa3f9 - test::test_main::{{closure}}::he977ae839a582784
[INFO] [stdout]                                at /rustc/90b35a6239c3d8bdabc530a6a0816f7ff89a0aaf/library/test/src/lib.rs:133:21
[INFO] [stdout]   12:     0x5b0dc4b59f48 - <alloc::boxed::Box<F,A> as core::ops::function::Fn<Args>>::call::h9455091b6b06f9fb
[INFO] [stdout]                                at /rustc/90b35a6239c3d8bdabc530a6a0816f7ff89a0aaf/library/alloc/src/boxed.rs:2468:9
[INFO] [stdout]   13:     0x5b0dc4b59f48 - std::panicking::rust_panic_with_hook::h8942133a8b252070
[INFO] [stdout]                                at /rustc/90b35a6239c3d8bdabc530a6a0816f7ff89a0aaf/library/std/src/panicking.rs:809:13
[INFO] [stdout]   14:     0x5b0dc4b59d0a - std::panicking::begin_panic_handler::{{closure}}::hb5f5963570096b29
[INFO] [stdout]                                at /rustc/90b35a6239c3d8bdabc530a6a0816f7ff89a0aaf/library/std/src/panicking.rs:674:13
[INFO] [stdout]   15:     0x5b0dc4b58929 - std::sys::backtrace::__rust_end_short_backtrace::h6208cedc1922feda
[INFO] [stdout]                                at /rustc/90b35a6239c3d8bdabc530a6a0816f7ff89a0aaf/library/std/src/sys/backtrace.rs:170:18
[INFO] [stdout]   16:     0x5b0dc4b5999c - rust_begin_unwind
[INFO] [stdout]                                at /rustc/90b35a6239c3d8bdabc530a6a0816f7ff89a0aaf/library/std/src/panicking.rs:665:5
[INFO] [stdout]   17:     0x5b0dc4630b60 - core::panicking::panic_fmt::h0c3082644d1bf418
[INFO] [stdout]                                at /rustc/90b35a6239c3d8bdabc530a6a0816f7ff89a0aaf/library/core/src/panicking.rs:74:14
[INFO] [stdout]   18:     0x5b0dc4630f64 - core::panicking::assert_failed_inner::h2ddf1fcc067fa858
[INFO] [stdout]   19:     0x5b0dc4afae1e - core::panicking::assert_failed::hb490f09946f71f21
[INFO] [stdout]                                at /rustc/90b35a6239c3d8bdabc530a6a0816f7ff89a0aaf/library/core/src/panicking.rs:367:5
[INFO] [stdout]   20:     0x5b0dc478a6ff - deno_ast::diagnostics::tests::test_display_width::ha71c27b75da20c4f
[INFO] [stdout]                                at /opt/rustwide/workdir/src/diagnostics.rs:578:5
[INFO] [stdout]   21:     0x5b0dc478a3c7 - deno_ast::diagnostics::tests::test_display_width::{{closure}}::hafdb6c39eb2e9739
[INFO] [stdout]                                at /opt/rustwide/workdir/src/diagnostics.rs:572:26
[INFO] [stdout]   22:     0x5b0dc47ae356 - core::ops::function::FnOnce::call_once::h49abee0d6eeda105
[INFO] [stdout]                                at /rustc/90b35a6239c3d8bdabc530a6a0816f7ff89a0aaf/library/core/src/ops/function.rs:250:5
[INFO] [stdout]   23:     0x5b0dc47fedbb - core::ops::function::FnOnce::call_once::h109cf8051a59b34e
[INFO] [stdout]                                at /rustc/90b35a6239c3d8bdabc530a6a0816f7ff89a0aaf/library/core/src/ops/function.rs:250:5
[INFO] [stdout]   24:     0x5b0dc47fedbb - test::__rust_begin_short_backtrace::hf4fff89d377446ba
[INFO] [stdout]                                at /rustc/90b35a6239c3d8bdabc530a6a0816f7ff89a0aaf/library/test/src/lib.rs:621:18
[INFO] [stdout]   25:     0x5b0dc47fe5f7 - test::run_test_in_process::{{closure}}::h0e39181dd7ee5a43
[INFO] [stdout]                                at /rustc/90b35a6239c3d8bdabc530a6a0816f7ff89a0aaf/library/test/src/lib.rs:644:60
[INFO] [stdout]   26:     0x5b0dc47fe5f7 - <core::panic::unwind_safe::AssertUnwindSafe<F> as core::ops::function::FnOnce<()>>::call_once::hc5a66a30f0bdfd1f
[INFO] [stdout]                                at /rustc/90b35a6239c3d8bdabc530a6a0816f7ff89a0aaf/library/core/src/panic/unwind_safe.rs:272:9
[INFO] [stdout]   27:     0x5b0dc47fe5f7 - std::panicking::try::do_call::h873b7cf639554a5e
[INFO] [stdout]                                at /rustc/90b35a6239c3d8bdabc530a6a0816f7ff89a0aaf/library/std/src/panicking.rs:557:40
[INFO] [stdout]   28:     0x5b0dc47fe5f7 - std::panicking::try::hdb19862fad9c8bd1
[INFO] [stdout]                                at /rustc/90b35a6239c3d8bdabc530a6a0816f7ff89a0aaf/library/std/src/panicking.rs:520:19
[INFO] [stdout]   29:     0x5b0dc47fe5f7 - std::panic::catch_unwind::h281fe732d236d260
[INFO] [stdout]                                at /rustc/90b35a6239c3d8bdabc530a6a0816f7ff89a0aaf/library/std/src/panic.rs:358:14
[INFO] [stdout]   30:     0x5b0dc47fe5f7 - test::run_test_in_process::h949b6df8457ed338
[INFO] [stdout]                                at /rustc/90b35a6239c3d8bdabc530a6a0816f7ff89a0aaf/library/test/src/lib.rs:644:27
[INFO] [stdout]   31:     0x5b0dc47fe5f7 - test::run_test::{{closure}}::h52c556a6d4740e10
[INFO] [stdout]                                at /rustc/90b35a6239c3d8bdabc530a6a0816f7ff89a0aaf/library/test/src/lib.rs:565:43
[INFO] [stdout]   32:     0x5b0dc47c38d4 - test::run_test::{{closure}}::h4237f6381c45ccb9
[INFO] [stdout]                                at /rustc/90b35a6239c3d8bdabc530a6a0816f7ff89a0aaf/library/test/src/lib.rs:595:41
[INFO] [stdout]   33:     0x5b0dc47c38d4 - std::sys::backtrace::__rust_begin_short_backtrace::h505c97a579eca628
[INFO] [stdout]                                at /rustc/90b35a6239c3d8bdabc530a6a0816f7ff89a0aaf/library/std/src/sys/backtrace.rs:154:18
[INFO] [stdout]   34:     0x5b0dc47c6f9e - std::thread::Builder::spawn_unchecked_::{{closure}}::{{closure}}::h9e86b2e2bc107ea3
[INFO] [stdout]                                at /rustc/90b35a6239c3d8bdabc530a6a0816f7ff89a0aaf/library/std/src/thread/mod.rs:538:17
[INFO] [stdout]   35:     0x5b0dc47c6f9e - <core::panic::unwind_safe::AssertUnwindSafe<F> as core::ops::function::FnOnce<()>>::call_once::h8b06ddb275ff4a25
[INFO] [stdout]                                at /rustc/90b35a6239c3d8bdabc530a6a0816f7ff89a0aaf/library/core/src/panic/unwind_safe.rs:272:9
[INFO] [stdout]   36:     0x5b0dc47c6f9e - std::panicking::try::do_call::hb26ecd7cd9a9355d
[INFO] [stdout]                                at /rustc/90b35a6239c3d8bdabc530a6a0816f7ff89a0aaf/library/std/src/panicking.rs:557:40
[INFO] [stdout]   37:     0x5b0dc47c6f9e - std::panicking::try::h8ddeca9d705f9069
[INFO] [stdout]                                at /rustc/90b35a6239c3d8bdabc530a6a0816f7ff89a0aaf/library/std/src/panicking.rs:520:19
[INFO] [stdout]   38:     0x5b0dc47c6f9e - std::panic::catch_unwind::h49e1c33078844c46
[INFO] [stdout]                                at /rustc/90b35a6239c3d8bdabc530a6a0816f7ff89a0aaf/library/std/src/panic.rs:358:14
[INFO] [stdout]   39:     0x5b0dc47c6f9e - std::thread::Builder::spawn_unchecked_::{{closure}}::h6073db6ff56ad35d
[INFO] [stdout]                                at /rustc/90b35a6239c3d8bdabc530a6a0816f7ff89a0aaf/library/std/src/thread/mod.rs:537:30
[INFO] [stdout]   40:     0x5b0dc47c6f9e - core::ops::function::FnOnce::call_once{{vtable.shim}}::h2c5a5f3779c774f1
[INFO] [stdout]                                at /rustc/90b35a6239c3d8bdabc530a6a0816f7ff89a0aaf/library/core/src/ops/function.rs:250:5
[INFO] [stdout]   41:     0x5b0dc4b5ddab - <alloc::boxed::Box<F,A> as core::ops::function::FnOnce<Args>>::call_once::hf75717d9f28faebf
[INFO] [stdout]                                at /rustc/90b35a6239c3d8bdabc530a6a0816f7ff89a0aaf/library/alloc/src/boxed.rs:2454:9
[INFO] [stdout]   42:     0x5b0dc4b5ddab - <alloc::boxed::Box<F,A> as core::ops::function::FnOnce<Args>>::call_once::h7bd883a5f3c5f3c1
[INFO] [stdout]                                at /rustc/90b35a6239c3d8bdabc530a6a0816f7ff89a0aaf/library/alloc/src/boxed.rs:2454:9
[INFO] [stdout]   43:     0x5b0dc4b5ddab - std::sys::pal::unix::thread::Thread::new::thread_start::hcc78f3943333fa94
[INFO] [stdout]                                at /rustc/90b35a6239c3d8bdabc530a6a0816f7ff89a0aaf/library/std/src/sys/pal/unix/thread.rs:105:17
[INFO] [stdout]   44:     0x7e807b28cac3 - <unknown>
[INFO] [stdout]   45:     0x7e807b31da04 - clone
[INFO] [stdout]   46:                0x0 - <unknown>
[INFO] [stdout] 
[INFO] [stdout] 
[INFO] [stdout] failures:
[INFO] [stdout]     diagnostics::tests::test_display_width
[INFO] [stdout] 
[INFO] [stdout] test result: FAILED. 33 passed; 1 failed; 0 ignored; 0 measured; 0 filtered out; finished in 0.07s
[INFO] [stdout] 
[INFO] [stderr] error: test failed, to rerun pass `--lib`
[INFO] running `Command { std: "docker" "inspect" "62bc3073c3e0607b11f801bcaa5a6a72ad51bb4728eb81fbdb10adab20b7f132", kill_on_drop: false }`
[INFO] running `Command { std: "docker" "rm" "-f" "62bc3073c3e0607b11f801bcaa5a6a72ad51bb4728eb81fbdb10adab20b7f132", kill_on_drop: false }`
[INFO] [stdout] 62bc3073c3e0607b11f801bcaa5a6a72ad51bb4728eb81fbdb10adab20b7f132
