[INFO] fetching crate dendritic-ndarray 1.5.0...
[INFO] testing dendritic-ndarray-1.5.0 against 1.83.0 for beta-1.84.0-4-retry
[INFO] extracting crate dendritic-ndarray 1.5.0 into /workspace/builds/worker-7-tc1/source
[INFO] validating manifest of crates.io crate dendritic-ndarray 1.5.0 on toolchain 1.83.0
[INFO] running `Command { std: CARGO_HOME="/workspace/cargo-home" RUSTUP_HOME="/workspace/rustup-home" "/workspace/cargo-home/bin/cargo" "+1.83.0" "metadata" "--manifest-path" "Cargo.toml" "--no-deps", kill_on_drop: false }`
[INFO] started tweaking crates.io crate dendritic-ndarray 1.5.0
[INFO] removed 0 missing tests
[INFO] finished tweaking crates.io crate dendritic-ndarray 1.5.0
[INFO] tweaked toml for crates.io crate dendritic-ndarray 1.5.0 written to /workspace/builds/worker-7-tc1/source/Cargo.toml
[INFO] crate crates.io crate dendritic-ndarray 1.5.0 already has a lockfile, it will not be regenerated
[INFO] running `Command { std: CARGO_HOME="/workspace/cargo-home" RUSTUP_HOME="/workspace/rustup-home" "/workspace/cargo-home/bin/cargo" "+1.83.0" "fetch" "--manifest-path" "Cargo.toml", kill_on_drop: false }`
[INFO] [stderr]     Updating crates.io index
[INFO] [stderr]  Downloading crates ...
[INFO] [stderr]   Downloaded dendritic v1.5.0
[INFO] running `Command { std: "docker" "create" "-v" "/var/lib/crater-agent-workspace/builds/worker-7-tc1/target:/opt/rustwide/target:rw,Z" "-v" "/var/lib/crater-agent-workspace/builds/worker-7-tc1/source:/opt/rustwide/workdir:ro,Z" "-v" "/var/lib/crater-agent-workspace/cargo-home:/opt/rustwide/cargo-home:ro,Z" "-v" "/var/lib/crater-agent-workspace/rustup-home:/opt/rustwide/rustup-home:ro,Z" "-e" "SOURCE_DIR=/opt/rustwide/workdir" "-e" "CARGO_TARGET_DIR=/opt/rustwide/target" "-e" "CARGO_HOME=/opt/rustwide/cargo-home" "-e" "RUSTUP_HOME=/opt/rustwide/rustup-home" "-w" "/opt/rustwide/workdir" "-m" "1610612736" "--user" "0:0" "--network" "none" "ghcr.io/rust-lang/crates-build-env/linux@sha256:f3a9d4ad9d972b27faf3965f35b62e55ba32bbce8f20bc8fe909558a86702fde" "/opt/rustwide/cargo-home/bin/cargo" "+1.83.0" "metadata" "--no-deps" "--format-version=1", kill_on_drop: false }`
[INFO] [stdout] 74aa24567798eeae156a3f2e04c76ee678cffaa5ea1de2b8f599d5eeba106ef1
[INFO] running `Command { std: "docker" "start" "-a" "74aa24567798eeae156a3f2e04c76ee678cffaa5ea1de2b8f599d5eeba106ef1", kill_on_drop: false }`
[INFO] running `Command { std: "docker" "inspect" "74aa24567798eeae156a3f2e04c76ee678cffaa5ea1de2b8f599d5eeba106ef1", kill_on_drop: false }`
[INFO] running `Command { std: "docker" "rm" "-f" "74aa24567798eeae156a3f2e04c76ee678cffaa5ea1de2b8f599d5eeba106ef1", kill_on_drop: false }`
[INFO] [stdout] 74aa24567798eeae156a3f2e04c76ee678cffaa5ea1de2b8f599d5eeba106ef1
[INFO] running `Command { std: "docker" "create" "-v" "/var/lib/crater-agent-workspace/builds/worker-7-tc1/target:/opt/rustwide/target:rw,Z" "-v" "/var/lib/crater-agent-workspace/builds/worker-7-tc1/source:/opt/rustwide/workdir:ro,Z" "-v" "/var/lib/crater-agent-workspace/cargo-home:/opt/rustwide/cargo-home:ro,Z" "-v" "/var/lib/crater-agent-workspace/rustup-home:/opt/rustwide/rustup-home:ro,Z" "-e" "SOURCE_DIR=/opt/rustwide/workdir" "-e" "CARGO_TARGET_DIR=/opt/rustwide/target" "-e" "CARGO_INCREMENTAL=0" "-e" "RUST_BACKTRACE=full" "-e" "RUSTFLAGS=--cap-lints=warn" "-e" "RUSTDOCFLAGS=--cap-lints=warn" "-e" "CARGO_HOME=/opt/rustwide/cargo-home" "-e" "RUSTUP_HOME=/opt/rustwide/rustup-home" "-w" "/opt/rustwide/workdir" "-m" "1610612736" "--user" "0:0" "--network" "none" "ghcr.io/rust-lang/crates-build-env/linux@sha256:f3a9d4ad9d972b27faf3965f35b62e55ba32bbce8f20bc8fe909558a86702fde" "/opt/rustwide/cargo-home/bin/cargo" "+1.83.0" "build" "--frozen" "--message-format=json", kill_on_drop: false }`
[INFO] [stdout] 2ed4e3badb4feea3d49defe13168fde769cc6aabd80d4b21cd0446dd86437b51
[INFO] running `Command { std: "docker" "start" "-a" "2ed4e3badb4feea3d49defe13168fde769cc6aabd80d4b21cd0446dd86437b51", kill_on_drop: false }`
[INFO] [stderr]    Compiling proc-macro2 v1.0.81
[INFO] [stderr]    Compiling libc v0.2.153
[INFO] [stderr]    Compiling unicode-ident v1.0.12
[INFO] [stderr]    Compiling cfg-if v1.0.0
[INFO] [stderr]    Compiling serde v1.0.198
[INFO] [stderr]    Compiling serde_json v1.0.116
[INFO] [stderr]    Compiling ppv-lite86 v0.2.17
[INFO] [stderr]    Compiling either v1.13.0
[INFO] [stderr]    Compiling ryu v1.0.17
[INFO] [stderr]    Compiling itoa v1.0.11
[INFO] [stderr]    Compiling dendritic v1.5.0
[INFO] [stderr]    Compiling itertools v0.13.0
[INFO] [stderr]    Compiling quote v1.0.36
[INFO] [stderr]    Compiling getrandom v0.2.14
[INFO] [stderr]    Compiling rand_core v0.6.4
[INFO] [stderr]    Compiling syn v2.0.60
[INFO] [stderr]    Compiling rand_chacha v0.3.1
[INFO] [stderr]    Compiling rand v0.8.5
[INFO] [stderr]    Compiling serde_derive v1.0.198
[INFO] [stderr]    Compiling dendritic-ndarray v1.5.0 (/opt/rustwide/workdir)
[INFO] [stderr]     Finished `dev` profile [unoptimized + debuginfo] target(s) in 13.15s
[INFO] running `Command { std: "docker" "inspect" "2ed4e3badb4feea3d49defe13168fde769cc6aabd80d4b21cd0446dd86437b51", kill_on_drop: false }`
[INFO] running `Command { std: "docker" "rm" "-f" "2ed4e3badb4feea3d49defe13168fde769cc6aabd80d4b21cd0446dd86437b51", kill_on_drop: false }`
[INFO] [stdout] 2ed4e3badb4feea3d49defe13168fde769cc6aabd80d4b21cd0446dd86437b51
[INFO] running `Command { std: "docker" "create" "-v" "/var/lib/crater-agent-workspace/builds/worker-7-tc1/target:/opt/rustwide/target:rw,Z" "-v" "/var/lib/crater-agent-workspace/builds/worker-7-tc1/source:/opt/rustwide/workdir:ro,Z" "-v" "/var/lib/crater-agent-workspace/cargo-home:/opt/rustwide/cargo-home:ro,Z" "-v" "/var/lib/crater-agent-workspace/rustup-home:/opt/rustwide/rustup-home:ro,Z" "-e" "SOURCE_DIR=/opt/rustwide/workdir" "-e" "CARGO_TARGET_DIR=/opt/rustwide/target" "-e" "CARGO_INCREMENTAL=0" "-e" "RUST_BACKTRACE=full" "-e" "RUSTFLAGS=--cap-lints=warn" "-e" "RUSTDOCFLAGS=--cap-lints=warn" "-e" "CARGO_HOME=/opt/rustwide/cargo-home" "-e" "RUSTUP_HOME=/opt/rustwide/rustup-home" "-w" "/opt/rustwide/workdir" "-m" "1610612736" "--user" "0:0" "--network" "none" "ghcr.io/rust-lang/crates-build-env/linux@sha256:f3a9d4ad9d972b27faf3965f35b62e55ba32bbce8f20bc8fe909558a86702fde" "/opt/rustwide/cargo-home/bin/cargo" "+1.83.0" "test" "--frozen" "--no-run" "--message-format=json", kill_on_drop: false }`
[INFO] [stdout] bd6a2d7f6aea13827f1568fed038ff9a181cd27f8ec4f1d9ad43ab59e91d705a
[INFO] running `Command { std: "docker" "start" "-a" "bd6a2d7f6aea13827f1568fed038ff9a181cd27f8ec4f1d9ad43ab59e91d705a", kill_on_drop: false }`
[INFO] [stderr]    Compiling dendritic-ndarray v1.5.0 (/opt/rustwide/workdir)
[INFO] [stderr]     Finished `test` profile [unoptimized + debuginfo] target(s) in 1.76s
[INFO] running `Command { std: "docker" "inspect" "bd6a2d7f6aea13827f1568fed038ff9a181cd27f8ec4f1d9ad43ab59e91d705a", kill_on_drop: false }`
[INFO] running `Command { std: "docker" "rm" "-f" "bd6a2d7f6aea13827f1568fed038ff9a181cd27f8ec4f1d9ad43ab59e91d705a", kill_on_drop: false }`
[INFO] [stdout] bd6a2d7f6aea13827f1568fed038ff9a181cd27f8ec4f1d9ad43ab59e91d705a
[INFO] running `Command { std: "docker" "create" "-v" "/var/lib/crater-agent-workspace/builds/worker-7-tc1/target:/opt/rustwide/target:rw,Z" "-v" "/var/lib/crater-agent-workspace/builds/worker-7-tc1/source:/opt/rustwide/workdir:ro,Z" "-v" "/var/lib/crater-agent-workspace/cargo-home:/opt/rustwide/cargo-home:ro,Z" "-v" "/var/lib/crater-agent-workspace/rustup-home:/opt/rustwide/rustup-home:ro,Z" "-e" "SOURCE_DIR=/opt/rustwide/workdir" "-e" "CARGO_TARGET_DIR=/opt/rustwide/target" "-e" "CARGO_INCREMENTAL=0" "-e" "RUST_BACKTRACE=full" "-e" "RUSTFLAGS=--cap-lints=warn" "-e" "RUSTDOCFLAGS=--cap-lints=warn" "-e" "CARGO_HOME=/opt/rustwide/cargo-home" "-e" "RUSTUP_HOME=/opt/rustwide/rustup-home" "-w" "/opt/rustwide/workdir" "-m" "1610612736" "--user" "0:0" "--network" "none" "ghcr.io/rust-lang/crates-build-env/linux@sha256:f3a9d4ad9d972b27faf3965f35b62e55ba32bbce8f20bc8fe909558a86702fde" "/opt/rustwide/cargo-home/bin/cargo" "+1.83.0" "test" "--frozen", kill_on_drop: false }`
[INFO] [stdout] 77b54c7975907fdb36b9551803fe63ad71d43f5056c0af542b036df3287a04a8
[INFO] running `Command { std: "docker" "start" "-a" "77b54c7975907fdb36b9551803fe63ad71d43f5056c0af542b036df3287a04a8", kill_on_drop: false }`
[INFO] [stderr]     Finished `test` profile [unoptimized + debuginfo] target(s) in 0.04s
[INFO] [stderr]      Running unittests src/lib.rs (/opt/rustwide/target/debug/deps/dendritic_ndarray-2b082d7b622acb64)
[INFO] [stdout] 
[INFO] [stdout] running 0 tests
[INFO] [stdout] 
[INFO] [stdout] test result: ok. 0 passed; 0 failed; 0 ignored; 0 measured; 0 filtered out; finished in 0.00s
[INFO] [stdout] 
[INFO] [stderr]      Running unittests src/main.rs (/opt/rustwide/target/debug/deps/dendritic_ndarray-9211d12aee28b1bb)
[INFO] [stdout] 
[INFO] [stdout] running 0 tests
[INFO] [stdout] 
[INFO] [stdout] test result: ok. 0 passed; 0 failed; 0 ignored; 0 measured; 0 filtered out; finished in 0.00s
[INFO] [stdout] 
[INFO] [stderr]      Running tests/aggregate_ops_tests.rs (/opt/rustwide/target/debug/deps/aggregate_ops_tests-6065b994271050d2)
[INFO] [stdout] 
[INFO] [stdout] running 10 tests
[INFO] [stdout] test aggregate_ops::test_avg_ndarray ... ok
[INFO] [stdout] test aggregate_ops::test_sort ... ok
[INFO] [stdout] test aggregate_ops::test_square_ndarray ... ok
[INFO] [stdout] test aggregate_ops::test_stdev_ndarray ... ok
[INFO] [stdout] test aggregate_ops::test_stdev_sample_ndarray ... ok
[INFO] [stdout] test aggregate_ops::test_sum_ndarray ... ok
[INFO] [stdout] test aggregate_ops::test_mean_ndarray ... ok
[INFO] [stdout] test aggregate_ops::test_unique ... ok
[INFO] [stdout] test aggregate_ops::test_abs_ndarray ... ok
[INFO] [stdout] test aggregate_ops::test_length_ndarray ... ok
[INFO] [stdout] 
[INFO] [stdout] test result: ok. 10 passed; 0 failed; 0 ignored; 0 measured; 0 filtered out; finished in 0.01s
[INFO] [stdout] 
[INFO] [stderr]      Running tests/binary_ops_tests.rs (/opt/rustwide/target/debug/deps/binary_ops_tests-dc15a376c602a3c2)
[INFO] [stdout] 
[INFO] [stdout] running 5 tests
[INFO] [stdout] test binary_ops::test_add_ndarray ... ok
[INFO] [stdout] test binary_ops::test_scale_add_ndarray ... ok
[INFO] [stdout] test binary_ops::test_save_load_ndarray ... ok
[INFO] [stdout] test binary_ops::test_subtract_ndarray ... ok
[INFO] [stdout] test binary_ops::test_dot_ndarray ... ok
[INFO] [stdout] 
[INFO] [stdout] test result: ok. 5 passed; 0 failed; 0 ignored; 0 measured; 0 filtered out; finished in 0.01s
[INFO] [stdout] 
[INFO] [stderr]      Running tests/ndarray_tests.rs (/opt/rustwide/target/debug/deps/ndarray_tests-c17912afc56a6f45)
[INFO] [stdout] 
[INFO] [stdout] running 13 tests
[INFO] [stdout] test ndarray_tests::test_axis ... ok
[INFO] [stdout] test ndarray_tests::test_index ... ok
[INFO] [stdout] test ndarray_tests::test_create_ndarray ... ok
[INFO] [stdout] test ndarray_tests::test_indice_query ... ok
[INFO] [stdout] test ndarray_tests::test_reshape ... ok
[INFO] [stdout] test ndarray_tests::test_create_ndarray_values ... ok
[INFO] [stdout] test ndarray_tests::test_rows_cols_ndarray ... ok
[INFO] [stdout] test ndarray_tests::test_set_ndarray ... ok
[INFO] [stdout] test ndarray_tests::test_batch_ndarray ... ok
[INFO] [stdout] test ndarray_tests::test_get_indices ... ok
[INFO] [stdout] test ndarray_tests::test_value_indices ... ok
[INFO] [stdout] test ndarray_tests::test_split ... ok
[INFO] [stdout] test ndarray_tests::test_drop_axis ... ok
[INFO] [stdout] 
[INFO] [stdout] test result: ok. 13 passed; 0 failed; 0 ignored; 0 measured; 0 filtered out; finished in 0.01s
[INFO] [stdout] 
[INFO] [stderr]      Running tests/unary_ops_tests.rs (/opt/rustwide/target/debug/deps/unary_ops_tests-a979e1966fca58ff)
[INFO] [stdout] 
[INFO] [stdout] running 8 tests
[INFO] [stdout] test unary_ops::test_argmin ... ok
[INFO] [stdout] test unary_ops::test_permute_ndarray ... ok
[INFO] [stdout] test unary_ops::test_axis_indices ... ok
[INFO] [stdout] test unary_ops::test_argmax ... ok
[INFO] [stdout] test unary_ops::test_sum_axis ... ok
[INFO] [stdout] test unary_ops::test_select_axis ... ok
[INFO] [stdout] test unary_ops::test_transpose_ndarray ... ok
[INFO] [stdout] test unary_ops::test_signum_ndarray ... ok
[INFO] [stdout] 
[INFO] [stdout] test result: ok. 8 passed; 0 failed; 0 ignored; 0 measured; 0 filtered out; finished in 0.02s
[INFO] [stderr]    Doc-tests dendritic_ndarray
[INFO] [stdout] 
[INFO] [stdout] 
[INFO] [stdout] running 4 tests
[INFO] [stdout] test src/lib.rs - (line 38) ... ok
[INFO] [stdout] test src/lib.rs - (line 53) ... ok
[INFO] [stdout] test src/lib.rs - (line 18) ... FAILED
[INFO] [stdout] test src/lib.rs - (line 70) ... ok
[INFO] [stdout] 
[INFO] [stdout] failures:
[INFO] [stdout] 
[INFO] [stdout] ---- src/lib.rs - (line 18) stdout ----
[INFO] [stdout] Test executable failed (exit status: 101).
[INFO] [stdout] 
[INFO] [stdout] stderr:
[INFO] [stdout] thread 'main' panicked at src/lib.rs:15:46:
[INFO] [stdout] called `Result::unwrap()` on an `Err` value: Os { code: 30, kind: ReadOnlyFilesystem, message: "Read-only file system" }
[INFO] [stdout] stack backtrace:
[INFO] [stdout]    0:     0x61abed77926a - std::backtrace_rs::backtrace::libunwind::trace::h5a5b8284f2d0c266
[INFO] [stdout]                                at /rustc/90b35a6239c3d8bdabc530a6a0816f7ff89a0aaf/library/std/src/../../backtrace/src/backtrace/libunwind.rs:116:5
[INFO] [stdout]    1:     0x61abed77926a - std::backtrace_rs::backtrace::trace_unsynchronized::h76d4f1c9b0b875e3
[INFO] [stdout]                                at /rustc/90b35a6239c3d8bdabc530a6a0816f7ff89a0aaf/library/std/src/../../backtrace/src/backtrace/mod.rs:66:5
[INFO] [stdout]    2:     0x61abed77926a - std::sys::backtrace::_print_fmt::hc4546b8364a537c6
[INFO] [stdout]                                at /rustc/90b35a6239c3d8bdabc530a6a0816f7ff89a0aaf/library/std/src/sys/backtrace.rs:66:9
[INFO] [stdout]    3:     0x61abed77926a - <std::sys::backtrace::BacktraceLock::print::DisplayBacktrace as core::fmt::Display>::fmt::h5b6bd5631a6d1f6b
[INFO] [stdout]                                at /rustc/90b35a6239c3d8bdabc530a6a0816f7ff89a0aaf/library/std/src/sys/backtrace.rs:39:26
[INFO] [stdout]    4:     0x61abed798753 - core::fmt::rt::Argument::fmt::h270f6602a2b96f62
[INFO] [stdout]                                at /rustc/90b35a6239c3d8bdabc530a6a0816f7ff89a0aaf/library/core/src/fmt/rt.rs:177:76
[INFO] [stdout]    5:     0x61abed798753 - core::fmt::write::h7550c97b06c86515
[INFO] [stdout]                                at /rustc/90b35a6239c3d8bdabc530a6a0816f7ff89a0aaf/library/core/src/fmt/mod.rs:1186:21
[INFO] [stdout]    6:     0x61abed777013 - std::io::Write::write_fmt::h7b09c64fe0be9c84
[INFO] [stdout]                                at /rustc/90b35a6239c3d8bdabc530a6a0816f7ff89a0aaf/library/std/src/io/mod.rs:1839:15
[INFO] [stdout]    7:     0x61abed7790b2 - std::sys::backtrace::BacktraceLock::print::h2395ccd2c84ba3aa
[INFO] [stdout]                                at /rustc/90b35a6239c3d8bdabc530a6a0816f7ff89a0aaf/library/std/src/sys/backtrace.rs:42:9
[INFO] [stdout]    8:     0x61abed77a05c - std::panicking::default_hook::{{closure}}::he19d4c7230e07961
[INFO] [stdout]                                at /rustc/90b35a6239c3d8bdabc530a6a0816f7ff89a0aaf/library/std/src/panicking.rs:268:22
[INFO] [stdout]    9:     0x61abed779ea2 - std::panicking::default_hook::hf614597d3c67bbdb
[INFO] [stdout]                                at /rustc/90b35a6239c3d8bdabc530a6a0816f7ff89a0aaf/library/std/src/panicking.rs:295:9
[INFO] [stdout]   10:     0x61abed77a637 - std::panicking::rust_panic_with_hook::h8942133a8b252070
[INFO] [stdout]                                at /rustc/90b35a6239c3d8bdabc530a6a0816f7ff89a0aaf/library/std/src/panicking.rs:801:13
[INFO] [stdout]   11:     0x61abed77a4ca - std::panicking::begin_panic_handler::{{closure}}::hb5f5963570096b29
[INFO] [stdout]                                at /rustc/90b35a6239c3d8bdabc530a6a0816f7ff89a0aaf/library/std/src/panicking.rs:674:13
[INFO] [stdout]   12:     0x61abed779749 - std::sys::backtrace::__rust_end_short_backtrace::h6208cedc1922feda
[INFO] [stdout]                                at /rustc/90b35a6239c3d8bdabc530a6a0816f7ff89a0aaf/library/std/src/sys/backtrace.rs:170:18
[INFO] [stdout]   13:     0x61abed77a15c - rust_begin_unwind
[INFO] [stdout]                                at /rustc/90b35a6239c3d8bdabc530a6a0816f7ff89a0aaf/library/std/src/panicking.rs:665:5
[INFO] [stdout]   14:     0x61abed72e0a0 - core::panicking::panic_fmt::h0c3082644d1bf418
[INFO] [stdout]                                at /rustc/90b35a6239c3d8bdabc530a6a0816f7ff89a0aaf/library/core/src/panicking.rs:74:14
[INFO] [stdout]   15:     0x61abed72e4e6 - core::result::unwrap_failed::hd20b4aa073bda1e2
[INFO] [stdout]                                at /rustc/90b35a6239c3d8bdabc530a6a0816f7ff89a0aaf/library/core/src/result.rs:1700:5
[INFO] [stdout]   16:     0x61abed72f87f - rust_out::main::h86d391cc11b8a827
[INFO] [stdout]   17:     0x61abed72eb73 - core::ops::function::FnOnce::call_once::hd1e0b33d350e8c2e
[INFO] [stdout]   18:     0x61abed72eb56 - std::sys::backtrace::__rust_begin_short_backtrace::hb7c4fd168269da08
[INFO] [stdout]   19:     0x61abed72eb39 - std::rt::lang_start::{{closure}}::h7630186e3858a44d
[INFO] [stdout]   20:     0x61abed7752de - core::ops::function::impls::<impl core::ops::function::FnOnce<A> for &F>::call_once::hfdb85f4ee94732d3
[INFO] [stdout]                                at /rustc/90b35a6239c3d8bdabc530a6a0816f7ff89a0aaf/library/core/src/ops/function.rs:284:13
[INFO] [stdout]   21:     0x61abed7752de - std::panicking::try::do_call::h6e577310f330cbef
[INFO] [stdout]                                at /rustc/90b35a6239c3d8bdabc530a6a0816f7ff89a0aaf/library/std/src/panicking.rs:557:40
[INFO] [stdout]   22:     0x61abed7752de - std::panicking::try::ha588d438267d2645
[INFO] [stdout]                                at /rustc/90b35a6239c3d8bdabc530a6a0816f7ff89a0aaf/library/std/src/panicking.rs:520:19
[INFO] [stdout]   23:     0x61abed7752de - std::panic::catch_unwind::h429fda1e025f26d9
[INFO] [stdout]                                at /rustc/90b35a6239c3d8bdabc530a6a0816f7ff89a0aaf/library/std/src/panic.rs:358:14
[INFO] [stdout]   24:     0x61abed7752de - std::rt::lang_start_internal::{{closure}}::h7b731265e841c4bf
[INFO] [stdout]                                at /rustc/90b35a6239c3d8bdabc530a6a0816f7ff89a0aaf/library/std/src/rt.rs:174:48
[INFO] [stdout]   25:     0x61abed7752de - std::panicking::try::do_call::hc0f6a675b7ae5a36
[INFO] [stdout]                                at /rustc/90b35a6239c3d8bdabc530a6a0816f7ff89a0aaf/library/std/src/panicking.rs:557:40
[INFO] [stdout]   26:     0x61abed7752de - std::panicking::try::h4c93b7ff0671f1ff
[INFO] [stdout]                                at /rustc/90b35a6239c3d8bdabc530a6a0816f7ff89a0aaf/library/std/src/panicking.rs:520:19
[INFO] [stdout]   27:     0x61abed7752de - std::panic::catch_unwind::hcc1e154961d16ce6
[INFO] [stdout]                                at /rustc/90b35a6239c3d8bdabc530a6a0816f7ff89a0aaf/library/std/src/panic.rs:358:14
[INFO] [stdout]   28:     0x61abed7752de - std::rt::lang_start_internal::h1c66660c99c8424c
[INFO] [stdout]                                at /rustc/90b35a6239c3d8bdabc530a6a0816f7ff89a0aaf/library/std/src/rt.rs:174:20
[INFO] [stdout]   29:     0x61abed72eb17 - std::rt::lang_start::hcdb31f4834f76b8c
[INFO] [stdout]   30:     0x61abed72fa65 - main
[INFO] [stdout]   31:     0x7efc10622d90 - <unknown>
[INFO] [stdout]   32:     0x7efc10622e40 - __libc_start_main
[INFO] [stdout]   33:     0x61abed72ea25 - _start
[INFO] [stdout]   34:                0x0 - <unknown>
[INFO] [stdout] 
[INFO] [stdout] 
[INFO] [stdout] 
[INFO] [stdout] failures:
[INFO] [stdout]     src/lib.rs - (line 18)
[INFO] [stdout] 
[INFO] [stdout] test result: FAILED. 3 passed; 1 failed; 0 ignored; 0 measured; 0 filtered out; finished in 0.73s
[INFO] [stdout] 
[INFO] [stderr] error: doctest failed, to rerun pass `--doc`
[INFO] running `Command { std: "docker" "inspect" "77b54c7975907fdb36b9551803fe63ad71d43f5056c0af542b036df3287a04a8", kill_on_drop: false }`
[INFO] running `Command { std: "docker" "rm" "-f" "77b54c7975907fdb36b9551803fe63ad71d43f5056c0af542b036df3287a04a8", kill_on_drop: false }`
[INFO] [stdout] 77b54c7975907fdb36b9551803fe63ad71d43f5056c0af542b036df3287a04a8
