[INFO] fetching crate demoji 0.0.3...
[INFO] testing demoji-0.0.3 against beta-2024-12-08 for beta-1.84.0-4-retry
[INFO] extracting crate demoji 0.0.3 into /workspace/builds/worker-7-tc2/source
[INFO] validating manifest of crates.io crate demoji 0.0.3 on toolchain beta-2024-12-08
[INFO] running `Command { std: CARGO_HOME="/workspace/cargo-home" RUSTUP_HOME="/workspace/rustup-home" "/workspace/cargo-home/bin/cargo" "+beta-2024-12-08" "metadata" "--manifest-path" "Cargo.toml" "--no-deps", kill_on_drop: false }`
[INFO] started tweaking crates.io crate demoji 0.0.3
[INFO] finished tweaking crates.io crate demoji 0.0.3
[INFO] tweaked toml for crates.io crate demoji 0.0.3 written to /workspace/builds/worker-7-tc2/source/Cargo.toml
[INFO] running `Command { std: CARGO_HOME="/workspace/cargo-home" RUSTUP_HOME="/workspace/rustup-home" "/workspace/cargo-home/bin/cargo" "+beta-2024-12-08" "generate-lockfile" "--manifest-path" "Cargo.toml", kill_on_drop: false }`
[INFO] [stderr]     Updating crates.io index
[INFO] [stderr]      Locking 5 packages to latest compatible versions
[INFO] running `Command { std: CARGO_HOME="/workspace/cargo-home" RUSTUP_HOME="/workspace/rustup-home" "/workspace/cargo-home/bin/cargo" "+beta-2024-12-08" "fetch" "--manifest-path" "Cargo.toml", kill_on_drop: false }`
[INFO] running `Command { std: "docker" "create" "-v" "/var/lib/crater-agent-workspace/builds/worker-7-tc2/target:/opt/rustwide/target:rw,Z" "-v" "/var/lib/crater-agent-workspace/builds/worker-7-tc2/source:/opt/rustwide/workdir:ro,Z" "-v" "/var/lib/crater-agent-workspace/cargo-home:/opt/rustwide/cargo-home:ro,Z" "-v" "/var/lib/crater-agent-workspace/rustup-home:/opt/rustwide/rustup-home:ro,Z" "-e" "SOURCE_DIR=/opt/rustwide/workdir" "-e" "CARGO_TARGET_DIR=/opt/rustwide/target" "-e" "CARGO_HOME=/opt/rustwide/cargo-home" "-e" "RUSTUP_HOME=/opt/rustwide/rustup-home" "-w" "/opt/rustwide/workdir" "-m" "1610612736" "--user" "0:0" "--network" "none" "ghcr.io/rust-lang/crates-build-env/linux@sha256:f3a9d4ad9d972b27faf3965f35b62e55ba32bbce8f20bc8fe909558a86702fde" "/opt/rustwide/cargo-home/bin/cargo" "+beta-2024-12-08" "metadata" "--no-deps" "--format-version=1", kill_on_drop: false }`
[INFO] [stdout] 23b9fd6f1507dd1496f420365b4f4a20264111f20d17d7ea7697bfe8b4ddb04e
[INFO] running `Command { std: "docker" "start" "-a" "23b9fd6f1507dd1496f420365b4f4a20264111f20d17d7ea7697bfe8b4ddb04e", kill_on_drop: false }`
[INFO] running `Command { std: "docker" "inspect" "23b9fd6f1507dd1496f420365b4f4a20264111f20d17d7ea7697bfe8b4ddb04e", kill_on_drop: false }`
[INFO] running `Command { std: "docker" "rm" "-f" "23b9fd6f1507dd1496f420365b4f4a20264111f20d17d7ea7697bfe8b4ddb04e", kill_on_drop: false }`
[INFO] [stdout] 23b9fd6f1507dd1496f420365b4f4a20264111f20d17d7ea7697bfe8b4ddb04e
[INFO] running `Command { std: "docker" "create" "-v" "/var/lib/crater-agent-workspace/builds/worker-7-tc2/target:/opt/rustwide/target:rw,Z" "-v" "/var/lib/crater-agent-workspace/builds/worker-7-tc2/source:/opt/rustwide/workdir:ro,Z" "-v" "/var/lib/crater-agent-workspace/cargo-home:/opt/rustwide/cargo-home:ro,Z" "-v" "/var/lib/crater-agent-workspace/rustup-home:/opt/rustwide/rustup-home:ro,Z" "-e" "SOURCE_DIR=/opt/rustwide/workdir" "-e" "CARGO_TARGET_DIR=/opt/rustwide/target" "-e" "CARGO_INCREMENTAL=0" "-e" "RUST_BACKTRACE=full" "-e" "RUSTFLAGS=--cap-lints=warn" "-e" "RUSTDOCFLAGS=--cap-lints=warn" "-e" "CARGO_HOME=/opt/rustwide/cargo-home" "-e" "RUSTUP_HOME=/opt/rustwide/rustup-home" "-w" "/opt/rustwide/workdir" "-m" "1610612736" "--user" "0:0" "--network" "none" "ghcr.io/rust-lang/crates-build-env/linux@sha256:f3a9d4ad9d972b27faf3965f35b62e55ba32bbce8f20bc8fe909558a86702fde" "/opt/rustwide/cargo-home/bin/cargo" "+beta-2024-12-08" "build" "--frozen" "--message-format=json", kill_on_drop: false }`
[INFO] [stdout] f469f677e05b8feb0ceecf30da112680ee9cc6e29dee188f5559be758e8e7c5a
[INFO] running `Command { std: "docker" "start" "-a" "f469f677e05b8feb0ceecf30da112680ee9cc6e29dee188f5559be758e8e7c5a", kill_on_drop: false }`
[INFO] [stderr]    Compiling memchr v2.7.4
[INFO] [stderr]    Compiling regex-syntax v0.8.5
[INFO] [stderr]    Compiling aho-corasick v1.1.3
[INFO] [stderr]    Compiling regex-automata v0.4.9
[INFO] [stderr]    Compiling regex v1.11.1
[INFO] [stderr]    Compiling demoji v0.0.3 (/opt/rustwide/workdir)
[INFO] [stderr]     Finished `dev` profile [unoptimized + debuginfo] target(s) in 8.67s
[INFO] running `Command { std: "docker" "inspect" "f469f677e05b8feb0ceecf30da112680ee9cc6e29dee188f5559be758e8e7c5a", kill_on_drop: false }`
[INFO] running `Command { std: "docker" "rm" "-f" "f469f677e05b8feb0ceecf30da112680ee9cc6e29dee188f5559be758e8e7c5a", kill_on_drop: false }`
[INFO] [stdout] f469f677e05b8feb0ceecf30da112680ee9cc6e29dee188f5559be758e8e7c5a
[INFO] running `Command { std: "docker" "create" "-v" "/var/lib/crater-agent-workspace/builds/worker-7-tc2/target:/opt/rustwide/target:rw,Z" "-v" "/var/lib/crater-agent-workspace/builds/worker-7-tc2/source:/opt/rustwide/workdir:ro,Z" "-v" "/var/lib/crater-agent-workspace/cargo-home:/opt/rustwide/cargo-home:ro,Z" "-v" "/var/lib/crater-agent-workspace/rustup-home:/opt/rustwide/rustup-home:ro,Z" "-e" "SOURCE_DIR=/opt/rustwide/workdir" "-e" "CARGO_TARGET_DIR=/opt/rustwide/target" "-e" "CARGO_INCREMENTAL=0" "-e" "RUST_BACKTRACE=full" "-e" "RUSTFLAGS=--cap-lints=warn" "-e" "RUSTDOCFLAGS=--cap-lints=warn" "-e" "CARGO_HOME=/opt/rustwide/cargo-home" "-e" "RUSTUP_HOME=/opt/rustwide/rustup-home" "-w" "/opt/rustwide/workdir" "-m" "1610612736" "--user" "0:0" "--network" "none" "ghcr.io/rust-lang/crates-build-env/linux@sha256:f3a9d4ad9d972b27faf3965f35b62e55ba32bbce8f20bc8fe909558a86702fde" "/opt/rustwide/cargo-home/bin/cargo" "+beta-2024-12-08" "test" "--frozen" "--no-run" "--message-format=json", kill_on_drop: false }`
[INFO] [stdout] 5955e1ec3663099bcf60c8343faceb6c350494711ae99c1d4edd60e595401b42
[INFO] running `Command { std: "docker" "start" "-a" "5955e1ec3663099bcf60c8343faceb6c350494711ae99c1d4edd60e595401b42", kill_on_drop: false }`
[INFO] [stderr]    Compiling demoji v0.0.3 (/opt/rustwide/workdir)
[INFO] [stderr]     Finished `test` profile [unoptimized + debuginfo] target(s) in 0.43s
[INFO] running `Command { std: "docker" "inspect" "5955e1ec3663099bcf60c8343faceb6c350494711ae99c1d4edd60e595401b42", kill_on_drop: false }`
[INFO] running `Command { std: "docker" "rm" "-f" "5955e1ec3663099bcf60c8343faceb6c350494711ae99c1d4edd60e595401b42", kill_on_drop: false }`
[INFO] [stdout] 5955e1ec3663099bcf60c8343faceb6c350494711ae99c1d4edd60e595401b42
[INFO] running `Command { std: "docker" "create" "-v" "/var/lib/crater-agent-workspace/builds/worker-7-tc2/target:/opt/rustwide/target:rw,Z" "-v" "/var/lib/crater-agent-workspace/builds/worker-7-tc2/source:/opt/rustwide/workdir:ro,Z" "-v" "/var/lib/crater-agent-workspace/cargo-home:/opt/rustwide/cargo-home:ro,Z" "-v" "/var/lib/crater-agent-workspace/rustup-home:/opt/rustwide/rustup-home:ro,Z" "-e" "SOURCE_DIR=/opt/rustwide/workdir" "-e" "CARGO_TARGET_DIR=/opt/rustwide/target" "-e" "CARGO_INCREMENTAL=0" "-e" "RUST_BACKTRACE=full" "-e" "RUSTFLAGS=--cap-lints=warn" "-e" "RUSTDOCFLAGS=--cap-lints=warn" "-e" "CARGO_HOME=/opt/rustwide/cargo-home" "-e" "RUSTUP_HOME=/opt/rustwide/rustup-home" "-w" "/opt/rustwide/workdir" "-m" "1610612736" "--user" "0:0" "--network" "none" "ghcr.io/rust-lang/crates-build-env/linux@sha256:f3a9d4ad9d972b27faf3965f35b62e55ba32bbce8f20bc8fe909558a86702fde" "/opt/rustwide/cargo-home/bin/cargo" "+beta-2024-12-08" "test" "--frozen", kill_on_drop: false }`
[INFO] [stdout] 0358e4a85cc4be205e7da42f57670df215b0b4376829255ba8b97cdb8b95f672
[INFO] running `Command { std: "docker" "start" "-a" "0358e4a85cc4be205e7da42f57670df215b0b4376829255ba8b97cdb8b95f672", kill_on_drop: false }`
[INFO] [stderr]     Finished `test` profile [unoptimized + debuginfo] target(s) in 0.02s
[INFO] [stderr]      Running unittests src/lib.rs (/opt/rustwide/target/debug/deps/demoji-96a4f19da595ef7f)
[INFO] [stdout] 
[INFO] [stdout] running 0 tests
[INFO] [stdout] 
[INFO] [stdout] test result: ok. 0 passed; 0 failed; 0 ignored; 0 measured; 0 filtered out; finished in 0.00s
[INFO] [stdout] 
[INFO] [stderr]    Doc-tests demoji
[INFO] [stdout] 
[INFO] [stdout] running 2 tests
[INFO] [stdout] test src/lib.rs - (line 15) ... FAILED
[INFO] [stdout] test src/lib.rs - demoji (line 34) ... FAILED
[INFO] [stdout] 
[INFO] [stdout] failures:
[INFO] [stdout] 
[INFO] [stdout] ---- src/lib.rs - (line 15) stdout ----
[INFO] [stdout] error[E0423]: expected function, found crate `demoji`
[INFO] [stdout]  --> src/lib.rs:18:25
[INFO] [stdout]   |
[INFO] [stdout] 6 | let demojified_string = demoji("⚡hel✅🙂lo🙂");
[INFO] [stdout]   |                         ^^^^^^ not a function
[INFO] [stdout]   |
[INFO] [stdout] help: consider importing this function instead
[INFO] [stdout]   |
[INFO] [stdout] 3 + use demoji::demoji;
[INFO] [stdout]   |
[INFO] [stdout] 
[INFO] [stdout] error: aborting due to 1 previous error
[INFO] [stdout] 
[INFO] [stdout] For more information about this error, try `rustc --explain E0423`.
[INFO] [stdout] Couldn't compile the test.
[INFO] [stdout] ---- src/lib.rs - demoji (line 34) stdout ----
[INFO] [stdout] error: expected `;`, found `assert_eq`
[INFO] [stdout]  --> src/lib.rs:38:44
[INFO] [stdout]   |
[INFO] [stdout] 7 | let demojified_string = demoji("⚡hel✅🙂lo🙂")
[INFO] [stdout]   |                                                ^ help: add `;` here
[INFO] [stdout] 8 | assert_eq!(demojified_string, String::from("hello"));
[INFO] [stdout]   | --------- unexpected token
[INFO] [stdout] 
[INFO] [stdout] error[E0423]: expected function, found crate `demoji`
[INFO] [stdout]  --> src/lib.rs:38:25
[INFO] [stdout]   |
[INFO] [stdout] 7 | let demojified_string = demoji("⚡hel✅🙂lo🙂")
[INFO] [stdout]   |                         ^^^^^^ not a function
[INFO] [stdout]   |
[INFO] [stdout] help: consider importing this function instead
[INFO] [stdout]   |
[INFO] [stdout] 4 + use demoji::demoji;
[INFO] [stdout]   |
[INFO] [stdout] 
[INFO] [stdout] error: aborting due to 2 previous errors
[INFO] [stdout] 
[INFO] [stdout] For more information about this error, try `rustc --explain E0423`.
[INFO] [stdout] Couldn't compile the test.
[INFO] [stdout] 
[INFO] [stdout] failures:
[INFO] [stdout]     src/lib.rs - (line 15)
[INFO] [stdout]     src/lib.rs - demoji (line 34)
[INFO] [stdout] 
[INFO] [stdout] test result: FAILED. 0 passed; 2 failed; 0 ignored; 0 measured; 0 filtered out; finished in 0.12s
[INFO] [stdout] 
[INFO] [stderr] error: doctest failed, to rerun pass `--doc`
[INFO] running `Command { std: "docker" "inspect" "0358e4a85cc4be205e7da42f57670df215b0b4376829255ba8b97cdb8b95f672", kill_on_drop: false }`
[INFO] running `Command { std: "docker" "rm" "-f" "0358e4a85cc4be205e7da42f57670df215b0b4376829255ba8b97cdb8b95f672", kill_on_drop: false }`
[INFO] [stdout] 0358e4a85cc4be205e7da42f57670df215b0b4376829255ba8b97cdb8b95f672
