[INFO] fetching crate demo_xyz 0.1.1...
[INFO] testing demo_xyz-0.1.1 against beta-2024-12-08 for beta-1.84.0-4-retry
[INFO] extracting crate demo_xyz 0.1.1 into /workspace/builds/worker-2-tc2/source
[INFO] validating manifest of crates.io crate demo_xyz 0.1.1 on toolchain beta-2024-12-08
[INFO] running `Command { std: CARGO_HOME="/workspace/cargo-home" RUSTUP_HOME="/workspace/rustup-home" "/workspace/cargo-home/bin/cargo" "+beta-2024-12-08" "metadata" "--manifest-path" "Cargo.toml" "--no-deps", kill_on_drop: false }`
[INFO] started tweaking crates.io crate demo_xyz 0.1.1
[INFO] finished tweaking crates.io crate demo_xyz 0.1.1
[INFO] tweaked toml for crates.io crate demo_xyz 0.1.1 written to /workspace/builds/worker-2-tc2/source/Cargo.toml
[INFO] crate crates.io crate demo_xyz 0.1.1 already has a lockfile, it will not be regenerated
[INFO] running `Command { std: CARGO_HOME="/workspace/cargo-home" RUSTUP_HOME="/workspace/rustup-home" "/workspace/cargo-home/bin/cargo" "+beta-2024-12-08" "fetch" "--manifest-path" "Cargo.toml", kill_on_drop: false }`
[INFO] running `Command { std: "docker" "create" "-v" "/var/lib/crater-agent-workspace/builds/worker-2-tc2/target:/opt/rustwide/target:rw,Z" "-v" "/var/lib/crater-agent-workspace/builds/worker-2-tc2/source:/opt/rustwide/workdir:ro,Z" "-v" "/var/lib/crater-agent-workspace/cargo-home:/opt/rustwide/cargo-home:ro,Z" "-v" "/var/lib/crater-agent-workspace/rustup-home:/opt/rustwide/rustup-home:ro,Z" "-e" "SOURCE_DIR=/opt/rustwide/workdir" "-e" "CARGO_TARGET_DIR=/opt/rustwide/target" "-e" "CARGO_HOME=/opt/rustwide/cargo-home" "-e" "RUSTUP_HOME=/opt/rustwide/rustup-home" "-w" "/opt/rustwide/workdir" "-m" "1610612736" "--user" "0:0" "--network" "none" "ghcr.io/rust-lang/crates-build-env/linux@sha256:f3a9d4ad9d972b27faf3965f35b62e55ba32bbce8f20bc8fe909558a86702fde" "/opt/rustwide/cargo-home/bin/cargo" "+beta-2024-12-08" "metadata" "--no-deps" "--format-version=1", kill_on_drop: false }`
[INFO] [stdout] 7e8864718fcc5427157caa6a7b805f2ce9a33bd7ed49de1c28dcc5691e187b57
[INFO] running `Command { std: "docker" "start" "-a" "7e8864718fcc5427157caa6a7b805f2ce9a33bd7ed49de1c28dcc5691e187b57", kill_on_drop: false }`
[INFO] running `Command { std: "docker" "inspect" "7e8864718fcc5427157caa6a7b805f2ce9a33bd7ed49de1c28dcc5691e187b57", kill_on_drop: false }`
[INFO] running `Command { std: "docker" "rm" "-f" "7e8864718fcc5427157caa6a7b805f2ce9a33bd7ed49de1c28dcc5691e187b57", kill_on_drop: false }`
[INFO] [stdout] 7e8864718fcc5427157caa6a7b805f2ce9a33bd7ed49de1c28dcc5691e187b57
[INFO] running `Command { std: "docker" "create" "-v" "/var/lib/crater-agent-workspace/builds/worker-2-tc2/target:/opt/rustwide/target:rw,Z" "-v" "/var/lib/crater-agent-workspace/builds/worker-2-tc2/source:/opt/rustwide/workdir:ro,Z" "-v" "/var/lib/crater-agent-workspace/cargo-home:/opt/rustwide/cargo-home:ro,Z" "-v" "/var/lib/crater-agent-workspace/rustup-home:/opt/rustwide/rustup-home:ro,Z" "-e" "SOURCE_DIR=/opt/rustwide/workdir" "-e" "CARGO_TARGET_DIR=/opt/rustwide/target" "-e" "CARGO_INCREMENTAL=0" "-e" "RUST_BACKTRACE=full" "-e" "RUSTFLAGS=--cap-lints=warn" "-e" "RUSTDOCFLAGS=--cap-lints=warn" "-e" "CARGO_HOME=/opt/rustwide/cargo-home" "-e" "RUSTUP_HOME=/opt/rustwide/rustup-home" "-w" "/opt/rustwide/workdir" "-m" "1610612736" "--user" "0:0" "--network" "none" "ghcr.io/rust-lang/crates-build-env/linux@sha256:f3a9d4ad9d972b27faf3965f35b62e55ba32bbce8f20bc8fe909558a86702fde" "/opt/rustwide/cargo-home/bin/cargo" "+beta-2024-12-08" "build" "--frozen" "--message-format=json", kill_on_drop: false }`
[INFO] [stdout] 11230602631cec7121970822aae3cab956a19844c8d53959c16b6749a072bfee
[INFO] running `Command { std: "docker" "start" "-a" "11230602631cec7121970822aae3cab956a19844c8d53959c16b6749a072bfee", kill_on_drop: false }`
[INFO] [stderr]    Compiling demo_xyz v0.1.1 (/opt/rustwide/workdir)
[INFO] [stdout] warning: unused variable: `c1`
[INFO] [stdout]    --> src/lib.rs:119:16
[INFO] [stdout]     |
[INFO] [stdout] 119 |     pub fn mix(c1:PrimaryColor,c2:PrimaryColor) ->SecondColor{
[INFO] [stdout]     |                ^^ help: if this is intentional, prefix it with an underscore: `_c1`
[INFO] [stdout]     |
[INFO] [stdout]     = note: `#[warn(unused_variables)]` on by default
[INFO] [stdout] 
[INFO] [stdout] 
[INFO] [stdout] warning: unused variable: `c2`
[INFO] [stdout]    --> src/lib.rs:119:32
[INFO] [stdout]     |
[INFO] [stdout] 119 |     pub fn mix(c1:PrimaryColor,c2:PrimaryColor) ->SecondColor{
[INFO] [stdout]     |                                ^^ help: if this is intentional, prefix it with an underscore: `_c2`
[INFO] [stdout] 
[INFO] [stdout] 
[INFO] [stdout] warning: module `Kinds` should have a snake case name
[INFO] [stdout]    --> src/lib.rs:103:9
[INFO] [stdout]     |
[INFO] [stdout] 103 | pub mod Kinds{
[INFO] [stdout]     |         ^^^^^ help: convert the identifier to snake case (notice the capitalization): `kinds`
[INFO] [stdout]     |
[INFO] [stdout]     = note: `#[warn(non_snake_case)]` on by default
[INFO] [stdout] 
[INFO] [stdout] 
[INFO] [stdout] warning: module `Utils` should have a snake case name
[INFO] [stdout]    --> src/lib.rs:116:9
[INFO] [stdout]     |
[INFO] [stdout] 116 | pub mod Utils{
[INFO] [stdout]     |         ^^^^^ help: convert the identifier to snake case (notice the capitalization): `utils`
[INFO] [stdout] 
[INFO] [stdout] 
[INFO] [stdout] warning: unused imports: `env` and `process`
[INFO] [stdout]  --> src/main.rs:1:11
[INFO] [stdout]   |
[INFO] [stdout] 1 | use std::{env, process};
[INFO] [stdout]   |           ^^^  ^^^^^^^
[INFO] [stdout]   |
[INFO] [stdout]   = note: `#[warn(unused_imports)]` on by default
[INFO] [stdout] 
[INFO] [stdout] 
[INFO] [stdout] warning: unused imports: `Quertconfig` and `SecondColor`
[INFO] [stdout]  --> src/main.rs:4:29
[INFO] [stdout]   |
[INFO] [stdout] 4 | use demo_xyz::{PrimaryColor,SecondColor, Quertconfig};
[INFO] [stdout]   |                             ^^^^^^^^^^^  ^^^^^^^^^^^
[INFO] [stdout] 
[INFO] [stdout] 
[INFO] [stderr]     Finished `dev` profile [unoptimized + debuginfo] target(s) in 0.53s
[INFO] running `Command { std: "docker" "inspect" "11230602631cec7121970822aae3cab956a19844c8d53959c16b6749a072bfee", kill_on_drop: false }`
[INFO] running `Command { std: "docker" "rm" "-f" "11230602631cec7121970822aae3cab956a19844c8d53959c16b6749a072bfee", kill_on_drop: false }`
[INFO] [stdout] 11230602631cec7121970822aae3cab956a19844c8d53959c16b6749a072bfee
[INFO] running `Command { std: "docker" "create" "-v" "/var/lib/crater-agent-workspace/builds/worker-2-tc2/target:/opt/rustwide/target:rw,Z" "-v" "/var/lib/crater-agent-workspace/builds/worker-2-tc2/source:/opt/rustwide/workdir:ro,Z" "-v" "/var/lib/crater-agent-workspace/cargo-home:/opt/rustwide/cargo-home:ro,Z" "-v" "/var/lib/crater-agent-workspace/rustup-home:/opt/rustwide/rustup-home:ro,Z" "-e" "SOURCE_DIR=/opt/rustwide/workdir" "-e" "CARGO_TARGET_DIR=/opt/rustwide/target" "-e" "CARGO_INCREMENTAL=0" "-e" "RUST_BACKTRACE=full" "-e" "RUSTFLAGS=--cap-lints=warn" "-e" "RUSTDOCFLAGS=--cap-lints=warn" "-e" "CARGO_HOME=/opt/rustwide/cargo-home" "-e" "RUSTUP_HOME=/opt/rustwide/rustup-home" "-w" "/opt/rustwide/workdir" "-m" "1610612736" "--user" "0:0" "--network" "none" "ghcr.io/rust-lang/crates-build-env/linux@sha256:f3a9d4ad9d972b27faf3965f35b62e55ba32bbce8f20bc8fe909558a86702fde" "/opt/rustwide/cargo-home/bin/cargo" "+beta-2024-12-08" "test" "--frozen" "--no-run" "--message-format=json", kill_on_drop: false }`
[INFO] [stdout] 83871ef768f9b905dd9f3240fd17a0d813621a7865493751227015bbea132191
[INFO] running `Command { std: "docker" "start" "-a" "83871ef768f9b905dd9f3240fd17a0d813621a7865493751227015bbea132191", kill_on_drop: false }`
[INFO] [stdout] warning: unused variable: `c1`
[INFO] [stdout]    --> src/lib.rs:119:16
[INFO] [stdout]     |
[INFO] [stdout] 119 |     pub fn mix(c1:PrimaryColor,c2:PrimaryColor) ->SecondColor{
[INFO] [stdout]     |                ^^ help: if this is intentional, prefix it with an underscore: `_c1`
[INFO] [stdout]     |
[INFO] [stdout]     = note: `#[warn(unused_variables)]` on by default
[INFO] [stdout] 
[INFO] [stdout] 
[INFO] [stdout] warning: unused variable: `c2`
[INFO] [stdout]    --> src/lib.rs:119:32
[INFO] [stdout]     |
[INFO] [stdout] 119 |     pub fn mix(c1:PrimaryColor,c2:PrimaryColor) ->SecondColor{
[INFO] [stdout]     |                                ^^ help: if this is intentional, prefix it with an underscore: `_c2`
[INFO] [stdout] 
[INFO] [stdout] 
[INFO] [stderr]    Compiling demo_xyz v0.1.1 (/opt/rustwide/workdir)
[INFO] [stdout] warning: module `Kinds` should have a snake case name
[INFO] [stdout]    --> src/lib.rs:103:9
[INFO] [stdout]     |
[INFO] [stdout] 103 | pub mod Kinds{
[INFO] [stdout]     |         ^^^^^ help: convert the identifier to snake case (notice the capitalization): `kinds`
[INFO] [stdout]     |
[INFO] [stdout]     = note: `#[warn(non_snake_case)]` on by default
[INFO] [stdout] 
[INFO] [stdout] 
[INFO] [stdout] warning: module `Utils` should have a snake case name
[INFO] [stdout]    --> src/lib.rs:116:9
[INFO] [stdout]     |
[INFO] [stdout] 116 | pub mod Utils{
[INFO] [stdout]     |         ^^^^^ help: convert the identifier to snake case (notice the capitalization): `utils`
[INFO] [stdout] 
[INFO] [stdout] 
[INFO] [stdout] warning: unused variable: `c1`
[INFO] [stdout]    --> src/lib.rs:119:16
[INFO] [stdout]     |
[INFO] [stdout] 119 |     pub fn mix(c1:PrimaryColor,c2:PrimaryColor) ->SecondColor{
[INFO] [stdout]     |                ^^ help: if this is intentional, prefix it with an underscore: `_c1`
[INFO] [stdout]     |
[INFO] [stdout]     = note: `#[warn(unused_variables)]` on by default
[INFO] [stdout] 
[INFO] [stdout] 
[INFO] [stdout] warning: unused variable: `c2`
[INFO] [stdout]    --> src/lib.rs:119:32
[INFO] [stdout]     |
[INFO] [stdout] 119 |     pub fn mix(c1:PrimaryColor,c2:PrimaryColor) ->SecondColor{
[INFO] [stdout]     |                                ^^ help: if this is intentional, prefix it with an underscore: `_c2`
[INFO] [stdout] 
[INFO] [stdout] 
[INFO] [stdout] warning: module `Kinds` should have a snake case name
[INFO] [stdout]    --> src/lib.rs:103:9
[INFO] [stdout]     |
[INFO] [stdout] 103 | pub mod Kinds{
[INFO] [stdout]     |         ^^^^^ help: convert the identifier to snake case (notice the capitalization): `kinds`
[INFO] [stdout]     |
[INFO] [stdout]     = note: `#[warn(non_snake_case)]` on by default
[INFO] [stdout] 
[INFO] [stdout] 
[INFO] [stdout] warning: module `Utils` should have a snake case name
[INFO] [stdout]    --> src/lib.rs:116:9
[INFO] [stdout]     |
[INFO] [stdout] 116 | pub mod Utils{
[INFO] [stdout]     |         ^^^^^ help: convert the identifier to snake case (notice the capitalization): `utils`
[INFO] [stdout] 
[INFO] [stdout] 
[INFO] [stdout] warning: module `Tests` should have a snake case name
[INFO] [stdout]    --> src/lib.rs:137:5
[INFO] [stdout]     |
[INFO] [stdout] 137 | mod Tests{
[INFO] [stdout]     |     ^^^^^ help: convert the identifier to snake case: `tests`
[INFO] [stdout] 
[INFO] [stdout] 
[INFO] [stdout] warning: unused imports: `env` and `process`
[INFO] [stdout]  --> src/main.rs:1:11
[INFO] [stdout]   |
[INFO] [stdout] 1 | use std::{env, process};
[INFO] [stdout]   |           ^^^  ^^^^^^^
[INFO] [stdout]   |
[INFO] [stdout]   = note: `#[warn(unused_imports)]` on by default
[INFO] [stdout] 
[INFO] [stdout] 
[INFO] [stdout] warning: unused imports: `Quertconfig` and `SecondColor`
[INFO] [stdout]  --> src/main.rs:4:29
[INFO] [stdout]   |
[INFO] [stdout] 4 | use demo_xyz::{PrimaryColor,SecondColor, Quertconfig};
[INFO] [stdout]   |                             ^^^^^^^^^^^  ^^^^^^^^^^^
[INFO] [stdout] 
[INFO] [stdout] 
[INFO] [stderr]     Finished `test` profile [unoptimized + debuginfo] target(s) in 0.68s
[INFO] running `Command { std: "docker" "inspect" "83871ef768f9b905dd9f3240fd17a0d813621a7865493751227015bbea132191", kill_on_drop: false }`
[INFO] running `Command { std: "docker" "rm" "-f" "83871ef768f9b905dd9f3240fd17a0d813621a7865493751227015bbea132191", kill_on_drop: false }`
[INFO] [stdout] 83871ef768f9b905dd9f3240fd17a0d813621a7865493751227015bbea132191
[INFO] running `Command { std: "docker" "create" "-v" "/var/lib/crater-agent-workspace/builds/worker-2-tc2/target:/opt/rustwide/target:rw,Z" "-v" "/var/lib/crater-agent-workspace/builds/worker-2-tc2/source:/opt/rustwide/workdir:ro,Z" "-v" "/var/lib/crater-agent-workspace/cargo-home:/opt/rustwide/cargo-home:ro,Z" "-v" "/var/lib/crater-agent-workspace/rustup-home:/opt/rustwide/rustup-home:ro,Z" "-e" "SOURCE_DIR=/opt/rustwide/workdir" "-e" "CARGO_TARGET_DIR=/opt/rustwide/target" "-e" "CARGO_INCREMENTAL=0" "-e" "RUST_BACKTRACE=full" "-e" "RUSTFLAGS=--cap-lints=warn" "-e" "RUSTDOCFLAGS=--cap-lints=warn" "-e" "CARGO_HOME=/opt/rustwide/cargo-home" "-e" "RUSTUP_HOME=/opt/rustwide/rustup-home" "-w" "/opt/rustwide/workdir" "-m" "1610612736" "--user" "0:0" "--network" "none" "ghcr.io/rust-lang/crates-build-env/linux@sha256:f3a9d4ad9d972b27faf3965f35b62e55ba32bbce8f20bc8fe909558a86702fde" "/opt/rustwide/cargo-home/bin/cargo" "+beta-2024-12-08" "test" "--frozen", kill_on_drop: false }`
[INFO] [stdout] 6da5ed419cb1ab48eab48fce099c30fcba163f70b46761d78197f0a00110c787
[INFO] running `Command { std: "docker" "start" "-a" "6da5ed419cb1ab48eab48fce099c30fcba163f70b46761d78197f0a00110c787", kill_on_drop: false }`
[INFO] [stderr] warning: unused variable: `c1`
[INFO] [stderr]    --> src/lib.rs:119:16
[INFO] [stderr]     |
[INFO] [stderr] 119 |     pub fn mix(c1:PrimaryColor,c2:PrimaryColor) ->SecondColor{
[INFO] [stderr]     |                ^^ help: if this is intentional, prefix it with an underscore: `_c1`
[INFO] [stderr]     |
[INFO] [stderr]     = note: `#[warn(unused_variables)]` on by default
[INFO] [stderr] 
[INFO] [stderr] warning: unused variable: `c2`
[INFO] [stderr]    --> src/lib.rs:119:32
[INFO] [stderr]     |
[INFO] [stderr] 119 |     pub fn mix(c1:PrimaryColor,c2:PrimaryColor) ->SecondColor{
[INFO] [stderr]     |                                ^^ help: if this is intentional, prefix it with an underscore: `_c2`
[INFO] [stderr] 
[INFO] [stderr] warning: module `Kinds` should have a snake case name
[INFO] [stderr]    --> src/lib.rs:103:9
[INFO] [stderr]     |
[INFO] [stderr] 103 | pub mod Kinds{
[INFO] [stderr]     |         ^^^^^ help: convert the identifier to snake case (notice the capitalization): `kinds`
[INFO] [stderr]     |
[INFO] [stderr]     = note: `#[warn(non_snake_case)]` on by default
[INFO] [stderr] 
[INFO] [stderr] warning: module `Utils` should have a snake case name
[INFO] [stderr]    --> src/lib.rs:116:9
[INFO] [stderr]     |
[INFO] [stderr] 116 | pub mod Utils{
[INFO] [stderr]     |         ^^^^^ help: convert the identifier to snake case (notice the capitalization): `utils`
[INFO] [stderr] 
[INFO] [stderr] warning: `demo_xyz` (lib) generated 4 warnings
[INFO] [stderr] warning: unused imports: `env` and `process`
[INFO] [stderr]  --> src/main.rs:1:11
[INFO] [stderr]   |
[INFO] [stderr] 1 | use std::{env, process};
[INFO] [stderr]   |           ^^^  ^^^^^^^
[INFO] [stderr]   |
[INFO] [stderr]   = note: `#[warn(unused_imports)]` on by default
[INFO] [stderr] 
[INFO] [stderr] warning: unused imports: `Quertconfig` and `SecondColor`
[INFO] [stderr]  --> src/main.rs:4:29
[INFO] [stderr]   |
[INFO] [stderr] 4 | use demo_xyz::{PrimaryColor,SecondColor, Quertconfig};
[INFO] [stderr]   |                             ^^^^^^^^^^^  ^^^^^^^^^^^
[INFO] [stderr] 
[INFO] [stderr] warning: `demo_xyz` (bin "demo_xyz" test) generated 2 warnings (run `cargo fix --bin "demo_xyz" --tests` to apply 2 suggestions)
[INFO] [stderr] warning: module `Tests` should have a snake case name
[INFO] [stderr]    --> src/lib.rs:137:5
[INFO] [stderr]     |
[INFO] [stderr] 137 | mod Tests{
[INFO] [stderr]     |     ^^^^^ help: convert the identifier to snake case: `tests`
[INFO] [stderr] 
[INFO] [stderr] warning: `demo_xyz` (lib test) generated 5 warnings (4 duplicates)
[INFO] [stderr]     Finished `test` profile [unoptimized + debuginfo] target(s) in 0.02s
[INFO] [stderr]      Running unittests src/lib.rs (/opt/rustwide/target/debug/deps/demo_xyz-43e0a4dc28f47277)
[INFO] [stdout] 
[INFO] [stdout] running 2 tests
[INFO] [stdout] test Tests::twe_result ... ok
[INFO] [stdout] test Tests::one_result ... ok
[INFO] [stdout] 
[INFO] [stdout] test result: ok. 2 passed; 0 failed; 0 ignored; 0 measured; 0 filtered out; finished in 0.01s
[INFO] [stdout] 
[INFO] [stderr]      Running unittests src/main.rs (/opt/rustwide/target/debug/deps/demo_xyz-92025da36aa66ccf)
[INFO] [stderr]    Doc-tests demo_xyz
[INFO] [stdout] 
[INFO] [stdout] running 0 tests
[INFO] [stdout] 
[INFO] [stdout] test result: ok. 0 passed; 0 failed; 0 ignored; 0 measured; 0 filtered out; finished in 0.00s
[INFO] [stdout] 
[INFO] [stdout] 
[INFO] [stdout] running 1 test
[INFO] [stdout] test src/lib.rs - add (line 89) ... FAILED
[INFO] [stdout] 
[INFO] [stdout] failures:
[INFO] [stdout] 
[INFO] [stdout] ---- src/lib.rs - add (line 89) stdout ----
[INFO] [stdout] error[E0433]: failed to resolve: use of undeclared crate or module `demo`
[INFO] [stdout]  --> src/lib.rs:91:14
[INFO] [stdout]   |
[INFO] [stdout] 4 | let answer = demo::add(i);
[INFO] [stdout]   |              ^^^^ use of undeclared crate or module `demo`
[INFO] [stdout] 
[INFO] [stdout] error: aborting due to 1 previous error
[INFO] [stdout] 
[INFO] [stdout] For more information about this error, try `rustc --explain E0433`.
[INFO] [stdout] Couldn't compile the test.
[INFO] [stdout] 
[INFO] [stdout] failures:
[INFO] [stdout]     src/lib.rs - add (line 89)
[INFO] [stdout] 
[INFO] [stdout] test result: FAILED. 0 passed; 1 failed; 0 ignored; 0 measured; 0 filtered out; finished in 0.08s
[INFO] [stdout] 
[INFO] [stderr] error: doctest failed, to rerun pass `--doc`
[INFO] running `Command { std: "docker" "inspect" "6da5ed419cb1ab48eab48fce099c30fcba163f70b46761d78197f0a00110c787", kill_on_drop: false }`
[INFO] running `Command { std: "docker" "rm" "-f" "6da5ed419cb1ab48eab48fce099c30fcba163f70b46761d78197f0a00110c787", kill_on_drop: false }`
[INFO] [stdout] 6da5ed419cb1ab48eab48fce099c30fcba163f70b46761d78197f0a00110c787
