[INFO] fetching crate deltaml 0.1.0...
[INFO] testing deltaml-0.1.0 against 1.83.0 for beta-1.84.0-4-retry
[INFO] extracting crate deltaml 0.1.0 into /workspace/builds/worker-6-tc1/source
[INFO] validating manifest of crates.io crate deltaml 0.1.0 on toolchain 1.83.0
[INFO] running `Command { std: CARGO_HOME="/workspace/cargo-home" RUSTUP_HOME="/workspace/rustup-home" "/workspace/cargo-home/bin/cargo" "+1.83.0" "metadata" "--manifest-path" "Cargo.toml" "--no-deps", kill_on_drop: false }`
[INFO] started tweaking crates.io crate deltaml 0.1.0
[INFO] finished tweaking crates.io crate deltaml 0.1.0
[INFO] tweaked toml for crates.io crate deltaml 0.1.0 written to /workspace/builds/worker-6-tc1/source/Cargo.toml
[INFO] running `Command { std: CARGO_HOME="/workspace/cargo-home" RUSTUP_HOME="/workspace/rustup-home" "/workspace/cargo-home/bin/cargo" "+1.83.0" "generate-lockfile" "--manifest-path" "Cargo.toml", kill_on_drop: false }`
[INFO] [stderr]     Blocking waiting for file lock on package cache
[INFO] [stderr]     Updating crates.io index
[INFO] [stderr]     Blocking waiting for file lock on package cache
[INFO] [stderr]      Locking 265 packages to latest compatible versions
[INFO] running `Command { std: CARGO_HOME="/workspace/cargo-home" RUSTUP_HOME="/workspace/rustup-home" "/workspace/cargo-home/bin/cargo" "+1.83.0" "fetch" "--manifest-path" "Cargo.toml", kill_on_drop: false }`
[INFO] [stderr]  Downloading crates ...
[INFO] [stderr]   Downloaded portable-atomic-util v0.2.4
[INFO] running `Command { std: "docker" "create" "-v" "/var/lib/crater-agent-workspace/builds/worker-6-tc1/target:/opt/rustwide/target:rw,Z" "-v" "/var/lib/crater-agent-workspace/builds/worker-6-tc1/source:/opt/rustwide/workdir:ro,Z" "-v" "/var/lib/crater-agent-workspace/cargo-home:/opt/rustwide/cargo-home:ro,Z" "-v" "/var/lib/crater-agent-workspace/rustup-home:/opt/rustwide/rustup-home:ro,Z" "-e" "SOURCE_DIR=/opt/rustwide/workdir" "-e" "CARGO_TARGET_DIR=/opt/rustwide/target" "-e" "CARGO_HOME=/opt/rustwide/cargo-home" "-e" "RUSTUP_HOME=/opt/rustwide/rustup-home" "-w" "/opt/rustwide/workdir" "-m" "1610612736" "--user" "0:0" "--network" "none" "ghcr.io/rust-lang/crates-build-env/linux@sha256:f3a9d4ad9d972b27faf3965f35b62e55ba32bbce8f20bc8fe909558a86702fde" "/opt/rustwide/cargo-home/bin/cargo" "+1.83.0" "metadata" "--no-deps" "--format-version=1", kill_on_drop: false }`
[INFO] [stdout] 3e892b5ffdbd9a7ec2fc6ac019f5e2eac47c9834e7dad9e0fd01af14436e6cf3
[INFO] running `Command { std: "docker" "start" "-a" "3e892b5ffdbd9a7ec2fc6ac019f5e2eac47c9834e7dad9e0fd01af14436e6cf3", kill_on_drop: false }`
[INFO] running `Command { std: "docker" "inspect" "3e892b5ffdbd9a7ec2fc6ac019f5e2eac47c9834e7dad9e0fd01af14436e6cf3", kill_on_drop: false }`
[INFO] running `Command { std: "docker" "rm" "-f" "3e892b5ffdbd9a7ec2fc6ac019f5e2eac47c9834e7dad9e0fd01af14436e6cf3", kill_on_drop: false }`
[INFO] [stdout] 3e892b5ffdbd9a7ec2fc6ac019f5e2eac47c9834e7dad9e0fd01af14436e6cf3
[INFO] running `Command { std: "docker" "create" "-v" "/var/lib/crater-agent-workspace/builds/worker-6-tc1/target:/opt/rustwide/target:rw,Z" "-v" "/var/lib/crater-agent-workspace/builds/worker-6-tc1/source:/opt/rustwide/workdir:ro,Z" "-v" "/var/lib/crater-agent-workspace/cargo-home:/opt/rustwide/cargo-home:ro,Z" "-v" "/var/lib/crater-agent-workspace/rustup-home:/opt/rustwide/rustup-home:ro,Z" "-e" "SOURCE_DIR=/opt/rustwide/workdir" "-e" "CARGO_TARGET_DIR=/opt/rustwide/target" "-e" "CARGO_INCREMENTAL=0" "-e" "RUST_BACKTRACE=full" "-e" "RUSTFLAGS=--cap-lints=warn" "-e" "RUSTDOCFLAGS=--cap-lints=warn" "-e" "CARGO_HOME=/opt/rustwide/cargo-home" "-e" "RUSTUP_HOME=/opt/rustwide/rustup-home" "-w" "/opt/rustwide/workdir" "-m" "1610612736" "--user" "0:0" "--network" "none" "ghcr.io/rust-lang/crates-build-env/linux@sha256:f3a9d4ad9d972b27faf3965f35b62e55ba32bbce8f20bc8fe909558a86702fde" "/opt/rustwide/cargo-home/bin/cargo" "+1.83.0" "build" "--frozen" "--message-format=json", kill_on_drop: false }`
[INFO] [stdout] 4f59efa894b1f472a63536b2c4d95b06b9bc6c9838e996540354e2fdcee5c408
[INFO] running `Command { std: "docker" "start" "-a" "4f59efa894b1f472a63536b2c4d95b06b9bc6c9838e996540354e2fdcee5c408", kill_on_drop: false }`
[INFO] [stderr]    Compiling proc-macro2 v1.0.92
[INFO] [stderr]    Compiling unicode-ident v1.0.14
[INFO] [stderr]    Compiling cfg-if v1.0.0
[INFO] [stderr]    Compiling libc v0.2.168
[INFO] [stderr]    Compiling smallvec v1.13.2
[INFO] [stderr]    Compiling libm v0.2.11
[INFO] [stderr]    Compiling memchr v2.7.4
[INFO] [stderr]    Compiling pin-project-lite v0.2.15
[INFO] [stderr]    Compiling once_cell v1.20.2
[INFO] [stderr]    Compiling stable_deref_trait v1.2.0
[INFO] [stderr]    Compiling futures-core v0.3.31
[INFO] [stderr]    Compiling parking_lot_core v0.9.10
[INFO] [stderr]    Compiling futures-sink v0.3.31
[INFO] [stderr]    Compiling crossbeam-utils v0.8.20
[INFO] [stderr]    Compiling shlex v1.3.0
[INFO] [stderr]    Compiling num-traits v0.2.19
[INFO] [stderr]    Compiling lock_api v0.4.12
[INFO] [stderr]    Compiling bytes v1.9.0
[INFO] [stderr]    Compiling scopeguard v1.2.0
[INFO] [stderr]    Compiling slab v0.4.9
[INFO] [stderr]    Compiling itoa v1.0.14
[INFO] [stderr]    Compiling pkg-config v0.3.31
[INFO] [stderr]    Compiling vcpkg v0.2.15
[INFO] [stderr]    Compiling futures-channel v0.3.31
[INFO] [stderr]    Compiling cc v1.2.4
[INFO] [stderr]    Compiling futures-task v0.3.31
[INFO] [stderr]    Compiling log v0.4.22
[INFO] [stderr]    Compiling writeable v0.5.5
[INFO] [stderr]    Compiling litemap v0.7.4
[INFO] [stderr]    Compiling futures-io v0.3.31
[INFO] [stderr]    Compiling pin-utils v0.1.0
[INFO] [stderr]    Compiling rayon-core v1.12.1
[INFO] [stderr]    Compiling fnv v1.0.7
[INFO] [stderr]    Compiling futures-util v0.3.31
[INFO] [stderr]    Compiling bitflags v2.6.0
[INFO] [stderr]    Compiling simd-adler32 v0.3.7
[INFO] [stderr]    Compiling http v1.2.0
[INFO] [stderr]    Compiling icu_locid_transform_data v1.5.0
[INFO] [stderr]    Compiling tracing-core v0.1.33
[INFO] [stderr]    Compiling quote v1.0.37
[INFO] [stderr]    Compiling hashbrown v0.15.2
[INFO] [stderr]    Compiling anyhow v1.0.94
[INFO] [stderr]    Compiling equivalent v1.0.1
[INFO] [stderr]    Compiling adler2 v2.0.0
[INFO] [stderr]    Compiling syn v2.0.90
[INFO] [stderr]    Compiling crossbeam-epoch v0.9.18
[INFO] [stderr]    Compiling foreign-types-shared v0.1.1
[INFO] [stderr]    Compiling httparse v1.9.5
[INFO] [stderr]    Compiling openssl v0.10.68
[INFO] [stderr]    Compiling icu_properties_data v1.5.0
[INFO] [stderr]    Compiling either v1.13.0
[INFO] [stderr]    Compiling crossbeam-deque v0.8.5
[INFO] [stderr]    Compiling tracing v0.1.41
[INFO] [stderr]    Compiling signal-hook-registry v1.4.2
[INFO] [stderr]    Compiling mio v1.0.3
[INFO] [stderr]    Compiling socket2 v0.5.8
[INFO] [stderr]    Compiling http-body v1.0.1
[INFO] [stderr]    Compiling foreign-types v0.3.2
[INFO] [stderr]    Compiling parking_lot v0.12.3
[INFO] [stderr]    Compiling indexmap v2.7.0
[INFO] [stderr]    Compiling miniz_oxide v0.8.0
[INFO] [stderr]    Compiling utf8_iter v1.0.4
[INFO] [stderr]    Compiling byteorder v1.5.0
[INFO] [stderr]    Compiling icu_normalizer_data v1.5.0
[INFO] [stderr]    Compiling arrayvec v0.7.6
[INFO] [stderr]    Compiling aligned-vec v0.5.0
[INFO] [stderr]    Compiling built v0.7.5
[INFO] [stderr]    Compiling paste v1.0.15
[INFO] [stderr]    Compiling openssl-sys v0.9.104
[INFO] [stderr]    Compiling try-lock v0.2.5
[INFO] [stderr]    Compiling serde v1.0.216
[INFO] [stderr]    Compiling num-integer v0.1.46
[INFO] [stderr]    Compiling thiserror v1.0.69
[INFO] [stderr]    Compiling utf16_iter v1.0.5
[INFO] [stderr]    Compiling write16 v1.0.0
[INFO] [stderr]    Compiling minimal-lexical v0.2.1
[INFO] [stderr]    Compiling native-tls v0.2.12
[INFO] [stderr]    Compiling atomic-waker v1.1.2
[INFO] [stderr]    Compiling want v0.3.1
[INFO] [stderr]    Compiling num-bigint v0.4.6
[INFO] [stderr]    Compiling nom v7.1.3
[INFO] [stderr]    Compiling v_frame v0.3.8
[INFO] [stderr]    Compiling rav1e v0.7.1
[INFO] [stderr]    Compiling rayon v1.10.0
[INFO] [stderr]    Compiling getrandom v0.2.15
[INFO] [stderr]    Compiling crc32fast v1.4.2
[INFO] [stderr]    Compiling rustix v0.38.42
[INFO] [stderr]    Compiling openssl-probe v0.1.5
[INFO] [stderr]    Compiling percent-encoding v2.3.1
[INFO] [stderr]    Compiling rand_core v0.6.4
[INFO] [stderr]    Compiling flate2 v1.0.35
[INFO] [stderr]    Compiling form_urlencoded v1.2.1
[INFO] [stderr]    Compiling itertools v0.12.1
[INFO] [stderr]    Compiling simd_helpers v0.1.0
[INFO] [stderr]    Compiling matrixmultiply v0.3.9
[INFO] [stderr]    Compiling new_debug_unreachable v1.0.6
[INFO] [stderr]    Compiling tower-service v0.3.3
[INFO] [stderr]    Compiling bitstream-io v2.6.0
[INFO] [stderr]    Compiling noop_proc_macro v0.3.0
[INFO] [stderr]    Compiling ryu v1.0.18
[INFO] [stderr]    Compiling linux-raw-sys v0.4.14
[INFO] [stderr]    Compiling weezl v0.1.8
[INFO] [stderr]    Compiling num-rational v0.4.2
[INFO] [stderr]    Compiling imgref v1.11.0
[INFO] [stderr]    Compiling quick-error v2.0.1
[INFO] [stderr]    Compiling avif-serialize v0.8.2
[INFO] [stderr]    Compiling loop9 v0.1.5
[INFO] [stderr]    Compiling zune-inflate v0.2.54
[INFO] [stderr]    Compiling fdeflate v0.3.7
[INFO] [stderr]    Compiling half v2.4.1
[INFO] [stderr]    Compiling rawpointer v0.2.1
[INFO] [stderr]    Compiling bitflags v1.3.2
[INFO] [stderr]    Compiling sdd v3.0.4
[INFO] [stderr]    Compiling zune-core v0.4.12
[INFO] [stderr]    Compiling av1-grain v0.2.3
[INFO] [stderr]    Compiling futures-executor v0.3.31
[INFO] [stderr]    Compiling http-body-util v0.1.2
[INFO] [stderr]    Compiling serde_json v1.0.133
[INFO] [stderr]    Compiling byteorder-lite v0.1.0
[INFO] [stderr]    Compiling rustls-pki-types v1.10.1
[INFO] [stderr]    Compiling color_quant v1.1.0
[INFO] [stderr]    Compiling rgb v0.8.50
[INFO] [stderr]    Compiling bit_field v0.10.2
[INFO] [stderr]    Compiling bytemuck v1.20.0
[INFO] [stderr]    Compiling jpeg-decoder v0.3.1
[INFO] [stderr]    Compiling maybe-rayon v0.1.1
[INFO] [stderr]    Compiling lebe v0.5.2
[INFO] [stderr]    Compiling rustls-pemfile v2.2.0
[INFO] [stderr]    Compiling gif v0.13.1
[INFO] [stderr]    Compiling futures v0.3.31
[INFO] [stderr]    Compiling scc v2.2.5
[INFO] [stderr]    Compiling qoi v0.4.1
[INFO] [stderr]    Compiling png v0.17.15
[INFO] [stderr]    Compiling exr v1.73.0
[INFO] [stderr]    Compiling image-webp v0.2.0
[INFO] [stderr]    Compiling zune-jpeg v0.4.14
[INFO] [stderr]    Compiling num-complex v0.4.6
[INFO] [stderr]    Compiling filetime v0.2.25
[INFO] [stderr]    Compiling sync_wrapper v1.0.2
[INFO] [stderr]    Compiling encoding_rs v0.8.35
[INFO] [stderr]    Compiling synstructure v0.13.1
[INFO] [stderr]    Compiling tiff v0.9.1
[INFO] [stderr]    Compiling same-file v1.0.6
[INFO] [stderr]    Compiling mime v0.3.17
[INFO] [stderr]    Compiling ipnet v2.10.1
[INFO] [stderr]    Compiling base64 v0.22.1
[INFO] [stderr]    Compiling xattr v1.3.1
[INFO] [stderr]    Compiling walkdir v2.5.0
[INFO] [stderr]    Compiling ndarray v0.16.1
[INFO] [stderr]    Compiling tar v0.4.43
[INFO] [stderr]    Compiling approx v0.5.1
[INFO] [stderr]    Compiling serde_urlencoded v0.7.1
[INFO] [stderr]    Compiling zerofrom-derive v0.1.5
[INFO] [stderr]    Compiling yoke-derive v0.7.5
[INFO] [stderr]    Compiling zerovec-derive v0.10.3
[INFO] [stderr]    Compiling displaydoc v0.2.5
[INFO] [stderr]    Compiling icu_provider_macros v1.5.0
[INFO] [stderr]    Compiling tokio-macros v2.4.0
[INFO] [stderr]    Compiling openssl-macros v0.1.1
[INFO] [stderr]    Compiling zerocopy-derive v0.7.35
[INFO] [stderr]    Compiling thiserror-impl v1.0.69
[INFO] [stderr]    Compiling profiling-procmacros v1.0.16
[INFO] [stderr]    Compiling arg_enum_proc_macro v0.3.4
[INFO] [stderr]    Compiling num-derive v0.4.2
[INFO] [stderr]    Compiling serial_test_derive v3.2.0
[INFO] [stderr]    Compiling profiling v1.0.16
[INFO] [stderr]    Compiling tokio v1.42.0
[INFO] [stderr]    Compiling zerocopy v0.7.35
[INFO] [stderr]    Compiling serial_test v3.2.0
[INFO] [stderr]    Compiling zerofrom v0.1.5
[INFO] [stderr]    Compiling ppv-lite86 v0.2.20
[INFO] [stderr]    Compiling yoke v0.7.5
[INFO] [stderr]    Compiling zerovec v0.10.4
[INFO] [stderr]    Compiling rand_chacha v0.3.1
[INFO] [stderr]    Compiling rand v0.8.5
[INFO] [stderr]    Compiling tinystr v0.7.6
[INFO] [stderr]    Compiling icu_collections v1.5.0
[INFO] [stderr]    Compiling rand_distr v0.4.3
[INFO] [stderr]    Compiling icu_locid v1.5.0
[INFO] [stderr]    Compiling icu_provider v1.5.0
[INFO] [stderr]    Compiling icu_locid_transform v1.5.0
[INFO] [stderr]    Compiling icu_properties v1.5.1
[INFO] [stderr]    Compiling tokio-util v0.7.13
[INFO] [stderr]    Compiling tokio-native-tls v0.3.1
[INFO] [stderr]    Compiling h2 v0.4.7
[INFO] [stderr]    Compiling ravif v0.11.11
[INFO] [stderr]    Compiling icu_normalizer v1.5.0
[INFO] [stderr]    Compiling image v0.25.5
[INFO] [stderr]    Compiling idna_adapter v1.2.0
[INFO] [stderr]    Compiling idna v1.0.3
[INFO] [stderr]    Compiling url v2.5.4
[INFO] [stderr]    Compiling hyper v1.5.1
[INFO] [stderr]    Compiling hyper-util v0.1.10
[INFO] [stderr]    Compiling hyper-tls v0.6.0
[INFO] [stderr]    Compiling reqwest v0.12.9
[INFO] [stderr]    Compiling deltaml v0.1.0 (/opt/rustwide/workdir)
[INFO] [stderr]     Finished `dev` profile [unoptimized + debuginfo] target(s) in 44.60s
[INFO] running `Command { std: "docker" "inspect" "4f59efa894b1f472a63536b2c4d95b06b9bc6c9838e996540354e2fdcee5c408", kill_on_drop: false }`
[INFO] running `Command { std: "docker" "rm" "-f" "4f59efa894b1f472a63536b2c4d95b06b9bc6c9838e996540354e2fdcee5c408", kill_on_drop: false }`
[INFO] [stdout] 4f59efa894b1f472a63536b2c4d95b06b9bc6c9838e996540354e2fdcee5c408
[INFO] running `Command { std: "docker" "create" "-v" "/var/lib/crater-agent-workspace/builds/worker-6-tc1/target:/opt/rustwide/target:rw,Z" "-v" "/var/lib/crater-agent-workspace/builds/worker-6-tc1/source:/opt/rustwide/workdir:ro,Z" "-v" "/var/lib/crater-agent-workspace/cargo-home:/opt/rustwide/cargo-home:ro,Z" "-v" "/var/lib/crater-agent-workspace/rustup-home:/opt/rustwide/rustup-home:ro,Z" "-e" "SOURCE_DIR=/opt/rustwide/workdir" "-e" "CARGO_TARGET_DIR=/opt/rustwide/target" "-e" "CARGO_INCREMENTAL=0" "-e" "RUST_BACKTRACE=full" "-e" "RUSTFLAGS=--cap-lints=warn" "-e" "RUSTDOCFLAGS=--cap-lints=warn" "-e" "CARGO_HOME=/opt/rustwide/cargo-home" "-e" "RUSTUP_HOME=/opt/rustwide/rustup-home" "-w" "/opt/rustwide/workdir" "-m" "1610612736" "--user" "0:0" "--network" "none" "ghcr.io/rust-lang/crates-build-env/linux@sha256:f3a9d4ad9d972b27faf3965f35b62e55ba32bbce8f20bc8fe909558a86702fde" "/opt/rustwide/cargo-home/bin/cargo" "+1.83.0" "test" "--frozen" "--no-run" "--message-format=json", kill_on_drop: false }`
[INFO] [stdout] 5c186895d8a050d12d037608fb6e88f59d3ab84322118697cd30246e9ba73832
[INFO] running `Command { std: "docker" "start" "-a" "5c186895d8a050d12d037608fb6e88f59d3ab84322118697cd30246e9ba73832", kill_on_drop: false }`
[INFO] [stderr]    Compiling cfg-if v1.0.0
[INFO] [stderr]    Compiling smallvec v1.13.2
[INFO] [stderr]    Compiling memchr v2.7.4
[INFO] [stderr]    Compiling once_cell v1.20.2
[INFO] [stderr]    Compiling stable_deref_trait v1.2.0
[INFO] [stderr]    Compiling libc v0.2.168
[INFO] [stderr]    Compiling libm v0.2.11
[INFO] [stderr]    Compiling zerofrom v0.1.5
[INFO] [stderr]    Compiling scopeguard v1.2.0
[INFO] [stderr]    Compiling itoa v1.0.14
[INFO] [stderr]    Compiling futures-channel v0.3.31
[INFO] [stderr]    Compiling crossbeam-utils v0.8.20
[INFO] [stderr]    Compiling litemap v0.7.4
[INFO] [stderr]    Compiling futures-io v0.3.31
[INFO] [stderr]    Compiling pin-utils v0.1.0
[INFO] [stderr]    Compiling writeable v0.5.5
[INFO] [stderr]    Compiling log v0.4.22
[INFO] [stderr]    Compiling futures-task v0.3.31
[INFO] [stderr]    Compiling bitflags v2.6.0
[INFO] [stderr]    Compiling fnv v1.0.7
[INFO] [stderr]    Compiling lock_api v0.4.12
[INFO] [stderr]    Compiling simd-adler32 v0.3.7
[INFO] [stderr]    Compiling yoke v0.7.5
[INFO] [stderr]    Compiling http v1.2.0
[INFO] [stderr]    Compiling icu_locid_transform_data v1.5.0
[INFO] [stderr]    Compiling hashbrown v0.15.2
[INFO] [stderr]    Compiling foreign-types-shared v0.1.1
[INFO] [stderr]    Compiling either v1.13.0
[INFO] [stderr]    Compiling tracing-core v0.1.33
[INFO] [stderr]    Compiling icu_properties_data v1.5.0
[INFO] [stderr]    Compiling adler2 v2.0.0
[INFO] [stderr]    Compiling equivalent v1.0.1
[INFO] [stderr]    Compiling crossbeam-epoch v0.9.18
[INFO] [stderr]    Compiling foreign-types v0.3.2
[INFO] [stderr]    Compiling try-lock v0.2.5
[INFO] [stderr]    Compiling utf8_iter v1.0.4
[INFO] [stderr]    Compiling byteorder v1.5.0
[INFO] [stderr]    Compiling zerovec v0.10.4
[INFO] [stderr]    Compiling tracing v0.1.41
[INFO] [stderr]    Compiling miniz_oxide v0.8.0
[INFO] [stderr]    Compiling num-traits v0.2.19
[INFO] [stderr]    Compiling icu_normalizer_data v1.5.0
[INFO] [stderr]    Compiling write16 v1.0.0
[INFO] [stderr]    Compiling indexmap v2.7.0
[INFO] [stderr]    Compiling utf16_iter v1.0.5
[INFO] [stderr]    Compiling minimal-lexical v0.2.1
[INFO] [stderr]    Compiling aligned-vec v0.5.0
[INFO] [stderr]    Compiling atomic-waker v1.1.2
[INFO] [stderr]    Compiling arrayvec v0.7.6
[INFO] [stderr]    Compiling zerocopy v0.7.35
[INFO] [stderr]    Compiling crossbeam-deque v0.8.5
[INFO] [stderr]    Compiling want v0.3.1
[INFO] [stderr]    Compiling futures-util v0.3.31
[INFO] [stderr]    Compiling rayon-core v1.12.1
[INFO] [stderr]    Compiling nom v7.1.3
[INFO] [stderr]    Compiling anyhow v1.0.94
[INFO] [stderr]    Compiling httparse v1.9.5
[INFO] [stderr]    Compiling crc32fast v1.4.2
[INFO] [stderr]    Compiling openssl-probe v0.1.5
[INFO] [stderr]    Compiling parking_lot_core v0.9.10
[INFO] [stderr]    Compiling socket2 v0.5.8
[INFO] [stderr]    Compiling signal-hook-registry v1.4.2
[INFO] [stderr]    Compiling mio v1.0.3
[INFO] [stderr]    Compiling http-body v1.0.1
[INFO] [stderr]    Compiling tinystr v0.7.6
[INFO] [stderr]    Compiling parking_lot v0.12.3
[INFO] [stderr]    Compiling icu_collections v1.5.0
[INFO] [stderr]    Compiling openssl-sys v0.9.104
[INFO] [stderr]    Compiling getrandom v0.2.15
[INFO] [stderr]    Compiling percent-encoding v2.3.1
[INFO] [stderr]    Compiling form_urlencoded v1.2.1
[INFO] [stderr]    Compiling icu_locid v1.5.0
[INFO] [stderr]    Compiling rayon v1.10.0
[INFO] [stderr]    Compiling rand_core v0.6.4
[INFO] [stderr]    Compiling ppv-lite86 v0.2.20
[INFO] [stderr]    Compiling flate2 v1.0.35
[INFO] [stderr]    Compiling profiling v1.0.16
[INFO] [stderr]    Compiling num-integer v0.1.46
[INFO] [stderr]    Compiling tokio v1.42.0
[INFO] [stderr]    Compiling v_frame v0.3.8
[INFO] [stderr]    Compiling thiserror v1.0.69
[INFO] [stderr]    Compiling serde v1.0.216
[INFO] [stderr]    Compiling itertools v0.12.1
[INFO] [stderr]    Compiling tower-service v0.3.3
[INFO] [stderr]    Compiling ryu v1.0.18
[INFO] [stderr]    Compiling num-bigint v0.4.6
[INFO] [stderr]    Compiling quick-error v2.0.1
[INFO] [stderr]    Compiling imgref v1.11.0
[INFO] [stderr]    Compiling linux-raw-sys v0.4.14
[INFO] [stderr]    Compiling weezl v0.1.8
[INFO] [stderr]    Compiling new_debug_unreachable v1.0.6
[INFO] [stderr]    Compiling bitstream-io v2.6.0
[INFO] [stderr]    Compiling avif-serialize v0.8.2
[INFO] [stderr]    Compiling rand_chacha v0.3.1
[INFO] [stderr]    Compiling loop9 v0.1.5
[INFO] [stderr]    Compiling zune-inflate v0.2.54
[INFO] [stderr]    Compiling fdeflate v0.3.7
[INFO] [stderr]    Compiling half v2.4.1
[INFO] [stderr]    Compiling icu_provider v1.5.0
[INFO] [stderr]    Compiling lebe v0.5.2
[INFO] [stderr]    Compiling rustix v0.38.42
[INFO] [stderr]    Compiling rustls-pki-types v1.10.1
[INFO] [stderr]    Compiling bytemuck v1.20.0
[INFO] [stderr]    Compiling color_quant v1.1.0
[INFO] [stderr]    Compiling zune-core v0.4.12
[INFO] [stderr]    Compiling icu_locid_transform v1.5.0
[INFO] [stderr]    Compiling openssl v0.10.68
[INFO] [stderr]    Compiling bitflags v1.3.2
[INFO] [stderr]    Compiling sdd v3.0.4
[INFO] [stderr]    Compiling bit_field v0.10.2
[INFO] [stderr]    Compiling rawpointer v0.2.1
[INFO] [stderr]    Compiling byteorder-lite v0.1.0
[INFO] [stderr]    Compiling jpeg-decoder v0.3.1
[INFO] [stderr]    Compiling rgb v0.8.50
[INFO] [stderr]    Compiling qoi v0.4.1
[INFO] [stderr]    Compiling exr v1.73.0
[INFO] [stderr]    Compiling image-webp v0.2.0
[INFO] [stderr]    Compiling rustls-pemfile v2.2.0
[INFO] [stderr]    Compiling scc v2.2.5
[INFO] [stderr]    Compiling icu_properties v1.5.1
[INFO] [stderr]    Compiling maybe-rayon v0.1.1
[INFO] [stderr]    Compiling matrixmultiply v0.3.9
[INFO] [stderr]    Compiling png v0.17.15
[INFO] [stderr]    Compiling zune-jpeg v0.4.14
[INFO] [stderr]    Compiling gif v0.13.1
[INFO] [stderr]    Compiling http-body-util v0.1.2
[INFO] [stderr]    Compiling futures-executor v0.3.31
[INFO] [stderr]    Compiling num-rational v0.4.2
[INFO] [stderr]    Compiling futures v0.3.31
[INFO] [stderr]    Compiling xattr v1.3.1
[INFO] [stderr]    Compiling tiff v0.9.1
[INFO] [stderr]    Compiling rand v0.8.5
[INFO] [stderr]    Compiling av1-grain v0.2.3
[INFO] [stderr]    Compiling num-complex v0.4.6
[INFO] [stderr]    Compiling filetime v0.2.25
[INFO] [stderr]    Compiling encoding_rs v0.8.35
[INFO] [stderr]    Compiling sync_wrapper v1.0.2
[INFO] [stderr]    Compiling base64 v0.22.1
[INFO] [stderr]    Compiling ipnet v2.10.1
[INFO] [stderr]    Compiling mime v0.3.17
[INFO] [stderr]    Compiling same-file v1.0.6
[INFO] [stderr]    Compiling walkdir v2.5.0
[INFO] [stderr]    Compiling serial_test v3.2.0
[INFO] [stderr]    Compiling rav1e v0.7.1
[INFO] [stderr]    Compiling serde_urlencoded v0.7.1
[INFO] [stderr]    Compiling ndarray v0.16.1
[INFO] [stderr]    Compiling icu_normalizer v1.5.0
[INFO] [stderr]    Compiling serde_json v1.0.133
[INFO] [stderr]    Compiling tar v0.4.43
[INFO] [stderr]    Compiling approx v0.5.1
[INFO] [stderr]    Compiling rand_distr v0.4.3
[INFO] [stderr]    Compiling idna_adapter v1.2.0
[INFO] [stderr]    Compiling idna v1.0.3
[INFO] [stderr]    Compiling url v2.5.4
[INFO] [stderr]    Compiling tokio-util v0.7.13
[INFO] [stderr]    Compiling h2 v0.4.7
[INFO] [stderr]    Compiling native-tls v0.2.12
[INFO] [stderr]    Compiling tokio-native-tls v0.3.1
[INFO] [stderr]    Compiling hyper v1.5.1
[INFO] [stderr]    Compiling ravif v0.11.11
[INFO] [stderr]    Compiling hyper-util v0.1.10
[INFO] [stderr]    Compiling image v0.25.5
[INFO] [stderr]    Compiling hyper-tls v0.6.0
[INFO] [stderr]    Compiling reqwest v0.12.9
[INFO] [stderr]    Compiling deltaml v0.1.0 (/opt/rustwide/workdir)
[INFO] [stderr]     Finished `test` profile [unoptimized + debuginfo] target(s) in 1m 10s
[INFO] running `Command { std: "docker" "inspect" "5c186895d8a050d12d037608fb6e88f59d3ab84322118697cd30246e9ba73832", kill_on_drop: false }`
[INFO] running `Command { std: "docker" "rm" "-f" "5c186895d8a050d12d037608fb6e88f59d3ab84322118697cd30246e9ba73832", kill_on_drop: false }`
[INFO] [stdout] 5c186895d8a050d12d037608fb6e88f59d3ab84322118697cd30246e9ba73832
[INFO] running `Command { std: "docker" "create" "-v" "/var/lib/crater-agent-workspace/builds/worker-6-tc1/target:/opt/rustwide/target:rw,Z" "-v" "/var/lib/crater-agent-workspace/builds/worker-6-tc1/source:/opt/rustwide/workdir:ro,Z" "-v" "/var/lib/crater-agent-workspace/cargo-home:/opt/rustwide/cargo-home:ro,Z" "-v" "/var/lib/crater-agent-workspace/rustup-home:/opt/rustwide/rustup-home:ro,Z" "-e" "SOURCE_DIR=/opt/rustwide/workdir" "-e" "CARGO_TARGET_DIR=/opt/rustwide/target" "-e" "CARGO_INCREMENTAL=0" "-e" "RUST_BACKTRACE=full" "-e" "RUSTFLAGS=--cap-lints=warn" "-e" "RUSTDOCFLAGS=--cap-lints=warn" "-e" "CARGO_HOME=/opt/rustwide/cargo-home" "-e" "RUSTUP_HOME=/opt/rustwide/rustup-home" "-w" "/opt/rustwide/workdir" "-m" "1610612736" "--user" "0:0" "--network" "none" "ghcr.io/rust-lang/crates-build-env/linux@sha256:f3a9d4ad9d972b27faf3965f35b62e55ba32bbce8f20bc8fe909558a86702fde" "/opt/rustwide/cargo-home/bin/cargo" "+1.83.0" "test" "--frozen", kill_on_drop: false }`
[INFO] [stdout] 9ebdfbc26307c381e682230a02f8a93c3889abae22bde874e30f8756363a489c
[INFO] running `Command { std: "docker" "start" "-a" "9ebdfbc26307c381e682230a02f8a93c3889abae22bde874e30f8756363a489c", kill_on_drop: false }`
[INFO] [stderr]     Finished `test` profile [unoptimized + debuginfo] target(s) in 0.26s
[INFO] [stdout] 
[INFO] [stderr]      Running unittests src/lib.rs (/opt/rustwide/target/debug/deps/deltaml-e00899aa5d19389c)
[INFO] [stdout] running 125 tests
[INFO] [stdout] test activations::gelu::tests::test_gelu_activate ... ok
[INFO] [stdout] test activations::leaky_relu::tests::test_leaky_relu_activation ... ok
[INFO] [stdout] test activations::prelu::tests::test_prelu_derivative ... ok
[INFO] [stdout] test activations::prelu::tests::test_prelu_activation ... ok
[INFO] [stdout] test activations::relu::tests::test_relu_activation ... ok
[INFO] [stdout] test activations::softmax::tests::test_softmax_activation ... ok
[INFO] [stdout] test activations::softmax::tests::test_softmax_derivative ... ok
[INFO] [stdout] test common::tensor_ops::tests::test_add_noise ... ok
[INFO] [stdout] test common::tensor_ops::tests::test_default ... ok
[INFO] [stdout] test activations::relu::tests::test_relu_derivative ... ok
[INFO] [stdout] test common::tensor_ops::tests::test_add ... ok
[INFO] [stdout] test common::tensor_ops::tests::test_div ... ok
[INFO] [stdout] test common::tensor_ops::tests::test_max ... ok
[INFO] [stdout] test common::tensor_ops::tests::test_mean ... ok
[INFO] [stdout] test common::tensor_ops::tests::test_mean_axis ... ok
[INFO] [stdout] test common::tensor_ops::tests::test_mul_operator ... ok
[INFO] [stdout] test common::tensor_ops::tests::test_matmul ... ok
[INFO] [stdout] test common::tensor_ops::tests::test_div_scalar ... ok
[INFO] [stdout] test common::tensor_ops::tests::test_mul_scalar ... ok
[INFO] [stdout] test common::tensor_ops::tests::test_new ... ok
[INFO] [stdout] test common::tensor_ops::tests::test_permute ... ok
[INFO] [stdout] test common::tensor_ops::tests::test_normalize ... ok
[INFO] [stdout] test common::tensor_ops::tests::test_pow ... ok
[INFO] [stdout] test common::tensor_ops::tests::test_flatten ... ok
[INFO] [stdout] test common::tensor_ops::tests::test_random ... ok
[INFO] [stdout] test common::tensor_ops::tests::test_random_normal ... ok
[INFO] [stdout] test common::tensor_ops::tests::test_reshape ... ok
[INFO] [stdout] test common::tensor_ops::tests::test_shape ... ok
[INFO] [stdout] test activations::gelu::tests::test_gelu_derivative ... ok
[INFO] [stdout] test common::tensor_ops::tests::test_slice ... ok
[INFO] [stdout] test common::tensor_ops::tests::test_split_at ... ok
[INFO] [stdout] test common::tensor_ops::tests::test_sqrt ... ok
[INFO] [stdout] test common::tensor_ops::tests::test_stack ... ok
[INFO] [stdout] test common::tensor_ops::tests::test_sub ... ok
[INFO] [stdout] test common::tensor_ops::tests::test_sum_along_axis ... ok
[INFO] [stdout] test common::tensor_ops::tests::test_transpose ... ok
[INFO] [stdout] test common::tensor_ops::tests::test_zeros ... ok
[INFO] [stdout] test common::tensor_ops::tests::test_broadcast ... ok
[INFO] [stdout] test activations::leaky_relu::tests::test_leaky_relu_derivative ... ok
[INFO] [stdout] test losses::cross_entropy::tests::test_cross_entropy_loss ... ok
[INFO] [stdout] test losses::cross_entropy::tests::test_cross_entropy_loss_grad ... ok
[INFO] [stdout] test encoders::one_hot_encode::tests::test_one_hot_encode ... ok
[INFO] [stdout] test common::tensor_ops::tests::test_argmax ... ok
[INFO] [stdout] test losses::huber::tests::test_huber_loss ... ok
[INFO] [stdout] test common::tensor_ops::tests::test_map ... ok
[INFO] [stdout] test losses::huber::tests::test_huber_loss_with_actual_values ... ok
[INFO] [stdout] test common::tensor_ops::tests::test_add_scalar ... ok
[INFO] [stdout] test losses::mean_absolute_error::tests::test_mean_absolute_error ... ok
[INFO] [stdout] test losses::mean_absolute_error::tests::test_mean_absolute_error_with_actual_values ... ok
[INFO] [stdout] test losses::mean_squared::tests::test_mean_squared_loss ... ok
[INFO] [stdout] test losses::mean_squared::tests::test_mean_squared_loss_with_actual_values ... ok
[INFO] [stdout] test encoders::one_hot_encode::tests::test_one_hot_encode_invalid_index - should panic ... ok
[INFO] [stdout] test losses::huber::tests::test_huber_loss_with_mismatch ... ok
[INFO] [stdout] test losses::huber::tests::test_huber_loss_with_nan ... ok
[INFO] [stdout] test losses::sparse_categorical_cross_entropy::tests::test_preprocess_one_hot ... ok
[INFO] [stdout] test losses::mean_absolute_error::tests::test_mean_absolute_error_with_nan ... ok
[INFO] [stdout] test losses::sparse_categorical_cross_entropy::tests::test_sparse_categorical_cross_entropy_loss ... ok
[INFO] [stdout] test losses::sparse_categorical_cross_entropy::tests::test_sparse_categorical_cross_entropy_loss_grad ... ok
[INFO] [stdout] test neuralnet::layers::dense::tests::test_dense_layer ... ok
[INFO] [stdout] test neuralnet::layers::dense::tests::test_dense_layer_forward_pass ... ok
[INFO] [stdout] test neuralnet::layers::dense::tests::test_dense_layer_backward_pass ... ok
[INFO] [stdout] test neuralnet::layers::dense::tests::test_dense_layer_initialization ... ok
[INFO] [stdout] test losses::mean_squared::tests::test_mean_squared_loss_with_mismatch ... ok
[INFO] [stdout] test neuralnet::layers::dense::tests::test_dense_layer_backward_with_no_trainable ... ok
[INFO] [stdout] test losses::mean_absolute_error::tests::test_mean_absolute_error_with_mismatch ... ok
[INFO] [stdout] test neuralnet::layers::dense::tests::test_dense_layer_output_shape ... ok
[INFO] [stdout] test neuralnet::layers::dense::tests::test_dense_layer_param_count ... ok
[INFO] [stdout] test neuralnet::layers::dense::tests::test_dense_layer_with_no_activation ... ok
[INFO] [stdout] test neuralnet::layers::flatten::tests::test_flatten_output_shape ... ok
[INFO] [stdout] test neuralnet::layers::dense::tests::test_dense_layer_with_zero_units ... ok
[INFO] [stdout] test neuralnet::layers::flatten::tests::test_flatten_new ... ok
[INFO] [stdout] test neuralnet::layers::flatten::tests::test_flatten_param_count ... ok
[INFO] [stdout] test neuralnet::tests::test_sequential_new ... ok
[INFO] [stdout] test optimizers::ada_delta::tests::test_adadelta_optimizer_incompatible_shapes ... ok
[INFO] [stdout] test optimizers::ada_delta::tests::test_adadelta_optimizer_multiple_steps ... ok
[INFO] [stdout] test optimizers::ada_delta::tests::test_adadelta_optimizer_zero_gradients ... ok
[INFO] [stdout] test optimizers::ada_grad::tests::test_adagrad_optimizer ... ok
[INFO] [stdout] test optimizers::ada_delta::tests::test_adadelta_optimizer ... ok
[INFO] [stdout] test optimizers::ada_grad::tests::test_adagrad_optimizer_incompatible_shapes ... ok
[INFO] [stdout] test optimizers::ada_grad::tests::test_adagrad_optimizer_reset ... ok
[INFO] [stdout] test optimizers::adam::tests::test_adam_optimizer ... ok
[INFO] [stdout] test dataset::image::mnist::tests::test_parse_images ... FAILED
[INFO] [stdout] test optimizers::adam::tests::test_adam_optimizer_gradient_scaling ... ok
[INFO] [stdout] test optimizers::adam::tests::test_adam_optimizer_gradients_broadcasting ... ok
[INFO] [stdout] test optimizers::adam::tests::test_adam_optimizer_incompatible_shapes ... ok
[INFO] [stdout] test optimizers::adam::tests::test_adam_optimizer_bias_correction ... ok
[INFO] [stdout] test optimizers::adam::tests::test_adam_optimizer_no_scheduler ... ok
[INFO] [stdout] test optimizers::adam::tests::test_adam_optimizer_small_gradients ... ok
[INFO] [stdout] test optimizers::adam::tests::test_adam_optimizer_step_multiple_times ... ok
[INFO] [stdout] test losses::mean_squared::tests::test_mean_squared_loss_with_nan ... ok
[INFO] [stdout] test optimizers::adam::tests::test_adam_optimizer_with_scheduler ... ok
[INFO] [stdout] test dataset::image::cifar10::tests::test_download_and_extract ... FAILED
[INFO] [stdout] test optimizers::gradient_descent::tests::test_gradient_descent_optimizer ... ok
[INFO] [stdout] test optimizers::adam::tests::test_adam_optimizer_zero_gradients ... ok
[INFO] [stdout] test optimizers::mini_batch_gd::tests::test_minibatch_gd_incompatible_shapes ... ok
[INFO] [stdout] test optimizers::gradient_descent::tests::test_gradient_descent_optimizer_zero_gradients ... ok
[INFO] [stdout] test optimizers::mini_batch_gd::tests::test_minibatch_gd_large_learning_rate ... ok
[INFO] [stdout] test optimizers::rms_prop::tests::test_rmsprop_invalid_epsilon ... ok
[INFO] [stdout] test optimizers::mini_batch_gd::tests::test_minibatch_gd_zero_gradients ... ok
[INFO] [stdout] test optimizers::gradient_descent::tests::test_gradient_descent_optimizer_incompatible_shapes ... ok
[INFO] [stdout] test optimizers::rms_prop::tests::test_rmsprop_invalid_learning_rate ... ok
[INFO] [stdout] test optimizers::gradient_descent::tests::test_gradient_descent_optimizer_multiple_steps ... ok
[INFO] [stdout] test optimizers::rms_prop::tests::test_rmsprop_optimizer_incompatible_shapes ... ok
[INFO] [stdout] test optimizers::sgd::tests::test_sgd_optimizer ... ok
[INFO] [stdout] test optimizers::rms_prop::tests::test_rmsprop_optimizer_zero_gradients ... ok
[INFO] [stdout] test optimizers::rms_prop::tests::test_rmsprop_optimizer_multiple_steps ... ok
[INFO] [stdout] test optimizers::sgd::tests::test_sgd_optimizer_incompatible_shapes ... ok
[INFO] [stdout] test optimizers::sgd::tests::test_sgd_optimizer_large_learning_rate ... ok
[INFO] [stdout] test optimizers::mini_batch_gd::tests::test_minibatch_gd_optimizer ... ok
[INFO] [stdout] test optimizers::sgd_momentum::tests::test_sgd_with_momentum_multiple_steps ... ok
[INFO] [stdout] test optimizers::sgd::tests::test_sgd_optimizer_zero_gradients ... ok
[INFO] [stdout] test optimizers::sgd_momentum::tests::test_sgd_with_momentum_zero_gradients ... ok
[INFO] [stdout] test optimizers::sgd_momentum::tests::test_sgd_with_momentum_optimizer ... ok
[INFO] [stdout] test optimizers::sgd_momentum::tests::test_sgd_with_momentum_incompatible_shapes ... ok
[INFO] [stdout] test dataset::image::cifar10::tests::test_load_data ... FAILED
[INFO] [stdout] test neuralnet::tests::test_sequential_compile ... ok
[INFO] [stdout] test neuralnet::tests::test_sequential_add ... ok
[INFO] [stdout] test dataset::image::cifar10::tests::test_load_test ... FAILED
[INFO] [stdout] test dataset::image::mnist::tests::test_load_test ... FAILED
[INFO] [stdout] test dataset::image::mnist::tests::test_parse_labels ... FAILED
[INFO] [stdout] test dataset::image::mnist::tests::test_load_train ... FAILED
[INFO] [stdout] test dataset::image::mnist::tests::test_download_and_extract ... FAILED
[INFO] [stdout] test neuralnet::layers::dense::tests::test_dense_layer_with_large_input ... ok
[INFO] [stdout] test dataset::image::cifar10::tests::test_load_train ... FAILED
[INFO] [stdout] test dataset::image::cifar10::tests::test_parse_file ... FAILED
[INFO] [stdout] 
[INFO] [stdout] failures:
[INFO] [stdout] 
[INFO] [stdout] ---- dataset::image::mnist::tests::test_parse_images stdout ----
[INFO] [stdout] thread 'dataset::image::mnist::tests::test_parse_images' panicked at src/dataset/image/mnist.rs:534:14:
[INFO] [stdout] Failed to get image data: "error sending request for url (https://storage.googleapis.com/cvdf-datasets/mnist/train-images-idx3-ubyte.gz)"
[INFO] [stdout] stack backtrace:
[INFO] [stdout]    0:     0x61bcf400b6aa - std::backtrace_rs::backtrace::libunwind::trace::h5a5b8284f2d0c266
[INFO] [stdout]                                at /rustc/90b35a6239c3d8bdabc530a6a0816f7ff89a0aaf/library/std/src/../../backtrace/src/backtrace/libunwind.rs:116:5
[INFO] [stdout]    1:     0x61bcf400b6aa - std::backtrace_rs::backtrace::trace_unsynchronized::h76d4f1c9b0b875e3
[INFO] [stdout]                                at /rustc/90b35a6239c3d8bdabc530a6a0816f7ff89a0aaf/library/std/src/../../backtrace/src/backtrace/mod.rs:66:5
[INFO] [stdout]    2:     0x61bcf400b6aa - std::sys::backtrace::_print_fmt::hc4546b8364a537c6
[INFO] [stdout]                                at /rustc/90b35a6239c3d8bdabc530a6a0816f7ff89a0aaf/library/std/src/sys/backtrace.rs:66:9
[INFO] [stdout]    3:     0x61bcf400b6aa - <std::sys::backtrace::BacktraceLock::print::DisplayBacktrace as core::fmt::Display>::fmt::h5b6bd5631a6d1f6b
[INFO] [stdout]                                at /rustc/90b35a6239c3d8bdabc530a6a0816f7ff89a0aaf/library/std/src/sys/backtrace.rs:39:26
[INFO] [stdout]    4:     0x61bcf40357a3 - core::fmt::rt::Argument::fmt::h270f6602a2b96f62
[INFO] [stdout]                                at /rustc/90b35a6239c3d8bdabc530a6a0816f7ff89a0aaf/library/core/src/fmt/rt.rs:177:76
[INFO] [stdout]    5:     0x61bcf40357a3 - core::fmt::write::h7550c97b06c86515
[INFO] [stdout]                                at /rustc/90b35a6239c3d8bdabc530a6a0816f7ff89a0aaf/library/core/src/fmt/mod.rs:1186:21
[INFO] [stdout]    6:     0x61bcf4007aa3 - std::io::Write::write_fmt::h509ff860e5956e5e
[INFO] [stdout]                                at /rustc/90b35a6239c3d8bdabc530a6a0816f7ff89a0aaf/library/std/src/io/mod.rs:1839:15
[INFO] [stdout]    7:     0x61bcf400b4f2 - std::sys::backtrace::BacktraceLock::print::h2395ccd2c84ba3aa
[INFO] [stdout]                                at /rustc/90b35a6239c3d8bdabc530a6a0816f7ff89a0aaf/library/std/src/sys/backtrace.rs:42:9
[INFO] [stdout]    8:     0x61bcf400cb0a - std::panicking::default_hook::{{closure}}::he19d4c7230e07961
[INFO] [stdout]                                at /rustc/90b35a6239c3d8bdabc530a6a0816f7ff89a0aaf/library/std/src/panicking.rs:268:22
[INFO] [stdout]    9:     0x61bcf400c914 - std::panicking::default_hook::hf614597d3c67bbdb
[INFO] [stdout]                                at /rustc/90b35a6239c3d8bdabc530a6a0816f7ff89a0aaf/library/std/src/panicking.rs:292:9
[INFO] [stdout]   10:     0x61bcf3b2be09 - <alloc::boxed::Box<F,A> as core::ops::function::Fn<Args>>::call::h39b51ce4599c23d1
[INFO] [stdout]                                at /rustc/90b35a6239c3d8bdabc530a6a0816f7ff89a0aaf/library/alloc/src/boxed.rs:2468:9
[INFO] [stdout]   11:     0x61bcf3b2be09 - test::test_main::{{closure}}::he977ae839a582784
[INFO] [stdout]                                at /rustc/90b35a6239c3d8bdabc530a6a0816f7ff89a0aaf/library/test/src/lib.rs:133:21
[INFO] [stdout]   12:     0x61bcf400d1a8 - <alloc::boxed::Box<F,A> as core::ops::function::Fn<Args>>::call::h9455091b6b06f9fb
[INFO] [stdout]                                at /rustc/90b35a6239c3d8bdabc530a6a0816f7ff89a0aaf/library/alloc/src/boxed.rs:2468:9
[INFO] [stdout]   13:     0x61bcf400d1a8 - std::panicking::rust_panic_with_hook::h8942133a8b252070
[INFO] [stdout]                                at /rustc/90b35a6239c3d8bdabc530a6a0816f7ff89a0aaf/library/std/src/panicking.rs:809:13
[INFO] [stdout]   14:     0x61bcf400cf6a - std::panicking::begin_panic_handler::{{closure}}::hb5f5963570096b29
[INFO] [stdout]                                at /rustc/90b35a6239c3d8bdabc530a6a0816f7ff89a0aaf/library/std/src/panicking.rs:674:13
[INFO] [stdout]   15:     0x61bcf400bb89 - std::sys::backtrace::__rust_end_short_backtrace::h6208cedc1922feda
[INFO] [stdout]                                at /rustc/90b35a6239c3d8bdabc530a6a0816f7ff89a0aaf/library/std/src/sys/backtrace.rs:170:18
[INFO] [stdout]   16:     0x61bcf400cbfc - rust_begin_unwind
[INFO] [stdout]                                at /rustc/90b35a6239c3d8bdabc530a6a0816f7ff89a0aaf/library/std/src/panicking.rs:665:5
[INFO] [stdout]   17:     0x61bcf39cb2f0 - core::panicking::panic_fmt::h0c3082644d1bf418
[INFO] [stdout]                                at /rustc/90b35a6239c3d8bdabc530a6a0816f7ff89a0aaf/library/core/src/panicking.rs:74:14
[INFO] [stdout]   18:     0x61bcf39cb7d6 - core::result::unwrap_failed::hd20b4aa073bda1e2
[INFO] [stdout]                                at /rustc/90b35a6239c3d8bdabc530a6a0816f7ff89a0aaf/library/core/src/result.rs:1700:5
[INFO] [stdout]   19:     0x61bcf3ad20c6 - core::result::Result<T,E>::expect::h01ea7c462f7c6529
[INFO] [stdout]                                at /rustc/90b35a6239c3d8bdabc530a6a0816f7ff89a0aaf/library/core/src/result.rs:1061:23
[INFO] [stdout]   20:     0x61bcf3a62c8a - deltaml::dataset::image::mnist::tests::test_parse_images::{{closure}}::h1e5239b44f3f40e0
[INFO] [stdout]                                at /opt/rustwide/workdir/src/dataset/image/mnist.rs:532:17
[INFO] [stdout]   21:     0x61bcf3acd532 - <core::pin::Pin<P> as core::future::future::Future>::poll::hfbddfa0a2e18d8ca
[INFO] [stdout]                                at /rustc/90b35a6239c3d8bdabc530a6a0816f7ff89a0aaf/library/core/src/future/future.rs:123:9
[INFO] [stdout]   22:     0x61bcf3acd3ad - <core::pin::Pin<P> as core::future::future::Future>::poll::h68de8f0f0f9e3fbd
[INFO] [stdout]                                at /rustc/90b35a6239c3d8bdabc530a6a0816f7ff89a0aaf/library/core/src/future/future.rs:123:9
[INFO] [stdout]   23:     0x61bcf3acd0ff - tokio::runtime::scheduler::current_thread::CoreGuard::block_on::{{closure}}::{{closure}}::{{closure}}::hd08c54c672b048dc
[INFO] [stdout]                                at /opt/rustwide/cargo-home/registry/src/index.crates.io-6f17d22bba15001f/tokio-1.42.0/src/runtime/scheduler/current_thread/mod.rs:729:57
[INFO] [stdout]   24:     0x61bcf3accdc5 - tokio::runtime::coop::with_budget::h2465a1aed6345cc1
[INFO] [stdout]                                at /opt/rustwide/cargo-home/registry/src/index.crates.io-6f17d22bba15001f/tokio-1.42.0/src/runtime/coop.rs:107:5
[INFO] [stdout]   25:     0x61bcf3accdc5 - tokio::runtime::coop::budget::h475b76a44cd77736
[INFO] [stdout]                                at /opt/rustwide/cargo-home/registry/src/index.crates.io-6f17d22bba15001f/tokio-1.42.0/src/runtime/coop.rs:73:5
[INFO] [stdout]   26:     0x61bcf3accdc5 - tokio::runtime::scheduler::current_thread::CoreGuard::block_on::{{closure}}::{{closure}}::h8f572b3f3e9666f0
[INFO] [stdout]                                at /opt/rustwide/cargo-home/registry/src/index.crates.io-6f17d22bba15001f/tokio-1.42.0/src/runtime/scheduler/current_thread/mod.rs:729:25
[INFO] [stdout]   27:     0x61bcf3ac73b0 - tokio::runtime::scheduler::current_thread::Context::enter::h010260092dc3e737
[INFO] [stdout]                                at /opt/rustwide/cargo-home/registry/src/index.crates.io-6f17d22bba15001f/tokio-1.42.0/src/runtime/scheduler/current_thread/mod.rs:428:19
[INFO] [stdout]   28:     0x61bcf3acb18e - tokio::runtime::scheduler::current_thread::CoreGuard::block_on::{{closure}}::h5b44f55301b48300
[INFO] [stdout]                                at /opt/rustwide/cargo-home/registry/src/index.crates.io-6f17d22bba15001f/tokio-1.42.0/src/runtime/scheduler/current_thread/mod.rs:728:36
[INFO] [stdout]   29:     0x61bcf3aca544 - tokio::runtime::scheduler::current_thread::CoreGuard::enter::{{closure}}::ha12ddf8237489a7f
[INFO] [stdout]                                at /opt/rustwide/cargo-home/registry/src/index.crates.io-6f17d22bba15001f/tokio-1.42.0/src/runtime/scheduler/current_thread/mod.rs:807:68
[INFO] [stdout]   30:     0x61bcf3ad732b - tokio::runtime::context::scoped::Scoped<T>::set::he3fc6d6a2809839c
[INFO] [stdout]                                at /opt/rustwide/cargo-home/registry/src/index.crates.io-6f17d22bba15001f/tokio-1.42.0/src/runtime/context/scoped.rs:40:9
[INFO] [stdout]   31:     0x61bcf3aa1ed9 - tokio::runtime::context::set_scheduler::{{closure}}::h0af7178149559232
[INFO] [stdout]                                at /opt/rustwide/cargo-home/registry/src/index.crates.io-6f17d22bba15001f/tokio-1.42.0/src/runtime/context.rs:180:26
[INFO] [stdout]   32:     0x61bcf3ab61cd - std::thread::local::LocalKey<T>::try_with::hd956c7a3e2447438
[INFO] [stdout]                                at /rustc/90b35a6239c3d8bdabc530a6a0816f7ff89a0aaf/library/std/src/thread/local.rs:283:12
[INFO] [stdout]   33:     0x61bcf3ab461a - std::thread::local::LocalKey<T>::with::h9b84fe0fbd0d00f2
[INFO] [stdout]                                at /rustc/90b35a6239c3d8bdabc530a6a0816f7ff89a0aaf/library/std/src/thread/local.rs:260:9
[INFO] [stdout]   34:     0x61bcf3aa1e0d - tokio::runtime::context::set_scheduler::h759b1fd4e8d9a4b7
[INFO] [stdout]                                at /opt/rustwide/cargo-home/registry/src/index.crates.io-6f17d22bba15001f/tokio-1.42.0/src/runtime/context.rs:180:9
[INFO] [stdout]   35:     0x61bcf3ac9e70 - tokio::runtime::scheduler::current_thread::CoreGuard::enter::hc60781a452e54b3e
[INFO] [stdout]                                at /opt/rustwide/cargo-home/registry/src/index.crates.io-6f17d22bba15001f/tokio-1.42.0/src/runtime/scheduler/current_thread/mod.rs:807:27
[INFO] [stdout]   36:     0x61bcf3aca5c3 - tokio::runtime::scheduler::current_thread::CoreGuard::block_on::h9efde63220df180d
[INFO] [stdout]                                at /opt/rustwide/cargo-home/registry/src/index.crates.io-6f17d22bba15001f/tokio-1.42.0/src/runtime/scheduler/current_thread/mod.rs:716:19
[INFO] [stdout]   37:     0x61bcf3ac639a - tokio::runtime::scheduler::current_thread::CurrentThread::block_on::{{closure}}::h2a2fa4f3c769e145
[INFO] [stdout]                                at /opt/rustwide/cargo-home/registry/src/index.crates.io-6f17d22bba15001f/tokio-1.42.0/src/runtime/scheduler/current_thread/mod.rs:196:28
[INFO] [stdout]   38:     0x61bcf3a9c626 - tokio::runtime::context::runtime::enter_runtime::h9f2396c41db4e3ec
[INFO] [stdout]                                at /opt/rustwide/cargo-home/registry/src/index.crates.io-6f17d22bba15001f/tokio-1.42.0/src/runtime/context/runtime.rs:65:16
[INFO] [stdout]   39:     0x61bcf3ac5cc1 - tokio::runtime::scheduler::current_thread::CurrentThread::block_on::hb348a8c70f7a5cfc
[INFO] [stdout]                                at /opt/rustwide/cargo-home/registry/src/index.crates.io-6f17d22bba15001f/tokio-1.42.0/src/runtime/scheduler/current_thread/mod.rs:184:9
[INFO] [stdout]   40:     0x61bcf3adf0c3 - tokio::runtime::runtime::Runtime::block_on_inner::h3678e390242ecce7
[INFO] [stdout]                                at /opt/rustwide/cargo-home/registry/src/index.crates.io-6f17d22bba15001f/tokio-1.42.0/src/runtime/runtime.rs:368:47
[INFO] [stdout]   41:     0x61bcf3adf577 - tokio::runtime::runtime::Runtime::block_on::h5a5087c15fa88be2
[INFO] [stdout]                                at /opt/rustwide/cargo-home/registry/src/index.crates.io-6f17d22bba15001f/tokio-1.42.0/src/runtime/runtime.rs:342:13
[INFO] [stdout]   42:     0x61bcf3a62a0e - deltaml::dataset::image::mnist::tests::test_parse_images::habe461cff16e6b91
[INFO] [stdout]                                at /opt/rustwide/workdir/src/dataset/image/mnist.rs:542:9
[INFO] [stdout]   43:     0x61bcf3a628b7 - deltaml::dataset::image::mnist::tests::test_parse_images::{{closure}}::h03c1a04d274e5261
[INFO] [stdout]                                at /opt/rustwide/workdir/src/dataset/image/mnist.rs:530:33
[INFO] [stdout]   44:     0x61bcf3a950d6 - core::ops::function::FnOnce::call_once::h4575232666cdf474
[INFO] [stdout]                                at /rustc/90b35a6239c3d8bdabc530a6a0816f7ff89a0aaf/library/core/src/ops/function.rs:250:5
[INFO] [stdout]   45:     0x61bcf3b307cb - core::ops::function::FnOnce::call_once::h109cf8051a59b34e
[INFO] [stdout]                                at /rustc/90b35a6239c3d8bdabc530a6a0816f7ff89a0aaf/library/core/src/ops/function.rs:250:5
[INFO] [stdout]   46:     0x61bcf3b307cb - test::__rust_begin_short_backtrace::hf4fff89d377446ba
[INFO] [stdout]                                at /rustc/90b35a6239c3d8bdabc530a6a0816f7ff89a0aaf/library/test/src/lib.rs:621:18
[INFO] [stdout]   47:     0x61bcf3b30007 - test::run_test_in_process::{{closure}}::h0e39181dd7ee5a43
[INFO] [stdout]                                at /rustc/90b35a6239c3d8bdabc530a6a0816f7ff89a0aaf/library/test/src/lib.rs:644:60
[INFO] [stdout]   48:     0x61bcf3b30007 - <core::panic::unwind_safe::AssertUnwindSafe<F> as core::ops::function::FnOnce<()>>::call_once::hc5a66a30f0bdfd1f
[INFO] [stdout]                                at /rustc/90b35a6239c3d8bdabc530a6a0816f7ff89a0aaf/library/core/src/panic/unwind_safe.rs:272:9
[INFO] [stdout]   49:     0x61bcf3b30007 - std::panicking::try::do_call::h873b7cf639554a5e
[INFO] [stdout]                                at /rustc/90b35a6239c3d8bdabc530a6a0816f7ff89a0aaf/library/std/src/panicking.rs:557:40
[INFO] [stdout]   50:     0x61bcf3b30007 - std::panicking::try::hdb19862fad9c8bd1
[INFO] [stdout]                                at /rustc/90b35a6239c3d8bdabc530a6a0816f7ff89a0aaf/library/std/src/panicking.rs:520:19
[INFO] [stdout]   51:     0x61bcf3b30007 - std::panic::catch_unwind::h281fe732d236d260
[INFO] [stdout]                                at /rustc/90b35a6239c3d8bdabc530a6a0816f7ff89a0aaf/library/std/src/panic.rs:358:14
[INFO] [stdout]   52:     0x61bcf3b30007 - test::run_test_in_process::h949b6df8457ed338
[INFO] [stdout]                                at /rustc/90b35a6239c3d8bdabc530a6a0816f7ff89a0aaf/library/test/src/lib.rs:644:27
[INFO] [stdout]   53:     0x61bcf3b30007 - test::run_test::{{closure}}::h52c556a6d4740e10
[INFO] [stdout]                                at /rustc/90b35a6239c3d8bdabc530a6a0816f7ff89a0aaf/library/test/src/lib.rs:565:43
[INFO] [stdout]   54:     0x61bcf3af52e4 - test::run_test::{{closure}}::h4237f6381c45ccb9
[INFO] [stdout]                                at /rustc/90b35a6239c3d8bdabc530a6a0816f7ff89a0aaf/library/test/src/lib.rs:595:41
[INFO] [stdout]   55:     0x61bcf3af52e4 - std::sys::backtrace::__rust_begin_short_backtrace::h505c97a579eca628
[INFO] [stdout]                                at /rustc/90b35a6239c3d8bdabc530a6a0816f7ff89a0aaf/library/std/src/sys/backtrace.rs:154:18
[INFO] [stdout]   56:     0x61bcf3af89ae - std::thread::Builder::spawn_unchecked_::{{closure}}::{{closure}}::h9e86b2e2bc107ea3
[INFO] [stdout]                                at /rustc/90b35a6239c3d8bdabc530a6a0816f7ff89a0aaf/library/std/src/thread/mod.rs:538:17
[INFO] [stdout]   57:     0x61bcf3af89ae - <core::panic::unwind_safe::AssertUnwindSafe<F> as core::ops::function::FnOnce<()>>::call_once::h8b06ddb275ff4a25
[INFO] [stdout]                                at /rustc/90b35a6239c3d8bdabc530a6a0816f7ff89a0aaf/library/core/src/panic/unwind_safe.rs:272:9
[INFO] [stdout]   58:     0x61bcf3af89ae - std::panicking::try::do_call::hb26ecd7cd9a9355d
[INFO] [stdout]                                at /rustc/90b35a6239c3d8bdabc530a6a0816f7ff89a0aaf/library/std/src/panicking.rs:557:40
[INFO] [stdout]   59:     0x61bcf3af89ae - std::panicking::try::h8ddeca9d705f9069
[INFO] [stdout]                                at /rustc/90b35a6239c3d8bdabc530a6a0816f7ff89a0aaf/library/std/src/panicking.rs:520:19
[INFO] [stdout]   60:     0x61bcf3af89ae - std::panic::catch_unwind::h49e1c33078844c46
[INFO] [stdout]                                at /rustc/90b35a6239c3d8bdabc530a6a0816f7ff89a0aaf/library/std/src/panic.rs:358:14
[INFO] [stdout]   61:     0x61bcf3af89ae - std::thread::Builder::spawn_unchecked_::{{closure}}::h6073db6ff56ad35d
[INFO] [stdout]                                at /rustc/90b35a6239c3d8bdabc530a6a0816f7ff89a0aaf/library/std/src/thread/mod.rs:537:30
[INFO] [stdout]   62:     0x61bcf3af89ae - core::ops::function::FnOnce::call_once{{vtable.shim}}::h2c5a5f3779c774f1
[INFO] [stdout]                                at /rustc/90b35a6239c3d8bdabc530a6a0816f7ff89a0aaf/library/core/src/ops/function.rs:250:5
[INFO] [stdout]   63:     0x61bcf401254b - <alloc::boxed::Box<F,A> as core::ops::function::FnOnce<Args>>::call_once::hf75717d9f28faebf
[INFO] [stdout]                                at /rustc/90b35a6239c3d8bdabc530a6a0816f7ff89a0aaf/library/alloc/src/boxed.rs:2454:9
[INFO] [stdout]   64:     0x61bcf401254b - <alloc::boxed::Box<F,A> as core::ops::function::FnOnce<Args>>::call_once::h7bd883a5f3c5f3c1
[INFO] [stdout]                                at /rustc/90b35a6239c3d8bdabc530a6a0816f7ff89a0aaf/library/alloc/src/boxed.rs:2454:9
[INFO] [stdout]   65:     0x61bcf401254b - std::sys::pal::unix::thread::Thread::new::thread_start::hcc78f3943333fa94
[INFO] [stdout]                                at /rustc/90b35a6239c3d8bdabc530a6a0816f7ff89a0aaf/library/std/src/sys/pal/unix/thread.rs:105:17
[INFO] [stdout]   66:     0x7fadf4170ac3 - <unknown>
[INFO] [stdout]   67:     0x7fadf4201a04 - clone
[INFO] [stdout]   68:                0x0 - <unknown>
[INFO] [stdout] 
[INFO] [stdout] ---- dataset::image::cifar10::tests::test_download_and_extract stdout ----
[INFO] [stdout] thread 'dataset::image::cifar10::tests::test_download_and_extract' panicked at src/dataset/image/cifar10.rs:80:18:
[INFO] [stdout] Failed to download CIFAR-10: reqwest::Error { kind: Request, url: "https://www.cs.toronto.edu/~kriz/cifar-10-binary.tar.gz", source: hyper_util::client::legacy::Error(Connect, ConnectError("dns error", Custom { kind: Uncategorized, error: "failed to lookup address information: Temporary failure in name resolution" })) }
[INFO] [stdout] stack backtrace:
[INFO] [stdout]    0:     0x61bcf400b6aa - std::backtrace_rs::backtrace::libunwind::trace::h5a5b8284f2d0c266
[INFO] [stdout]                                at /rustc/90b35a6239c3d8bdabc530a6a0816f7ff89a0aaf/library/std/src/../../backtrace/src/backtrace/libunwind.rs:116:5
[INFO] [stdout]    1:     0x61bcf400b6aa - std::backtrace_rs::backtrace::trace_unsynchronized::h76d4f1c9b0b875e3
[INFO] [stdout]                                at /rustc/90b35a6239c3d8bdabc530a6a0816f7ff89a0aaf/library/std/src/../../backtrace/src/backtrace/mod.rs:66:5
[INFO] [stdout]    2:     0x61bcf400b6aa - std::sys::backtrace::_print_fmt::hc4546b8364a537c6
[INFO] [stdout]                                at /rustc/90b35a6239c3d8bdabc530a6a0816f7ff89a0aaf/library/std/src/sys/backtrace.rs:66:9
[INFO] [stdout]    3:     0x61bcf400b6aa - <std::sys::backtrace::BacktraceLock::print::DisplayBacktrace as core::fmt::Display>::fmt::h5b6bd5631a6d1f6b
[INFO] [stdout]                                at /rustc/90b35a6239c3d8bdabc530a6a0816f7ff89a0aaf/library/std/src/sys/backtrace.rs:39:26
[INFO] [stdout]    4:     0x61bcf40357a3 - core::fmt::rt::Argument::fmt::h270f6602a2b96f62
[INFO] [stdout]                                at /rustc/90b35a6239c3d8bdabc530a6a0816f7ff89a0aaf/library/core/src/fmt/rt.rs:177:76
[INFO] [stdout]    5:     0x61bcf40357a3 - core::fmt::write::h7550c97b06c86515
[INFO] [stdout]                                at /rustc/90b35a6239c3d8bdabc530a6a0816f7ff89a0aaf/library/core/src/fmt/mod.rs:1186:21
[INFO] [stdout]    6:     0x61bcf4007aa3 - std::io::Write::write_fmt::h509ff860e5956e5e
[INFO] [stdout]                                at /rustc/90b35a6239c3d8bdabc530a6a0816f7ff89a0aaf/library/std/src/io/mod.rs:1839:15
[INFO] [stdout]    7:     0x61bcf400b4f2 - std::sys::backtrace::BacktraceLock::print::h2395ccd2c84ba3aa
[INFO] [stdout]                                at /rustc/90b35a6239c3d8bdabc530a6a0816f7ff89a0aaf/library/std/src/sys/backtrace.rs:42:9
[INFO] [stdout]    8:     0x61bcf400cb0a - std::panicking::default_hook::{{closure}}::he19d4c7230e07961
[INFO] [stdout]                                at /rustc/90b35a6239c3d8bdabc530a6a0816f7ff89a0aaf/library/std/src/panicking.rs:268:22
[INFO] [stdout]    9:     0x61bcf400c914 - std::panicking::default_hook::hf614597d3c67bbdb
[INFO] [stdout]                                at /rustc/90b35a6239c3d8bdabc530a6a0816f7ff89a0aaf/library/std/src/panicking.rs:292:9
[INFO] [stdout]   10:     0x61bcf3b2be09 - <alloc::boxed::Box<F,A> as core::ops::function::Fn<Args>>::call::h39b51ce4599c23d1
[INFO] [stdout]                                at /rustc/90b35a6239c3d8bdabc530a6a0816f7ff89a0aaf/library/alloc/src/boxed.rs:2468:9
[INFO] [stdout]   11:     0x61bcf3b2be09 - test::test_main::{{closure}}::he977ae839a582784
[INFO] [stdout]                                at /rustc/90b35a6239c3d8bdabc530a6a0816f7ff89a0aaf/library/test/src/lib.rs:133:21
[INFO] [stdout]   12:     0x61bcf400d1a8 - <alloc::boxed::Box<F,A> as core::ops::function::Fn<Args>>::call::h9455091b6b06f9fb
[INFO] [stdout]                                at /rustc/90b35a6239c3d8bdabc530a6a0816f7ff89a0aaf/library/alloc/src/boxed.rs:2468:9
[INFO] [stdout]   13:     0x61bcf400d1a8 - std::panicking::rust_panic_with_hook::h8942133a8b252070
[INFO] [stdout]                                at /rustc/90b35a6239c3d8bdabc530a6a0816f7ff89a0aaf/library/std/src/panicking.rs:809:13
[INFO] [stdout]   14:     0x61bcf400cf6a - std::panicking::begin_panic_handler::{{closure}}::hb5f5963570096b29
[INFO] [stdout]                                at /rustc/90b35a6239c3d8bdabc530a6a0816f7ff89a0aaf/library/std/src/panicking.rs:674:13
[INFO] [stdout]   15:     0x61bcf400bb89 - std::sys::backtrace::__rust_end_short_backtrace::h6208cedc1922feda
[INFO] [stdout]                                at /rustc/90b35a6239c3d8bdabc530a6a0816f7ff89a0aaf/library/std/src/sys/backtrace.rs:170:18
[INFO] [stdout]   16:     0x61bcf400cbfc - rust_begin_unwind
[INFO] [stdout]                                at /rustc/90b35a6239c3d8bdabc530a6a0816f7ff89a0aaf/library/std/src/panicking.rs:665:5
[INFO] [stdout]   17:     0x61bcf39cb2f0 - core::panicking::panic_fmt::h0c3082644d1bf418
[INFO] [stdout]                                at /rustc/90b35a6239c3d8bdabc530a6a0816f7ff89a0aaf/library/core/src/panicking.rs:74:14
[INFO] [stdout]   18:     0x61bcf39cb7d6 - core::result::unwrap_failed::hd20b4aa073bda1e2
[INFO] [stdout]                                at /rustc/90b35a6239c3d8bdabc530a6a0816f7ff89a0aaf/library/core/src/result.rs:1700:5
[INFO] [stdout]   19:     0x61bcf3ad218f - core::result::Result<T,E>::expect::h1b9b711349d3c5e1
[INFO] [stdout]                                at /rustc/90b35a6239c3d8bdabc530a6a0816f7ff89a0aaf/library/core/src/result.rs:1061:23
[INFO] [stdout]   20:     0x61bcf3a75dcf - deltaml::dataset::image::cifar10::Cifar10Dataset::download_and_extract::{{closure}}::h9a60e7e36a2417b0
[INFO] [stdout]                                at /opt/rustwide/workdir/src/dataset/image/cifar10.rs:78:28
[INFO] [stdout]   21:     0x61bcf3a8256b - deltaml::dataset::image::cifar10::tests::test_download_and_extract::{{closure}}::{{closure}}::h76be5367ce8b7bd5
[INFO] [stdout]                                at /opt/rustwide/workdir/src/dataset/image/cifar10.rs:430:48
[INFO] [stdout]   22:     0x61bcf3acd532 - <core::pin::Pin<P> as core::future::future::Future>::poll::hfbddfa0a2e18d8ca
[INFO] [stdout]                                at /rustc/90b35a6239c3d8bdabc530a6a0816f7ff89a0aaf/library/core/src/future/future.rs:123:9
[INFO] [stdout]   23:     0x61bcf3acd3ad - <core::pin::Pin<P> as core::future::future::Future>::poll::h68de8f0f0f9e3fbd
[INFO] [stdout]                                at /rustc/90b35a6239c3d8bdabc530a6a0816f7ff89a0aaf/library/core/src/future/future.rs:123:9
[INFO] [stdout]   24:     0x61bcf3acd0ff - tokio::runtime::scheduler::current_thread::CoreGuard::block_on::{{closure}}::{{closure}}::{{closure}}::hd08c54c672b048dc
[INFO] [stdout]                                at /opt/rustwide/cargo-home/registry/src/index.crates.io-6f17d22bba15001f/tokio-1.42.0/src/runtime/scheduler/current_thread/mod.rs:729:57
[INFO] [stdout]   25:     0x61bcf3accdc5 - tokio::runtime::coop::with_budget::h2465a1aed6345cc1
[INFO] [stdout]                                at /opt/rustwide/cargo-home/registry/src/index.crates.io-6f17d22bba15001f/tokio-1.42.0/src/runtime/coop.rs:107:5
[INFO] [stdout]   26:     0x61bcf3accdc5 - tokio::runtime::coop::budget::h475b76a44cd77736
[INFO] [stdout]                                at /opt/rustwide/cargo-home/registry/src/index.crates.io-6f17d22bba15001f/tokio-1.42.0/src/runtime/coop.rs:73:5
[INFO] [stdout]   27:     0x61bcf3accdc5 - tokio::runtime::scheduler::current_thread::CoreGuard::block_on::{{closure}}::{{closure}}::h8f572b3f3e9666f0
[INFO] [stdout]                                at /opt/rustwide/cargo-home/registry/src/index.crates.io-6f17d22bba15001f/tokio-1.42.0/src/runtime/scheduler/current_thread/mod.rs:729:25
[INFO] [stdout]   28:     0x61bcf3ac73b0 - tokio::runtime::scheduler::current_thread::Context::enter::h010260092dc3e737
[INFO] [stdout]                                at /opt/rustwide/cargo-home/registry/src/index.crates.io-6f17d22bba15001f/tokio-1.42.0/src/runtime/scheduler/current_thread/mod.rs:428:19
[INFO] [stdout]   29:     0x61bcf3acb18e - tokio::runtime::scheduler::current_thread::CoreGuard::block_on::{{closure}}::h5b44f55301b48300
[INFO] [stdout]                                at /opt/rustwide/cargo-home/registry/src/index.crates.io-6f17d22bba15001f/tokio-1.42.0/src/runtime/scheduler/current_thread/mod.rs:728:36
[INFO] [stdout]   30:     0x61bcf3aca544 - tokio::runtime::scheduler::current_thread::CoreGuard::enter::{{closure}}::ha12ddf8237489a7f
[INFO] [stdout]                                at /opt/rustwide/cargo-home/registry/src/index.crates.io-6f17d22bba15001f/tokio-1.42.0/src/runtime/scheduler/current_thread/mod.rs:807:68
[INFO] [stdout]   31:     0x61bcf3ad732b - tokio::runtime::context::scoped::Scoped<T>::set::he3fc6d6a2809839c
[INFO] [stdout]                                at /opt/rustwide/cargo-home/registry/src/index.crates.io-6f17d22bba15001f/tokio-1.42.0/src/runtime/context/scoped.rs:40:9
[INFO] [stdout]   32:     0x61bcf3aa1ed9 - tokio::runtime::context::set_scheduler::{{closure}}::h0af7178149559232
[INFO] [stdout]                                at /opt/rustwide/cargo-home/registry/src/index.crates.io-6f17d22bba15001f/tokio-1.42.0/src/runtime/context.rs:180:26
[INFO] [stdout]   33:     0x61bcf3ab61cd - std::thread::local::LocalKey<T>::try_with::hd956c7a3e2447438
[INFO] [stdout]                                at /rustc/90b35a6239c3d8bdabc530a6a0816f7ff89a0aaf/library/std/src/thread/local.rs:283:12
[INFO] [stdout]   34:     0x61bcf3ab461a - std::thread::local::LocalKey<T>::with::h9b84fe0fbd0d00f2
[INFO] [stdout]                                at /rustc/90b35a6239c3d8bdabc530a6a0816f7ff89a0aaf/library/std/src/thread/local.rs:260:9
[INFO] [stdout]   35:     0x61bcf3aa1e0d - tokio::runtime::context::set_scheduler::h759b1fd4e8d9a4b7
[INFO] [stdout]                                at /opt/rustwide/cargo-home/registry/src/index.crates.io-6f17d22bba15001f/tokio-1.42.0/src/runtime/context.rs:180:9
[INFO] [stdout]   36:     0x61bcf3ac9e70 - tokio::runtime::scheduler::current_thread::CoreGuard::enter::hc60781a452e54b3e
[INFO] [stdout]                                at /opt/rustwide/cargo-home/registry/src/index.crates.io-6f17d22bba15001f/tokio-1.42.0/src/runtime/scheduler/current_thread/mod.rs:807:27
[INFO] [stdout]   37:     0x61bcf3aca5c3 - tokio::runtime::scheduler::current_thread::CoreGuard::block_on::h9efde63220df180d
[INFO] [stdout]                                at /opt/rustwide/cargo-home/registry/src/index.crates.io-6f17d22bba15001f/tokio-1.42.0/src/runtime/scheduler/current_thread/mod.rs:716:19
[INFO] [stdout]   38:     0x61bcf3ac639a - tokio::runtime::scheduler::current_thread::CurrentThread::block_on::{{closure}}::h2a2fa4f3c769e145
[INFO] [stdout]                                at /opt/rustwide/cargo-home/registry/src/index.crates.io-6f17d22bba15001f/tokio-1.42.0/src/runtime/scheduler/current_thread/mod.rs:196:28
[INFO] [stdout]   39:     0x61bcf3a9c626 - tokio::runtime::context::runtime::enter_runtime::h9f2396c41db4e3ec
[INFO] [stdout]                                at /opt/rustwide/cargo-home/registry/src/index.crates.io-6f17d22bba15001f/tokio-1.42.0/src/runtime/context/runtime.rs:65:16
[INFO] [stdout]   40:     0x61bcf3ac5cc1 - tokio::runtime::scheduler::current_thread::CurrentThread::block_on::hb348a8c70f7a5cfc
[INFO] [stdout]                                at /opt/rustwide/cargo-home/registry/src/index.crates.io-6f17d22bba15001f/tokio-1.42.0/src/runtime/scheduler/current_thread/mod.rs:184:9
[INFO] [stdout]   41:     0x61bcf3adf0c3 - tokio::runtime::runtime::Runtime::block_on_inner::h3678e390242ecce7
[INFO] [stdout]                                at /opt/rustwide/cargo-home/registry/src/index.crates.io-6f17d22bba15001f/tokio-1.42.0/src/runtime/runtime.rs:368:47
[INFO] [stdout]   42:     0x61bcf3adf577 - tokio::runtime::runtime::Runtime::block_on::h5a5087c15fa88be2
[INFO] [stdout]                                at /opt/rustwide/cargo-home/registry/src/index.crates.io-6f17d22bba15001f/tokio-1.42.0/src/runtime/runtime.rs:342:13
[INFO] [stdout]   43:     0x61bcf3a8239b - deltaml::dataset::image::cifar10::tests::test_download_and_extract::{{closure}}::h07374e5fce75b62c
[INFO] [stdout]                                at /opt/rustwide/workdir/src/dataset/image/cifar10.rs:436:9
[INFO] [stdout]   44:     0x61bcf3a96a5e - core::ops::function::FnOnce::call_once::hdde37994ed7128af
[INFO] [stdout]                                at /rustc/90b35a6239c3d8bdabc530a6a0816f7ff89a0aaf/library/core/src/ops/function.rs:250:5
[INFO] [stdout]   45:     0x61bcf3eb83d3 - serial_test::serial_code_lock::local_serial_core::hc0d658df69893bbf
[INFO] [stdout]                                at /opt/rustwide/cargo-home/registry/src/index.crates.io-6f17d22bba15001f/serial_test-3.2.0/src/serial_code_lock.rs:36:5
[INFO] [stdout]   46:     0x61bcf3a8222b - deltaml::dataset::image::cifar10::tests::test_download_and_extract::h3ff7c6c0490da244
[INFO] [stdout]                                at /opt/rustwide/workdir/src/dataset/image/cifar10.rs:427:5
[INFO] [stdout]   47:     0x61bcf3a821a7 - deltaml::dataset::image::cifar10::tests::test_download_and_extract::{{closure}}::h5372dcb5cd20a3dd
[INFO] [stdout]                                at /opt/rustwide/workdir/src/dataset/image/cifar10.rs:427:14
[INFO] [stdout]   48:     0x61bcf3a948c6 - core::ops::function::FnOnce::call_once::h139e82df9ff27ada
[INFO] [stdout]                                at /rustc/90b35a6239c3d8bdabc530a6a0816f7ff89a0aaf/library/core/src/ops/function.rs:250:5
[INFO] [stdout]   49:     0x61bcf3b307cb - core::ops::function::FnOnce::call_once::h109cf8051a59b34e
[INFO] [stdout]                                at /rustc/90b35a6239c3d8bdabc530a6a0816f7ff89a0aaf/library/core/src/ops/function.rs:250:5
[INFO] [stdout]   50:     0x61bcf3b307cb - test::__rust_begin_short_backtrace::hf4fff89d377446ba
[INFO] [stdout]                                at /rustc/90b35a6239c3d8bdabc530a6a0816f7ff89a0aaf/library/test/src/lib.rs:621:18
[INFO] [stdout]   51:     0x61bcf3b30007 - test::run_test_in_process::{{closure}}::h0e39181dd7ee5a43
[INFO] [stdout]                                at /rustc/90b35a6239c3d8bdabc530a6a0816f7ff89a0aaf/library/test/src/lib.rs:644:60
[INFO] [stdout]   52:     0x61bcf3b30007 - <core::panic::unwind_safe::AssertUnwindSafe<F> as core::ops::function::FnOnce<()>>::call_once::hc5a66a30f0bdfd1f
[INFO] [stdout]                                at /rustc/90b35a6239c3d8bdabc530a6a0816f7ff89a0aaf/library/core/src/panic/unwind_safe.rs:272:9
[INFO] [stdout]   53:     0x61bcf3b30007 - std::panicking::try::do_call::h873b7cf639554a5e
[INFO] [stdout]                                at /rustc/90b35a6239c3d8bdabc530a6a0816f7ff89a0aaf/library/std/src/panicking.rs:557:40
[INFO] [stdout]   54:     0x61bcf3b30007 - std::panicking::try::hdb19862fad9c8bd1
[INFO] [stdout]                                at /rustc/90b35a6239c3d8bdabc530a6a0816f7ff89a0aaf/library/std/src/panicking.rs:520:19
[INFO] [stdout]   55:     0x61bcf3b30007 - std::panic::catch_unwind::h281fe732d236d260
[INFO] [stdout]                                at /rustc/90b35a6239c3d8bdabc530a6a0816f7ff89a0aaf/library/std/src/panic.rs:358:14
[INFO] [stdout]   56:     0x61bcf3b30007 - test::run_test_in_process::h949b6df8457ed338
[INFO] [stdout]                                at /rustc/90b35a6239c3d8bdabc530a6a0816f7ff89a0aaf/library/test/src/lib.rs:644:27
[INFO] [stdout]   57:     0x61bcf3b30007 - test::run_test::{{closure}}::h52c556a6d4740e10
[INFO] [stdout]                                at /rustc/90b35a6239c3d8bdabc530a6a0816f7ff89a0aaf/library/test/src/lib.rs:565:43
[INFO] [stdout]   58:     0x61bcf3af52e4 - test::run_test::{{closure}}::h4237f6381c45ccb9
[INFO] [stdout]                                at /rustc/90b35a6239c3d8bdabc530a6a0816f7ff89a0aaf/library/test/src/lib.rs:595:41
[INFO] [stdout]   59:     0x61bcf3af52e4 - std::sys::backtrace::__rust_begin_short_backtrace::h505c97a579eca628
[INFO] [stdout]                                at /rustc/90b35a6239c3d8bdabc530a6a0816f7ff89a0aaf/library/std/src/sys/backtrace.rs:154:18
[INFO] [stdout]   60:     0x61bcf3af89ae - std::thread::Builder::spawn_unchecked_::{{closure}}::{{closure}}::h9e86b2e2bc107ea3
[INFO] [stdout]                                at /rustc/90b35a6239c3d8bdabc530a6a0816f7ff89a0aaf/library/std/src/thread/mod.rs:538:17
[INFO] [stdout]   61:     0x61bcf3af89ae - <core::panic::unwind_safe::AssertUnwindSafe<F> as core::ops::function::FnOnce<()>>::call_once::h8b06ddb275ff4a25
[INFO] [stdout]                                at /rustc/90b35a6239c3d8bdabc530a6a0816f7ff89a0aaf/library/core/src/panic/unwind_safe.rs:272:9
[INFO] [stdout]   62:     0x61bcf3af89ae - std::panicking::try::do_call::hb26ecd7cd9a9355d
[INFO] [stdout]                                at /rustc/90b35a6239c3d8bdabc530a6a0816f7ff89a0aaf/library/std/src/panicking.rs:557:40
[INFO] [stdout]   63:     0x61bcf3af89ae - std::panicking::try::h8ddeca9d705f9069
[INFO] [stdout]                                at /rustc/90b35a6239c3d8bdabc530a6a0816f7ff89a0aaf/library/std/src/panicking.rs:520:19
[INFO] [stdout]   64:     0x61bcf3af89ae - std::panic::catch_unwind::h49e1c33078844c46
[INFO] [stdout]                                at /rustc/90b35a6239c3d8bdabc530a6a0816f7ff89a0aaf/library/std/src/panic.rs:358:14
[INFO] [stdout]   65:     0x61bcf3af89ae - std::thread::Builder::spawn_unchecked_::{{closure}}::h6073db6ff56ad35d
[INFO] [stdout]                                at /rustc/90b35a6239c3d8bdabc530a6a0816f7ff89a0aaf/library/std/src/thread/mod.rs:537:30
[INFO] [stdout]   66:     0x61bcf3af89ae - core::ops::function::FnOnce::call_once{{vtable.shim}}::h2c5a5f3779c774f1
[INFO] [stdout]                                at /rustc/90b35a6239c3d8bdabc530a6a0816f7ff89a0aaf/library/core/src/ops/function.rs:250:5
[INFO] [stdout]   67:     0x61bcf401254b - <alloc::boxed::Box<F,A> as core::ops::function::FnOnce<Args>>::call_once::hf75717d9f28faebf
[INFO] [stdout]                                at /rustc/90b35a6239c3d8bdabc530a6a0816f7ff89a0aaf/library/alloc/src/boxed.rs:2454:9
[INFO] [stdout]   68:     0x61bcf401254b - <alloc::boxed::Box<F,A> as core::ops::function::FnOnce<Args>>::call_once::h7bd883a5f3c5f3c1
[INFO] [stdout]                                at /rustc/90b35a6239c3d8bdabc530a6a0816f7ff89a0aaf/library/alloc/src/boxed.rs:2454:9
[INFO] [stdout]   69:     0x61bcf401254b - std::sys::pal::unix::thread::Thread::new::thread_start::hcc78f3943333fa94
[INFO] [stdout]                                at /rustc/90b35a6239c3d8bdabc530a6a0816f7ff89a0aaf/library/std/src/sys/pal/unix/thread.rs:105:17
[INFO] [stdout]   70:     0x7fadf4170ac3 - <unknown>
[INFO] [stdout]   71:     0x7fadf4201a04 - clone
[INFO] [stdout]   72:                0x0 - <unknown>
[INFO] [stdout] 
[INFO] [stdout] ---- dataset::image::cifar10::tests::test_load_data stdout ----
[INFO] [stdout] thread 'dataset::image::cifar10::tests::test_load_data' panicked at src/dataset/image/cifar10.rs:80:18:
[INFO] [stdout] Failed to download CIFAR-10: reqwest::Error { kind: Request, url: "https://www.cs.toronto.edu/~kriz/cifar-10-binary.tar.gz", source: hyper_util::client::legacy::Error(Connect, ConnectError("dns error", Custom { kind: Uncategorized, error: "failed to lookup address information: Temporary failure in name resolution" })) }
[INFO] [stdout] stack backtrace:
[INFO] [stdout]    0:     0x61bcf400b6aa - std::backtrace_rs::backtrace::libunwind::trace::h5a5b8284f2d0c266
[INFO] [stdout]                                at /rustc/90b35a6239c3d8bdabc530a6a0816f7ff89a0aaf/library/std/src/../../backtrace/src/backtrace/libunwind.rs:116:5
[INFO] [stdout]    1:     0x61bcf400b6aa - std::backtrace_rs::backtrace::trace_unsynchronized::h76d4f1c9b0b875e3
[INFO] [stdout]                                at /rustc/90b35a6239c3d8bdabc530a6a0816f7ff89a0aaf/library/std/src/../../backtrace/src/backtrace/mod.rs:66:5
[INFO] [stdout]    2:     0x61bcf400b6aa - std::sys::backtrace::_print_fmt::hc4546b8364a537c6
[INFO] [stdout]                                at /rustc/90b35a6239c3d8bdabc530a6a0816f7ff89a0aaf/library/std/src/sys/backtrace.rs:66:9
[INFO] [stdout]    3:     0x61bcf400b6aa - <std::sys::backtrace::BacktraceLock::print::DisplayBacktrace as core::fmt::Display>::fmt::h5b6bd5631a6d1f6b
[INFO] [stdout]                                at /rustc/90b35a6239c3d8bdabc530a6a0816f7ff89a0aaf/library/std/src/sys/backtrace.rs:39:26
[INFO] [stdout]    4:     0x61bcf40357a3 - core::fmt::rt::Argument::fmt::h270f6602a2b96f62
[INFO] [stdout]                                at /rustc/90b35a6239c3d8bdabc530a6a0816f7ff89a0aaf/library/core/src/fmt/rt.rs:177:76
[INFO] [stdout]    5:     0x61bcf40357a3 - core::fmt::write::h7550c97b06c86515
[INFO] [stdout]                                at /rustc/90b35a6239c3d8bdabc530a6a0816f7ff89a0aaf/library/core/src/fmt/mod.rs:1186:21
[INFO] [stdout]    6:     0x61bcf4007aa3 - std::io::Write::write_fmt::h509ff860e5956e5e
[INFO] [stdout]                                at /rustc/90b35a6239c3d8bdabc530a6a0816f7ff89a0aaf/library/std/src/io/mod.rs:1839:15
[INFO] [stdout]    7:     0x61bcf400b4f2 - std::sys::backtrace::BacktraceLock::print::h2395ccd2c84ba3aa
[INFO] [stdout]                                at /rustc/90b35a6239c3d8bdabc530a6a0816f7ff89a0aaf/library/std/src/sys/backtrace.rs:42:9
[INFO] [stdout]    8:     0x61bcf400cb0a - std::panicking::default_hook::{{closure}}::he19d4c7230e07961
[INFO] [stdout]                                at /rustc/90b35a6239c3d8bdabc530a6a0816f7ff89a0aaf/library/std/src/panicking.rs:268:22
[INFO] [stdout]    9:     0x61bcf400c914 - std::panicking::default_hook::hf614597d3c67bbdb
[INFO] [stdout]                                at /rustc/90b35a6239c3d8bdabc530a6a0816f7ff89a0aaf/library/std/src/panicking.rs:292:9
[INFO] [stdout]   10:     0x61bcf3b2be09 - <alloc::boxed::Box<F,A> as core::ops::function::Fn<Args>>::call::h39b51ce4599c23d1
[INFO] [stdout]                                at /rustc/90b35a6239c3d8bdabc530a6a0816f7ff89a0aaf/library/alloc/src/boxed.rs:2468:9
[INFO] [stdout]   11:     0x61bcf3b2be09 - test::test_main::{{closure}}::he977ae839a582784
[INFO] [stdout]                                at /rustc/90b35a6239c3d8bdabc530a6a0816f7ff89a0aaf/library/test/src/lib.rs:133:21
[INFO] [stdout]   12:     0x61bcf400d1a8 - <alloc::boxed::Box<F,A> as core::ops::function::Fn<Args>>::call::h9455091b6b06f9fb
[INFO] [stdout]                                at /rustc/90b35a6239c3d8bdabc530a6a0816f7ff89a0aaf/library/alloc/src/boxed.rs:2468:9
[INFO] [stdout]   13:     0x61bcf400d1a8 - std::panicking::rust_panic_with_hook::h8942133a8b252070
[INFO] [stdout]                                at /rustc/90b35a6239c3d8bdabc530a6a0816f7ff89a0aaf/library/std/src/panicking.rs:809:13
[INFO] [stdout]   14:     0x61bcf400cf6a - std::panicking::begin_panic_handler::{{closure}}::hb5f5963570096b29
[INFO] [stdout]                                at /rustc/90b35a6239c3d8bdabc530a6a0816f7ff89a0aaf/library/std/src/panicking.rs:674:13
[INFO] [stdout]   15:     0x61bcf400bb89 - std::sys::backtrace::__rust_end_short_backtrace::h6208cedc1922feda
[INFO] [stdout]                                at /rustc/90b35a6239c3d8bdabc530a6a0816f7ff89a0aaf/library/std/src/sys/backtrace.rs:170:18
[INFO] [stdout]   16:     0x61bcf400cbfc - rust_begin_unwind
[INFO] [stdout]                                at /rustc/90b35a6239c3d8bdabc530a6a0816f7ff89a0aaf/library/std/src/panicking.rs:665:5
[INFO] [stdout]   17:     0x61bcf39cb2f0 - core::panicking::panic_fmt::h0c3082644d1bf418
[INFO] [stdout]                                at /rustc/90b35a6239c3d8bdabc530a6a0816f7ff89a0aaf/library/core/src/panicking.rs:74:14
[INFO] [stdout]   18:     0x61bcf39cb7d6 - core::result::unwrap_failed::hd20b4aa073bda1e2
[INFO] [stdout]                                at /rustc/90b35a6239c3d8bdabc530a6a0816f7ff89a0aaf/library/core/src/result.rs:1700:5
[INFO] [stdout]   19:     0x61bcf3ad218f - core::result::Result<T,E>::expect::h1b9b711349d3c5e1
[INFO] [stdout]                                at /rustc/90b35a6239c3d8bdabc530a6a0816f7ff89a0aaf/library/core/src/result.rs:1061:23
[INFO] [stdout]   20:     0x61bcf3a75dcf - deltaml::dataset::image::cifar10::Cifar10Dataset::download_and_extract::{{closure}}::h9a60e7e36a2417b0
[INFO] [stdout]                                at /opt/rustwide/workdir/src/dataset/image/cifar10.rs:78:28
[INFO] [stdout]   21:     0x61bcf3a8256b - deltaml::dataset::image::cifar10::tests::test_download_and_extract::{{closure}}::{{closure}}::h76be5367ce8b7bd5
[INFO] [stdout]                                at /opt/rustwide/workdir/src/dataset/image/cifar10.rs:430:48
[INFO] [stdout]   22:     0x61bcf3acd532 - <core::pin::Pin<P> as core::future::future::Future>::poll::hfbddfa0a2e18d8ca
[INFO] [stdout]                                at /rustc/90b35a6239c3d8bdabc530a6a0816f7ff89a0aaf/library/core/src/future/future.rs:123:9
[INFO] [stdout]   23:     0x61bcf3acd3ad - <core::pin::Pin<P> as core::future::future::Future>::poll::h68de8f0f0f9e3fbd
[INFO] [stdout]                                at /rustc/90b35a6239c3d8bdabc530a6a0816f7ff89a0aaf/library/core/src/future/future.rs:123:9
[INFO] [stdout]   24:     0x61bcf3acd0ff - tokio::runtime::scheduler::current_thread::CoreGuard::block_on::{{closure}}::{{closure}}::{{closure}}::hd08c54c672b048dc
[INFO] [stdout]                                at /opt/rustwide/cargo-home/registry/src/index.crates.io-6f17d22bba15001f/tokio-1.42.0/src/runtime/scheduler/current_thread/mod.rs:729:57
[INFO] [stdout]   25:     0x61bcf3accdc5 - tokio::runtime::coop::with_budget::h2465a1aed6345cc1
[INFO] [stdout]                                at /opt/rustwide/cargo-home/registry/src/index.crates.io-6f17d22bba15001f/tokio-1.42.0/src/runtime/coop.rs:107:5
[INFO] [stdout]   26:     0x61bcf3accdc5 - tokio::runtime::coop::budget::h475b76a44cd77736
[INFO] [stdout]                                at /opt/rustwide/cargo-home/registry/src/index.crates.io-6f17d22bba15001f/tokio-1.42.0/src/runtime/coop.rs:73:5
[INFO] [stdout]   27:     0x61bcf3accdc5 - tokio::runtime::scheduler::current_thread::CoreGuard::block_on::{{closure}}::{{closure}}::h8f572b3f3e9666f0
[INFO] [stdout]                                at /opt/rustwide/cargo-home/registry/src/index.crates.io-6f17d22bba15001f/tokio-1.42.0/src/runtime/scheduler/current_thread/mod.rs:729:25
[INFO] [stdout]   28:     0x61bcf3ac73b0 - tokio::runtime::scheduler::current_thread::Context::enter::h010260092dc3e737
[INFO] [stdout]                                at /opt/rustwide/cargo-home/registry/src/index.crates.io-6f17d22bba15001f/tokio-1.42.0/src/runtime/scheduler/current_thread/mod.rs:428:19
[INFO] [stdout]   29:     0x61bcf3acb18e - tokio::runtime::scheduler::current_thread::CoreGuard::block_on::{{closure}}::h5b44f55301b48300
[INFO] [stdout]                                at /opt/rustwide/cargo-home/registry/src/index.crates.io-6f17d22bba15001f/tokio-1.42.0/src/runtime/scheduler/current_thread/mod.rs:728:36
[INFO] [stdout]   30:     0x61bcf3aca544 - tokio::runtime::scheduler::current_thread::CoreGuard::enter::{{closure}}::ha12ddf8237489a7f
[INFO] [stdout]                                at /opt/rustwide/cargo-home/registry/src/index.crates.io-6f17d22bba15001f/tokio-1.42.0/src/runtime/scheduler/current_thread/mod.rs:807:68
[INFO] [stdout]   31:     0x61bcf3ad732b - tokio::runtime::context::scoped::Scoped<T>::set::he3fc6d6a2809839c
[INFO] [stdout]                                at /opt/rustwide/cargo-home/registry/src/index.crates.io-6f17d22bba15001f/tokio-1.42.0/src/runtime/context/scoped.rs:40:9
[INFO] [stdout]   32:     0x61bcf3aa1ed9 - tokio::runtime::context::set_scheduler::{{closure}}::h0af7178149559232
[INFO] [stdout]                                at /opt/rustwide/cargo-home/registry/src/index.crates.io-6f17d22bba15001f/tokio-1.42.0/src/runtime/context.rs:180:26
[INFO] [stdout]   33:     0x61bcf3ab61cd - std::thread::local::LocalKey<T>::try_with::hd956c7a3e2447438
[INFO] [stdout]                                at /rustc/90b35a6239c3d8bdabc530a6a0816f7ff89a0aaf/library/std/src/thread/local.rs:283:12
[INFO] [stdout]   34:     0x61bcf3ab461a - std::thread::local::LocalKey<T>::with::h9b84fe0fbd0d00f2
[INFO] [stdout]                                at /rustc/90b35a6239c3d8bdabc530a6a0816f7ff89a0aaf/library/std/src/thread/local.rs:260:9
[INFO] [stdout]   35:     0x61bcf3aa1e0d - tokio::runtime::context::set_scheduler::h759b1fd4e8d9a4b7
[INFO] [stdout]                                at /opt/rustwide/cargo-home/registry/src/index.crates.io-6f17d22bba15001f/tokio-1.42.0/src/runtime/context.rs:180:9
[INFO] [stdout]   36:     0x61bcf3ac9e70 - tokio::runtime::scheduler::current_thread::CoreGuard::enter::hc60781a452e54b3e
[INFO] [stdout]                                at /opt/rustwide/cargo-home/registry/src/index.crates.io-6f17d22bba15001f/tokio-1.42.0/src/runtime/scheduler/current_thread/mod.rs:807:27
[INFO] [stdout]   37:     0x61bcf3aca5c3 - tokio::runtime::scheduler::current_thread::CoreGuard::block_on::h9efde63220df180d
[INFO] [stdout]                                at /opt/rustwide/cargo-home/registry/src/index.crates.io-6f17d22bba15001f/tokio-1.42.0/src/runtime/scheduler/current_thread/mod.rs:716:19
[INFO] [stdout]   38:     0x61bcf3ac639a - tokio::runtime::scheduler::current_thread::CurrentThread::block_on::{{closure}}::h2a2fa4f3c769e145
[INFO] [stdout]                                at /opt/rustwide/cargo-home/registry/src/index.crates.io-6f17d22bba15001f/tokio-1.42.0/src/runtime/scheduler/current_thread/mod.rs:196:28
[INFO] [stdout]   39:     0x61bcf3a9c626 - tokio::runtime::context::runtime::enter_runtime::h9f2396c41db4e3ec
[INFO] [stdout]                                at /opt/rustwide/cargo-home/registry/src/index.crates.io-6f17d22bba15001f/tokio-1.42.0/src/runtime/context/runtime.rs:65:16
[INFO] [stdout]   40:     0x61bcf3ac5cc1 - tokio::runtime::scheduler::current_thread::CurrentThread::block_on::hb348a8c70f7a5cfc
[INFO] [stdout]                                at /opt/rustwide/cargo-home/registry/src/index.crates.io-6f17d22bba15001f/tokio-1.42.0/src/runtime/scheduler/current_thread/mod.rs:184:9
[INFO] [stdout]   41:     0x61bcf3adf0c3 - tokio::runtime::runtime::Runtime::block_on_inner::h3678e390242ecce7
[INFO] [stdout]                                at /opt/rustwide/cargo-home/registry/src/index.crates.io-6f17d22bba15001f/tokio-1.42.0/src/runtime/runtime.rs:368:47
[INFO] [stdout]   42:     0x61bcf3adf577 - tokio::runtime::runtime::Runtime::block_on::h5a5087c15fa88be2
[INFO] [stdout]                                at /opt/rustwide/cargo-home/registry/src/index.crates.io-6f17d22bba15001f/tokio-1.42.0/src/runtime/runtime.rs:342:13
[INFO] [stdout]   43:     0x61bcf3a8239b - deltaml::dataset::image::cifar10::tests::test_download_and_extract::{{closure}}::h07374e5fce75b62c
[INFO] [stdout]                                at /opt/rustwide/workdir/src/dataset/image/cifar10.rs:436:9
[INFO] [stdout]   44:     0x61bcf3a96a5e - core::ops::function::FnOnce::call_once::hdde37994ed7128af
[INFO] [stdout]                                at /rustc/90b35a6239c3d8bdabc530a6a0816f7ff89a0aaf/library/core/src/ops/function.rs:250:5
[INFO] [stdout]   45:     0x61bcf3eb83d3 - serial_test::serial_code_lock::local_serial_core::hc0d658df69893bbf
[INFO] [stdout]                                at /opt/rustwide/cargo-home/registry/src/index.crates.io-6f17d22bba15001f/serial_test-3.2.0/src/serial_code_lock.rs:36:5
[INFO] [stdout]   46:     0x61bcf3a8222b - deltaml::dataset::image::cifar10::tests::test_download_and_extract::h3ff7c6c0490da244
[INFO] [stdout]                                at /opt/rustwide/workdir/src/dataset/image/cifar10.rs:427:5
[INFO] [stdout]   47:     0x61bcf3a82ee4 - deltaml::dataset::image::cifar10::tests::test_load_data::{{closure}}::h10b81d02061c8819
[INFO] [stdout]                                at /opt/rustwide/workdir/src/dataset/image/cifar10.rs:470:9
[INFO] [stdout]   48:     0x61bcf3a9661e - core::ops::function::FnOnce::call_once::hcb1b16420cb33fed
[INFO] [stdout]                                at /rustc/90b35a6239c3d8bdabc530a6a0816f7ff89a0aaf/library/core/src/ops/function.rs:250:5
[INFO] [stdout]   49:     0x61bcf3eb83d3 - serial_test::serial_code_lock::local_serial_core::hc0d658df69893bbf
[INFO] [stdout]                                at /opt/rustwide/cargo-home/registry/src/index.crates.io-6f17d22bba15001f/serial_test-3.2.0/src/serial_code_lock.rs:36:5
[INFO] [stdout]   50:     0x61bcf3a82eab - deltaml::dataset::image::cifar10::tests::test_load_data::he29abfe33a3c4f1d
[INFO] [stdout]                                at /opt/rustwide/workdir/src/dataset/image/cifar10.rs:467:5
[INFO] [stdout]   51:     0x61bcf3a82e27 - deltaml::dataset::image::cifar10::tests::test_load_data::{{closure}}::h96f5bdbd5cf4c953
[INFO] [stdout]                                at /opt/rustwide/workdir/src/dataset/image/cifar10.rs:468:24
[INFO] [stdout]   52:     0x61bcf3a96866 - core::ops::function::FnOnce::call_once::hd49d644908bafe23
[INFO] [stdout]                                at /rustc/90b35a6239c3d8bdabc530a6a0816f7ff89a0aaf/library/core/src/ops/function.rs:250:5
[INFO] [stdout]   53:     0x61bcf3b307cb - core::ops::function::FnOnce::call_once::h109cf8051a59b34e
[INFO] [stdout]                                at /rustc/90b35a6239c3d8bdabc530a6a0816f7ff89a0aaf/library/core/src/ops/function.rs:250:5
[INFO] [stdout]   54:     0x61bcf3b307cb - test::__rust_begin_short_backtrace::hf4fff89d377446ba
[INFO] [stdout]                                at /rustc/90b35a6239c3d8bdabc530a6a0816f7ff89a0aaf/library/test/src/lib.rs:621:18
[INFO] [stdout]   55:     0x61bcf3b30007 - test::run_test_in_process::{{closure}}::h0e39181dd7ee5a43
[INFO] [stdout]                                at /rustc/90b35a6239c3d8bdabc530a6a0816f7ff89a0aaf/library/test/src/lib.rs:644:60
[INFO] [stdout]   56:     0x61bcf3b30007 - <core::panic::unwind_safe::AssertUnwindSafe<F> as core::ops::function::FnOnce<()>>::call_once::hc5a66a30f0bdfd1f
[INFO] [stdout]                                at /rustc/90b35a6239c3d8bdabc530a6a0816f7ff89a0aaf/library/core/src/panic/unwind_safe.rs:272:9
[INFO] [stdout]   57:     0x61bcf3b30007 - std::panicking::try::do_call::h873b7cf639554a5e
[INFO] [stdout]                                at /rustc/90b35a6239c3d8bdabc530a6a0816f7ff89a0aaf/library/std/src/panicking.rs:557:40
[INFO] [stdout]   58:     0x61bcf3b30007 - std::panicking::try::hdb19862fad9c8bd1
[INFO] [stdout]                                at /rustc/90b35a6239c3d8bdabc530a6a0816f7ff89a0aaf/library/std/src/panicking.rs:520:19
[INFO] [stdout]   59:     0x61bcf3b30007 - std::panic::catch_unwind::h281fe732d236d260
[INFO] [stdout]                                at /rustc/90b35a6239c3d8bdabc530a6a0816f7ff89a0aaf/library/std/src/panic.rs:358:14
[INFO] [stdout]   60:     0x61bcf3b30007 - test::run_test_in_process::h949b6df8457ed338
[INFO] [stdout]                                at /rustc/90b35a6239c3d8bdabc530a6a0816f7ff89a0aaf/library/test/src/lib.rs:644:27
[INFO] [stdout]   61:     0x61bcf3b30007 - test::run_test::{{closure}}::h52c556a6d4740e10
[INFO] [stdout]                                at /rustc/90b35a6239c3d8bdabc530a6a0816f7ff89a0aaf/library/test/src/lib.rs:565:43
[INFO] [stdout]   62:     0x61bcf3af52e4 - test::run_test::{{closure}}::h4237f6381c45ccb9
[INFO] [stdout]                                at /rustc/90b35a6239c3d8bdabc530a6a0816f7ff89a0aaf/library/test/src/lib.rs:595:41
[INFO] [stdout]   63:     0x61bcf3af52e4 - std::sys::backtrace::__rust_begin_short_backtrace::h505c97a579eca628
[INFO] [stdout]                                at /rustc/90b35a6239c3d8bdabc530a6a0816f7ff89a0aaf/library/std/src/sys/backtrace.rs:154:18
[INFO] [stdout]   64:     0x61bcf3af89ae - std::thread::Builder::spawn_unchecked_::{{closure}}::{{closure}}::h9e86b2e2bc107ea3
[INFO] [stdout]                                at /rustc/90b35a6239c3d8bdabc530a6a0816f7ff89a0aaf/library/std/src/thread/mod.rs:538:17
[INFO] [stdout]   65:     0x61bcf3af89ae - <core::panic::unwind_safe::AssertUnwindSafe<F> as core::ops::function::FnOnce<()>>::call_once::h8b06ddb275ff4a25
[INFO] [stdout]                                at /rustc/90b35a6239c3d8bdabc530a6a0816f7ff89a0aaf/library/core/src/panic/unwind_safe.rs:272:9
[INFO] [stdout]   66:     0x61bcf3af89ae - std::panicking::try::do_call::hb26ecd7cd9a9355d
[INFO] [stdout]                                at /rustc/90b35a6239c3d8bdabc530a6a0816f7ff89a0aaf/library/std/src/panicking.rs:557:40
[INFO] [stdout]   67:     0x61bcf3af89ae - std::panicking::try::h8ddeca9d705f9069
[INFO] [stdout]                                at /rustc/90b35a6239c3d8bdabc530a6a0816f7ff89a0aaf/library/std/src/panicking.rs:520:19
[INFO] [stdout]   68:     0x61bcf3af89ae - std::panic::catch_unwind::h49e1c33078844c46
[INFO] [stdout]                                at /rustc/90b35a6239c3d8bdabc530a6a0816f7ff89a0aaf/library/std/src/panic.rs:358:14
[INFO] [stdout]   69:     0x61bcf3af89ae - std::thread::Builder::spawn_unchecked_::{{closure}}::h6073db6ff56ad35d
[INFO] [stdout]                                at /rustc/90b35a6239c3d8bdabc530a6a0816f7ff89a0aaf/library/std/src/thread/mod.rs:537:30
[INFO] [stdout]   70:     0x61bcf3af89ae - core::ops::function::FnOnce::call_once{{vtable.shim}}::h2c5a5f3779c774f1
[INFO] [stdout]                                at /rustc/90b35a6239c3d8bdabc530a6a0816f7ff89a0aaf/library/core/src/ops/function.rs:250:5
[INFO] [stdout]   71:     0x61bcf401254b - <alloc::boxed::Box<F,A> as core::ops::function::FnOnce<Args>>::call_once::hf75717d9f28faebf
[INFO] [stdout]                                at /rustc/90b35a6239c3d8bdabc530a6a0816f7ff89a0aaf/library/alloc/src/boxed.rs:2454:9
[INFO] [stdout]   72:     0x61bcf401254b - <alloc::boxed::Box<F,A> as core::ops::function::FnOnce<Args>>::call_once::h7bd883a5f3c5f3c1
[INFO] [stdout]                                at /rustc/90b35a6239c3d8bdabc530a6a0816f7ff89a0aaf/library/alloc/src/boxed.rs:2454:9
[INFO] [stdout]   73:     0x61bcf401254b - std::sys::pal::unix::thread::Thread::new::thread_start::hcc78f3943333fa94
[INFO] [stdout]                                at /rustc/90b35a6239c3d8bdabc530a6a0816f7ff89a0aaf/library/std/src/sys/pal/unix/thread.rs:105:17
[INFO] [stdout]   74:     0x7fadf4170ac3 - <unknown>
[INFO] [stdout]   75:     0x7fadf4201a04 - clone
[INFO] [stdout]   76:                0x0 - <unknown>
[INFO] [stdout] 
[INFO] [stdout] ---- dataset::image::cifar10::tests::test_load_test stdout ----
[INFO] [stdout] thread 'dataset::image::cifar10::tests::test_load_test' panicked at src/dataset/image/cifar10.rs:80:18:
[INFO] [stdout] Failed to download CIFAR-10: reqwest::Error { kind: Request, url: "https://www.cs.toronto.edu/~kriz/cifar-10-binary.tar.gz", source: hyper_util::client::legacy::Error(Connect, ConnectError("dns error", Custom { kind: Uncategorized, error: "failed to lookup address information: Temporary failure in name resolution" })) }
[INFO] [stdout] stack backtrace:
[INFO] [stdout]    0:     0x61bcf400b6aa - std::backtrace_rs::backtrace::libunwind::trace::h5a5b8284f2d0c266
[INFO] [stdout]                                at /rustc/90b35a6239c3d8bdabc530a6a0816f7ff89a0aaf/library/std/src/../../backtrace/src/backtrace/libunwind.rs:116:5
[INFO] [stdout]    1:     0x61bcf400b6aa - std::backtrace_rs::backtrace::trace_unsynchronized::h76d4f1c9b0b875e3
[INFO] [stdout]                                at /rustc/90b35a6239c3d8bdabc530a6a0816f7ff89a0aaf/library/std/src/../../backtrace/src/backtrace/mod.rs:66:5
[INFO] [stdout]    2:     0x61bcf400b6aa - std::sys::backtrace::_print_fmt::hc4546b8364a537c6
[INFO] [stdout]                                at /rustc/90b35a6239c3d8bdabc530a6a0816f7ff89a0aaf/library/std/src/sys/backtrace.rs:66:9
[INFO] [stdout]    3:     0x61bcf400b6aa - <std::sys::backtrace::BacktraceLock::print::DisplayBacktrace as core::fmt::Display>::fmt::h5b6bd5631a6d1f6b
[INFO] [stdout]                                at /rustc/90b35a6239c3d8bdabc530a6a0816f7ff89a0aaf/library/std/src/sys/backtrace.rs:39:26
[INFO] [stdout]    4:     0x61bcf40357a3 - core::fmt::rt::Argument::fmt::h270f6602a2b96f62
[INFO] [stdout]                                at /rustc/90b35a6239c3d8bdabc530a6a0816f7ff89a0aaf/library/core/src/fmt/rt.rs:177:76
[INFO] [stdout]    5:     0x61bcf40357a3 - core::fmt::write::h7550c97b06c86515
[INFO] [stdout]                                at /rustc/90b35a6239c3d8bdabc530a6a0816f7ff89a0aaf/library/core/src/fmt/mod.rs:1186:21
[INFO] [stdout]    6:     0x61bcf4007aa3 - std::io::Write::write_fmt::h509ff860e5956e5e
[INFO] [stdout]                                at /rustc/90b35a6239c3d8bdabc530a6a0816f7ff89a0aaf/library/std/src/io/mod.rs:1839:15
[INFO] [stdout]    7:     0x61bcf400b4f2 - std::sys::backtrace::BacktraceLock::print::h2395ccd2c84ba3aa
[INFO] [stdout]                                at /rustc/90b35a6239c3d8bdabc530a6a0816f7ff89a0aaf/library/std/src/sys/backtrace.rs:42:9
[INFO] [stdout]    8:     0x61bcf400cb0a - std::panicking::default_hook::{{closure}}::he19d4c7230e07961
[INFO] [stdout]                                at /rustc/90b35a6239c3d8bdabc530a6a0816f7ff89a0aaf/library/std/src/panicking.rs:268:22
[INFO] [stdout]    9:     0x61bcf400c914 - std::panicking::default_hook::hf614597d3c67bbdb
[INFO] [stdout]                                at /rustc/90b35a6239c3d8bdabc530a6a0816f7ff89a0aaf/library/std/src/panicking.rs:292:9
[INFO] [stdout]   10:     0x61bcf3b2be09 - <alloc::boxed::Box<F,A> as core::ops::function::Fn<Args>>::call::h39b51ce4599c23d1
[INFO] [stdout]                                at /rustc/90b35a6239c3d8bdabc530a6a0816f7ff89a0aaf/library/alloc/src/boxed.rs:2468:9
[INFO] [stdout]   11:     0x61bcf3b2be09 - test::test_main::{{closure}}::he977ae839a582784
[INFO] [stdout]                                at /rustc/90b35a6239c3d8bdabc530a6a0816f7ff89a0aaf/library/test/src/lib.rs:133:21
[INFO] [stdout]   12:     0x61bcf400d1a8 - <alloc::boxed::Box<F,A> as core::ops::function::Fn<Args>>::call::h9455091b6b06f9fb
[INFO] [stdout]                                at /rustc/90b35a6239c3d8bdabc530a6a0816f7ff89a0aaf/library/alloc/src/boxed.rs:2468:9
[INFO] [stdout]   13:     0x61bcf400d1a8 - std::panicking::rust_panic_with_hook::h8942133a8b252070
[INFO] [stdout]                                at /rustc/90b35a6239c3d8bdabc530a6a0816f7ff89a0aaf/library/std/src/panicking.rs:809:13
[INFO] [stdout]   14:     0x61bcf400cf6a - std::panicking::begin_panic_handler::{{closure}}::hb5f5963570096b29
[INFO] [stdout]                                at /rustc/90b35a6239c3d8bdabc530a6a0816f7ff89a0aaf/library/std/src/panicking.rs:674:13
[INFO] [stdout]   15:     0x61bcf400bb89 - std::sys::backtrace::__rust_end_short_backtrace::h6208cedc1922feda
[INFO] [stdout]                                at /rustc/90b35a6239c3d8bdabc530a6a0816f7ff89a0aaf/library/std/src/sys/backtrace.rs:170:18
[INFO] [stdout]   16:     0x61bcf400cbfc - rust_begin_unwind
[INFO] [stdout]                                at /rustc/90b35a6239c3d8bdabc530a6a0816f7ff89a0aaf/library/std/src/panicking.rs:665:5
[INFO] [stdout]   17:     0x61bcf39cb2f0 - core::panicking::panic_fmt::h0c3082644d1bf418
[INFO] [stdout]                                at /rustc/90b35a6239c3d8bdabc530a6a0816f7ff89a0aaf/library/core/src/panicking.rs:74:14
[INFO] [stdout]   18:     0x61bcf39cb7d6 - core::result::unwrap_failed::hd20b4aa073bda1e2
[INFO] [stdout]                                at /rustc/90b35a6239c3d8bdabc530a6a0816f7ff89a0aaf/library/core/src/result.rs:1700:5
[INFO] [stdout]   19:     0x61bcf3ad218f - core::result::Result<T,E>::expect::h1b9b711349d3c5e1
[INFO] [stdout]                                at /rustc/90b35a6239c3d8bdabc530a6a0816f7ff89a0aaf/library/core/src/result.rs:1061:23
[INFO] [stdout]   20:     0x61bcf3a75dcf - deltaml::dataset::image::cifar10::Cifar10Dataset::download_and_extract::{{closure}}::h9a60e7e36a2417b0
[INFO] [stdout]                                at /opt/rustwide/workdir/src/dataset/image/cifar10.rs:78:28
[INFO] [stdout]   21:     0x61bcf3a7860e - <deltaml::dataset::image::cifar10::Cifar10Dataset as deltaml::dataset::base::ImageDatasetOps>::load_test::{{closure}}::hb53c920d281ef733
[INFO] [stdout]                                at /opt/rustwide/workdir/src/dataset/image/cifar10.rs:237:42
[INFO] [stdout]   22:     0x61bcf3acd36f - <core::pin::Pin<P> as core::future::future::Future>::poll::h3e58fc0266544f67
[INFO] [stdout]                                at /rustc/90b35a6239c3d8bdabc530a6a0816f7ff89a0aaf/library/core/src/future/future.rs:123:9
[INFO] [stdout]   23:     0x61bcf3a83b21 - deltaml::dataset::image::cifar10::tests::test_load_test::{{closure}}::{{closure}}::he8921fccebb6289a
[INFO] [stdout]                                at /opt/rustwide/workdir/src/dataset/image/cifar10.rs:499:51
[INFO] [stdout]   24:     0x61bcf3acd532 - <core::pin::Pin<P> as core::future::future::Future>::poll::hfbddfa0a2e18d8ca
[INFO] [stdout]                                at /rustc/90b35a6239c3d8bdabc530a6a0816f7ff89a0aaf/library/core/src/future/future.rs:123:9
[INFO] [stdout]   25:     0x61bcf3acd3ad - <core::pin::Pin<P> as core::future::future::Future>::poll::h68de8f0f0f9e3fbd
[INFO] [stdout]                                at /rustc/90b35a6239c3d8bdabc530a6a0816f7ff89a0aaf/library/core/src/future/future.rs:123:9
[INFO] [stdout]   26:     0x61bcf3acd0ff - tokio::runtime::scheduler::current_thread::CoreGuard::block_on::{{closure}}::{{closure}}::{{closure}}::hd08c54c672b048dc
[INFO] [stdout]                                at /opt/rustwide/cargo-home/registry/src/index.crates.io-6f17d22bba15001f/tokio-1.42.0/src/runtime/scheduler/current_thread/mod.rs:729:57
[INFO] [stdout]   27:     0x61bcf3accdc5 - tokio::runtime::coop::with_budget::h2465a1aed6345cc1
[INFO] [stdout]                                at /opt/rustwide/cargo-home/registry/src/index.crates.io-6f17d22bba15001f/tokio-1.42.0/src/runtime/coop.rs:107:5
[INFO] [stdout]   28:     0x61bcf3accdc5 - tokio::runtime::coop::budget::h475b76a44cd77736
[INFO] [stdout]                                at /opt/rustwide/cargo-home/registry/src/index.crates.io-6f17d22bba15001f/tokio-1.42.0/src/runtime/coop.rs:73:5
[INFO] [stdout]   29:     0x61bcf3accdc5 - tokio::runtime::scheduler::current_thread::CoreGuard::block_on::{{closure}}::{{closure}}::h8f572b3f3e9666f0
[INFO] [stdout]                                at /opt/rustwide/cargo-home/registry/src/index.crates.io-6f17d22bba15001f/tokio-1.42.0/src/runtime/scheduler/current_thread/mod.rs:729:25
[INFO] [stdout]   30:     0x61bcf3ac73b0 - tokio::runtime::scheduler::current_thread::Context::enter::h010260092dc3e737
[INFO] [stdout]                                at /opt/rustwide/cargo-home/registry/src/index.crates.io-6f17d22bba15001f/tokio-1.42.0/src/runtime/scheduler/current_thread/mod.rs:428:19
[INFO] [stdout]   31:     0x61bcf3acb18e - tokio::runtime::scheduler::current_thread::CoreGuard::block_on::{{closure}}::h5b44f55301b48300
[INFO] [stdout]                                at /opt/rustwide/cargo-home/registry/src/index.crates.io-6f17d22bba15001f/tokio-1.42.0/src/runtime/scheduler/current_thread/mod.rs:728:36
[INFO] [stdout]   32:     0x61bcf3aca544 - tokio::runtime::scheduler::current_thread::CoreGuard::enter::{{closure}}::ha12ddf8237489a7f
[INFO] [stdout]                                at /opt/rustwide/cargo-home/registry/src/index.crates.io-6f17d22bba15001f/tokio-1.42.0/src/runtime/scheduler/current_thread/mod.rs:807:68
[INFO] [stdout]   33:     0x61bcf3ad732b - tokio::runtime::context::scoped::Scoped<T>::set::he3fc6d6a2809839c
[INFO] [stdout]                                at /opt/rustwide/cargo-home/registry/src/index.crates.io-6f17d22bba15001f/tokio-1.42.0/src/runtime/context/scoped.rs:40:9
[INFO] [stdout]   34:     0x61bcf3aa1ed9 - tokio::runtime::context::set_scheduler::{{closure}}::h0af7178149559232
[INFO] [stdout]                                at /opt/rustwide/cargo-home/registry/src/index.crates.io-6f17d22bba15001f/tokio-1.42.0/src/runtime/context.rs:180:26
[INFO] [stdout]   35:     0x61bcf3ab61cd - std::thread::local::LocalKey<T>::try_with::hd956c7a3e2447438
[INFO] [stdout]                                at /rustc/90b35a6239c3d8bdabc530a6a0816f7ff89a0aaf/library/std/src/thread/local.rs:283:12
[INFO] [stdout]   36:     0x61bcf3ab461a - std::thread::local::LocalKey<T>::with::h9b84fe0fbd0d00f2
[INFO] [stdout]                                at /rustc/90b35a6239c3d8bdabc530a6a0816f7ff89a0aaf/library/std/src/thread/local.rs:260:9
[INFO] [stdout]   37:     0x61bcf3aa1e0d - tokio::runtime::context::set_scheduler::h759b1fd4e8d9a4b7
[INFO] [stdout]                                at /opt/rustwide/cargo-home/registry/src/index.crates.io-6f17d22bba15001f/tokio-1.42.0/src/runtime/context.rs:180:9
[INFO] [stdout]   38:     0x61bcf3ac9e70 - tokio::runtime::scheduler::current_thread::CoreGuard::enter::hc60781a452e54b3e
[INFO] [stdout]                                at /opt/rustwide/cargo-home/registry/src/index.crates.io-6f17d22bba15001f/tokio-1.42.0/src/runtime/scheduler/current_thread/mod.rs:807:27
[INFO] [stdout]   39:     0x61bcf3aca5c3 - tokio::runtime::scheduler::current_thread::CoreGuard::block_on::h9efde63220df180d
[INFO] [stdout]                                at /opt/rustwide/cargo-home/registry/src/index.crates.io-6f17d22bba15001f/tokio-1.42.0/src/runtime/scheduler/current_thread/mod.rs:716:19
[INFO] [stdout]   40:     0x61bcf3ac639a - tokio::runtime::scheduler::current_thread::CurrentThread::block_on::{{closure}}::h2a2fa4f3c769e145
[INFO] [stdout]                                at /opt/rustwide/cargo-home/registry/src/index.crates.io-6f17d22bba15001f/tokio-1.42.0/src/runtime/scheduler/current_thread/mod.rs:196:28
[INFO] [stdout]   41:     0x61bcf3a9c626 - tokio::runtime::context::runtime::enter_runtime::h9f2396c41db4e3ec
[INFO] [stdout]                                at /opt/rustwide/cargo-home/registry/src/index.crates.io-6f17d22bba15001f/tokio-1.42.0/src/runtime/context/runtime.rs:65:16
[INFO] [stdout]   42:     0x61bcf3ac5cc1 - tokio::runtime::scheduler::current_thread::CurrentThread::block_on::hb348a8c70f7a5cfc
[INFO] [stdout]                                at /opt/rustwide/cargo-home/registry/src/index.crates.io-6f17d22bba15001f/tokio-1.42.0/src/runtime/scheduler/current_thread/mod.rs:184:9
[INFO] [stdout]   43:     0x61bcf3adf0c3 - tokio::runtime::runtime::Runtime::block_on_inner::h3678e390242ecce7
[INFO] [stdout]                                at /opt/rustwide/cargo-home/registry/src/index.crates.io-6f17d22bba15001f/tokio-1.42.0/src/runtime/runtime.rs:368:47
[INFO] [stdout]   44:     0x61bcf3adf577 - tokio::runtime::runtime::Runtime::block_on::h5a5087c15fa88be2
[INFO] [stdout]                                at /opt/rustwide/cargo-home/registry/src/index.crates.io-6f17d22bba15001f/tokio-1.42.0/src/runtime/runtime.rs:342:13
[INFO] [stdout]   45:     0x61bcf3a8394d - deltaml::dataset::image::cifar10::tests::test_load_test::{{closure}}::h9a471fc5804013c6
[INFO] [stdout]                                at /opt/rustwide/workdir/src/dataset/image/cifar10.rs:500:9
[INFO] [stdout]   46:     0x61bcf3a953fe - core::ops::function::FnOnce::call_once::h605550406ea3e54d
[INFO] [stdout]                                at /rustc/90b35a6239c3d8bdabc530a6a0816f7ff89a0aaf/library/core/src/ops/function.rs:250:5
[INFO] [stdout]   47:     0x61bcf3eb83d3 - serial_test::serial_code_lock::local_serial_core::hc0d658df69893bbf
[INFO] [stdout]                                at /opt/rustwide/cargo-home/registry/src/index.crates.io-6f17d22bba15001f/serial_test-3.2.0/src/serial_code_lock.rs:36:5
[INFO] [stdout]   48:     0x61bcf3a837eb - deltaml::dataset::image::cifar10::tests::test_load_test::h4edd73119242fb88
[INFO] [stdout]                                at /opt/rustwide/workdir/src/dataset/image/cifar10.rs:497:5
[INFO] [stdout]   49:     0x61bcf3a83767 - deltaml::dataset::image::cifar10::tests::test_load_test::{{closure}}::hc86e4aa7b783ae1f
[INFO] [stdout]                                at /opt/rustwide/workdir/src/dataset/image/cifar10.rs:497:14
[INFO] [stdout]   50:     0x61bcf3a96206 - core::ops::function::FnOnce::call_once::hafba0a2af8290721
[INFO] [stdout]                                at /rustc/90b35a6239c3d8bdabc530a6a0816f7ff89a0aaf/library/core/src/ops/function.rs:250:5
[INFO] [stdout]   51:     0x61bcf3b307cb - core::ops::function::FnOnce::call_once::h109cf8051a59b34e
[INFO] [stdout]                                at /rustc/90b35a6239c3d8bdabc530a6a0816f7ff89a0aaf/library/core/src/ops/function.rs:250:5
[INFO] [stdout]   52:     0x61bcf3b307cb - test::__rust_begin_short_backtrace::hf4fff89d377446ba
[INFO] [stdout]                                at /rustc/90b35a6239c3d8bdabc530a6a0816f7ff89a0aaf/library/test/src/lib.rs:621:18
[INFO] [stdout]   53:     0x61bcf3b30007 - test::run_test_in_process::{{closure}}::h0e39181dd7ee5a43
[INFO] [stdout]                                at /rustc/90b35a6239c3d8bdabc530a6a0816f7ff89a0aaf/library/test/src/lib.rs:644:60
[INFO] [stdout]   54:     0x61bcf3b30007 - <core::panic::unwind_safe::AssertUnwindSafe<F> as core::ops::function::FnOnce<()>>::call_once::hc5a66a30f0bdfd1f
[INFO] [stdout]                                at /rustc/90b35a6239c3d8bdabc530a6a0816f7ff89a0aaf/library/core/src/panic/unwind_safe.rs:272:9
[INFO] [stdout]   55:     0x61bcf3b30007 - std::panicking::try::do_call::h873b7cf639554a5e
[INFO] [stdout]                                at /rustc/90b35a6239c3d8bdabc530a6a0816f7ff89a0aaf/library/std/src/panicking.rs:557:40
[INFO] [stdout]   56:     0x61bcf3b30007 - std::panicking::try::hdb19862fad9c8bd1
[INFO] [stdout]                                at /rustc/90b35a6239c3d8bdabc530a6a0816f7ff89a0aaf/library/std/src/panicking.rs:520:19
[INFO] [stdout]   57:     0x61bcf3b30007 - std::panic::catch_unwind::h281fe732d236d260
[INFO] [stdout]                                at /rustc/90b35a6239c3d8bdabc530a6a0816f7ff89a0aaf/library/std/src/panic.rs:358:14
[INFO] [stdout]   58:     0x61bcf3b30007 - test::run_test_in_process::h949b6df8457ed338
[INFO] [stdout]                                at /rustc/90b35a6239c3d8bdabc530a6a0816f7ff89a0aaf/library/test/src/lib.rs:644:27
[INFO] [stdout]   59:     0x61bcf3b30007 - test::run_test::{{closure}}::h52c556a6d4740e10
[INFO] [stdout]                                at /rustc/90b35a6239c3d8bdabc530a6a0816f7ff89a0aaf/library/test/src/lib.rs:565:43
[INFO] [stdout]   60:     0x61bcf3af52e4 - test::run_test::{{closure}}::h4237f6381c45ccb9
[INFO] [stdout]                                at /rustc/90b35a6239c3d8bdabc530a6a0816f7ff89a0aaf/library/test/src/lib.rs:595:41
[INFO] [stdout]   61:     0x61bcf3af52e4 - std::sys::backtrace::__rust_begin_short_backtrace::h505c97a579eca628
[INFO] [stdout]                                at /rustc/90b35a6239c3d8bdabc530a6a0816f7ff89a0aaf/library/std/src/sys/backtrace.rs:154:18
[INFO] [stdout]   62:     0x61bcf3af89ae - std::thread::Builder::spawn_unchecked_::{{closure}}::{{closure}}::h9e86b2e2bc107ea3
[INFO] [stdout]                                at /rustc/90b35a6239c3d8bdabc530a6a0816f7ff89a0aaf/library/std/src/thread/mod.rs:538:17
[INFO] [stdout]   63:     0x61bcf3af89ae - <core::panic::unwind_safe::AssertUnwindSafe<F> as core::ops::function::FnOnce<()>>::call_once::h8b06ddb275ff4a25
[INFO] [stdout]                                at /rustc/90b35a6239c3d8bdabc530a6a0816f7ff89a0aaf/library/core/src/panic/unwind_safe.rs:272:9
[INFO] [stdout]   64:     0x61bcf3af89ae - std::panicking::try::do_call::hb26ecd7cd9a9355d
[INFO] [stdout]                                at /rustc/90b35a6239c3d8bdabc530a6a0816f7ff89a0aaf/library/std/src/panicking.rs:557:40
[INFO] [stdout]   65:     0x61bcf3af89ae - std::panicking::try::h8ddeca9d705f9069
[INFO] [stdout]                                at /rustc/90b35a6239c3d8bdabc530a6a0816f7ff89a0aaf/library/std/src/panicking.rs:520:19
[INFO] [stdout]   66:     0x61bcf3af89ae - std::panic::catch_unwind::h49e1c33078844c46
[INFO] [stdout]                                at /rustc/90b35a6239c3d8bdabc530a6a0816f7ff89a0aaf/library/std/src/panic.rs:358:14
[INFO] [stdout]   67:     0x61bcf3af89ae - std::thread::Builder::spawn_unchecked_::{{closure}}::h6073db6ff56ad35d
[INFO] [stdout]                                at /rustc/90b35a6239c3d8bdabc530a6a0816f7ff89a0aaf/library/std/src/thread/mod.rs:537:30
[INFO] [stdout]   68:     0x61bcf3af89ae - core::ops::function::FnOnce::call_once{{vtable.shim}}::h2c5a5f3779c774f1
[INFO] [stdout]                                at /rustc/90b35a6239c3d8bdabc530a6a0816f7ff89a0aaf/library/core/src/ops/function.rs:250:5
[INFO] [stdout]   69:     0x61bcf401254b - <alloc::boxed::Box<F,A> as core::ops::function::FnOnce<Args>>::call_once::hf75717d9f28faebf
[INFO] [stdout]                                at /rustc/90b35a6239c3d8bdabc530a6a0816f7ff89a0aaf/library/alloc/src/boxed.rs:2454:9
[INFO] [stdout]   70:     0x61bcf401254b - <alloc::boxed::Box<F,A> as core::ops::function::FnOnce<Args>>::call_once::h7bd883a5f3c5f3c1
[INFO] [stdout]                                at /rustc/90b35a6239c3d8bdabc530a6a0816f7ff89a0aaf/library/alloc/src/boxed.rs:2454:9
[INFO] [stdout]   71:     0x61bcf401254b - std::sys::pal::unix::thread::Thread::new::thread_start::hcc78f3943333fa94
[INFO] [stdout]                                at /rustc/90b35a6239c3d8bdabc530a6a0816f7ff89a0aaf/library/std/src/sys/pal/unix/thread.rs:105:17
[INFO] [stdout]   72:     0x7fadf4170ac3 - <unknown>
[INFO] [stdout]   73:     0x7fadf4201a04 - clone
[INFO] [stdout]   74:                0x0 - <unknown>
[INFO] [stdout] 
[INFO] [stdout] ---- dataset::image::mnist::tests::test_load_test stdout ----
[INFO] [stdout] thread 'dataset::image::mnist::tests::test_load_test' panicked at src/dataset/image/mnist.rs:284:29:
[INFO] [stdout] Failed to load test dataset: error sending request for url (https://storage.googleapis.com/cvdf-datasets/mnist/t10k-images-idx3-ubyte.gz)
[INFO] [stdout] stack backtrace:
[INFO] [stdout]    0:     0x61bcf400b6aa - std::backtrace_rs::backtrace::libunwind::trace::h5a5b8284f2d0c266
[INFO] [stdout]                                at /rustc/90b35a6239c3d8bdabc530a6a0816f7ff89a0aaf/library/std/src/../../backtrace/src/backtrace/libunwind.rs:116:5
[INFO] [stdout]    1:     0x61bcf400b6aa - std::backtrace_rs::backtrace::trace_unsynchronized::h76d4f1c9b0b875e3
[INFO] [stdout]                                at /rustc/90b35a6239c3d8bdabc530a6a0816f7ff89a0aaf/library/std/src/../../backtrace/src/backtrace/mod.rs:66:5
[INFO] [stdout]    2:     0x61bcf400b6aa - std::sys::backtrace::_print_fmt::hc4546b8364a537c6
[INFO] [stdout]                                at /rustc/90b35a6239c3d8bdabc530a6a0816f7ff89a0aaf/library/std/src/sys/backtrace.rs:66:9
[INFO] [stdout]    3:     0x61bcf400b6aa - <std::sys::backtrace::BacktraceLock::print::DisplayBacktrace as core::fmt::Display>::fmt::h5b6bd5631a6d1f6b
[INFO] [stdout]                                at /rustc/90b35a6239c3d8bdabc530a6a0816f7ff89a0aaf/library/std/src/sys/backtrace.rs:39:26
[INFO] [stdout]    4:     0x61bcf40357a3 - core::fmt::rt::Argument::fmt::h270f6602a2b96f62
[INFO] [stdout]                                at /rustc/90b35a6239c3d8bdabc530a6a0816f7ff89a0aaf/library/core/src/fmt/rt.rs:177:76
[INFO] [stdout]    5:     0x61bcf40357a3 - core::fmt::write::h7550c97b06c86515
[INFO] [stdout]                                at /rustc/90b35a6239c3d8bdabc530a6a0816f7ff89a0aaf/library/core/src/fmt/mod.rs:1186:21
[INFO] [stdout]    6:     0x61bcf4007aa3 - std::io::Write::write_fmt::h509ff860e5956e5e
[INFO] [stdout]                                at /rustc/90b35a6239c3d8bdabc530a6a0816f7ff89a0aaf/library/std/src/io/mod.rs:1839:15
[INFO] [stdout]    7:     0x61bcf400b4f2 - std::sys::backtrace::BacktraceLock::print::h2395ccd2c84ba3aa
[INFO] [stdout]                                at /rustc/90b35a6239c3d8bdabc530a6a0816f7ff89a0aaf/library/std/src/sys/backtrace.rs:42:9
[INFO] [stdout]    8:     0x61bcf400cb0a - std::panicking::default_hook::{{closure}}::he19d4c7230e07961
[INFO] [stdout]                                at /rustc/90b35a6239c3d8bdabc530a6a0816f7ff89a0aaf/library/std/src/panicking.rs:268:22
[INFO] [stdout]    9:     0x61bcf400c914 - std::panicking::default_hook::hf614597d3c67bbdb
[INFO] [stdout]                                at /rustc/90b35a6239c3d8bdabc530a6a0816f7ff89a0aaf/library/std/src/panicking.rs:292:9
[INFO] [stdout]   10:     0x61bcf3b2be09 - <alloc::boxed::Box<F,A> as core::ops::function::Fn<Args>>::call::h39b51ce4599c23d1
[INFO] [stdout]                                at /rustc/90b35a6239c3d8bdabc530a6a0816f7ff89a0aaf/library/alloc/src/boxed.rs:2468:9
[INFO] [stdout]   11:     0x61bcf3b2be09 - test::test_main::{{closure}}::he977ae839a582784
[INFO] [stdout]                                at /rustc/90b35a6239c3d8bdabc530a6a0816f7ff89a0aaf/library/test/src/lib.rs:133:21
[INFO] [stdout]   12:     0x61bcf400d1a8 - <alloc::boxed::Box<F,A> as core::ops::function::Fn<Args>>::call::h9455091b6b06f9fb
[INFO] [stdout]                                at /rustc/90b35a6239c3d8bdabc530a6a0816f7ff89a0aaf/library/alloc/src/boxed.rs:2468:9
[INFO] [stdout]   13:     0x61bcf400d1a8 - std::panicking::rust_panic_with_hook::h8942133a8b252070
[INFO] [stdout]                                at /rustc/90b35a6239c3d8bdabc530a6a0816f7ff89a0aaf/library/std/src/panicking.rs:809:13
[INFO] [stdout]   14:     0x61bcf400cf6a - std::panicking::begin_panic_handler::{{closure}}::hb5f5963570096b29
[INFO] [stdout]                                at /rustc/90b35a6239c3d8bdabc530a6a0816f7ff89a0aaf/library/std/src/panicking.rs:674:13
[INFO] [stdout]   15:     0x61bcf400bb89 - std::sys::backtrace::__rust_end_short_backtrace::h6208cedc1922feda
[INFO] [stdout]                                at /rustc/90b35a6239c3d8bdabc530a6a0816f7ff89a0aaf/library/std/src/sys/backtrace.rs:170:18
[INFO] [stdout]   16:     0x61bcf400cbfc - rust_begin_unwind
[INFO] [stdout]                                at /rustc/90b35a6239c3d8bdabc530a6a0816f7ff89a0aaf/library/std/src/panicking.rs:665:5
[INFO] [stdout]   17:     0x61bcf39cb2f0 - core::panicking::panic_fmt::h0c3082644d1bf418
[INFO] [stdout]                                at /rustc/90b35a6239c3d8bdabc530a6a0816f7ff89a0aaf/library/core/src/panicking.rs:74:14
[INFO] [stdout]   18:     0x61bcf3a59f2a - <deltaml::dataset::image::mnist::MnistDataset as deltaml::dataset::base::ImageDatasetOps>::load_test::{{closure}}::h5993bf11e689a903
[INFO] [stdout]                                at /opt/rustwide/workdir/src/dataset/image/mnist.rs:284:29
[INFO] [stdout]   19:     0x61bcf3acd30f - <core::pin::Pin<P> as core::future::future::Future>::poll::h09851a235141c67c
[INFO] [stdout]                                at /rustc/90b35a6239c3d8bdabc530a6a0816f7ff89a0aaf/library/core/src/future/future.rs:123:9
[INFO] [stdout]   20:     0x61bcf3a63f41 - deltaml::dataset::image::mnist::tests::test_load_test::{{closure}}::{{closure}}::hb343eaaf93645e37
[INFO] [stdout]                                at /opt/rustwide/workdir/src/dataset/image/mnist.rs:576:49
[INFO] [stdout]   21:     0x61bcf3acd532 - <core::pin::Pin<P> as core::future::future::Future>::poll::hfbddfa0a2e18d8ca
[INFO] [stdout]                                at /rustc/90b35a6239c3d8bdabc530a6a0816f7ff89a0aaf/library/core/src/future/future.rs:123:9
[INFO] [stdout]   22:     0x61bcf3acd3ad - <core::pin::Pin<P> as core::future::future::Future>::poll::h68de8f0f0f9e3fbd
[INFO] [stdout]                                at /rustc/90b35a6239c3d8bdabc530a6a0816f7ff89a0aaf/library/core/src/future/future.rs:123:9
[INFO] [stdout]   23:     0x61bcf3acd0ff - tokio::runtime::scheduler::current_thread::CoreGuard::block_on::{{closure}}::{{closure}}::{{closure}}::hd08c54c672b048dc
[INFO] [stdout]                                at /opt/rustwide/cargo-home/registry/src/index.crates.io-6f17d22bba15001f/tokio-1.42.0/src/runtime/scheduler/current_thread/mod.rs:729:57
[INFO] [stdout]   24:     0x61bcf3accdc5 - tokio::runtime::coop::with_budget::h2465a1aed6345cc1
[INFO] [stdout]                                at /opt/rustwide/cargo-home/registry/src/index.crates.io-6f17d22bba15001f/tokio-1.42.0/src/runtime/coop.rs:107:5
[INFO] [stdout]   25:     0x61bcf3accdc5 - tokio::runtime::coop::budget::h475b76a44cd77736
[INFO] [stdout]                                at /opt/rustwide/cargo-home/registry/src/index.crates.io-6f17d22bba15001f/tokio-1.42.0/src/runtime/coop.rs:73:5
[INFO] [stdout]   26:     0x61bcf3accdc5 - tokio::runtime::scheduler::current_thread::CoreGuard::block_on::{{closure}}::{{closure}}::h8f572b3f3e9666f0
[INFO] [stdout]                                at /opt/rustwide/cargo-home/registry/src/index.crates.io-6f17d22bba15001f/tokio-1.42.0/src/runtime/scheduler/current_thread/mod.rs:729:25
[INFO] [stdout]   27:     0x61bcf3ac73b0 - tokio::runtime::scheduler::current_thread::Context::enter::h010260092dc3e737
[INFO] [stdout]                                at /opt/rustwide/cargo-home/registry/src/index.crates.io-6f17d22bba15001f/tokio-1.42.0/src/runtime/scheduler/current_thread/mod.rs:428:19
[INFO] [stdout]   28:     0x61bcf3acb18e - tokio::runtime::scheduler::current_thread::CoreGuard::block_on::{{closure}}::h5b44f55301b48300
[INFO] [stdout]                                at /opt/rustwide/cargo-home/registry/src/index.crates.io-6f17d22bba15001f/tokio-1.42.0/src/runtime/scheduler/current_thread/mod.rs:728:36
[INFO] [stdout]   29:     0x61bcf3aca544 - tokio::runtime::scheduler::current_thread::CoreGuard::enter::{{closure}}::ha12ddf8237489a7f
[INFO] [stdout]                                at /opt/rustwide/cargo-home/registry/src/index.crates.io-6f17d22bba15001f/tokio-1.42.0/src/runtime/scheduler/current_thread/mod.rs:807:68
[INFO] [stdout]   30:     0x61bcf3ad732b - tokio::runtime::context::scoped::Scoped<T>::set::he3fc6d6a2809839c
[INFO] [stdout]                                at /opt/rustwide/cargo-home/registry/src/index.crates.io-6f17d22bba15001f/tokio-1.42.0/src/runtime/context/scoped.rs:40:9
[INFO] [stdout]   31:     0x61bcf3aa1ed9 - tokio::runtime::context::set_scheduler::{{closure}}::h0af7178149559232
[INFO] [stdout]                                at /opt/rustwide/cargo-home/registry/src/index.crates.io-6f17d22bba15001f/tokio-1.42.0/src/runtime/context.rs:180:26
[INFO] [stdout]   32:     0x61bcf3ab61cd - std::thread::local::LocalKey<T>::try_with::hd956c7a3e2447438
[INFO] [stdout]                                at /rustc/90b35a6239c3d8bdabc530a6a0816f7ff89a0aaf/library/std/src/thread/local.rs:283:12
[INFO] [stdout]   33:     0x61bcf3ab461a - std::thread::local::LocalKey<T>::with::h9b84fe0fbd0d00f2
[INFO] [stdout]                                at /rustc/90b35a6239c3d8bdabc530a6a0816f7ff89a0aaf/library/std/src/thread/local.rs:260:9
[INFO] [stdout]   34:     0x61bcf3aa1e0d - tokio::runtime::context::set_scheduler::h759b1fd4e8d9a4b7
[INFO] [stdout]                                at /opt/rustwide/cargo-home/registry/src/index.crates.io-6f17d22bba15001f/tokio-1.42.0/src/runtime/context.rs:180:9
[INFO] [stdout]   35:     0x61bcf3ac9e70 - tokio::runtime::scheduler::current_thread::CoreGuard::enter::hc60781a452e54b3e
[INFO] [stdout]                                at /opt/rustwide/cargo-home/registry/src/index.crates.io-6f17d22bba15001f/tokio-1.42.0/src/runtime/scheduler/current_thread/mod.rs:807:27
[INFO] [stdout]   36:     0x61bcf3aca5c3 - tokio::runtime::scheduler::current_thread::CoreGuard::block_on::h9efde63220df180d
[INFO] [stdout]                                at /opt/rustwide/cargo-home/registry/src/index.crates.io-6f17d22bba15001f/tokio-1.42.0/src/runtime/scheduler/current_thread/mod.rs:716:19
[INFO] [stdout]   37:     0x61bcf3ac639a - tokio::runtime::scheduler::current_thread::CurrentThread::block_on::{{closure}}::h2a2fa4f3c769e145
[INFO] [stdout]                                at /opt/rustwide/cargo-home/registry/src/index.crates.io-6f17d22bba15001f/tokio-1.42.0/src/runtime/scheduler/current_thread/mod.rs:196:28
[INFO] [stdout]   38:     0x61bcf3a9c626 - tokio::runtime::context::runtime::enter_runtime::h9f2396c41db4e3ec
[INFO] [stdout]                                at /opt/rustwide/cargo-home/registry/src/index.crates.io-6f17d22bba15001f/tokio-1.42.0/src/runtime/context/runtime.rs:65:16
[INFO] [stdout]   39:     0x61bcf3ac5cc1 - tokio::runtime::scheduler::current_thread::CurrentThread::block_on::hb348a8c70f7a5cfc
[INFO] [stdout]                                at /opt/rustwide/cargo-home/registry/src/index.crates.io-6f17d22bba15001f/tokio-1.42.0/src/runtime/scheduler/current_thread/mod.rs:184:9
[INFO] [stdout]   40:     0x61bcf3adf0c3 - tokio::runtime::runtime::Runtime::block_on_inner::h3678e390242ecce7
[INFO] [stdout]                                at /opt/rustwide/cargo-home/registry/src/index.crates.io-6f17d22bba15001f/tokio-1.42.0/src/runtime/runtime.rs:368:47
[INFO] [stdout]   41:     0x61bcf3adf577 - tokio::runtime::runtime::Runtime::block_on::h5a5087c15fa88be2
[INFO] [stdout]                                at /opt/rustwide/cargo-home/registry/src/index.crates.io-6f17d22bba15001f/tokio-1.42.0/src/runtime/runtime.rs:342:13
[INFO] [stdout]   42:     0x61bcf3a63d6d - deltaml::dataset::image::mnist::tests::test_load_test::{{closure}}::h5425cde00bd70fb4
[INFO] [stdout]                                at /opt/rustwide/workdir/src/dataset/image/mnist.rs:577:9
[INFO] [stdout]   43:     0x61bcf3a9530e - core::ops::function::FnOnce::call_once::h5be40fdcf3e18cb8
[INFO] [stdout]                                at /rustc/90b35a6239c3d8bdabc530a6a0816f7ff89a0aaf/library/core/src/ops/function.rs:250:5
[INFO] [stdout]   44:     0x61bcf3eb83d3 - serial_test::serial_code_lock::local_serial_core::hc0d658df69893bbf
[INFO] [stdout]                                at /opt/rustwide/cargo-home/registry/src/index.crates.io-6f17d22bba15001f/serial_test-3.2.0/src/serial_code_lock.rs:36:5
[INFO] [stdout]   45:     0x61bcf3a63c0b - deltaml::dataset::image::mnist::tests::test_load_test::h7a9332678c52f1ef
[INFO] [stdout]                                at /opt/rustwide/workdir/src/dataset/image/mnist.rs:574:5
[INFO] [stdout]   46:     0x61bcf3a63b87 - deltaml::dataset::image::mnist::tests::test_load_test::{{closure}}::h8c062410addc05ea
[INFO] [stdout]                                at /opt/rustwide/workdir/src/dataset/image/mnist.rs:574:14
[INFO] [stdout]   47:     0x61bcf3a95016 - core::ops::function::FnOnce::call_once::h436566c405b5696c
[INFO] [stdout]                                at /rustc/90b35a6239c3d8bdabc530a6a0816f7ff89a0aaf/library/core/src/ops/function.rs:250:5
[INFO] [stdout]   48:     0x61bcf3b307cb - core::ops::function::FnOnce::call_once::h109cf8051a59b34e
[INFO] [stdout]                                at /rustc/90b35a6239c3d8bdabc530a6a0816f7ff89a0aaf/library/core/src/ops/function.rs:250:5
[INFO] [stdout]   49:     0x61bcf3b307cb - test::__rust_begin_short_backtrace::hf4fff89d377446ba
[INFO] [stdout]                                at /rustc/90b35a6239c3d8bdabc530a6a0816f7ff89a0aaf/library/test/src/lib.rs:621:18
[INFO] [stdout]   50:     0x61bcf3b30007 - test::run_test_in_process::{{closure}}::h0e39181dd7ee5a43
[INFO] [stdout]                                at /rustc/90b35a6239c3d8bdabc530a6a0816f7ff89a0aaf/library/test/src/lib.rs:644:60
[INFO] [stdout]   51:     0x61bcf3b30007 - <core::panic::unwind_safe::AssertUnwindSafe<F> as core::ops::function::FnOnce<()>>::call_once::hc5a66a30f0bdfd1f
[INFO] [stdout]                                at /rustc/90b35a6239c3d8bdabc530a6a0816f7ff89a0aaf/library/core/src/panic/unwind_safe.rs:272:9
[INFO] [stdout]   52:     0x61bcf3b30007 - std::panicking::try::do_call::h873b7cf639554a5e
[INFO] [stdout]                                at /rustc/90b35a6239c3d8bdabc530a6a0816f7ff89a0aaf/library/std/src/panicking.rs:557:40
[INFO] [stdout]   53:     0x61bcf3b30007 - std::panicking::try::hdb19862fad9c8bd1
[INFO] [stdout]                                at /rustc/90b35a6239c3d8bdabc530a6a0816f7ff89a0aaf/library/std/src/panicking.rs:520:19
[INFO] [stdout]   54:     0x61bcf3b30007 - std::panic::catch_unwind::h281fe732d236d260
[INFO] [stdout]                                at /rustc/90b35a6239c3d8bdabc530a6a0816f7ff89a0aaf/library/std/src/panic.rs:358:14
[INFO] [stdout]   55:     0x61bcf3b30007 - test::run_test_in_process::h949b6df8457ed338
[INFO] [stdout]                                at /rustc/90b35a6239c3d8bdabc530a6a0816f7ff89a0aaf/library/test/src/lib.rs:644:27
[INFO] [stdout]   56:     0x61bcf3b30007 - test::run_test::{{closure}}::h52c556a6d4740e10
[INFO] [stdout]                                at /rustc/90b35a6239c3d8bdabc530a6a0816f7ff89a0aaf/library/test/src/lib.rs:565:43
[INFO] [stdout]   57:     0x61bcf3af52e4 - test::run_test::{{closure}}::h4237f6381c45ccb9
[INFO] [stdout]                                at /rustc/90b35a6239c3d8bdabc530a6a0816f7ff89a0aaf/library/test/src/lib.rs:595:41
[INFO] [stdout]   58:     0x61bcf3af52e4 - std::sys::backtrace::__rust_begin_short_backtrace::h505c97a579eca628
[INFO] [stdout]                                at /rustc/90b35a6239c3d8bdabc530a6a0816f7ff89a0aaf/library/std/src/sys/backtrace.rs:154:18
[INFO] [stdout]   59:     0x61bcf3af89ae - std::thread::Builder::spawn_unchecked_::{{closure}}::{{closure}}::h9e86b2e2bc107ea3
[INFO] [stdout]                                at /rustc/90b35a6239c3d8bdabc530a6a0816f7ff89a0aaf/library/std/src/thread/mod.rs:538:17
[INFO] [stdout]   60:     0x61bcf3af89ae - <core::panic::unwind_safe::AssertUnwindSafe<F> as core::ops::function::FnOnce<()>>::call_once::h8b06ddb275ff4a25
[INFO] [stdout]                                at /rustc/90b35a6239c3d8bdabc530a6a0816f7ff89a0aaf/library/core/src/panic/unwind_safe.rs:272:9
[INFO] [stdout]   61:     0x61bcf3af89ae - std::panicking::try::do_call::hb26ecd7cd9a9355d
[INFO] [stdout]                                at /rustc/90b35a6239c3d8bdabc530a6a0816f7ff89a0aaf/library/std/src/panicking.rs:557:40
[INFO] [stdout]   62:     0x61bcf3af89ae - std::panicking::try::h8ddeca9d705f9069
[INFO] [stdout]                                at /rustc/90b35a6239c3d8bdabc530a6a0816f7ff89a0aaf/library/std/src/panicking.rs:520:19
[INFO] [stdout]   63:     0x61bcf3af89ae - std::panic::catch_unwind::h49e1c33078844c46
[INFO] [stdout]                                at /rustc/90b35a6239c3d8bdabc530a6a0816f7ff89a0aaf/library/std/src/panic.rs:358:14
[INFO] [stdout]   64:     0x61bcf3af89ae - std::thread::Builder::spawn_unchecked_::{{closure}}::h6073db6ff56ad35d
[INFO] [stdout]                                at /rustc/90b35a6239c3d8bdabc530a6a0816f7ff89a0aaf/library/std/src/thread/mod.rs:537:30
[INFO] [stdout]   65:     0x61bcf3af89ae - core::ops::function::FnOnce::call_once{{vtable.shim}}::h2c5a5f3779c774f1
[INFO] [stdout]                                at /rustc/90b35a6239c3d8bdabc530a6a0816f7ff89a0aaf/library/core/src/ops/function.rs:250:5
[INFO] [stdout]   66:     0x61bcf401254b - <alloc::boxed::Box<F,A> as core::ops::function::FnOnce<Args>>::call_once::hf75717d9f28faebf
[INFO] [stdout]                                at /rustc/90b35a6239c3d8bdabc530a6a0816f7ff89a0aaf/library/alloc/src/boxed.rs:2454:9
[INFO] [stdout]   67:     0x61bcf401254b - <alloc::boxed::Box<F,A> as core::ops::function::FnOnce<Args>>::call_once::h7bd883a5f3c5f3c1
[INFO] [stdout]                                at /rustc/90b35a6239c3d8bdabc530a6a0816f7ff89a0aaf/library/alloc/src/boxed.rs:2454:9
[INFO] [stdout]   68:     0x61bcf401254b - std::sys::pal::unix::thread::Thread::new::thread_start::hcc78f3943333fa94
[INFO] [stdout]                                at /rustc/90b35a6239c3d8bdabc530a6a0816f7ff89a0aaf/library/std/src/sys/pal/unix/thread.rs:105:17
[INFO] [stdout]   69:     0x7fadf4170ac3 - <unknown>
[INFO] [stdout]   70:     0x7fadf4201a04 - clone
[INFO] [stdout]   71:                0x0 - <unknown>
[INFO] [stdout] 
[INFO] [stdout] ---- dataset::image::mnist::tests::test_parse_labels stdout ----
[INFO] [stdout] thread 'dataset::image::mnist::tests::test_parse_labels' panicked at src/dataset/image/mnist.rs:554:14:
[INFO] [stdout] Failed to get label data: "error sending request for url (https://storage.googleapis.com/cvdf-datasets/mnist/train-labels-idx1-ubyte.gz)"
[INFO] [stdout] stack backtrace:
[INFO] [stdout]    0:     0x61bcf400b6aa - std::backtrace_rs::backtrace::libunwind::trace::h5a5b8284f2d0c266
[INFO] [stdout]                                at /rustc/90b35a6239c3d8bdabc530a6a0816f7ff89a0aaf/library/std/src/../../backtrace/src/backtrace/libunwind.rs:116:5
[INFO] [stdout]    1:     0x61bcf400b6aa - std::backtrace_rs::backtrace::trace_unsynchronized::h76d4f1c9b0b875e3
[INFO] [stdout]                                at /rustc/90b35a6239c3d8bdabc530a6a0816f7ff89a0aaf/library/std/src/../../backtrace/src/backtrace/mod.rs:66:5
[INFO] [stdout]    2:     0x61bcf400b6aa - std::sys::backtrace::_print_fmt::hc4546b8364a537c6
[INFO] [stdout]                                at /rustc/90b35a6239c3d8bdabc530a6a0816f7ff89a0aaf/library/std/src/sys/backtrace.rs:66:9
[INFO] [stdout]    3:     0x61bcf400b6aa - <std::sys::backtrace::BacktraceLock::print::DisplayBacktrace as core::fmt::Display>::fmt::h5b6bd5631a6d1f6b
[INFO] [stdout]                                at /rustc/90b35a6239c3d8bdabc530a6a0816f7ff89a0aaf/library/std/src/sys/backtrace.rs:39:26
[INFO] [stdout]    4:     0x61bcf40357a3 - core::fmt::rt::Argument::fmt::h270f6602a2b96f62
[INFO] [stdout]                                at /rustc/90b35a6239c3d8bdabc530a6a0816f7ff89a0aaf/library/core/src/fmt/rt.rs:177:76
[INFO] [stdout]    5:     0x61bcf40357a3 - core::fmt::write::h7550c97b06c86515
[INFO] [stdout]                                at /rustc/90b35a6239c3d8bdabc530a6a0816f7ff89a0aaf/library/core/src/fmt/mod.rs:1186:21
[INFO] [stdout]    6:     0x61bcf4007aa3 - std::io::Write::write_fmt::h509ff860e5956e5e
[INFO] [stdout]                                at /rustc/90b35a6239c3d8bdabc530a6a0816f7ff89a0aaf/library/std/src/io/mod.rs:1839:15
[INFO] [stdout]    7:     0x61bcf400b4f2 - std::sys::backtrace::BacktraceLock::print::h2395ccd2c84ba3aa
[INFO] [stdout]                                at /rustc/90b35a6239c3d8bdabc530a6a0816f7ff89a0aaf/library/std/src/sys/backtrace.rs:42:9
[INFO] [stdout]    8:     0x61bcf400cb0a - std::panicking::default_hook::{{closure}}::he19d4c7230e07961
[INFO] [stdout]                                at /rustc/90b35a6239c3d8bdabc530a6a0816f7ff89a0aaf/library/std/src/panicking.rs:268:22
[INFO] [stdout]    9:     0x61bcf400c914 - std::panicking::default_hook::hf614597d3c67bbdb
[INFO] [stdout]                                at /rustc/90b35a6239c3d8bdabc530a6a0816f7ff89a0aaf/library/std/src/panicking.rs:292:9
[INFO] [stdout]   10:     0x61bcf3b2be09 - <alloc::boxed::Box<F,A> as core::ops::function::Fn<Args>>::call::h39b51ce4599c23d1
[INFO] [stdout]                                at /rustc/90b35a6239c3d8bdabc530a6a0816f7ff89a0aaf/library/alloc/src/boxed.rs:2468:9
[INFO] [stdout]   11:     0x61bcf3b2be09 - test::test_main::{{closure}}::he977ae839a582784
[INFO] [stdout]                                at /rustc/90b35a6239c3d8bdabc530a6a0816f7ff89a0aaf/library/test/src/lib.rs:133:21
[INFO] [stdout]   12:     0x61bcf400d1a8 - <alloc::boxed::Box<F,A> as core::ops::function::Fn<Args>>::call::h9455091b6b06f9fb
[INFO] [stdout]                                at /rustc/90b35a6239c3d8bdabc530a6a0816f7ff89a0aaf/library/alloc/src/boxed.rs:2468:9
[INFO] [stdout]   13:     0x61bcf400d1a8 - std::panicking::rust_panic_with_hook::h8942133a8b252070
[INFO] [stdout]                                at /rustc/90b35a6239c3d8bdabc530a6a0816f7ff89a0aaf/library/std/src/panicking.rs:809:13
[INFO] [stdout]   14:     0x61bcf400cf6a - std::panicking::begin_panic_handler::{{closure}}::hb5f5963570096b29
[INFO] [stdout]                                at /rustc/90b35a6239c3d8bdabc530a6a0816f7ff89a0aaf/library/std/src/panicking.rs:674:13
[INFO] [stdout]   15:     0x61bcf400bb89 - std::sys::backtrace::__rust_end_short_backtrace::h6208cedc1922feda
[INFO] [stdout]                                at /rustc/90b35a6239c3d8bdabc530a6a0816f7ff89a0aaf/library/std/src/sys/backtrace.rs:170:18
[INFO] [stdout]   16:     0x61bcf400cbfc - rust_begin_unwind
[INFO] [stdout]                                at /rustc/90b35a6239c3d8bdabc530a6a0816f7ff89a0aaf/library/std/src/panicking.rs:665:5
[INFO] [stdout]   17:     0x61bcf39cb2f0 - core::panicking::panic_fmt::h0c3082644d1bf418
[INFO] [stdout]                                at /rustc/90b35a6239c3d8bdabc530a6a0816f7ff89a0aaf/library/core/src/panicking.rs:74:14
[INFO] [stdout]   18:     0x61bcf39cb7d6 - core::result::unwrap_failed::hd20b4aa073bda1e2
[INFO] [stdout]                                at /rustc/90b35a6239c3d8bdabc530a6a0816f7ff89a0aaf/library/core/src/result.rs:1700:5
[INFO] [stdout]   19:     0x61bcf3ad20c6 - core::result::Result<T,E>::expect::h01ea7c462f7c6529
[INFO] [stdout]                                at /rustc/90b35a6239c3d8bdabc530a6a0816f7ff89a0aaf/library/core/src/result.rs:1061:23
[INFO] [stdout]   20:     0x61bcf3a63474 - deltaml::dataset::image::mnist::tests::test_parse_labels::{{closure}}::{{closure}}::hf639857c47aba5e5
[INFO] [stdout]                                at /opt/rustwide/workdir/src/dataset/image/mnist.rs:552:28
[INFO] [stdout]   21:     0x61bcf3acd532 - <core::pin::Pin<P> as core::future::future::Future>::poll::hfbddfa0a2e18d8ca
[INFO] [stdout]                                at /rustc/90b35a6239c3d8bdabc530a6a0816f7ff89a0aaf/library/core/src/future/future.rs:123:9
[INFO] [stdout]   22:     0x61bcf3acd3ad - <core::pin::Pin<P> as core::future::future::Future>::poll::h68de8f0f0f9e3fbd
[INFO] [stdout]                                at /rustc/90b35a6239c3d8bdabc530a6a0816f7ff89a0aaf/library/core/src/future/future.rs:123:9
[INFO] [stdout]   23:     0x61bcf3acd0ff - tokio::runtime::scheduler::current_thread::CoreGuard::block_on::{{closure}}::{{closure}}::{{closure}}::hd08c54c672b048dc
[INFO] [stdout]                                at /opt/rustwide/cargo-home/registry/src/index.crates.io-6f17d22bba15001f/tokio-1.42.0/src/runtime/scheduler/current_thread/mod.rs:729:57
[INFO] [stdout]   24:     0x61bcf3accdc5 - tokio::runtime::coop::with_budget::h2465a1aed6345cc1
[INFO] [stdout]                                at /opt/rustwide/cargo-home/registry/src/index.crates.io-6f17d22bba15001f/tokio-1.42.0/src/runtime/coop.rs:107:5
[INFO] [stdout]   25:     0x61bcf3accdc5 - tokio::runtime::coop::budget::h475b76a44cd77736
[INFO] [stdout]                                at /opt/rustwide/cargo-home/registry/src/index.crates.io-6f17d22bba15001f/tokio-1.42.0/src/runtime/coop.rs:73:5
[INFO] [stdout]   26:     0x61bcf3accdc5 - tokio::runtime::scheduler::current_thread::CoreGuard::block_on::{{closure}}::{{closure}}::h8f572b3f3e9666f0
[INFO] [stdout]                                at /opt/rustwide/cargo-home/registry/src/index.crates.io-6f17d22bba15001f/tokio-1.42.0/src/runtime/scheduler/current_thread/mod.rs:729:25
[INFO] [stdout]   27:     0x61bcf3ac73b0 - tokio::runtime::scheduler::current_thread::Context::enter::h010260092dc3e737
[INFO] [stdout]                                at /opt/rustwide/cargo-home/registry/src/index.crates.io-6f17d22bba15001f/tokio-1.42.0/src/runtime/scheduler/current_thread/mod.rs:428:19
[INFO] [stdout]   28:     0x61bcf3acb18e - tokio::runtime::scheduler::current_thread::CoreGuard::block_on::{{closure}}::h5b44f55301b48300
[INFO] [stdout]                                at /opt/rustwide/cargo-home/registry/src/index.crates.io-6f17d22bba15001f/tokio-1.42.0/src/runtime/scheduler/current_thread/mod.rs:728:36
[INFO] [stdout]   29:     0x61bcf3aca544 - tokio::runtime::scheduler::current_thread::CoreGuard::enter::{{closure}}::ha12ddf8237489a7f
[INFO] [stdout]                                at /opt/rustwide/cargo-home/registry/src/index.crates.io-6f17d22bba15001f/tokio-1.42.0/src/runtime/scheduler/current_thread/mod.rs:807:68
[INFO] [stdout]   30:     0x61bcf3ad732b - tokio::runtime::context::scoped::Scoped<T>::set::he3fc6d6a2809839c
[INFO] [stdout]                                at /opt/rustwide/cargo-home/registry/src/index.crates.io-6f17d22bba15001f/tokio-1.42.0/src/runtime/context/scoped.rs:40:9
[INFO] [stdout]   31:     0x61bcf3aa1ed9 - tokio::runtime::context::set_scheduler::{{closure}}::h0af7178149559232
[INFO] [stdout]                                at /opt/rustwide/cargo-home/registry/src/index.crates.io-6f17d22bba15001f/tokio-1.42.0/src/runtime/context.rs:180:26
[INFO] [stdout]   32:     0x61bcf3ab61cd - std::thread::local::LocalKey<T>::try_with::hd956c7a3e2447438
[INFO] [stdout]                                at /rustc/90b35a6239c3d8bdabc530a6a0816f7ff89a0aaf/library/std/src/thread/local.rs:283:12
[INFO] [stdout]   33:     0x61bcf3ab461a - std::thread::local::LocalKey<T>::with::h9b84fe0fbd0d00f2
[INFO] [stdout]                                at /rustc/90b35a6239c3d8bdabc530a6a0816f7ff89a0aaf/library/std/src/thread/local.rs:260:9
[INFO] [stdout]   34:     0x61bcf3aa1e0d - tokio::runtime::context::set_scheduler::h759b1fd4e8d9a4b7
[INFO] [stdout]                                at /opt/rustwide/cargo-home/registry/src/index.crates.io-6f17d22bba15001f/tokio-1.42.0/src/runtime/context.rs:180:9
[INFO] [stdout]   35:     0x61bcf3ac9e70 - tokio::runtime::scheduler::current_thread::CoreGuard::enter::hc60781a452e54b3e
[INFO] [stdout]                                at /opt/rustwide/cargo-home/registry/src/index.crates.io-6f17d22bba15001f/tokio-1.42.0/src/runtime/scheduler/current_thread/mod.rs:807:27
[INFO] [stdout]   36:     0x61bcf3aca5c3 - tokio::runtime::scheduler::current_thread::CoreGuard::block_on::h9efde63220df180d
[INFO] [stdout]                                at /opt/rustwide/cargo-home/registry/src/index.crates.io-6f17d22bba15001f/tokio-1.42.0/src/runtime/scheduler/current_thread/mod.rs:716:19
[INFO] [stdout]   37:     0x61bcf3ac639a - tokio::runtime::scheduler::current_thread::CurrentThread::block_on::{{closure}}::h2a2fa4f3c769e145
[INFO] [stdout]                                at /opt/rustwide/cargo-home/registry/src/index.crates.io-6f17d22bba15001f/tokio-1.42.0/src/runtime/scheduler/current_thread/mod.rs:196:28
[INFO] [stdout]   38:     0x61bcf3a9c626 - tokio::runtime::context::runtime::enter_runtime::h9f2396c41db4e3ec
[INFO] [stdout]                                at /opt/rustwide/cargo-home/registry/src/index.crates.io-6f17d22bba15001f/tokio-1.42.0/src/runtime/context/runtime.rs:65:16
[INFO] [stdout]   39:     0x61bcf3ac5cc1 - tokio::runtime::scheduler::current_thread::CurrentThread::block_on::hb348a8c70f7a5cfc
[INFO] [stdout]                                at /opt/rustwide/cargo-home/registry/src/index.crates.io-6f17d22bba15001f/tokio-1.42.0/src/runtime/scheduler/current_thread/mod.rs:184:9
[INFO] [stdout]   40:     0x61bcf3adf0c3 - tokio::runtime::runtime::Runtime::block_on_inner::h3678e390242ecce7
[INFO] [stdout]                                at /opt/rustwide/cargo-home/registry/src/index.crates.io-6f17d22bba15001f/tokio-1.42.0/src/runtime/runtime.rs:368:47
[INFO] [stdout]   41:     0x61bcf3adf577 - tokio::runtime::runtime::Runtime::block_on::h5a5087c15fa88be2
[INFO] [stdout]                                at /opt/rustwide/cargo-home/registry/src/index.crates.io-6f17d22bba15001f/tokio-1.42.0/src/runtime/runtime.rs:342:13
[INFO] [stdout]   42:     0x61bcf3a6320b - deltaml::dataset::image::mnist::tests::test_parse_labels::{{closure}}::hc4e220d76bcc7a42
[INFO] [stdout]                                at /opt/rustwide/workdir/src/dataset/image/mnist.rs:559:9
[INFO] [stdout]   43:     0x61bcf3a96dfe - core::ops::function::FnOnce::call_once::hffc7db9c2ec30235
[INFO] [stdout]                                at /rustc/90b35a6239c3d8bdabc530a6a0816f7ff89a0aaf/library/core/src/ops/function.rs:250:5
[INFO] [stdout]   44:     0x61bcf3eb83d3 - serial_test::serial_code_lock::local_serial_core::hc0d658df69893bbf
[INFO] [stdout]                                at /opt/rustwide/cargo-home/registry/src/index.crates.io-6f17d22bba15001f/serial_test-3.2.0/src/serial_code_lock.rs:36:5
[INFO] [stdout]   45:     0x61bcf3a6309b - deltaml::dataset::image::mnist::tests::test_parse_labels::h036627b95fde3473
[INFO] [stdout]                                at /opt/rustwide/workdir/src/dataset/image/mnist.rs:550:5
[INFO] [stdout]   46:     0x61bcf3a63017 - deltaml::dataset::image::mnist::tests::test_parse_labels::{{closure}}::h4d9e7683067ebc3f
[INFO] [stdout]                                at /opt/rustwide/workdir/src/dataset/image/mnist.rs:550:14
[INFO] [stdout]   47:     0x61bcf3a96476 - core::ops::function::FnOnce::call_once::hbf4a70c82eb16f81
[INFO] [stdout]                                at /rustc/90b35a6239c3d8bdabc530a6a0816f7ff89a0aaf/library/core/src/ops/function.rs:250:5
[INFO] [stdout]   48:     0x61bcf3b307cb - core::ops::function::FnOnce::call_once::h109cf8051a59b34e
[INFO] [stdout]                                at /rustc/90b35a6239c3d8bdabc530a6a0816f7ff89a0aaf/library/core/src/ops/function.rs:250:5
[INFO] [stdout]   49:     0x61bcf3b307cb - test::__rust_begin_short_backtrace::hf4fff89d377446ba
[INFO] [stdout]                                at /rustc/90b35a6239c3d8bdabc530a6a0816f7ff89a0aaf/library/test/src/lib.rs:621:18
[INFO] [stdout]   50:     0x61bcf3b30007 - test::run_test_in_process::{{closure}}::h0e39181dd7ee5a43
[INFO] [stdout]                                at /rustc/90b35a6239c3d8bdabc530a6a0816f7ff89a0aaf/library/test/src/lib.rs:644:60
[INFO] [stdout]   51:     0x61bcf3b30007 - <core::panic::unwind_safe::AssertUnwindSafe<F> as core::ops::function::FnOnce<()>>::call_once::hc5a66a30f0bdfd1f
[INFO] [stdout]                                at /rustc/90b35a6239c3d8bdabc530a6a0816f7ff89a0aaf/library/core/src/panic/unwind_safe.rs:272:9
[INFO] [stdout]   52:     0x61bcf3b30007 - std::panicking::try::do_call::h873b7cf639554a5e
[INFO] [stdout]                                at /rustc/90b35a6239c3d8bdabc530a6a0816f7ff89a0aaf/library/std/src/panicking.rs:557:40
[INFO] [stdout]   53:     0x61bcf3b30007 - std::panicking::try::hdb19862fad9c8bd1
[INFO] [stdout]                                at /rustc/90b35a6239c3d8bdabc530a6a0816f7ff89a0aaf/library/std/src/panicking.rs:520:19
[INFO] [stdout]   54:     0x61bcf3b30007 - std::panic::catch_unwind::h281fe732d236d260
[INFO] [stdout]                                at /rustc/90b35a6239c3d8bdabc530a6a0816f7ff89a0aaf/library/std/src/panic.rs:358:14
[INFO] [stdout]   55:     0x61bcf3b30007 - test::run_test_in_process::h949b6df8457ed338
[INFO] [stdout]                                at /rustc/90b35a6239c3d8bdabc530a6a0816f7ff89a0aaf/library/test/src/lib.rs:644:27
[INFO] [stdout]   56:     0x61bcf3b30007 - test::run_test::{{closure}}::h52c556a6d4740e10
[INFO] [stdout]                                at /rustc/90b35a6239c3d8bdabc530a6a0816f7ff89a0aaf/library/test/src/lib.rs:565:43
[INFO] [stdout]   57:     0x61bcf3af52e4 - test::run_test::{{closure}}::h4237f6381c45ccb9
[INFO] [stdout]                                at /rustc/90b35a6239c3d8bdabc530a6a0816f7ff89a0aaf/library/test/src/lib.rs:595:41
[INFO] [stdout]   58:     0x61bcf3af52e4 - std::sys::backtrace::__rust_begin_short_backtrace::h505c97a579eca628
[INFO] [stdout]                                at /rustc/90b35a6239c3d8bdabc530a6a0816f7ff89a0aaf/library/std/src/sys/backtrace.rs:154:18
[INFO] [stdout]   59:     0x61bcf3af89ae - std::thread::Builder::spawn_unchecked_::{{closure}}::{{closure}}::h9e86b2e2bc107ea3
[INFO] [stdout]                                at /rustc/90b35a6239c3d8bdabc530a6a0816f7ff89a0aaf/library/std/src/thread/mod.rs:538:17
[INFO] [stdout]   60:     0x61bcf3af89ae - <core::panic::unwind_safe::AssertUnwindSafe<F> as core::ops::function::FnOnce<()>>::call_once::h8b06ddb275ff4a25
[INFO] [stdout]                                at /rustc/90b35a6239c3d8bdabc530a6a0816f7ff89a0aaf/library/core/src/panic/unwind_safe.rs:272:9
[INFO] [stdout]   61:     0x61bcf3af89ae - std::panicking::try::do_call::hb26ecd7cd9a9355d
[INFO] [stdout]                                at /rustc/90b35a6239c3d8bdabc530a6a0816f7ff89a0aaf/library/std/src/panicking.rs:557:40
[INFO] [stdout]   62:     0x61bcf3af89ae - std::panicking::try::h8ddeca9d705f9069
[INFO] [stdout]                                at /rustc/90b35a6239c3d8bdabc530a6a0816f7ff89a0aaf/library/std/src/panicking.rs:520:19
[INFO] [stdout]   63:     0x61bcf3af89ae - std::panic::catch_unwind::h49e1c33078844c46
[INFO] [stdout]                                at /rustc/90b35a6239c3d8bdabc530a6a0816f7ff89a0aaf/library/std/src/panic.rs:358:14
[INFO] [stdout]   64:     0x61bcf3af89ae - std::thread::Builder::spawn_unchecked_::{{closure}}::h6073db6ff56ad35d
[INFO] [stdout]                                at /rustc/90b35a6239c3d8bdabc530a6a0816f7ff89a0aaf/library/std/src/thread/mod.rs:537:30
[INFO] [stdout]   65:     0x61bcf3af89ae - core::ops::function::FnOnce::call_once{{vtable.shim}}::h2c5a5f3779c774f1
[INFO] [stdout]                                at /rustc/90b35a6239c3d8bdabc530a6a0816f7ff89a0aaf/library/core/src/ops/function.rs:250:5
[INFO] [stdout]   66:     0x61bcf401254b - <alloc::boxed::Box<F,A> as core::ops::function::FnOnce<Args>>::call_once::hf75717d9f28faebf
[INFO] [stdout]                                at /rustc/90b35a6239c3d8bdabc530a6a0816f7ff89a0aaf/library/alloc/src/boxed.rs:2454:9
[INFO] [stdout]   67:     0x61bcf401254b - <alloc::boxed::Box<F,A> as core::ops::function::FnOnce<Args>>::call_once::h7bd883a5f3c5f3c1
[INFO] [stdout]                                at /rustc/90b35a6239c3d8bdabc530a6a0816f7ff89a0aaf/library/alloc/src/boxed.rs:2454:9
[INFO] [stdout]   68:     0x61bcf401254b - std::sys::pal::unix::thread::Thread::new::thread_start::hcc78f3943333fa94
[INFO] [stdout]                                at /rustc/90b35a6239c3d8bdabc530a6a0816f7ff89a0aaf/library/std/src/sys/pal/unix/thread.rs:105:17
[INFO] [stdout]   69:     0x7fadf4170ac3 - <unknown>
[INFO] [stdout]   70:     0x7fadf4201a04 - clone
[INFO] [stdout]   71:                0x0 - <unknown>
[INFO] [stdout] 
[INFO] [stdout] ---- dataset::image::mnist::tests::test_load_train stdout ----
[INFO] [stdout] thread 'dataset::image::mnist::tests::test_load_train' panicked at src/dataset/image/mnist.rs:266:29:
[INFO] [stdout] Failed to load train dataset: error sending request for url (https://storage.googleapis.com/cvdf-datasets/mnist/train-images-idx3-ubyte.gz)
[INFO] [stdout] stack backtrace:
[INFO] [stdout]    0:     0x61bcf400b6aa - std::backtrace_rs::backtrace::libunwind::trace::h5a5b8284f2d0c266
[INFO] [stdout]                                at /rustc/90b35a6239c3d8bdabc530a6a0816f7ff89a0aaf/library/std/src/../../backtrace/src/backtrace/libunwind.rs:116:5
[INFO] [stdout]    1:     0x61bcf400b6aa - std::backtrace_rs::backtrace::trace_unsynchronized::h76d4f1c9b0b875e3
[INFO] [stdout]                                at /rustc/90b35a6239c3d8bdabc530a6a0816f7ff89a0aaf/library/std/src/../../backtrace/src/backtrace/mod.rs:66:5
[INFO] [stdout]    2:     0x61bcf400b6aa - std::sys::backtrace::_print_fmt::hc4546b8364a537c6
[INFO] [stdout]                                at /rustc/90b35a6239c3d8bdabc530a6a0816f7ff89a0aaf/library/std/src/sys/backtrace.rs:66:9
[INFO] [stdout]    3:     0x61bcf400b6aa - <std::sys::backtrace::BacktraceLock::print::DisplayBacktrace as core::fmt::Display>::fmt::h5b6bd5631a6d1f6b
[INFO] [stdout]                                at /rustc/90b35a6239c3d8bdabc530a6a0816f7ff89a0aaf/library/std/src/sys/backtrace.rs:39:26
[INFO] [stdout]    4:     0x61bcf40357a3 - core::fmt::rt::Argument::fmt::h270f6602a2b96f62
[INFO] [stdout]                                at /rustc/90b35a6239c3d8bdabc530a6a0816f7ff89a0aaf/library/core/src/fmt/rt.rs:177:76
[INFO] [stdout]    5:     0x61bcf40357a3 - core::fmt::write::h7550c97b06c86515
[INFO] [stdout]                                at /rustc/90b35a6239c3d8bdabc530a6a0816f7ff89a0aaf/library/core/src/fmt/mod.rs:1186:21
[INFO] [stdout]    6:     0x61bcf4007aa3 - std::io::Write::write_fmt::h509ff860e5956e5e
[INFO] [stdout]                                at /rustc/90b35a6239c3d8bdabc530a6a0816f7ff89a0aaf/library/std/src/io/mod.rs:1839:15
[INFO] [stdout]    7:     0x61bcf400b4f2 - std::sys::backtrace::BacktraceLock::print::h2395ccd2c84ba3aa
[INFO] [stdout]                                at /rustc/90b35a6239c3d8bdabc530a6a0816f7ff89a0aaf/library/std/src/sys/backtrace.rs:42:9
[INFO] [stdout]    8:     0x61bcf400cb0a - std::panicking::default_hook::{{closure}}::he19d4c7230e07961
[INFO] [stdout]                                at /rustc/90b35a6239c3d8bdabc530a6a0816f7ff89a0aaf/library/std/src/panicking.rs:268:22
[INFO] [stdout]    9:     0x61bcf400c914 - std::panicking::default_hook::hf614597d3c67bbdb
[INFO] [stdout]                                at /rustc/90b35a6239c3d8bdabc530a6a0816f7ff89a0aaf/library/std/src/panicking.rs:292:9
[INFO] [stdout]   10:     0x61bcf3b2be09 - <alloc::boxed::Box<F,A> as core::ops::function::Fn<Args>>::call::h39b51ce4599c23d1
[INFO] [stdout]                                at /rustc/90b35a6239c3d8bdabc530a6a0816f7ff89a0aaf/library/alloc/src/boxed.rs:2468:9
[INFO] [stdout]   11:     0x61bcf3b2be09 - test::test_main::{{closure}}::he977ae839a582784
[INFO] [stdout]                                at /rustc/90b35a6239c3d8bdabc530a6a0816f7ff89a0aaf/library/test/src/lib.rs:133:21
[INFO] [stdout]   12:     0x61bcf400d1a8 - <alloc::boxed::Box<F,A> as core::ops::function::Fn<Args>>::call::h9455091b6b06f9fb
[INFO] [stdout]                                at /rustc/90b35a6239c3d8bdabc530a6a0816f7ff89a0aaf/library/alloc/src/boxed.rs:2468:9
[INFO] [stdout]   13:     0x61bcf400d1a8 - std::panicking::rust_panic_with_hook::h8942133a8b252070
[INFO] [stdout]                                at /rustc/90b35a6239c3d8bdabc530a6a0816f7ff89a0aaf/library/std/src/panicking.rs:809:13
[INFO] [stdout]   14:     0x61bcf400cf6a - std::panicking::begin_panic_handler::{{closure}}::hb5f5963570096b29
[INFO] [stdout]                                at /rustc/90b35a6239c3d8bdabc530a6a0816f7ff89a0aaf/library/std/src/panicking.rs:674:13
[INFO] [stdout]   15:     0x61bcf400bb89 - std::sys::backtrace::__rust_end_short_backtrace::h6208cedc1922feda
[INFO] [stdout]                                at /rustc/90b35a6239c3d8bdabc530a6a0816f7ff89a0aaf/library/std/src/sys/backtrace.rs:170:18
[INFO] [stdout]   16:     0x61bcf400cbfc - rust_begin_unwind
[INFO] [stdout]                                at /rustc/90b35a6239c3d8bdabc530a6a0816f7ff89a0aaf/library/std/src/panicking.rs:665:5
[INFO] [stdout]   17:     0x61bcf39cb2f0 - core::panicking::panic_fmt::h0c3082644d1bf418
[INFO] [stdout]                                at /rustc/90b35a6239c3d8bdabc530a6a0816f7ff89a0aaf/library/core/src/panicking.rs:74:14
[INFO] [stdout]   18:     0x61bcf3a59abd - <deltaml::dataset::image::mnist::MnistDataset as deltaml::dataset::base::ImageDatasetOps>::load_train::{{closure}}::h032f161bafbf1b1b
[INFO] [stdout]                                at /opt/rustwide/workdir/src/dataset/image/mnist.rs:266:29
[INFO] [stdout]   19:     0x61bcf3acd30f - <core::pin::Pin<P> as core::future::future::Future>::poll::h09851a235141c67c
[INFO] [stdout]                                at /rustc/90b35a6239c3d8bdabc530a6a0816f7ff89a0aaf/library/core/src/future/future.rs:123:9
[INFO] [stdout]   20:     0x61bcf3a63a41 - deltaml::dataset::image::mnist::tests::test_load_train::{{closure}}::{{closure}}::h00f6a3ef35a16905
[INFO] [stdout]                                at /opt/rustwide/workdir/src/dataset/image/mnist.rs:569:50
[INFO] [stdout]   21:     0x61bcf3acd532 - <core::pin::Pin<P> as core::future::future::Future>::poll::hfbddfa0a2e18d8ca
[INFO] [stdout]                                at /rustc/90b35a6239c3d8bdabc530a6a0816f7ff89a0aaf/library/core/src/future/future.rs:123:9
[INFO] [stdout]   22:     0x61bcf3acd3ad - <core::pin::Pin<P> as core::future::future::Future>::poll::h68de8f0f0f9e3fbd
[INFO] [stdout]                                at /rustc/90b35a6239c3d8bdabc530a6a0816f7ff89a0aaf/library/core/src/future/future.rs:123:9
[INFO] [stdout]   23:     0x61bcf3acd0ff - tokio::runtime::scheduler::current_thread::CoreGuard::block_on::{{closure}}::{{closure}}::{{closure}}::hd08c54c672b048dc
[INFO] [stdout]                                at /opt/rustwide/cargo-home/registry/src/index.crates.io-6f17d22bba15001f/tokio-1.42.0/src/runtime/scheduler/current_thread/mod.rs:729:57
[INFO] [stdout]   24:     0x61bcf3accdc5 - tokio::runtime::coop::with_budget::h2465a1aed6345cc1
[INFO] [stdout]                                at /opt/rustwide/cargo-home/registry/src/index.crates.io-6f17d22bba15001f/tokio-1.42.0/src/runtime/coop.rs:107:5
[INFO] [stdout]   25:     0x61bcf3accdc5 - tokio::runtime::coop::budget::h475b76a44cd77736
[INFO] [stdout]                                at /opt/rustwide/cargo-home/registry/src/index.crates.io-6f17d22bba15001f/tokio-1.42.0/src/runtime/coop.rs:73:5
[INFO] [stdout]   26:     0x61bcf3accdc5 - tokio::runtime::scheduler::current_thread::CoreGuard::block_on::{{closure}}::{{closure}}::h8f572b3f3e9666f0
[INFO] [stdout]                                at /opt/rustwide/cargo-home/registry/src/index.crates.io-6f17d22bba15001f/tokio-1.42.0/src/runtime/scheduler/current_thread/mod.rs:729:25
[INFO] [stdout]   27:     0x61bcf3ac73b0 - tokio::runtime::scheduler::current_thread::Context::enter::h010260092dc3e737
[INFO] [stdout]                                at /opt/rustwide/cargo-home/registry/src/index.crates.io-6f17d22bba15001f/tokio-1.42.0/src/runtime/scheduler/current_thread/mod.rs:428:19
[INFO] [stdout]   28:     0x61bcf3acb18e - tokio::runtime::scheduler::current_thread::CoreGuard::block_on::{{closure}}::h5b44f55301b48300
[INFO] [stdout]                                at /opt/rustwide/cargo-home/registry/src/index.crates.io-6f17d22bba15001f/tokio-1.42.0/src/runtime/scheduler/current_thread/mod.rs:728:36
[INFO] [stdout]   29:     0x61bcf3aca544 - tokio::runtime::scheduler::current_thread::CoreGuard::enter::{{closure}}::ha12ddf8237489a7f
[INFO] [stdout]                                at /opt/rustwide/cargo-home/registry/src/index.crates.io-6f17d22bba15001f/tokio-1.42.0/src/runtime/scheduler/current_thread/mod.rs:807:68
[INFO] [stdout]   30:     0x61bcf3ad732b - tokio::runtime::context::scoped::Scoped<T>::set::he3fc6d6a2809839c
[INFO] [stdout]                                at /opt/rustwide/cargo-home/registry/src/index.crates.io-6f17d22bba15001f/tokio-1.42.0/src/runtime/context/scoped.rs:40:9
[INFO] [stdout]   31:     0x61bcf3aa1ed9 - tokio::runtime::context::set_scheduler::{{closure}}::h0af7178149559232
[INFO] [stdout]                                at /opt/rustwide/cargo-home/registry/src/index.crates.io-6f17d22bba15001f/tokio-1.42.0/src/runtime/context.rs:180:26
[INFO] [stdout]   32:     0x61bcf3ab61cd - std::thread::local::LocalKey<T>::try_with::hd956c7a3e2447438
[INFO] [stdout]                                at /rustc/90b35a6239c3d8bdabc530a6a0816f7ff89a0aaf/library/std/src/thread/local.rs:283:12
[INFO] [stdout]   33:     0x61bcf3ab461a - std::thread::local::LocalKey<T>::with::h9b84fe0fbd0d00f2
[INFO] [stdout]                                at /rustc/90b35a6239c3d8bdabc530a6a0816f7ff89a0aaf/library/std/src/thread/local.rs:260:9
[INFO] [stdout]   34:     0x61bcf3aa1e0d - tokio::runtime::context::set_scheduler::h759b1fd4e8d9a4b7
[INFO] [stdout]                                at /opt/rustwide/cargo-home/registry/src/index.crates.io-6f17d22bba15001f/tokio-1.42.0/src/runtime/context.rs:180:9
[INFO] [stdout]   35:     0x61bcf3ac9e70 - tokio::runtime::scheduler::current_thread::CoreGuard::enter::hc60781a452e54b3e
[INFO] [stdout]                                at /opt/rustwide/cargo-home/registry/src/index.crates.io-6f17d22bba15001f/tokio-1.42.0/src/runtime/scheduler/current_thread/mod.rs:807:27
[INFO] [stdout]   36:     0x61bcf3aca5c3 - tokio::runtime::scheduler::current_thread::CoreGuard::block_on::h9efde63220df180d
[INFO] [stdout]                                at /opt/rustwide/cargo-home/registry/src/index.crates.io-6f17d22bba15001f/tokio-1.42.0/src/runtime/scheduler/current_thread/mod.rs:716:19
[INFO] [stdout]   37:     0x61bcf3ac639a - tokio::runtime::scheduler::current_thread::CurrentThread::block_on::{{closure}}::h2a2fa4f3c769e145
[INFO] [stdout]                                at /opt/rustwide/cargo-home/registry/src/index.crates.io-6f17d22bba15001f/tokio-1.42.0/src/runtime/scheduler/current_thread/mod.rs:196:28
[INFO] [stdout]   38:     0x61bcf3a9c626 - tokio::runtime::context::runtime::enter_runtime::h9f2396c41db4e3ec
[INFO] [stdout]                                at /opt/rustwide/cargo-home/registry/src/index.crates.io-6f17d22bba15001f/tokio-1.42.0/src/runtime/context/runtime.rs:65:16
[INFO] [stdout]   39:     0x61bcf3ac5cc1 - tokio::runtime::scheduler::current_thread::CurrentThread::block_on::hb348a8c70f7a5cfc
[INFO] [stdout]                                at /opt/rustwide/cargo-home/registry/src/index.crates.io-6f17d22bba15001f/tokio-1.42.0/src/runtime/scheduler/current_thread/mod.rs:184:9
[INFO] [stdout]   40:     0x61bcf3adf0c3 - tokio::runtime::runtime::Runtime::block_on_inner::h3678e390242ecce7
[INFO] [stdout]                                at /opt/rustwide/cargo-home/registry/src/index.crates.io-6f17d22bba15001f/tokio-1.42.0/src/runtime/runtime.rs:368:47
[INFO] [stdout]   41:     0x61bcf3adf577 - tokio::runtime::runtime::Runtime::block_on::h5a5087c15fa88be2
[INFO] [stdout]                                at /opt/rustwide/cargo-home/registry/src/index.crates.io-6f17d22bba15001f/tokio-1.42.0/src/runtime/runtime.rs:342:13
[INFO] [stdout]   42:     0x61bcf3a6386d - deltaml::dataset::image::mnist::tests::test_load_train::{{closure}}::h107c73a33107b623
[INFO] [stdout]                                at /opt/rustwide/workdir/src/dataset/image/mnist.rs:570:9
[INFO] [stdout]   43:     0x61bcf3a95d4e - core::ops::function::FnOnce::call_once::h950149837ea3d003
[INFO] [stdout]                                at /rustc/90b35a6239c3d8bdabc530a6a0816f7ff89a0aaf/library/core/src/ops/function.rs:250:5
[INFO] [stdout]   44:     0x61bcf3eb83d3 - serial_test::serial_code_lock::local_serial_core::hc0d658df69893bbf
[INFO] [stdout]                                at /opt/rustwide/cargo-home/registry/src/index.crates.io-6f17d22bba15001f/serial_test-3.2.0/src/serial_code_lock.rs:36:5
[INFO] [stdout]   45:     0x61bcf3a6370b - deltaml::dataset::image::mnist::tests::test_load_train::h9f4ec5d58c1a3520
[INFO] [stdout]                                at /opt/rustwide/workdir/src/dataset/image/mnist.rs:567:5
[INFO] [stdout]   46:     0x61bcf3a63687 - deltaml::dataset::image::mnist::tests::test_load_train::{{closure}}::h7915300a763e7c1c
[INFO] [stdout]                                at /opt/rustwide/workdir/src/dataset/image/mnist.rs:567:14
[INFO] [stdout]   47:     0x61bcf3a967e6 - core::ops::function::FnOnce::call_once::hd359264782180921
[INFO] [stdout]                                at /rustc/90b35a6239c3d8bdabc530a6a0816f7ff89a0aaf/library/core/src/ops/function.rs:250:5
[INFO] [stdout]   48:     0x61bcf3b307cb - core::ops::function::FnOnce::call_once::h109cf8051a59b34e
[INFO] [stdout]                                at /rustc/90b35a6239c3d8bdabc530a6a0816f7ff89a0aaf/library/core/src/ops/function.rs:250:5
[INFO] [stdout]   49:     0x61bcf3b307cb - test::__rust_begin_short_backtrace::hf4fff89d377446ba
[INFO] [stdout]                                at /rustc/90b35a6239c3d8bdabc530a6a0816f7ff89a0aaf/library/test/src/lib.rs:621:18
[INFO] [stdout]   50:     0x61bcf3b30007 - test::run_test_in_process::{{closure}}::h0e39181dd7ee5a43
[INFO] [stdout]                                at /rustc/90b35a6239c3d8bdabc530a6a0816f7ff89a0aaf/library/test/src/lib.rs:644:60
[INFO] [stdout]   51:     0x61bcf3b30007 - <core::panic::unwind_safe::AssertUnwindSafe<F> as core::ops::function::FnOnce<()>>::call_once::hc5a66a30f0bdfd1f
[INFO] [stdout]                                at /rustc/90b35a6239c3d8bdabc530a6a0816f7ff89a0aaf/library/core/src/panic/unwind_safe.rs:272:9
[INFO] [stdout]   52:     0x61bcf3b30007 - std::panicking::try::do_call::h873b7cf639554a5e
[INFO] [stdout]                                at /rustc/90b35a6239c3d8bdabc530a6a0816f7ff89a0aaf/library/std/src/panicking.rs:557:40
[INFO] [stdout]   53:     0x61bcf3b30007 - std::panicking::try::hdb19862fad9c8bd1
[INFO] [stdout]                                at /rustc/90b35a6239c3d8bdabc530a6a0816f7ff89a0aaf/library/std/src/panicking.rs:520:19
[INFO] [stdout]   54:     0x61bcf3b30007 - std::panic::catch_unwind::h281fe732d236d260
[INFO] [stdout]                                at /rustc/90b35a6239c3d8bdabc530a6a0816f7ff89a0aaf/library/std/src/panic.rs:358:14
[INFO] [stdout]   55:     0x61bcf3b30007 - test::run_test_in_process::h949b6df8457ed338
[INFO] [stdout]                                at /rustc/90b35a6239c3d8bdabc530a6a0816f7ff89a0aaf/library/test/src/lib.rs:644:27
[INFO] [stdout]   56:     0x61bcf3b30007 - test::run_test::{{closure}}::h52c556a6d4740e10
[INFO] [stdout]                                at /rustc/90b35a6239c3d8bdabc530a6a0816f7ff89a0aaf/library/test/src/lib.rs:565:43
[INFO] [stdout]   57:     0x61bcf3af52e4 - test::run_test::{{closure}}::h4237f6381c45ccb9
[INFO] [stdout]                                at /rustc/90b35a6239c3d8bdabc530a6a0816f7ff89a0aaf/library/test/src/lib.rs:595:41
[INFO] [stdout]   58:     0x61bcf3af52e4 - std::sys::backtrace::__rust_begin_short_backtrace::h505c97a579eca628
[INFO] [stdout]                                at /rustc/90b35a6239c3d8bdabc530a6a0816f7ff89a0aaf/library/std/src/sys/backtrace.rs:154:18
[INFO] [stdout]   59:     0x61bcf3af89ae - std::thread::Builder::spawn_unchecked_::{{closure}}::{{closure}}::h9e86b2e2bc107ea3
[INFO] [stdout]                                at /rustc/90b35a6239c3d8bdabc530a6a0816f7ff89a0aaf/library/std/src/thread/mod.rs:538:17
[INFO] [stdout]   60:     0x61bcf3af89ae - <core::panic::unwind_safe::AssertUnwindSafe<F> as core::ops::function::FnOnce<()>>::call_once::h8b06ddb275ff4a25
[INFO] [stdout]                                at /rustc/90b35a6239c3d8bdabc530a6a0816f7ff89a0aaf/library/core/src/panic/unwind_safe.rs:272:9
[INFO] [stdout]   61:     0x61bcf3af89ae - std::panicking::try::do_call::hb26ecd7cd9a9355d
[INFO] [stdout]                                at /rustc/90b35a6239c3d8bdabc530a6a0816f7ff89a0aaf/library/std/src/panicking.rs:557:40
[INFO] [stdout]   62:     0x61bcf3af89ae - std::panicking::try::h8ddeca9d705f9069
[INFO] [stdout]                                at /rustc/90b35a6239c3d8bdabc530a6a0816f7ff89a0aaf/library/std/src/panicking.rs:520:19
[INFO] [stdout]   63:     0x61bcf3af89ae - std::panic::catch_unwind::h49e1c33078844c46
[INFO] [stdout]                                at /rustc/90b35a6239c3d8bdabc530a6a0816f7ff89a0aaf/library/std/src/panic.rs:358:14
[INFO] [stdout]   64:     0x61bcf3af89ae - std::thread::Builder::spawn_unchecked_::{{closure}}::h6073db6ff56ad35d
[INFO] [stdout]                                at /rustc/90b35a6239c3d8bdabc530a6a0816f7ff89a0aaf/library/std/src/thread/mod.rs:537:30
[INFO] [stdout]   65:     0x61bcf3af89ae - core::ops::function::FnOnce::call_once{{vtable.shim}}::h2c5a5f3779c774f1
[INFO] [stdout]                                at /rustc/90b35a6239c3d8bdabc530a6a0816f7ff89a0aaf/library/core/src/ops/function.rs:250:5
[INFO] [stdout]   66:     0x61bcf401254b - <alloc::boxed::Box<F,A> as core::ops::function::FnOnce<Args>>::call_once::hf75717d9f28faebf
[INFO] [stdout]                                at /rustc/90b35a6239c3d8bdabc530a6a0816f7ff89a0aaf/library/alloc/src/boxed.rs:2454:9
[INFO] [stdout]   67:     0x61bcf401254b - <alloc::boxed::Box<F,A> as core::ops::function::FnOnce<Args>>::call_once::h7bd883a5f3c5f3c1
[INFO] [stdout]                                at /rustc/90b35a6239c3d8bdabc530a6a0816f7ff89a0aaf/library/alloc/src/boxed.rs:2454:9
[INFO] [stdout]   68:     0x61bcf401254b - std::sys::pal::unix::thread::Thread::new::thread_start::hcc78f3943333fa94
[INFO] [stdout]                                at /rustc/90b35a6239c3d8bdabc530a6a0816f7ff89a0aaf/library/std/src/sys/pal/unix/thread.rs:105:17
[INFO] [stdout]   69:     0x7fadf4170ac3 - <unknown>
[INFO] [stdout]   70:     0x7fadf4201a04 - clone
[INFO] [stdout]   71:                0x0 - <unknown>
[INFO] [stdout] 
[INFO] [stdout] ---- dataset::image::mnist::tests::test_download_and_extract stdout ----
[INFO] [stdout] thread 'dataset::image::mnist::tests::test_download_and_extract' panicked at src/dataset/image/mnist.rs:522:13:
[INFO] [stdout] MNIST dataset should be downloaded and extracted
[INFO] [stdout] stack backtrace:
[INFO] [stdout]    0:     0x61bcf400b6aa - std::backtrace_rs::backtrace::libunwind::trace::h5a5b8284f2d0c266
[INFO] [stdout]                                at /rustc/90b35a6239c3d8bdabc530a6a0816f7ff89a0aaf/library/std/src/../../backtrace/src/backtrace/libunwind.rs:116:5
[INFO] [stdout]    1:     0x61bcf400b6aa - std::backtrace_rs::backtrace::trace_unsynchronized::h76d4f1c9b0b875e3
[INFO] [stdout]                                at /rustc/90b35a6239c3d8bdabc530a6a0816f7ff89a0aaf/library/std/src/../../backtrace/src/backtrace/mod.rs:66:5
[INFO] [stdout]    2:     0x61bcf400b6aa - std::sys::backtrace::_print_fmt::hc4546b8364a537c6
[INFO] [stdout]                                at /rustc/90b35a6239c3d8bdabc530a6a0816f7ff89a0aaf/library/std/src/sys/backtrace.rs:66:9
[INFO] [stdout]    3:     0x61bcf400b6aa - <std::sys::backtrace::BacktraceLock::print::DisplayBacktrace as core::fmt::Display>::fmt::h5b6bd5631a6d1f6b
[INFO] [stdout]                                at /rustc/90b35a6239c3d8bdabc530a6a0816f7ff89a0aaf/library/std/src/sys/backtrace.rs:39:26
[INFO] [stdout]    4:     0x61bcf40357a3 - core::fmt::rt::Argument::fmt::h270f6602a2b96f62
[INFO] [stdout]                                at /rustc/90b35a6239c3d8bdabc530a6a0816f7ff89a0aaf/library/core/src/fmt/rt.rs:177:76
[INFO] [stdout]    5:     0x61bcf40357a3 - core::fmt::write::h7550c97b06c86515
[INFO] [stdout]                                at /rustc/90b35a6239c3d8bdabc530a6a0816f7ff89a0aaf/library/core/src/fmt/mod.rs:1186:21
[INFO] [stdout]    6:     0x61bcf4007aa3 - std::io::Write::write_fmt::h509ff860e5956e5e
[INFO] [stdout]                                at /rustc/90b35a6239c3d8bdabc530a6a0816f7ff89a0aaf/library/std/src/io/mod.rs:1839:15
[INFO] [stdout]    7:     0x61bcf400b4f2 - std::sys::backtrace::BacktraceLock::print::h2395ccd2c84ba3aa
[INFO] [stdout]                                at /rustc/90b35a6239c3d8bdabc530a6a0816f7ff89a0aaf/library/std/src/sys/backtrace.rs:42:9
[INFO] [stdout]    8:     0x61bcf400cb0a - std::panicking::default_hook::{{closure}}::he19d4c7230e07961
[INFO] [stdout]                                at /rustc/90b35a6239c3d8bdabc530a6a0816f7ff89a0aaf/library/std/src/panicking.rs:268:22
[INFO] [stdout]    9:     0x61bcf400c914 - std::panicking::default_hook::hf614597d3c67bbdb
[INFO] [stdout]                                at /rustc/90b35a6239c3d8bdabc530a6a0816f7ff89a0aaf/library/std/src/panicking.rs:292:9
[INFO] [stdout]   10:     0x61bcf3b2be09 - <alloc::boxed::Box<F,A> as core::ops::function::Fn<Args>>::call::h39b51ce4599c23d1
[INFO] [stdout]                                at /rustc/90b35a6239c3d8bdabc530a6a0816f7ff89a0aaf/library/alloc/src/boxed.rs:2468:9
[INFO] [stdout]   11:     0x61bcf3b2be09 - test::test_main::{{closure}}::he977ae839a582784
[INFO] [stdout]                                at /rustc/90b35a6239c3d8bdabc530a6a0816f7ff89a0aaf/library/test/src/lib.rs:133:21
[INFO] [stdout]   12:     0x61bcf400d1a8 - <alloc::boxed::Box<F,A> as core::ops::function::Fn<Args>>::call::h9455091b6b06f9fb
[INFO] [stdout]                                at /rustc/90b35a6239c3d8bdabc530a6a0816f7ff89a0aaf/library/alloc/src/boxed.rs:2468:9
[INFO] [stdout]   13:     0x61bcf400d1a8 - std::panicking::rust_panic_with_hook::h8942133a8b252070
[INFO] [stdout]                                at /rustc/90b35a6239c3d8bdabc530a6a0816f7ff89a0aaf/library/std/src/panicking.rs:809:13
[INFO] [stdout]   14:     0x61bcf400cf36 - std::panicking::begin_panic_handler::{{closure}}::hb5f5963570096b29
[INFO] [stdout]                                at /rustc/90b35a6239c3d8bdabc530a6a0816f7ff89a0aaf/library/std/src/panicking.rs:667:13
[INFO] [stdout]   15:     0x61bcf400bb89 - std::sys::backtrace::__rust_end_short_backtrace::h6208cedc1922feda
[INFO] [stdout]                                at /rustc/90b35a6239c3d8bdabc530a6a0816f7ff89a0aaf/library/std/src/sys/backtrace.rs:170:18
[INFO] [stdout]   16:     0x61bcf400cbfc - rust_begin_unwind
[INFO] [stdout]                                at /rustc/90b35a6239c3d8bdabc530a6a0816f7ff89a0aaf/library/std/src/panicking.rs:665:5
[INFO] [stdout]   17:     0x61bcf39cb2f0 - core::panicking::panic_fmt::h0c3082644d1bf418
[INFO] [stdout]                                at /rustc/90b35a6239c3d8bdabc530a6a0816f7ff89a0aaf/library/core/src/panicking.rs:74:14
[INFO] [stdout]   18:     0x61bcf3a62855 - deltaml::dataset::image::mnist::tests::test_download_and_extract::{{closure}}::{{closure}}::h355129e0e9f7bc7c
[INFO] [stdout]                                at /opt/rustwide/workdir/src/dataset/image/mnist.rs:522:13
[INFO] [stdout]   19:     0x61bcf3ac59df - tokio::runtime::park::CachedParkThread::block_on::{{closure}}::h9e7eaddc08fb4d56
[INFO] [stdout]                                at /opt/rustwide/cargo-home/registry/src/index.crates.io-6f17d22bba15001f/tokio-1.42.0/src/runtime/park.rs:281:63
[INFO] [stdout]   20:     0x61bcf3ac4a2c - tokio::runtime::coop::with_budget::hbb981c6598963dce
[INFO] [stdout]                                at /opt/rustwide/cargo-home/registry/src/index.crates.io-6f17d22bba15001f/tokio-1.42.0/src/runtime/coop.rs:107:5
[INFO] [stdout]   21:     0x61bcf3ac4a2c - tokio::runtime::coop::budget::he7aacc5da16125d7
[INFO] [stdout]                                at /opt/rustwide/cargo-home/registry/src/index.crates.io-6f17d22bba15001f/tokio-1.42.0/src/runtime/coop.rs:73:5
[INFO] [stdout]   22:     0x61bcf3ac4a2c - tokio::runtime::park::CachedParkThread::block_on::h4f881803ac4a6d2e
[INFO] [stdout]                                at /opt/rustwide/cargo-home/registry/src/index.crates.io-6f17d22bba15001f/tokio-1.42.0/src/runtime/park.rs:281:31
[INFO] [stdout]   23:     0x61bcf3a70b95 - tokio::runtime::context::blocking::BlockingRegionGuard::block_on::hf6d13d0130261764
[INFO] [stdout]                                at /opt/rustwide/cargo-home/registry/src/index.crates.io-6f17d22bba15001f/tokio-1.42.0/src/runtime/context/blocking.rs:66:9
[INFO] [stdout]   24:     0x61bcf3abcb16 - tokio::runtime::scheduler::multi_thread::MultiThread::block_on::{{closure}}::h1155dab3c618a490
[INFO] [stdout]                                at /opt/rustwide/cargo-home/registry/src/index.crates.io-6f17d22bba15001f/tokio-1.42.0/src/runtime/scheduler/multi_thread/mod.rs:87:13
[INFO] [stdout]   25:     0x61bcf3a9c9cb - tokio::runtime::context::runtime::enter_runtime::hb89973d0a0be6ded
[INFO] [stdout]                                at /opt/rustwide/cargo-home/registry/src/index.crates.io-6f17d22bba15001f/tokio-1.42.0/src/runtime/context/runtime.rs:65:16
[INFO] [stdout]   26:     0x61bcf3abca51 - tokio::runtime::scheduler::multi_thread::MultiThread::block_on::h2eb5a2101cf295ed
[INFO] [stdout]                                at /opt/rustwide/cargo-home/registry/src/index.crates.io-6f17d22bba15001f/tokio-1.42.0/src/runtime/scheduler/multi_thread/mod.rs:86:9
[INFO] [stdout]   27:     0x61bcf3adf399 - tokio::runtime::runtime::Runtime::block_on_inner::hec87ddd49037099d
[INFO] [stdout]                                at /opt/rustwide/cargo-home/registry/src/index.crates.io-6f17d22bba15001f/tokio-1.42.0/src/runtime/runtime.rs:370:45
[INFO] [stdout]   28:     0x61bcf3adf7bf - tokio::runtime::runtime::Runtime::block_on::hc16740897fa043c0
[INFO] [stdout]                                at /opt/rustwide/cargo-home/registry/src/index.crates.io-6f17d22bba15001f/tokio-1.42.0/src/runtime/runtime.rs:342:13
[INFO] [stdout]   29:     0x61bcf3a623f0 - deltaml::dataset::image::mnist::tests::test_download_and_extract::{{closure}}::hf4098ac062d426d7
[INFO] [stdout]                                at /opt/rustwide/workdir/src/dataset/image/mnist.rs:518:9
[INFO] [stdout]   30:     0x61bcf3a965ee - core::ops::function::FnOnce::call_once::hc92d798110f93c11
[INFO] [stdout]                                at /rustc/90b35a6239c3d8bdabc530a6a0816f7ff89a0aaf/library/core/src/ops/function.rs:250:5
[INFO] [stdout]   31:     0x61bcf3eb83d3 - serial_test::serial_code_lock::local_serial_core::hc0d658df69893bbf
[INFO] [stdout]                                at /opt/rustwide/cargo-home/registry/src/index.crates.io-6f17d22bba15001f/serial_test-3.2.0/src/serial_code_lock.rs:36:5
[INFO] [stdout]   32:     0x61bcf3a622bb - deltaml::dataset::image::mnist::tests::test_download_and_extract::h560020f1b654ba1c
[INFO] [stdout]                                at /opt/rustwide/workdir/src/dataset/image/mnist.rs:514:5
[INFO] [stdout]   33:     0x61bcf3a62237 - deltaml::dataset::image::mnist::tests::test_download_and_extract::{{closure}}::h4b07ddd252d1dd5b
[INFO] [stdout]                                at /opt/rustwide/workdir/src/dataset/image/mnist.rs:515:35
[INFO] [stdout]   34:     0x61bcf3a96766 - core::ops::function::FnOnce::call_once::hd0c8abb6ad443125
[INFO] [stdout]                                at /rustc/90b35a6239c3d8bdabc530a6a0816f7ff89a0aaf/library/core/src/ops/function.rs:250:5
[INFO] [stdout]   35:     0x61bcf3b307cb - core::ops::function::FnOnce::call_once::h109cf8051a59b34e
[INFO] [stdout]                                at /rustc/90b35a6239c3d8bdabc530a6a0816f7ff89a0aaf/library/core/src/ops/function.rs:250:5
[INFO] [stdout]   36:     0x61bcf3b307cb - test::__rust_begin_short_backtrace::hf4fff89d377446ba
[INFO] [stdout]                                at /rustc/90b35a6239c3d8bdabc530a6a0816f7ff89a0aaf/library/test/src/lib.rs:621:18
[INFO] [stdout]   37:     0x61bcf3b30007 - test::run_test_in_process::{{closure}}::h0e39181dd7ee5a43
[INFO] [stdout]                                at /rustc/90b35a6239c3d8bdabc530a6a0816f7ff89a0aaf/library/test/src/lib.rs:644:60
[INFO] [stdout]   38:     0x61bcf3b30007 - <core::panic::unwind_safe::AssertUnwindSafe<F> as core::ops::function::FnOnce<()>>::call_once::hc5a66a30f0bdfd1f
[INFO] [stdout]                                at /rustc/90b35a6239c3d8bdabc530a6a0816f7ff89a0aaf/library/core/src/panic/unwind_safe.rs:272:9
[INFO] [stdout]   39:     0x61bcf3b30007 - std::panicking::try::do_call::h873b7cf639554a5e
[INFO] [stdout]                                at /rustc/90b35a6239c3d8bdabc530a6a0816f7ff89a0aaf/library/std/src/panicking.rs:557:40
[INFO] [stdout]   40:     0x61bcf3b30007 - std::panicking::try::hdb19862fad9c8bd1
[INFO] [stdout]                                at /rustc/90b35a6239c3d8bdabc530a6a0816f7ff89a0aaf/library/std/src/panicking.rs:520:19
[INFO] [stdout]   41:     0x61bcf3b30007 - std::panic::catch_unwind::h281fe732d236d260
[INFO] [stdout]                                at /rustc/90b35a6239c3d8bdabc530a6a0816f7ff89a0aaf/library/std/src/panic.rs:358:14
[INFO] [stdout]   42:     0x61bcf3b30007 - test::run_test_in_process::h949b6df8457ed338
[INFO] [stdout]                                at /rustc/90b35a6239c3d8bdabc530a6a0816f7ff89a0aaf/library/test/src/lib.rs:644:27
[INFO] [stdout]   43:     0x61bcf3b30007 - test::run_test::{{closure}}::h52c556a6d4740e10
[INFO] [stdout]                                at /rustc/90b35a6239c3d8bdabc530a6a0816f7ff89a0aaf/library/test/src/lib.rs:565:43
[INFO] [stdout]   44:     0x61bcf3af52e4 - test::run_test::{{closure}}::h4237f6381c45ccb9
[INFO] [stdout]                                at /rustc/90b35a6239c3d8bdabc530a6a0816f7ff89a0aaf/library/test/src/lib.rs:595:41
[INFO] [stdout]   45:     0x61bcf3af52e4 - std::sys::backtrace::__rust_begin_short_backtrace::h505c97a579eca628
[INFO] [stdout]                                at /rustc/90b35a6239c3d8bdabc530a6a0816f7ff89a0aaf/library/std/src/sys/backtrace.rs:154:18
[INFO] [stdout]   46:     0x61bcf3af89ae - std::thread::Builder::spawn_unchecked_::{{closure}}::{{closure}}::h9e86b2e2bc107ea3
[INFO] [stdout]                                at /rustc/90b35a6239c3d8bdabc530a6a0816f7ff89a0aaf/library/std/src/thread/mod.rs:538:17
[INFO] [stdout]   47:     0x61bcf3af89ae - <core::panic::unwind_safe::AssertUnwindSafe<F> as core::ops::function::FnOnce<()>>::call_once::h8b06ddb275ff4a25
[INFO] [stdout]                                at /rustc/90b35a6239c3d8bdabc530a6a0816f7ff89a0aaf/library/core/src/panic/unwind_safe.rs:272:9
[INFO] [stdout]   48:     0x61bcf3af89ae - std::panicking::try::do_call::hb26ecd7cd9a9355d
[INFO] [stdout]                                at /rustc/90b35a6239c3d8bdabc530a6a0816f7ff89a0aaf/library/std/src/panicking.rs:557:40
[INFO] [stdout]   49:     0x61bcf3af89ae - std::panicking::try::h8ddeca9d705f9069
[INFO] [stdout]                                at /rustc/90b35a6239c3d8bdabc530a6a0816f7ff89a0aaf/library/std/src/panicking.rs:520:19
[INFO] [stdout]   50:     0x61bcf3af89ae - std::panic::catch_unwind::h49e1c33078844c46
[INFO] [stdout]                                at /rustc/90b35a6239c3d8bdabc530a6a0816f7ff89a0aaf/library/std/src/panic.rs:358:14
[INFO] [stdout]   51:     0x61bcf3af89ae - std::thread::Builder::spawn_unchecked_::{{closure}}::h6073db6ff56ad35d
[INFO] [stdout]                                at /rustc/90b35a6239c3d8bdabc530a6a0816f7ff89a0aaf/library/std/src/thread/mod.rs:537:30
[INFO] [stdout]   52:     0x61bcf3af89ae - core::ops::function::FnOnce::call_once{{vtable.shim}}::h2c5a5f3779c774f1
[INFO] [stdout]                                at /rustc/90b35a6239c3d8bdabc530a6a0816f7ff89a0aaf/library/core/src/ops/function.rs:250:5
[INFO] [stdout]   53:     0x61bcf401254b - <alloc::boxed::Box<F,A> as core::ops::function::FnOnce<Args>>::call_once::hf75717d9f28faebf
[INFO] [stdout]                                at /rustc/90b35a6239c3d8bdabc530a6a0816f7ff89a0aaf/library/alloc/src/boxed.rs:2454:9
[INFO] [stdout]   54:     0x61bcf401254b - <alloc::boxed::Box<F,A> as core::ops::function::FnOnce<Args>>::call_once::h7bd883a5f3c5f3c1
[INFO] [stdout]                                at /rustc/90b35a6239c3d8bdabc530a6a0816f7ff89a0aaf/library/alloc/src/boxed.rs:2454:9
[INFO] [stdout]   55:     0x61bcf401254b - std::sys::pal::unix::thread::Thread::new::thread_start::hcc78f3943333fa94
[INFO] [stdout]                                at /rustc/90b35a6239c3d8bdabc530a6a0816f7ff89a0aaf/library/std/src/sys/pal/unix/thread.rs:105:17
[INFO] [stdout]   56:     0x7fadf4170ac3 - <unknown>
[INFO] [stdout]   57:     0x7fadf4201a04 - clone
[INFO] [stdout]   58:                0x0 - <unknown>
[INFO] [stdout] 
[INFO] [stdout] ---- dataset::image::cifar10::tests::test_load_train stdout ----
[INFO] [stdout] thread 'dataset::image::cifar10::tests::test_load_train' panicked at src/dataset/image/cifar10.rs:80:18:
[INFO] [stdout] Failed to download CIFAR-10: reqwest::Error { kind: Request, url: "https://www.cs.toronto.edu/~kriz/cifar-10-binary.tar.gz", source: hyper_util::client::legacy::Error(Connect, ConnectError("dns error", Custom { kind: Uncategorized, error: "failed to lookup address information: Temporary failure in name resolution" })) }
[INFO] [stdout] stack backtrace:
[INFO] [stdout]    0:     0x61bcf400b6aa - std::backtrace_rs::backtrace::libunwind::trace::h5a5b8284f2d0c266
[INFO] [stdout]                                at /rustc/90b35a6239c3d8bdabc530a6a0816f7ff89a0aaf/library/std/src/../../backtrace/src/backtrace/libunwind.rs:116:5
[INFO] [stdout]    1:     0x61bcf400b6aa - std::backtrace_rs::backtrace::trace_unsynchronized::h76d4f1c9b0b875e3
[INFO] [stdout]                                at /rustc/90b35a6239c3d8bdabc530a6a0816f7ff89a0aaf/library/std/src/../../backtrace/src/backtrace/mod.rs:66:5
[INFO] [stdout]    2:     0x61bcf400b6aa - std::sys::backtrace::_print_fmt::hc4546b8364a537c6
[INFO] [stdout]                                at /rustc/90b35a6239c3d8bdabc530a6a0816f7ff89a0aaf/library/std/src/sys/backtrace.rs:66:9
[INFO] [stdout]    3:     0x61bcf400b6aa - <std::sys::backtrace::BacktraceLock::print::DisplayBacktrace as core::fmt::Display>::fmt::h5b6bd5631a6d1f6b
[INFO] [stdout]                                at /rustc/90b35a6239c3d8bdabc530a6a0816f7ff89a0aaf/library/std/src/sys/backtrace.rs:39:26
[INFO] [stdout]    4:     0x61bcf40357a3 - core::fmt::rt::Argument::fmt::h270f6602a2b96f62
[INFO] [stdout]                                at /rustc/90b35a6239c3d8bdabc530a6a0816f7ff89a0aaf/library/core/src/fmt/rt.rs:177:76
[INFO] [stdout]    5:     0x61bcf40357a3 - core::fmt::write::h7550c97b06c86515
[INFO] [stdout]                                at /rustc/90b35a6239c3d8bdabc530a6a0816f7ff89a0aaf/library/core/src/fmt/mod.rs:1186:21
[INFO] [stdout]    6:     0x61bcf4007aa3 - std::io::Write::write_fmt::h509ff860e5956e5e
[INFO] [stdout]                                at /rustc/90b35a6239c3d8bdabc530a6a0816f7ff89a0aaf/library/std/src/io/mod.rs:1839:15
[INFO] [stdout]    7:     0x61bcf400b4f2 - std::sys::backtrace::BacktraceLock::print::h2395ccd2c84ba3aa
[INFO] [stdout]                                at /rustc/90b35a6239c3d8bdabc530a6a0816f7ff89a0aaf/library/std/src/sys/backtrace.rs:42:9
[INFO] [stdout]    8:     0x61bcf400cb0a - std::panicking::default_hook::{{closure}}::he19d4c7230e07961
[INFO] [stdout]                                at /rustc/90b35a6239c3d8bdabc530a6a0816f7ff89a0aaf/library/std/src/panicking.rs:268:22
[INFO] [stdout]    9:     0x61bcf400c914 - std::panicking::default_hook::hf614597d3c67bbdb
[INFO] [stdout]                                at /rustc/90b35a6239c3d8bdabc530a6a0816f7ff89a0aaf/library/std/src/panicking.rs:292:9
[INFO] [stdout]   10:     0x61bcf3b2be09 - <alloc::boxed::Box<F,A> as core::ops::function::Fn<Args>>::call::h39b51ce4599c23d1
[INFO] [stdout]                                at /rustc/90b35a6239c3d8bdabc530a6a0816f7ff89a0aaf/library/alloc/src/boxed.rs:2468:9
[INFO] [stdout]   11:     0x61bcf3b2be09 - test::test_main::{{closure}}::he977ae839a582784
[INFO] [stdout]                                at /rustc/90b35a6239c3d8bdabc530a6a0816f7ff89a0aaf/library/test/src/lib.rs:133:21
[INFO] [stdout]   12:     0x61bcf400d1a8 - <alloc::boxed::Box<F,A> as core::ops::function::Fn<Args>>::call::h9455091b6b06f9fb
[INFO] [stdout]                                at /rustc/90b35a6239c3d8bdabc530a6a0816f7ff89a0aaf/library/alloc/src/boxed.rs:2468:9
[INFO] [stdout]   13:     0x61bcf400d1a8 - std::panicking::rust_panic_with_hook::h8942133a8b252070
[INFO] [stdout]                                at /rustc/90b35a6239c3d8bdabc530a6a0816f7ff89a0aaf/library/std/src/panicking.rs:809:13
[INFO] [stdout]   14:     0x61bcf400cf6a - std::panicking::begin_panic_handler::{{closure}}::hb5f5963570096b29
[INFO] [stdout]                                at /rustc/90b35a6239c3d8bdabc530a6a0816f7ff89a0aaf/library/std/src/panicking.rs:674:13
[INFO] [stdout]   15:     0x61bcf400bb89 - std::sys::backtrace::__rust_end_short_backtrace::h6208cedc1922feda
[INFO] [stdout]                                at /rustc/90b35a6239c3d8bdabc530a6a0816f7ff89a0aaf/library/std/src/sys/backtrace.rs:170:18
[INFO] [stdout]   16:     0x61bcf400cbfc - rust_begin_unwind
[INFO] [stdout]                                at /rustc/90b35a6239c3d8bdabc530a6a0816f7ff89a0aaf/library/std/src/panicking.rs:665:5
[INFO] [stdout]   17:     0x61bcf39cb2f0 - core::panicking::panic_fmt::h0c3082644d1bf418
[INFO] [stdout]                                at /rustc/90b35a6239c3d8bdabc530a6a0816f7ff89a0aaf/library/core/src/panicking.rs:74:14
[INFO] [stdout]   18:     0x61bcf39cb7d6 - core::result::unwrap_failed::hd20b4aa073bda1e2
[INFO] [stdout]                                at /rustc/90b35a6239c3d8bdabc530a6a0816f7ff89a0aaf/library/core/src/result.rs:1700:5
[INFO] [stdout]   19:     0x61bcf3ad218f - core::result::Result<T,E>::expect::h1b9b711349d3c5e1
[INFO] [stdout]                                at /rustc/90b35a6239c3d8bdabc530a6a0816f7ff89a0aaf/library/core/src/result.rs:1061:23
[INFO] [stdout]   20:     0x61bcf3a75dcf - deltaml::dataset::image::cifar10::Cifar10Dataset::download_and_extract::{{closure}}::h9a60e7e36a2417b0
[INFO] [stdout]                                at /opt/rustwide/workdir/src/dataset/image/cifar10.rs:78:28
[INFO] [stdout]   21:     0x61bcf3a782ee - <deltaml::dataset::image::cifar10::Cifar10Dataset as deltaml::dataset::base::ImageDatasetOps>::load_train::{{closure}}::hc66ce2e040c29f49
[INFO] [stdout]                                at /opt/rustwide/workdir/src/dataset/image/cifar10.rs:221:42
[INFO] [stdout]   22:     0x61bcf3acd36f - <core::pin::Pin<P> as core::future::future::Future>::poll::h3e58fc0266544f67
[INFO] [stdout]                                at /rustc/90b35a6239c3d8bdabc530a6a0816f7ff89a0aaf/library/core/src/future/future.rs:123:9
[INFO] [stdout]   23:     0x61bcf3a83621 - deltaml::dataset::image::cifar10::tests::test_load_train::{{closure}}::{{closure}}::hc83ae7f74667abc0
[INFO] [stdout]                                at /opt/rustwide/workdir/src/dataset/image/cifar10.rs:492:52
[INFO] [stdout]   24:     0x61bcf3acd532 - <core::pin::Pin<P> as core::future::future::Future>::poll::hfbddfa0a2e18d8ca
[INFO] [stdout]                                at /rustc/90b35a6239c3d8bdabc530a6a0816f7ff89a0aaf/library/core/src/future/future.rs:123:9
[INFO] [stdout]   25:     0x61bcf3acd3ad - <core::pin::Pin<P> as core::future::future::Future>::poll::h68de8f0f0f9e3fbd
[INFO] [stdout]                                at /rustc/90b35a6239c3d8bdabc530a6a0816f7ff89a0aaf/library/core/src/future/future.rs:123:9
[INFO] [stdout]   26:     0x61bcf3acd0ff - tokio::runtime::scheduler::current_thread::CoreGuard::block_on::{{closure}}::{{closure}}::{{closure}}::hd08c54c672b048dc
[INFO] [stdout]                                at /opt/rustwide/cargo-home/registry/src/index.crates.io-6f17d22bba15001f/tokio-1.42.0/src/runtime/scheduler/current_thread/mod.rs:729:57
[INFO] [stdout]   27:     0x61bcf3accdc5 - tokio::runtime::coop::with_budget::h2465a1aed6345cc1
[INFO] [stdout]                                at /opt/rustwide/cargo-home/registry/src/index.crates.io-6f17d22bba15001f/tokio-1.42.0/src/runtime/coop.rs:107:5
[INFO] [stdout]   28:     0x61bcf3accdc5 - tokio::runtime::coop::budget::h475b76a44cd77736
[INFO] [stdout]                                at /opt/rustwide/cargo-home/registry/src/index.crates.io-6f17d22bba15001f/tokio-1.42.0/src/runtime/coop.rs:73:5
[INFO] [stdout]   29:     0x61bcf3accdc5 - tokio::runtime::scheduler::current_thread::CoreGuard::block_on::{{closure}}::{{closure}}::h8f572b3f3e9666f0
[INFO] [stdout]                                at /opt/rustwide/cargo-home/registry/src/index.crates.io-6f17d22bba15001f/tokio-1.42.0/src/runtime/scheduler/current_thread/mod.rs:729:25
[INFO] [stdout]   30:     0x61bcf3ac73b0 - tokio::runtime::scheduler::current_thread::Context::enter::h010260092dc3e737
[INFO] [stdout]                                at /opt/rustwide/cargo-home/registry/src/index.crates.io-6f17d22bba15001f/tokio-1.42.0/src/runtime/scheduler/current_thread/mod.rs:428:19
[INFO] [stdout]   31:     0x61bcf3acb18e - tokio::runtime::scheduler::current_thread::CoreGuard::block_on::{{closure}}::h5b44f55301b48300
[INFO] [stdout]                                at /opt/rustwide/cargo-home/registry/src/index.crates.io-6f17d22bba15001f/tokio-1.42.0/src/runtime/scheduler/current_thread/mod.rs:728:36
[INFO] [stdout]   32:     0x61bcf3aca544 - tokio::runtime::scheduler::current_thread::CoreGuard::enter::{{closure}}::ha12ddf8237489a7f
[INFO] [stdout]                                at /opt/rustwide/cargo-home/registry/src/index.crates.io-6f17d22bba15001f/tokio-1.42.0/src/runtime/scheduler/current_thread/mod.rs:807:68
[INFO] [stdout]   33:     0x61bcf3ad732b - tokio::runtime::context::scoped::Scoped<T>::set::he3fc6d6a2809839c
[INFO] [stdout]                                at /opt/rustwide/cargo-home/registry/src/index.crates.io-6f17d22bba15001f/tokio-1.42.0/src/runtime/context/scoped.rs:40:9
[INFO] [stdout]   34:     0x61bcf3aa1ed9 - tokio::runtime::context::set_scheduler::{{closure}}::h0af7178149559232
[INFO] [stdout]                                at /opt/rustwide/cargo-home/registry/src/index.crates.io-6f17d22bba15001f/tokio-1.42.0/src/runtime/context.rs:180:26
[INFO] [stdout]   35:     0x61bcf3ab61cd - std::thread::local::LocalKey<T>::try_with::hd956c7a3e2447438
[INFO] [stdout]                                at /rustc/90b35a6239c3d8bdabc530a6a0816f7ff89a0aaf/library/std/src/thread/local.rs:283:12
[INFO] [stdout]   36:     0x61bcf3ab461a - std::thread::local::LocalKey<T>::with::h9b84fe0fbd0d00f2
[INFO] [stdout]                                at /rustc/90b35a6239c3d8bdabc530a6a0816f7ff89a0aaf/library/std/src/thread/local.rs:260:9
[INFO] [stdout]   37:     0x61bcf3aa1e0d - tokio::runtime::context::set_scheduler::h759b1fd4e8d9a4b7
[INFO] [stdout]                                at /opt/rustwide/cargo-home/registry/src/index.crates.io-6f17d22bba15001f/tokio-1.42.0/src/runtime/context.rs:180:9
[INFO] [stdout]   38:     0x61bcf3ac9e70 - tokio::runtime::scheduler::current_thread::CoreGuard::enter::hc60781a452e54b3e
[INFO] [stdout]                                at /opt/rustwide/cargo-home/registry/src/index.crates.io-6f17d22bba15001f/tokio-1.42.0/src/runtime/scheduler/current_thread/mod.rs:807:27
[INFO] [stdout]   39:     0x61bcf3aca5c3 - tokio::runtime::scheduler::current_thread::CoreGuard::block_on::h9efde63220df180d
[INFO] [stdout]                                at /opt/rustwide/cargo-home/registry/src/index.crates.io-6f17d22bba15001f/tokio-1.42.0/src/runtime/scheduler/current_thread/mod.rs:716:19
[INFO] [stdout]   40:     0x61bcf3ac639a - tokio::runtime::scheduler::current_thread::CurrentThread::block_on::{{closure}}::h2a2fa4f3c769e145
[INFO] [stdout]                                at /opt/rustwide/cargo-home/registry/src/index.crates.io-6f17d22bba15001f/tokio-1.42.0/src/runtime/scheduler/current_thread/mod.rs:196:28
[INFO] [stdout]   41:     0x61bcf3a9c626 - tokio::runtime::context::runtime::enter_runtime::h9f2396c41db4e3ec
[INFO] [stdout]                                at /opt/rustwide/cargo-home/registry/src/index.crates.io-6f17d22bba15001f/tokio-1.42.0/src/runtime/context/runtime.rs:65:16
[INFO] [stdout]   42:     0x61bcf3ac5cc1 - tokio::runtime::scheduler::current_thread::CurrentThread::block_on::hb348a8c70f7a5cfc
[INFO] [stdout]                                at /opt/rustwide/cargo-home/registry/src/index.crates.io-6f17d22bba15001f/tokio-1.42.0/src/runtime/scheduler/current_thread/mod.rs:184:9
[INFO] [stdout]   43:     0x61bcf3adf0c3 - tokio::runtime::runtime::Runtime::block_on_inner::h3678e390242ecce7
[INFO] [stdout]                                at /opt/rustwide/cargo-home/registry/src/index.crates.io-6f17d22bba15001f/tokio-1.42.0/src/runtime/runtime.rs:368:47
[INFO] [stdout]   44:     0x61bcf3adf577 - tokio::runtime::runtime::Runtime::block_on::h5a5087c15fa88be2
[INFO] [stdout]                                at /opt/rustwide/cargo-home/registry/src/index.crates.io-6f17d22bba15001f/tokio-1.42.0/src/runtime/runtime.rs:342:13
[INFO] [stdout]   45:     0x61bcf3a8344d - deltaml::dataset::image::cifar10::tests::test_load_train::{{closure}}::hb32e1e0c363a3a5d
[INFO] [stdout]                                at /opt/rustwide/workdir/src/dataset/image/cifar10.rs:493:9
[INFO] [stdout]   46:     0x61bcf3a95b9e - core::ops::function::FnOnce::call_once::h8f07e5bf9e0b98fd
[INFO] [stdout]                                at /rustc/90b35a6239c3d8bdabc530a6a0816f7ff89a0aaf/library/core/src/ops/function.rs:250:5
[INFO] [stdout]   47:     0x61bcf3eb83d3 - serial_test::serial_code_lock::local_serial_core::hc0d658df69893bbf
[INFO] [stdout]                                at /opt/rustwide/cargo-home/registry/src/index.crates.io-6f17d22bba15001f/serial_test-3.2.0/src/serial_code_lock.rs:36:5
[INFO] [stdout]   48:     0x61bcf3a832eb - deltaml::dataset::image::cifar10::tests::test_load_train::h5ccdf855ed3b0033
[INFO] [stdout]                                at /opt/rustwide/workdir/src/dataset/image/cifar10.rs:490:5
[INFO] [stdout]   49:     0x61bcf3a83267 - deltaml::dataset::image::cifar10::tests::test_load_train::{{closure}}::hd7d52b1de425949c
[INFO] [stdout]                                at /opt/rustwide/workdir/src/dataset/image/cifar10.rs:490:14
[INFO] [stdout]   50:     0x61bcf3a95296 - core::ops::function::FnOnce::call_once::h563f101d23204bf3
[INFO] [stdout]                                at /rustc/90b35a6239c3d8bdabc530a6a0816f7ff89a0aaf/library/core/src/ops/function.rs:250:5
[INFO] [stdout]   51:     0x61bcf3b307cb - core::ops::function::FnOnce::call_once::h109cf8051a59b34e
[INFO] [stdout]                                at /rustc/90b35a6239c3d8bdabc530a6a0816f7ff89a0aaf/library/core/src/ops/function.rs:250:5
[INFO] [stdout]   52:     0x61bcf3b307cb - test::__rust_begin_short_backtrace::hf4fff89d377446ba
[INFO] [stdout]                                at /rustc/90b35a6239c3d8bdabc530a6a0816f7ff89a0aaf/library/test/src/lib.rs:621:18
[INFO] [stdout]   53:     0x61bcf3b30007 - test::run_test_in_process::{{closure}}::h0e39181dd7ee5a43
[INFO] [stdout]                                at /rustc/90b35a6239c3d8bdabc530a6a0816f7ff89a0aaf/library/test/src/lib.rs:644:60
[INFO] [stdout]   54:     0x61bcf3b30007 - <core::panic::unwind_safe::AssertUnwindSafe<F> as core::ops::function::FnOnce<()>>::call_once::hc5a66a30f0bdfd1f
[INFO] [stdout]                                at /rustc/90b35a6239c3d8bdabc530a6a0816f7ff89a0aaf/library/core/src/panic/unwind_safe.rs:272:9
[INFO] [stdout]   55:     0x61bcf3b30007 - std::panicking::try::do_call::h873b7cf639554a5e
[INFO] [stdout]                                at /rustc/90b35a6239c3d8bdabc530a6a0816f7ff89a0aaf/library/std/src/panicking.rs:557:40
[INFO] [stdout]   56:     0x61bcf3b30007 - std::panicking::try::hdb19862fad9c8bd1
[INFO] [stdout]                                at /rustc/90b35a6239c3d8bdabc530a6a0816f7ff89a0aaf/library/std/src/panicking.rs:520:19
[INFO] [stdout]   57:     0x61bcf3b30007 - std::panic::catch_unwind::h281fe732d236d260
[INFO] [stdout]                                at /rustc/90b35a6239c3d8bdabc530a6a0816f7ff89a0aaf/library/std/src/panic.rs:358:14
[INFO] [stdout]   58:     0x61bcf3b30007 - test::run_test_in_process::h949b6df8457ed338
[INFO] [stdout]                                at /rustc/90b35a6239c3d8bdabc530a6a0816f7ff89a0aaf/library/test/src/lib.rs:644:27
[INFO] [stdout]   59:     0x61bcf3b30007 - test::run_test::{{closure}}::h52c556a6d4740e10
[INFO] [stdout]                                at /rustc/90b35a6239c3d8bdabc530a6a0816f7ff89a0aaf/library/test/src/lib.rs:565:43
[INFO] [stdout]   60:     0x61bcf3af52e4 - test::run_test::{{closure}}::h4237f6381c45ccb9
[INFO] [stdout]                                at /rustc/90b35a6239c3d8bdabc530a6a0816f7ff89a0aaf/library/test/src/lib.rs:595:41
[INFO] [stdout]   61:     0x61bcf3af52e4 - std::sys::backtrace::__rust_begin_short_backtrace::h505c97a579eca628
[INFO] [stdout]                                at /rustc/90b35a6239c3d8bdabc530a6a0816f7ff89a0aaf/library/std/src/sys/backtrace.rs:154:18
[INFO] [stdout]   62:     0x61bcf3af89ae - std::thread::Builder::spawn_unchecked_::{{closure}}::{{closure}}::h9e86b2e2bc107ea3
[INFO] [stdout]                                at /rustc/90b35a6239c3d8bdabc530a6a0816f7ff89a0aaf/library/std/src/thread/mod.rs:538:17
[INFO] [stdout]   63:     0x61bcf3af89ae - <core::panic::unwind_safe::AssertUnwindSafe<F> as core::ops::function::FnOnce<()>>::call_once::h8b06ddb275ff4a25
[INFO] [stdout]                                at /rustc/90b35a6239c3d8bdabc530a6a0816f7ff89a0aaf/library/core/src/panic/unwind_safe.rs:272:9
[INFO] [stdout]   64:     0x61bcf3af89ae - std::panicking::try::do_call::hb26ecd7cd9a9355d
[INFO] [stdout]                                at /rustc/90b35a6239c3d8bdabc530a6a0816f7ff89a0aaf/library/std/src/panicking.rs:557:40
[INFO] [stdout]   65:     0x61bcf3af89ae - std::panicking::try::h8ddeca9d705f9069
[INFO] [stdout]                                at /rustc/90b35a6239c3d8bdabc530a6a0816f7ff89a0aaf/library/std/src/panicking.rs:520:19
[INFO] [stdout]   66:     0x61bcf3af89ae - std::panic::catch_unwind::h49e1c33078844c46
[INFO] [stdout]                                at /rustc/90b35a6239c3d8bdabc530a6a0816f7ff89a0aaf/library/std/src/panic.rs:358:14
[INFO] [stdout]   67:     0x61bcf3af89ae - std::thread::Builder::spawn_unchecked_::{{closure}}::h6073db6ff56ad35d
[INFO] [stdout]                                at /rustc/90b35a6239c3d8bdabc530a6a0816f7ff89a0aaf/library/std/src/thread/mod.rs:537:30
[INFO] [stdout]   68:     0x61bcf3af89ae - core::ops::function::FnOnce::call_once{{vtable.shim}}::h2c5a5f3779c774f1
[INFO] [stdout]                                at /rustc/90b35a6239c3d8bdabc530a6a0816f7ff89a0aaf/library/core/src/ops/function.rs:250:5
[INFO] [stdout]   69:     0x61bcf401254b - <alloc::boxed::Box<F,A> as core::ops::function::FnOnce<Args>>::call_once::hf75717d9f28faebf
[INFO] [stdout]                                at /rustc/90b35a6239c3d8bdabc530a6a0816f7ff89a0aaf/library/alloc/src/boxed.rs:2454:9
[INFO] [stdout]   70:     0x61bcf401254b - <alloc::boxed::Box<F,A> as core::ops::function::FnOnce<Args>>::call_once::h7bd883a5f3c5f3c1
[INFO] [stdout]                                at /rustc/90b35a6239c3d8bdabc530a6a0816f7ff89a0aaf/library/alloc/src/boxed.rs:2454:9
[INFO] [stdout]   71:     0x61bcf401254b - std::sys::pal::unix::thread::Thread::new::thread_start::hcc78f3943333fa94
[INFO] [stdout]                                at /rustc/90b35a6239c3d8bdabc530a6a0816f7ff89a0aaf/library/std/src/sys/pal/unix/thread.rs:105:17
[INFO] [stdout]   72:     0x7fadf4170ac3 - <unknown>
[INFO] [stdout]   73:     0x7fadf4201a04 - clone
[INFO] [stdout]   74:                0x0 - <unknown>
[INFO] [stdout] 
[INFO] [stdout] ---- dataset::image::cifar10::tests::test_parse_file stdout ----
[INFO] [stdout] thread 'dataset::image::cifar10::tests::test_parse_file' panicked at src/dataset/image/cifar10.rs:80:18:
[INFO] [stdout] Failed to download CIFAR-10: reqwest::Error { kind: Request, url: "https://www.cs.toronto.edu/~kriz/cifar-10-binary.tar.gz", source: hyper_util::client::legacy::Error(Connect, ConnectError("dns error", Custom { kind: Uncategorized, error: "failed to lookup address information: Temporary failure in name resolution" })) }
[INFO] [stdout] stack backtrace:
[INFO] [stdout]    0:     0x61bcf400b6aa - std::backtrace_rs::backtrace::libunwind::trace::h5a5b8284f2d0c266
[INFO] [stdout]                                at /rustc/90b35a6239c3d8bdabc530a6a0816f7ff89a0aaf/library/std/src/../../backtrace/src/backtrace/libunwind.rs:116:5
[INFO] [stdout]    1:     0x61bcf400b6aa - std::backtrace_rs::backtrace::trace_unsynchronized::h76d4f1c9b0b875e3
[INFO] [stdout]                                at /rustc/90b35a6239c3d8bdabc530a6a0816f7ff89a0aaf/library/std/src/../../backtrace/src/backtrace/mod.rs:66:5
[INFO] [stdout]    2:     0x61bcf400b6aa - std::sys::backtrace::_print_fmt::hc4546b8364a537c6
[INFO] [stdout]                                at /rustc/90b35a6239c3d8bdabc530a6a0816f7ff89a0aaf/library/std/src/sys/backtrace.rs:66:9
[INFO] [stdout]    3:     0x61bcf400b6aa - <std::sys::backtrace::BacktraceLock::print::DisplayBacktrace as core::fmt::Display>::fmt::h5b6bd5631a6d1f6b
[INFO] [stdout]                                at /rustc/90b35a6239c3d8bdabc530a6a0816f7ff89a0aaf/library/std/src/sys/backtrace.rs:39:26
[INFO] [stdout]    4:     0x61bcf40357a3 - core::fmt::rt::Argument::fmt::h270f6602a2b96f62
[INFO] [stdout]                                at /rustc/90b35a6239c3d8bdabc530a6a0816f7ff89a0aaf/library/core/src/fmt/rt.rs:177:76
[INFO] [stdout]    5:     0x61bcf40357a3 - core::fmt::write::h7550c97b06c86515
[INFO] [stdout]                                at /rustc/90b35a6239c3d8bdabc530a6a0816f7ff89a0aaf/library/core/src/fmt/mod.rs:1186:21
[INFO] [stdout]    6:     0x61bcf4007aa3 - std::io::Write::write_fmt::h509ff860e5956e5e
[INFO] [stdout]                                at /rustc/90b35a6239c3d8bdabc530a6a0816f7ff89a0aaf/library/std/src/io/mod.rs:1839:15
[INFO] [stdout]    7:     0x61bcf400b4f2 - std::sys::backtrace::BacktraceLock::print::h2395ccd2c84ba3aa
[INFO] [stdout]                                at /rustc/90b35a6239c3d8bdabc530a6a0816f7ff89a0aaf/library/std/src/sys/backtrace.rs:42:9
[INFO] [stdout]    8:     0x61bcf400cb0a - std::panicking::default_hook::{{closure}}::he19d4c7230e07961
[INFO] [stdout]                                at /rustc/90b35a6239c3d8bdabc530a6a0816f7ff89a0aaf/library/std/src/panicking.rs:268:22
[INFO] [stdout]    9:     0x61bcf400c914 - std::panicking::default_hook::hf614597d3c67bbdb
[INFO] [stdout]                                at /rustc/90b35a6239c3d8bdabc530a6a0816f7ff89a0aaf/library/std/src/panicking.rs:292:9
[INFO] [stdout]   10:     0x61bcf3b2be09 - <alloc::boxed::Box<F,A> as core::ops::function::Fn<Args>>::call::h39b51ce4599c23d1
[INFO] [stdout]                                at /rustc/90b35a6239c3d8bdabc530a6a0816f7ff89a0aaf/library/alloc/src/boxed.rs:2468:9
[INFO] [stdout]   11:     0x61bcf3b2be09 - test::test_main::{{closure}}::he977ae839a582784
[INFO] [stdout]                                at /rustc/90b35a6239c3d8bdabc530a6a0816f7ff89a0aaf/library/test/src/lib.rs:133:21
[INFO] [stdout]   12:     0x61bcf400d1a8 - <alloc::boxed::Box<F,A> as core::ops::function::Fn<Args>>::call::h9455091b6b06f9fb
[INFO] [stdout]                                at /rustc/90b35a6239c3d8bdabc530a6a0816f7ff89a0aaf/library/alloc/src/boxed.rs:2468:9
[INFO] [stdout]   13:     0x61bcf400d1a8 - std::panicking::rust_panic_with_hook::h8942133a8b252070
[INFO] [stdout]                                at /rustc/90b35a6239c3d8bdabc530a6a0816f7ff89a0aaf/library/std/src/panicking.rs:809:13
[INFO] [stdout]   14:     0x61bcf400cf6a - std::panicking::begin_panic_handler::{{closure}}::hb5f5963570096b29
[INFO] [stdout]                                at /rustc/90b35a6239c3d8bdabc530a6a0816f7ff89a0aaf/library/std/src/panicking.rs:674:13
[INFO] [stdout]   15:     0x61bcf400bb89 - std::sys::backtrace::__rust_end_short_backtrace::h6208cedc1922feda
[INFO] [stdout]                                at /rustc/90b35a6239c3d8bdabc530a6a0816f7ff89a0aaf/library/std/src/sys/backtrace.rs:170:18
[INFO] [stdout]   16:     0x61bcf400cbfc - rust_begin_unwind
[INFO] [stdout]                                at /rustc/90b35a6239c3d8bdabc530a6a0816f7ff89a0aaf/library/std/src/panicking.rs:665:5
[INFO] [stdout]   17:     0x61bcf39cb2f0 - core::panicking::panic_fmt::h0c3082644d1bf418
[INFO] [stdout]                                at /rustc/90b35a6239c3d8bdabc530a6a0816f7ff89a0aaf/library/core/src/panicking.rs:74:14
[INFO] [stdout]   18:     0x61bcf39cb7d6 - core::result::unwrap_failed::hd20b4aa073bda1e2
[INFO] [stdout]                                at /rustc/90b35a6239c3d8bdabc530a6a0816f7ff89a0aaf/library/core/src/result.rs:1700:5
[INFO] [stdout]   19:     0x61bcf3ad218f - core::result::Result<T,E>::expect::h1b9b711349d3c5e1
[INFO] [stdout]                                at /rustc/90b35a6239c3d8bdabc530a6a0816f7ff89a0aaf/library/core/src/result.rs:1061:23
[INFO] [stdout]   20:     0x61bcf3a75dcf - deltaml::dataset::image::cifar10::Cifar10Dataset::download_and_extract::{{closure}}::h9a60e7e36a2417b0
[INFO] [stdout]                                at /opt/rustwide/workdir/src/dataset/image/cifar10.rs:78:28
[INFO] [stdout]   21:     0x61bcf3a8256b - deltaml::dataset::image::cifar10::tests::test_download_and_extract::{{closure}}::{{closure}}::h76be5367ce8b7bd5
[INFO] [stdout]                                at /opt/rustwide/workdir/src/dataset/image/cifar10.rs:430:48
[INFO] [stdout]   22:     0x61bcf3acd532 - <core::pin::Pin<P> as core::future::future::Future>::poll::hfbddfa0a2e18d8ca
[INFO] [stdout]                                at /rustc/90b35a6239c3d8bdabc530a6a0816f7ff89a0aaf/library/core/src/future/future.rs:123:9
[INFO] [stdout]   23:     0x61bcf3acd3ad - <core::pin::Pin<P> as core::future::future::Future>::poll::h68de8f0f0f9e3fbd
[INFO] [stdout]                                at /rustc/90b35a6239c3d8bdabc530a6a0816f7ff89a0aaf/library/core/src/future/future.rs:123:9
[INFO] [stdout]   24:     0x61bcf3acd0ff - tokio::runtime::scheduler::current_thread::CoreGuard::block_on::{{closure}}::{{closure}}::{{closure}}::hd08c54c672b048dc
[INFO] [stdout]                                at /opt/rustwide/cargo-home/registry/src/index.crates.io-6f17d22bba15001f/tokio-1.42.0/src/runtime/scheduler/current_thread/mod.rs:729:57
[INFO] [stdout]   25:     0x61bcf3accdc5 - tokio::runtime::coop::with_budget::h2465a1aed6345cc1
[INFO] [stdout]                                at /opt/rustwide/cargo-home/registry/src/index.crates.io-6f17d22bba15001f/tokio-1.42.0/src/runtime/coop.rs:107:5
[INFO] [stdout]   26:     0x61bcf3accdc5 - tokio::runtime::coop::budget::h475b76a44cd77736
[INFO] [stdout]                                at /opt/rustwide/cargo-home/registry/src/index.crates.io-6f17d22bba15001f/tokio-1.42.0/src/runtime/coop.rs:73:5
[INFO] [stdout]   27:     0x61bcf3accdc5 - tokio::runtime::scheduler::current_thread::CoreGuard::block_on::{{closure}}::{{closure}}::h8f572b3f3e9666f0
[INFO] [stdout]                                at /opt/rustwide/cargo-home/registry/src/index.crates.io-6f17d22bba15001f/tokio-1.42.0/src/runtime/scheduler/current_thread/mod.rs:729:25
[INFO] [stdout]   28:     0x61bcf3ac73b0 - tokio::runtime::scheduler::current_thread::Context::enter::h010260092dc3e737
[INFO] [stdout]                                at /opt/rustwide/cargo-home/registry/src/index.crates.io-6f17d22bba15001f/tokio-1.42.0/src/runtime/scheduler/current_thread/mod.rs:428:19
[INFO] [stdout]   29:     0x61bcf3acb18e - tokio::runtime::scheduler::current_thread::CoreGuard::block_on::{{closure}}::h5b44f55301b48300
[INFO] [stdout]                                at /opt/rustwide/cargo-home/registry/src/index.crates.io-6f17d22bba15001f/tokio-1.42.0/src/runtime/scheduler/current_thread/mod.rs:728:36
[INFO] [stdout]   30:     0x61bcf3aca544 - tokio::runtime::scheduler::current_thread::CoreGuard::enter::{{closure}}::ha12ddf8237489a7f
[INFO] [stdout]                                at /opt/rustwide/cargo-home/registry/src/index.crates.io-6f17d22bba15001f/tokio-1.42.0/src/runtime/scheduler/current_thread/mod.rs:807:68
[INFO] [stdout]   31:     0x61bcf3ad732b - tokio::runtime::context::scoped::Scoped<T>::set::he3fc6d6a2809839c
[INFO] [stdout]                                at /opt/rustwide/cargo-home/registry/src/index.crates.io-6f17d22bba15001f/tokio-1.42.0/src/runtime/context/scoped.rs:40:9
[INFO] [stdout]   32:     0x61bcf3aa1ed9 - tokio::runtime::context::set_scheduler::{{closure}}::h0af7178149559232
[INFO] [stdout]                                at /opt/rustwide/cargo-home/registry/src/index.crates.io-6f17d22bba15001f/tokio-1.42.0/src/runtime/context.rs:180:26
[INFO] [stdout]   33:     0x61bcf3ab61cd - std::thread::local::LocalKey<T>::try_with::hd956c7a3e2447438
[INFO] [stdout]                                at /rustc/90b35a6239c3d8bdabc530a6a0816f7ff89a0aaf/library/std/src/thread/local.rs:283:12
[INFO] [stdout]   34:     0x61bcf3ab461a - std::thread::local::LocalKey<T>::with::h9b84fe0fbd0d00f2
[INFO] [stdout]                                at /rustc/90b35a6239c3d8bdabc530a6a0816f7ff89a0aaf/library/std/src/thread/local.rs:260:9
[INFO] [stdout]   35:     0x61bcf3aa1e0d - tokio::runtime::context::set_scheduler::h759b1fd4e8d9a4b7
[INFO] [stdout]                                at /opt/rustwide/cargo-home/registry/src/index.crates.io-6f17d22bba15001f/tokio-1.42.0/src/runtime/context.rs:180:9
[INFO] [stdout]   36:     0x61bcf3ac9e70 - tokio::runtime::scheduler::current_thread::CoreGuard::enter::hc60781a452e54b3e
[INFO] [stdout]                                at /opt/rustwide/cargo-home/registry/src/index.crates.io-6f17d22bba15001f/tokio-1.42.0/src/runtime/scheduler/current_thread/mod.rs:807:27
[INFO] [stdout]   37:     0x61bcf3aca5c3 - tokio::runtime::scheduler::current_thread::CoreGuard::block_on::h9efde63220df180d
[INFO] [stdout]                                at /opt/rustwide/cargo-home/registry/src/index.crates.io-6f17d22bba15001f/tokio-1.42.0/src/runtime/scheduler/current_thread/mod.rs:716:19
[INFO] [stdout]   38:     0x61bcf3ac639a - tokio::runtime::scheduler::current_thread::CurrentThread::block_on::{{closure}}::h2a2fa4f3c769e145
[INFO] [stdout]                                at /opt/rustwide/cargo-home/registry/src/index.crates.io-6f17d22bba15001f/tokio-1.42.0/src/runtime/scheduler/current_thread/mod.rs:196:28
[INFO] [stdout]   39:     0x61bcf3a9c626 - tokio::runtime::context::runtime::enter_runtime::h9f2396c41db4e3ec
[INFO] [stdout]                                at /opt/rustwide/cargo-home/registry/src/index.crates.io-6f17d22bba15001f/tokio-1.42.0/src/runtime/context/runtime.rs:65:16
[INFO] [stdout]   40:     0x61bcf3ac5cc1 - tokio::runtime::scheduler::current_thread::CurrentThread::block_on::hb348a8c70f7a5cfc
[INFO] [stdout]                                at /opt/rustwide/cargo-home/registry/src/index.crates.io-6f17d22bba15001f/tokio-1.42.0/src/runtime/scheduler/current_thread/mod.rs:184:9
[INFO] [stdout]   41:     0x61bcf3adf0c3 - tokio::runtime::runtime::Runtime::block_on_inner::h3678e390242ecce7
[INFO] [stdout]                                at /opt/rustwide/cargo-home/registry/src/index.crates.io-6f17d22bba15001f/tokio-1.42.0/src/runtime/runtime.rs:368:47
[INFO] [stdout]   42:     0x61bcf3adf577 - tokio::runtime::runtime::Runtime::block_on::h5a5087c15fa88be2
[INFO] [stdout]                                at /opt/rustwide/cargo-home/registry/src/index.crates.io-6f17d22bba15001f/tokio-1.42.0/src/runtime/runtime.rs:342:13
[INFO] [stdout]   43:     0x61bcf3a8239b - deltaml::dataset::image::cifar10::tests::test_download_and_extract::{{closure}}::h07374e5fce75b62c
[INFO] [stdout]                                at /opt/rustwide/workdir/src/dataset/image/cifar10.rs:436:9
[INFO] [stdout]   44:     0x61bcf3a96a5e - core::ops::function::FnOnce::call_once::hdde37994ed7128af
[INFO] [stdout]                                at /rustc/90b35a6239c3d8bdabc530a6a0816f7ff89a0aaf/library/core/src/ops/function.rs:250:5
[INFO] [stdout]   45:     0x61bcf3eb83d3 - serial_test::serial_code_lock::local_serial_core::hc0d658df69893bbf
[INFO] [stdout]                                at /opt/rustwide/cargo-home/registry/src/index.crates.io-6f17d22bba15001f/serial_test-3.2.0/src/serial_code_lock.rs:36:5
[INFO] [stdout]   46:     0x61bcf3a8222b - deltaml::dataset::image::cifar10::tests::test_download_and_extract::h3ff7c6c0490da244
[INFO] [stdout]                                at /opt/rustwide/workdir/src/dataset/image/cifar10.rs:427:5
[INFO] [stdout]   47:     0x61bcf3a828f4 - deltaml::dataset::image::cifar10::tests::test_parse_file::{{closure}}::h021d5cc5c4321709
[INFO] [stdout]                                at /opt/rustwide/workdir/src/dataset/image/cifar10.rs:446:9
[INFO] [stdout]   48:     0x61bcf3a9623e - core::ops::function::FnOnce::call_once::hb184c37ff05810c5
[INFO] [stdout]                                at /rustc/90b35a6239c3d8bdabc530a6a0816f7ff89a0aaf/library/core/src/ops/function.rs:250:5
[INFO] [stdout]   49:     0x61bcf3eb83d3 - serial_test::serial_code_lock::local_serial_core::hc0d658df69893bbf
[INFO] [stdout]                                at /opt/rustwide/cargo-home/registry/src/index.crates.io-6f17d22bba15001f/serial_test-3.2.0/src/serial_code_lock.rs:36:5
[INFO] [stdout]   50:     0x61bcf3a828bb - deltaml::dataset::image::cifar10::tests::test_parse_file::h84936d5e28982b3f
[INFO] [stdout]                                at /opt/rustwide/workdir/src/dataset/image/cifar10.rs:443:5
[INFO] [stdout]   51:     0x61bcf3a82837 - deltaml::dataset::image::cifar10::tests::test_parse_file::{{closure}}::h81f574cea0a697f5
[INFO] [stdout]                                at /opt/rustwide/workdir/src/dataset/image/cifar10.rs:444:25
[INFO] [stdout]   52:     0x61bcf3a96086 - core::ops::function::FnOnce::call_once::ha7ff685d64d8f03a
[INFO] [stdout]                                at /rustc/90b35a6239c3d8bdabc530a6a0816f7ff89a0aaf/library/core/src/ops/function.rs:250:5
[INFO] [stdout]   53:     0x61bcf3b307cb - core::ops::function::FnOnce::call_once::h109cf8051a59b34e
[INFO] [stdout]                                at /rustc/90b35a6239c3d8bdabc530a6a0816f7ff89a0aaf/library/core/src/ops/function.rs:250:5
[INFO] [stdout]   54:     0x61bcf3b307cb - test::__rust_begin_short_backtrace::hf4fff89d377446ba
[INFO] [stdout]                                at /rustc/90b35a6239c3d8bdabc530a6a0816f7ff89a0aaf/library/test/src/lib.rs:621:18
[INFO] [stdout]   55:     0x61bcf3b30007 - test::run_test_in_process::{{closure}}::h0e39181dd7ee5a43
[INFO] [stdout]                                at /rustc/90b35a6239c3d8bdabc530a6a0816f7ff89a0aaf/library/test/src/lib.rs:644:60
[INFO] [stdout]   56:     0x61bcf3b30007 - <core::panic::unwind_safe::AssertUnwindSafe<F> as core::ops::function::FnOnce<()>>::call_once::hc5a66a30f0bdfd1f
[INFO] [stdout]                                at /rustc/90b35a6239c3d8bdabc530a6a0816f7ff89a0aaf/library/core/src/panic/unwind_safe.rs:272:9
[INFO] [stdout]   57:     0x61bcf3b30007 - std::panicking::try::do_call::h873b7cf639554a5e
[INFO] [stdout]                                at /rustc/90b35a6239c3d8bdabc530a6a0816f7ff89a0aaf/library/std/src/panicking.rs:557:40
[INFO] [stdout]   58:     0x61bcf3b30007 - std::panicking::try::hdb19862fad9c8bd1
[INFO] [stdout]                                at /rustc/90b35a6239c3d8bdabc530a6a0816f7ff89a0aaf/library/std/src/panicking.rs:520:19
[INFO] [stdout]   59:     0x61bcf3b30007 - std::panic::catch_unwind::h281fe732d236d260
[INFO] [stdout]                                at /rustc/90b35a6239c3d8bdabc530a6a0816f7ff89a0aaf/library/std/src/panic.rs:358:14
[INFO] [stdout]   60:     0x61bcf3b30007 - test::run_test_in_process::h949b6df8457ed338
[INFO] [stdout]                                at /rustc/90b35a6239c3d8bdabc530a6a0816f7ff89a0aaf/library/test/src/lib.rs:644:27
[INFO] [stdout]   61:     0x61bcf3b30007 - test::run_test::{{closure}}::h52c556a6d4740e10
[INFO] [stdout]                                at /rustc/90b35a6239c3d8bdabc530a6a0816f7ff89a0aaf/library/test/src/lib.rs:565:43
[INFO] [stdout]   62:     0x61bcf3af52e4 - test::run_test::{{closure}}::h4237f6381c45ccb9
[INFO] [stdout]                                at /rustc/90b35a6239c3d8bdabc530a6a0816f7ff89a0aaf/library/test/src/lib.rs:595:41
[INFO] [stdout]   63:     0x61bcf3af52e4 - std::sys::backtrace::__rust_begin_short_backtrace::h505c97a579eca628
[INFO] [stdout]                                at /rustc/90b35a6239c3d8bdabc530a6a0816f7ff89a0aaf/library/std/src/sys/backtrace.rs:154:18
[INFO] [stdout]   64:     0x61bcf3af89ae - std::thread::Builder::spawn_unchecked_::{{closure}}::{{closure}}::h9e86b2e2bc107ea3
[INFO] [stdout]                                at /rustc/90b35a6239c3d8bdabc530a6a0816f7ff89a0aaf/library/std/src/thread/mod.rs:538:17
[INFO] [stdout]   65:     0x61bcf3af89ae - <core::panic::unwind_safe::AssertUnwindSafe<F> as core::ops::function::FnOnce<()>>::call_once::h8b06ddb275ff4a25
[INFO] [stdout]                                at /rustc/90b35a6239c3d8bdabc530a6a0816f7ff89a0aaf/library/core/src/panic/unwind_safe.rs:272:9
[INFO] [stdout]   66:     0x61bcf3af89ae - std::panicking::try::do_call::hb26ecd7cd9a9355d
[INFO] [stdout]                                at /rustc/90b35a6239c3d8bdabc530a6a0816f7ff89a0aaf/library/std/src/panicking.rs:557:40
[INFO] [stdout]   67:     0x61bcf3af89ae - std::panicking::try::h8ddeca9d705f9069
[INFO] [stdout]                                at /rustc/90b35a6239c3d8bdabc530a6a0816f7ff89a0aaf/library/std/src/panicking.rs:520:19
[INFO] [stdout]   68:     0x61bcf3af89ae - std::panic::catch_unwind::h49e1c33078844c46
[INFO] [stdout]                                at /rustc/90b35a6239c3d8bdabc530a6a0816f7ff89a0aaf/library/std/src/panic.rs:358:14
[INFO] [stdout]   69:     0x61bcf3af89ae - std::thread::Builder::spawn_unchecked_::{{closure}}::h6073db6ff56ad35d
[INFO] [stdout]                                at /rustc/90b35a6239c3d8bdabc530a6a0816f7ff89a0aaf/library/std/src/thread/mod.rs:537:30
[INFO] [stdout]   70:     0x61bcf3af89ae - core::ops::function::FnOnce::call_once{{vtable.shim}}::h2c5a5f3779c774f1
[INFO] [stdout]                                at /rustc/90b35a6239c3d8bdabc530a6a0816f7ff89a0aaf/library/core/src/ops/function.rs:250:5
[INFO] [stdout]   71:     0x61bcf401254b - <alloc::boxed::Box<F,A> as core::ops::function::FnOnce<Args>>::call_once::hf75717d9f28faebf
[INFO] [stdout]                                at /rustc/90b35a6239c3d8bdabc530a6a0816f7ff89a0aaf/library/alloc/src/boxed.rs:2454:9
[INFO] [stdout]   72:     0x61bcf401254b - <alloc::boxed::Box<F,A> as core::ops::function::FnOnce<Args>>::call_once::h7bd883a5f3c5f3c1
[INFO] [stdout]                                at /rustc/90b35a6239c3d8bdabc530a6a0816f7ff89a0aaf/library/alloc/src/boxed.rs:2454:9
[INFO] [stdout]   73:     0x61bcf401254b - std::sys::pal::unix::thread::Thread::new::thread_start::hcc78f3943333fa94
[INFO] [stdout]                                at /rustc/90b35a6239c3d8bdabc530a6a0816f7ff89a0aaf/library/std/src/sys/pal/unix/thread.rs:105:17
[INFO] [stdout]   74:     0x7fadf4170ac3 - <unknown>
[INFO] [stdout]   75:     0x7fadf4201a04 - clone
[INFO] [stdout]   76:                0x0 - <unknown>
[INFO] [stdout] 
[INFO] [stdout] 
[INFO] [stdout] failures:
[INFO] [stdout]     dataset::image::cifar10::tests::test_download_and_extract
[INFO] [stdout]     dataset::image::cifar10::tests::test_load_data
[INFO] [stdout]     dataset::image::cifar10::tests::test_load_test
[INFO] [stdout]     dataset::image::cifar10::tests::test_load_train
[INFO] [stdout]     dataset::image::cifar10::tests::test_parse_file
[INFO] [stdout]     dataset::image::mnist::tests::test_download_and_extract
[INFO] [stdout]     dataset::image::mnist::tests::test_load_test
[INFO] [stdout]     dataset::image::mnist::tests::test_load_train
[INFO] [stdout]     dataset::image::mnist::tests::test_parse_images
[INFO] [stdout]     dataset::image::mnist::tests::test_parse_labels
[INFO] [stdout] 
[INFO] [stdout] test result: FAILED. 115 passed; 10 failed; 0 ignored; 0 measured; 0 filtered out; finished in 1.52s
[INFO] [stdout] 
[INFO] [stderr] error: test failed, to rerun pass `--lib`
[INFO] running `Command { std: "docker" "inspect" "9ebdfbc26307c381e682230a02f8a93c3889abae22bde874e30f8756363a489c", kill_on_drop: false }`
[INFO] running `Command { std: "docker" "rm" "-f" "9ebdfbc26307c381e682230a02f8a93c3889abae22bde874e30f8756363a489c", kill_on_drop: false }`
[INFO] [stdout] 9ebdfbc26307c381e682230a02f8a93c3889abae22bde874e30f8756363a489c
