[INFO] fetching crate deli 0.1.0...
[INFO] testing deli-0.1.0 against 1.83.0 for beta-1.84.0-4-retry
[INFO] extracting crate deli 0.1.0 into /workspace/builds/worker-1-tc1/source
[INFO] validating manifest of crates.io crate deli 0.1.0 on toolchain 1.83.0
[INFO] running `Command { std: CARGO_HOME="/workspace/cargo-home" RUSTUP_HOME="/workspace/rustup-home" "/workspace/cargo-home/bin/cargo" "+1.83.0" "metadata" "--manifest-path" "Cargo.toml" "--no-deps", kill_on_drop: false }`
[INFO] started tweaking crates.io crate deli 0.1.0
[INFO] finished tweaking crates.io crate deli 0.1.0
[INFO] tweaked toml for crates.io crate deli 0.1.0 written to /workspace/builds/worker-1-tc1/source/Cargo.toml
[INFO] running `Command { std: CARGO_HOME="/workspace/cargo-home" RUSTUP_HOME="/workspace/rustup-home" "/workspace/cargo-home/bin/cargo" "+1.83.0" "generate-lockfile" "--manifest-path" "Cargo.toml", kill_on_drop: false }`
[INFO] [stderr]     Updating crates.io index
[INFO] [stderr]      Locking 67 packages to latest compatible versions
[INFO] [stderr]       Adding idb v0.2.0 (available: v0.6.4)
[INFO] [stderr]       Adding serde-wasm-bindgen v0.4.5 (available: v0.6.5)
[INFO] [stderr]       Adding thiserror v1.0.69 (available: v2.0.7)
[INFO] running `Command { std: CARGO_HOME="/workspace/cargo-home" RUSTUP_HOME="/workspace/rustup-home" "/workspace/cargo-home/bin/cargo" "+1.83.0" "fetch" "--manifest-path" "Cargo.toml", kill_on_drop: false }`
[INFO] [stderr]  Downloading crates ...
[INFO] [stderr]   Downloaded idb v0.2.0
[INFO] [stderr]   Downloaded deli-derive v0.1.0
[INFO] [stderr]   Downloaded idb-sys v0.1.2
[INFO] running `Command { std: "docker" "create" "-v" "/var/lib/crater-agent-workspace/builds/worker-1-tc1/target:/opt/rustwide/target:rw,Z" "-v" "/var/lib/crater-agent-workspace/builds/worker-1-tc1/source:/opt/rustwide/workdir:ro,Z" "-v" "/var/lib/crater-agent-workspace/cargo-home:/opt/rustwide/cargo-home:ro,Z" "-v" "/var/lib/crater-agent-workspace/rustup-home:/opt/rustwide/rustup-home:ro,Z" "-e" "SOURCE_DIR=/opt/rustwide/workdir" "-e" "CARGO_TARGET_DIR=/opt/rustwide/target" "-e" "CARGO_HOME=/opt/rustwide/cargo-home" "-e" "RUSTUP_HOME=/opt/rustwide/rustup-home" "-w" "/opt/rustwide/workdir" "-m" "1610612736" "--user" "0:0" "--network" "none" "ghcr.io/rust-lang/crates-build-env/linux@sha256:f3a9d4ad9d972b27faf3965f35b62e55ba32bbce8f20bc8fe909558a86702fde" "/opt/rustwide/cargo-home/bin/cargo" "+1.83.0" "metadata" "--no-deps" "--format-version=1", kill_on_drop: false }`
[INFO] [stdout] c96c87e6361c0068b5fac2e6a210928b31d2c41d9ed141912d1db95fcfd98297
[INFO] running `Command { std: "docker" "start" "-a" "c96c87e6361c0068b5fac2e6a210928b31d2c41d9ed141912d1db95fcfd98297", kill_on_drop: false }`
[INFO] running `Command { std: "docker" "inspect" "c96c87e6361c0068b5fac2e6a210928b31d2c41d9ed141912d1db95fcfd98297", kill_on_drop: false }`
[INFO] running `Command { std: "docker" "rm" "-f" "c96c87e6361c0068b5fac2e6a210928b31d2c41d9ed141912d1db95fcfd98297", kill_on_drop: false }`
[INFO] [stdout] c96c87e6361c0068b5fac2e6a210928b31d2c41d9ed141912d1db95fcfd98297
[INFO] running `Command { std: "docker" "create" "-v" "/var/lib/crater-agent-workspace/builds/worker-1-tc1/target:/opt/rustwide/target:rw,Z" "-v" "/var/lib/crater-agent-workspace/builds/worker-1-tc1/source:/opt/rustwide/workdir:ro,Z" "-v" "/var/lib/crater-agent-workspace/cargo-home:/opt/rustwide/cargo-home:ro,Z" "-v" "/var/lib/crater-agent-workspace/rustup-home:/opt/rustwide/rustup-home:ro,Z" "-e" "SOURCE_DIR=/opt/rustwide/workdir" "-e" "CARGO_TARGET_DIR=/opt/rustwide/target" "-e" "CARGO_INCREMENTAL=0" "-e" "RUST_BACKTRACE=full" "-e" "RUSTFLAGS=--cap-lints=warn" "-e" "RUSTDOCFLAGS=--cap-lints=warn" "-e" "CARGO_HOME=/opt/rustwide/cargo-home" "-e" "RUSTUP_HOME=/opt/rustwide/rustup-home" "-w" "/opt/rustwide/workdir" "-m" "1610612736" "--user" "0:0" "--network" "none" "ghcr.io/rust-lang/crates-build-env/linux@sha256:f3a9d4ad9d972b27faf3965f35b62e55ba32bbce8f20bc8fe909558a86702fde" "/opt/rustwide/cargo-home/bin/cargo" "+1.83.0" "build" "--frozen" "--message-format=json", kill_on_drop: false }`
[INFO] [stdout] d0c6ca33d1adbcf5826ad0ff70c634a1f4555666f87ce52c58cf995fd97a7ca9
[INFO] running `Command { std: "docker" "start" "-a" "d0c6ca33d1adbcf5826ad0ff70c634a1f4555666f87ce52c58cf995fd97a7ca9", kill_on_drop: false }`
[INFO] [stderr]    Compiling proc-macro2 v1.0.92
[INFO] [stderr]    Compiling unicode-ident v1.0.14
[INFO] [stderr]    Compiling wasm-bindgen-shared v0.2.99
[INFO] [stderr]    Compiling log v0.4.22
[INFO] [stderr]    Compiling bumpalo v3.16.0
[INFO] [stderr]    Compiling wasm-bindgen v0.2.99
[INFO] [stderr]    Compiling once_cell v1.20.2
[INFO] [stderr]    Compiling cfg-if v1.0.0
[INFO] [stderr]    Compiling syn v1.0.109
[INFO] [stderr]    Compiling autocfg v1.4.0
[INFO] [stderr]    Compiling fnv v1.0.7
[INFO] [stderr]    Compiling strsim v0.10.0
[INFO] [stderr]    Compiling thiserror v1.0.69
[INFO] [stderr]    Compiling ident_case v1.0.1
[INFO] [stderr]    Compiling serde v1.0.216
[INFO] [stderr]    Compiling serde_json v1.0.133
[INFO] [stderr]    Compiling pin-project-lite v0.2.15
[INFO] [stderr]    Compiling memchr v2.7.4
[INFO] [stderr]    Compiling ryu v1.0.18
[INFO] [stderr]    Compiling itoa v1.0.14
[INFO] [stderr]    Compiling num-traits v0.2.19
[INFO] [stderr]    Compiling quote v1.0.37
[INFO] [stderr]    Compiling syn v2.0.90
[INFO] [stderr]    Compiling darling_core v0.14.4
[INFO] [stderr]    Compiling wasm-bindgen-backend v0.2.99
[INFO] [stderr]    Compiling thiserror-impl v1.0.69
[INFO] [stderr]    Compiling serde_derive v1.0.216
[INFO] [stderr]    Compiling tokio-macros v2.4.0
[INFO] [stderr]    Compiling wasm-bindgen-macro-support v0.2.99
[INFO] [stderr]    Compiling tokio v1.42.0
[INFO] [stderr]    Compiling darling_macro v0.14.4
[INFO] [stderr]    Compiling wasm-bindgen-macro v0.2.99
[INFO] [stderr]    Compiling darling v0.14.4
[INFO] [stderr]    Compiling deli-derive v0.1.0
[INFO] [stderr]    Compiling js-sys v0.3.76
[INFO] [stderr]    Compiling web-sys v0.3.76
[INFO] [stderr]    Compiling serde-wasm-bindgen v0.4.5
[INFO] [stderr]    Compiling idb-sys v0.1.2
[INFO] [stderr]    Compiling idb v0.2.0
[INFO] [stderr]    Compiling deli v0.1.0 (/opt/rustwide/workdir)
[INFO] [stderr]     Finished `dev` profile [unoptimized + debuginfo] target(s) in 17.81s
[INFO] running `Command { std: "docker" "inspect" "d0c6ca33d1adbcf5826ad0ff70c634a1f4555666f87ce52c58cf995fd97a7ca9", kill_on_drop: false }`
[INFO] running `Command { std: "docker" "rm" "-f" "d0c6ca33d1adbcf5826ad0ff70c634a1f4555666f87ce52c58cf995fd97a7ca9", kill_on_drop: false }`
[INFO] [stdout] d0c6ca33d1adbcf5826ad0ff70c634a1f4555666f87ce52c58cf995fd97a7ca9
[INFO] running `Command { std: "docker" "create" "-v" "/var/lib/crater-agent-workspace/builds/worker-1-tc1/target:/opt/rustwide/target:rw,Z" "-v" "/var/lib/crater-agent-workspace/builds/worker-1-tc1/source:/opt/rustwide/workdir:ro,Z" "-v" "/var/lib/crater-agent-workspace/cargo-home:/opt/rustwide/cargo-home:ro,Z" "-v" "/var/lib/crater-agent-workspace/rustup-home:/opt/rustwide/rustup-home:ro,Z" "-e" "SOURCE_DIR=/opt/rustwide/workdir" "-e" "CARGO_TARGET_DIR=/opt/rustwide/target" "-e" "CARGO_INCREMENTAL=0" "-e" "RUST_BACKTRACE=full" "-e" "RUSTFLAGS=--cap-lints=warn" "-e" "RUSTDOCFLAGS=--cap-lints=warn" "-e" "CARGO_HOME=/opt/rustwide/cargo-home" "-e" "RUSTUP_HOME=/opt/rustwide/rustup-home" "-w" "/opt/rustwide/workdir" "-m" "1610612736" "--user" "0:0" "--network" "none" "ghcr.io/rust-lang/crates-build-env/linux@sha256:f3a9d4ad9d972b27faf3965f35b62e55ba32bbce8f20bc8fe909558a86702fde" "/opt/rustwide/cargo-home/bin/cargo" "+1.83.0" "test" "--frozen" "--no-run" "--message-format=json", kill_on_drop: false }`
[INFO] [stdout] cccb86652477326a3881247bb6ac0a2a9d6c145bafb10fb3d3915f1a2ecab3f6
[INFO] running `Command { std: "docker" "start" "-a" "cccb86652477326a3881247bb6ac0a2a9d6c145bafb10fb3d3915f1a2ecab3f6", kill_on_drop: false }`
[INFO] [stderr]    Compiling scoped-tls v1.0.1
[INFO] [stderr]    Compiling wasm-bindgen-test-macro v0.3.49
[INFO] [stderr]    Compiling wasm-bindgen-futures v0.4.49
[INFO] [stderr]    Compiling wasm-bindgen-test v0.3.49
[INFO] [stderr]    Compiling deli v0.1.0 (/opt/rustwide/workdir)
[INFO] [stdout] warning: function `create_database` is never used
[INFO] [stdout]   --> tests/web.rs:19:10
[INFO] [stdout]    |
[INFO] [stdout] 19 | async fn create_database() -> Result<Database, Error> {
[INFO] [stdout]    |          ^^^^^^^^^^^^^^^
[INFO] [stdout]    |
[INFO] [stdout]    = note: `#[warn(dead_code)]` on by default
[INFO] [stdout] 
[INFO] [stdout] 
[INFO] [stdout] warning: function `begin_read_transaction` is never used
[INFO] [stdout]   --> tests/web.rs:28:4
[INFO] [stdout]    |
[INFO] [stdout] 28 | fn begin_read_transaction(database: &Database) -> Result<Transaction, Error> {
[INFO] [stdout]    |    ^^^^^^^^^^^^^^^^^^^^^^
[INFO] [stdout] 
[INFO] [stdout] 
[INFO] [stdout] warning: function `begin_write_transaction` is never used
[INFO] [stdout]   --> tests/web.rs:32:4
[INFO] [stdout]    |
[INFO] [stdout] 32 | fn begin_write_transaction(database: &Database) -> Result<Transaction, Error> {
[INFO] [stdout]    |    ^^^^^^^^^^^^^^^^^^^^^^^
[INFO] [stdout] 
[INFO] [stdout] 
[INFO] [stdout] warning: function `close_and_delete_database` is never used
[INFO] [stdout]   --> tests/web.rs:40:10
[INFO] [stdout]    |
[INFO] [stdout] 40 | async fn close_and_delete_database(database: Database) -> Result<(), Error> {
[INFO] [stdout]    |          ^^^^^^^^^^^^^^^^^^^^^^^^^
[INFO] [stdout] 
[INFO] [stdout] 
[INFO] [stdout] warning: function `test_db_creation_and_deletion` is never used
[INFO] [stdout]   --> tests/web.rs:46:10
[INFO] [stdout]    |
[INFO] [stdout] 46 | async fn test_db_creation_and_deletion() {
[INFO] [stdout]    |          ^^^^^^^^^^^^^^^^^^^^^^^^^^^^^
[INFO] [stdout] 
[INFO] [stdout] 
[INFO] [stdout] warning: function `test_value_add` is never used
[INFO] [stdout]   --> tests/web.rs:58:10
[INFO] [stdout]    |
[INFO] [stdout] 58 | async fn test_value_add() {
[INFO] [stdout]    |          ^^^^^^^^^^^^^^
[INFO] [stdout] 
[INFO] [stdout] 
[INFO] [stdout] warning: function `test_value_update` is never used
[INFO] [stdout]   --> tests/web.rs:84:10
[INFO] [stdout]    |
[INFO] [stdout] 84 | async fn test_value_update() {
[INFO] [stdout]    |          ^^^^^^^^^^^^^^^^^
[INFO] [stdout] 
[INFO] [stdout] 
[INFO] [stdout] warning: function `test_count` is never used
[INFO] [stdout]    --> tests/web.rs:117:10
[INFO] [stdout]     |
[INFO] [stdout] 117 | async fn test_count() {
[INFO] [stdout]     |          ^^^^^^^^^^
[INFO] [stdout] 
[INFO] [stdout] 
[INFO] [stdout] warning: function `test_get_all` is never used
[INFO] [stdout]    --> tests/web.rs:146:10
[INFO] [stdout]     |
[INFO] [stdout] 146 | async fn test_get_all() {
[INFO] [stdout]     |          ^^^^^^^^^^^^
[INFO] [stdout] 
[INFO] [stdout] 
[INFO] [stdout] warning: function `test_get_all_keys` is never used
[INFO] [stdout]    --> tests/web.rs:213:10
[INFO] [stdout]     |
[INFO] [stdout] 213 | async fn test_get_all_keys() {
[INFO] [stdout]     |          ^^^^^^^^^^^^^^^^^
[INFO] [stdout] 
[INFO] [stdout] 
[INFO] [stdout] warning: function `test_scan` is never used
[INFO] [stdout]    --> tests/web.rs:248:10
[INFO] [stdout]     |
[INFO] [stdout] 248 | async fn test_scan() {
[INFO] [stdout]     |          ^^^^^^^^^
[INFO] [stdout] 
[INFO] [stdout] 
[INFO] [stdout] warning: function `test_scan_keys` is never used
[INFO] [stdout]    --> tests/web.rs:338:10
[INFO] [stdout]     |
[INFO] [stdout] 338 | async fn test_scan_keys() {
[INFO] [stdout]     |          ^^^^^^^^^^^^^^
[INFO] [stdout] 
[INFO] [stdout] 
[INFO] [stdout] warning: function `test_delete` is never used
[INFO] [stdout]    --> tests/web.rs:404:10
[INFO] [stdout]     |
[INFO] [stdout] 404 | async fn test_delete() {
[INFO] [stdout]     |          ^^^^^^^^^^^
[INFO] [stdout] 
[INFO] [stdout] 
[INFO] [stdout] warning: function `test_unique_index` is never used
[INFO] [stdout]    --> tests/web.rs:440:10
[INFO] [stdout]     |
[INFO] [stdout] 440 | async fn test_unique_index() {
[INFO] [stdout]     |          ^^^^^^^^^^^^^^^^^
[INFO] [stdout] 
[INFO] [stdout] 
[INFO] [stdout] warning: function `test_count_by_index` is never used
[INFO] [stdout]    --> tests/web.rs:452:10
[INFO] [stdout]     |
[INFO] [stdout] 452 | async fn test_count_by_index() {
[INFO] [stdout]     |          ^^^^^^^^^^^^^^^^^^^
[INFO] [stdout] 
[INFO] [stdout] 
[INFO] [stdout] warning: function `test_get_by_index` is never used
[INFO] [stdout]    --> tests/web.rs:480:10
[INFO] [stdout]     |
[INFO] [stdout] 480 | async fn test_get_by_index() {
[INFO] [stdout]     |          ^^^^^^^^^^^^^^^^^
[INFO] [stdout] 
[INFO] [stdout] 
[INFO] [stdout] warning: function `test_get_key_by_index` is never used
[INFO] [stdout]    --> tests/web.rs:518:10
[INFO] [stdout]     |
[INFO] [stdout] 518 | async fn test_get_key_by_index() {
[INFO] [stdout]     |          ^^^^^^^^^^^^^^^^^^^^^
[INFO] [stdout] 
[INFO] [stdout] 
[INFO] [stdout] warning: function `test_get_all_by_index` is never used
[INFO] [stdout]    --> tests/web.rs:543:10
[INFO] [stdout]     |
[INFO] [stdout] 543 | async fn test_get_all_by_index() {
[INFO] [stdout]     |          ^^^^^^^^^^^^^^^^^^^^^
[INFO] [stdout] 
[INFO] [stdout] 
[INFO] [stdout] warning: function `test_get_all_keys_by_index` is never used
[INFO] [stdout]    --> tests/web.rs:597:10
[INFO] [stdout]     |
[INFO] [stdout] 597 | async fn test_get_all_keys_by_index() {
[INFO] [stdout]     |          ^^^^^^^^^^^^^^^^^^^^^^^^^^
[INFO] [stdout] 
[INFO] [stdout] 
[INFO] [stdout] warning: function `test_scan_by_index` is never used
[INFO] [stdout]    --> tests/web.rs:661:10
[INFO] [stdout]     |
[INFO] [stdout] 661 | async fn test_scan_by_index() {
[INFO] [stdout]     |          ^^^^^^^^^^^^^^^^^^
[INFO] [stdout] 
[INFO] [stdout] 
[INFO] [stdout] warning: function `test_scan_keys_by_index` is never used
[INFO] [stdout]    --> tests/web.rs:726:10
[INFO] [stdout]     |
[INFO] [stdout] 726 | async fn test_scan_keys_by_index() {
[INFO] [stdout]     |          ^^^^^^^^^^^^^^^^^^^^^^^
[INFO] [stdout] 
[INFO] [stdout] 
[INFO] [stderr]     Finished `test` profile [unoptimized + debuginfo] target(s) in 1.88s
[INFO] running `Command { std: "docker" "inspect" "cccb86652477326a3881247bb6ac0a2a9d6c145bafb10fb3d3915f1a2ecab3f6", kill_on_drop: false }`
[INFO] running `Command { std: "docker" "rm" "-f" "cccb86652477326a3881247bb6ac0a2a9d6c145bafb10fb3d3915f1a2ecab3f6", kill_on_drop: false }`
[INFO] [stdout] cccb86652477326a3881247bb6ac0a2a9d6c145bafb10fb3d3915f1a2ecab3f6
[INFO] running `Command { std: "docker" "create" "-v" "/var/lib/crater-agent-workspace/builds/worker-1-tc1/target:/opt/rustwide/target:rw,Z" "-v" "/var/lib/crater-agent-workspace/builds/worker-1-tc1/source:/opt/rustwide/workdir:ro,Z" "-v" "/var/lib/crater-agent-workspace/cargo-home:/opt/rustwide/cargo-home:ro,Z" "-v" "/var/lib/crater-agent-workspace/rustup-home:/opt/rustwide/rustup-home:ro,Z" "-e" "SOURCE_DIR=/opt/rustwide/workdir" "-e" "CARGO_TARGET_DIR=/opt/rustwide/target" "-e" "CARGO_INCREMENTAL=0" "-e" "RUST_BACKTRACE=full" "-e" "RUSTFLAGS=--cap-lints=warn" "-e" "RUSTDOCFLAGS=--cap-lints=warn" "-e" "CARGO_HOME=/opt/rustwide/cargo-home" "-e" "RUSTUP_HOME=/opt/rustwide/rustup-home" "-w" "/opt/rustwide/workdir" "-m" "1610612736" "--user" "0:0" "--network" "none" "ghcr.io/rust-lang/crates-build-env/linux@sha256:f3a9d4ad9d972b27faf3965f35b62e55ba32bbce8f20bc8fe909558a86702fde" "/opt/rustwide/cargo-home/bin/cargo" "+1.83.0" "test" "--frozen", kill_on_drop: false }`
[INFO] [stdout] 74b3fc568ef430bedb01af05d08be4392172e8c01dbc9dd84917132a1d92009a
[INFO] running `Command { std: "docker" "start" "-a" "74b3fc568ef430bedb01af05d08be4392172e8c01dbc9dd84917132a1d92009a", kill_on_drop: false }`
[INFO] [stderr] warning: function `create_database` is never used
[INFO] [stderr]   --> tests/web.rs:19:10
[INFO] [stderr]    |
[INFO] [stderr] 19 | async fn create_database() -> Result<Database, Error> {
[INFO] [stderr]    |          ^^^^^^^^^^^^^^^
[INFO] [stderr]    |
[INFO] [stderr]    = note: `#[warn(dead_code)]` on by default
[INFO] [stderr] 
[INFO] [stderr] warning: function `begin_read_transaction` is never used
[INFO] [stderr]   --> tests/web.rs:28:4
[INFO] [stderr]    |
[INFO] [stderr] 28 | fn begin_read_transaction(database: &Database) -> Result<Transaction, Error> {
[INFO] [stderr]    |    ^^^^^^^^^^^^^^^^^^^^^^
[INFO] [stderr] 
[INFO] [stderr] warning: function `begin_write_transaction` is never used
[INFO] [stderr]   --> tests/web.rs:32:4
[INFO] [stderr]    |
[INFO] [stderr] 32 | fn begin_write_transaction(database: &Database) -> Result<Transaction, Error> {
[INFO] [stderr]    |    ^^^^^^^^^^^^^^^^^^^^^^^
[INFO] [stderr] 
[INFO] [stderr] warning: function `close_and_delete_database` is never used
[INFO] [stderr]   --> tests/web.rs:40:10
[INFO] [stderr]    |
[INFO] [stderr] 40 | async fn close_and_delete_database(database: Database) -> Result<(), Error> {
[INFO] [stderr]    |          ^^^^^^^^^^^^^^^^^^^^^^^^^
[INFO] [stderr] 
[INFO] [stderr] warning: function `test_db_creation_and_deletion` is never used
[INFO] [stderr]   --> tests/web.rs:46:10
[INFO] [stderr]    |
[INFO] [stderr] 46 | async fn test_db_creation_and_deletion() {
[INFO] [stderr]    |          ^^^^^^^^^^^^^^^^^^^^^^^^^^^^^
[INFO] [stderr] 
[INFO] [stderr] warning: function `test_value_add` is never used
[INFO] [stderr]   --> tests/web.rs:58:10
[INFO] [stderr]    |
[INFO] [stderr] 58 | async fn test_value_add() {
[INFO] [stderr]    |          ^^^^^^^^^^^^^^
[INFO] [stderr] 
[INFO] [stderr] warning: function `test_value_update` is never used
[INFO] [stderr]   --> tests/web.rs:84:10
[INFO] [stderr]    |
[INFO] [stderr] 84 | async fn test_value_update() {
[INFO] [stderr]    |          ^^^^^^^^^^^^^^^^^
[INFO] [stderr] 
[INFO] [stderr] warning: function `test_count` is never used
[INFO] [stderr]    --> tests/web.rs:117:10
[INFO] [stderr]     |
[INFO] [stderr] 117 | async fn test_count() {
[INFO] [stderr]     |          ^^^^^^^^^^
[INFO] [stderr] 
[INFO] [stderr] warning: function `test_get_all` is never used
[INFO] [stderr]    --> tests/web.rs:146:10
[INFO] [stderr]     |
[INFO] [stderr] 146 | async fn test_get_all() {
[INFO] [stderr]     |          ^^^^^^^^^^^^
[INFO] [stderr] 
[INFO] [stderr] warning: function `test_get_all_keys` is never used
[INFO] [stderr]    --> tests/web.rs:213:10
[INFO] [stderr]     |
[INFO] [stderr] 213 | async fn test_get_all_keys() {
[INFO] [stderr]     |          ^^^^^^^^^^^^^^^^^
[INFO] [stderr] 
[INFO] [stderr] warning: function `test_scan` is never used
[INFO] [stderr]    --> tests/web.rs:248:10
[INFO] [stderr]     |
[INFO] [stderr] 248 | async fn test_scan() {
[INFO] [stderr]     |          ^^^^^^^^^
[INFO] [stderr] 
[INFO] [stderr] warning: function `test_scan_keys` is never used
[INFO] [stderr]    --> tests/web.rs:338:10
[INFO] [stderr]     |
[INFO] [stderr] 338 | async fn test_scan_keys() {
[INFO] [stderr]     |          ^^^^^^^^^^^^^^
[INFO] [stderr] 
[INFO] [stderr] warning: function `test_delete` is never used
[INFO] [stderr]    --> tests/web.rs:404:10
[INFO] [stderr]     |
[INFO] [stderr] 404 | async fn test_delete() {
[INFO] [stderr]     |          ^^^^^^^^^^^
[INFO] [stderr] 
[INFO] [stderr] warning: function `test_unique_index` is never used
[INFO] [stderr]    --> tests/web.rs:440:10
[INFO] [stderr]     |
[INFO] [stderr] 440 | async fn test_unique_index() {
[INFO] [stderr]     |          ^^^^^^^^^^^^^^^^^
[INFO] [stderr] 
[INFO] [stderr] warning: function `test_count_by_index` is never used
[INFO] [stderr]    --> tests/web.rs:452:10
[INFO] [stderr]     |
[INFO] [stderr] 452 | async fn test_count_by_index() {
[INFO] [stderr]     |          ^^^^^^^^^^^^^^^^^^^
[INFO] [stderr] 
[INFO] [stderr] warning: function `test_get_by_index` is never used
[INFO] [stderr]    --> tests/web.rs:480:10
[INFO] [stderr]     |
[INFO] [stderr] 480 | async fn test_get_by_index() {
[INFO] [stderr]     |          ^^^^^^^^^^^^^^^^^
[INFO] [stderr] 
[INFO] [stderr] warning: function `test_get_key_by_index` is never used
[INFO] [stderr]    --> tests/web.rs:518:10
[INFO] [stderr]     |
[INFO] [stderr] 518 | async fn test_get_key_by_index() {
[INFO] [stderr]     |          ^^^^^^^^^^^^^^^^^^^^^
[INFO] [stderr] 
[INFO] [stderr] warning: function `test_get_all_by_index` is never used
[INFO] [stderr]    --> tests/web.rs:543:10
[INFO] [stderr]     |
[INFO] [stderr] 543 | async fn test_get_all_by_index() {
[INFO] [stderr]     |          ^^^^^^^^^^^^^^^^^^^^^
[INFO] [stderr] 
[INFO] [stderr] warning: function `test_get_all_keys_by_index` is never used
[INFO] [stderr]    --> tests/web.rs:597:10
[INFO] [stderr]     |
[INFO] [stderr] 597 | async fn test_get_all_keys_by_index() {
[INFO] [stderr]     |          ^^^^^^^^^^^^^^^^^^^^^^^^^^
[INFO] [stderr] 
[INFO] [stderr] warning: function `test_scan_by_index` is never used
[INFO] [stderr]    --> tests/web.rs:661:10
[INFO] [stderr]     |
[INFO] [stderr] 661 | async fn test_scan_by_index() {
[INFO] [stderr]     |          ^^^^^^^^^^^^^^^^^^
[INFO] [stderr] 
[INFO] [stderr] warning: function `test_scan_keys_by_index` is never used
[INFO] [stderr]    --> tests/web.rs:726:10
[INFO] [stderr]     |
[INFO] [stderr] 726 | async fn test_scan_keys_by_index() {
[INFO] [stderr]     |          ^^^^^^^^^^^^^^^^^^^^^^^
[INFO] [stderr] 
[INFO] [stderr] warning: `deli` (test "web") generated 21 warnings
[INFO] [stderr]     Finished `test` profile [unoptimized + debuginfo] target(s) in 0.12s
[INFO] [stderr]      Running unittests src/lib.rs (/opt/rustwide/target/debug/deps/deli-3251633b6086762d)
[INFO] [stdout] 
[INFO] [stderr]      Running tests/web.rs (/opt/rustwide/target/debug/deps/web-a922804275d4d7c9)
[INFO] [stdout] running 0 tests
[INFO] [stderr]    Doc-tests deli
[INFO] [stdout] 
[INFO] [stdout] test result: ok. 0 passed; 0 failed; 0 ignored; 0 measured; 0 filtered out; finished in 0.00s
[INFO] [stdout] 
[INFO] [stdout] 
[INFO] [stdout] running 0 tests
[INFO] [stdout] 
[INFO] [stdout] test result: ok. 0 passed; 0 failed; 0 ignored; 0 measured; 0 filtered out; finished in 0.00s
[INFO] [stdout] 
[INFO] [stdout] 
[INFO] [stdout] running 5 tests
[INFO] [stdout] test src/lib.rs - (line 136) ... FAILED
[INFO] [stdout] test src/lib.rs - (line 107) ... FAILED
[INFO] [stdout] test src/lib.rs - (line 76) ... FAILED
[INFO] [stdout] test src/lib.rs - (line 88) ... FAILED
[INFO] [stdout] test src/lib.rs - (line 32) ... FAILED
[INFO] [stdout] 
[INFO] [stdout] failures:
[INFO] [stdout] 
[INFO] [stdout] ---- src/lib.rs - (line 136) stdout ----
[INFO] [stdout] error[E0412]: cannot find type `Transaction` in this scope
[INFO] [stdout]  --> src/lib.rs:137:42
[INFO] [stdout]   |
[INFO] [stdout] 3 | async fn commit_transaction(transaction: Transaction) -> Result<(), Error> {
[INFO] [stdout]   |                                          ^^^^^^^^^^^ not found in this scope
[INFO] [stdout]   |
[INFO] [stdout] help: consider importing one of these structs
[INFO] [stdout]   |
[INFO] [stdout] 2 + use deli::Transaction;
[INFO] [stdout]   |
[INFO] [stdout] 2 + use idb::Transaction;
[INFO] [stdout]   |
[INFO] [stdout] 
[INFO] [stdout] error[E0412]: cannot find type `Error` in this scope
[INFO] [stdout]  --> src/lib.rs:137:69
[INFO] [stdout]   |
[INFO] [stdout] 3 | async fn commit_transaction(transaction: Transaction) -> Result<(), Error> {
[INFO] [stdout]   |                                                                     ^^^^^ not found in this scope
[INFO] [stdout]   |
[INFO] [stdout] help: consider importing one of these items
[INFO] [stdout]   |
[INFO] [stdout] 2 + use std::error::Error;
[INFO] [stdout]   |
[INFO] [stdout] 2 + use std::fmt::Error;
[INFO] [stdout]   |
[INFO] [stdout] 2 + use std::io::Error;
[INFO] [stdout]   |
[INFO] [stdout] 2 + use core::error::Error;
[INFO] [stdout]   |
[INFO] [stdout]     and 8 other candidates
[INFO] [stdout] 
[INFO] [stdout] error: aborting due to 2 previous errors
[INFO] [stdout] 
[INFO] [stdout] For more information about this error, try `rustc --explain E0412`.
[INFO] [stdout] Couldn't compile the test.
[INFO] [stdout] ---- src/lib.rs - (line 107) stdout ----
[INFO] [stdout] error[E0412]: cannot find type `Employee` in this scope
[INFO] [stdout]   --> src/lib.rs:115:76
[INFO] [stdout]    |
[INFO] [stdout] 11 | async fn get_employee(transaction: &Transaction, id: u32) -> Result<Option<Employee>, Error> {
[INFO] [stdout]    |                                                                            ^^^^^^^^ not found in this scope
[INFO] [stdout]    |
[INFO] [stdout] help: you might be missing a type parameter
[INFO] [stdout]    |
[INFO] [stdout] 11 | async fn get_employee<Employee>(transaction: &Transaction, id: u32) -> Result<Option<Employee>, Error> {
[INFO] [stdout]    |                      ++++++++++
[INFO] [stdout] 
[INFO] [stdout] error[E0412]: cannot find type `Employee` in this scope
[INFO] [stdout]   --> src/lib.rs:119:69
[INFO] [stdout]    |
[INFO] [stdout] 15 | async fn get_all_employees(transaction: &Transaction) -> Result<Vec<Employee>, Error> {
[INFO] [stdout]    |                                                                     ^^^^^^^^ not found in this scope
[INFO] [stdout]    |
[INFO] [stdout] help: you might be missing a type parameter
[INFO] [stdout]    |
[INFO] [stdout] 15 | async fn get_all_employees<Employee>(transaction: &Transaction) -> Result<Vec<Employee>, Error> {
[INFO] [stdout]    |                           ++++++++++
[INFO] [stdout] 
[INFO] [stdout] error[E0412]: cannot find type `Employee` in this scope
[INFO] [stdout]   --> src/lib.rs:128:17
[INFO] [stdout]    |
[INFO] [stdout] 24 | ) -> Result<Vec<Employee>, Error> {
[INFO] [stdout]    |                 ^^^^^^^^ not found in this scope
[INFO] [stdout]    |
[INFO] [stdout] help: you might be missing a type parameter
[INFO] [stdout]    |
[INFO] [stdout] 20 | async fn get_employees_with_bounds<Employee>(
[INFO] [stdout]    |                                   ++++++++++
[INFO] [stdout] 
[INFO] [stdout] error[E0433]: failed to resolve: use of undeclared type `Employee`
[INFO] [stdout]  --> src/lib.rs:112:5
[INFO] [stdout]   |
[INFO] [stdout] 8 |     Employee::with_transaction(transaction)?.add("Alice", "alice@example.com", &25).await
[INFO] [stdout]   |     ^^^^^^^^ use of undeclared type `Employee`
[INFO] [stdout] 
[INFO] [stdout] error[E0433]: failed to resolve: use of undeclared type `Employee`
[INFO] [stdout]   --> src/lib.rs:116:5
[INFO] [stdout]    |
[INFO] [stdout] 12 |     Employee::with_transaction(transaction)?.get(&id).await
[INFO] [stdout]    |     ^^^^^^^^ use of undeclared type `Employee`
[INFO] [stdout] 
[INFO] [stdout] error[E0433]: failed to resolve: use of undeclared type `Employee`
[INFO] [stdout]   --> src/lib.rs:121:5
[INFO] [stdout]    |
[INFO] [stdout] 17 |     Employee::with_transaction(transaction)?.get_all(.., None).await
[INFO] [stdout]    |     ^^^^^^^^ use of undeclared type `Employee`
[INFO] [stdout] 
[INFO] [stdout] error[E0433]: failed to resolve: use of undeclared type `Employee`
[INFO] [stdout]   --> src/lib.rs:129:5
[INFO] [stdout]    |
[INFO] [stdout] 25 |     Employee::with_transaction(transaction)?.get_all(&from_id..=&to_id, None).await
[INFO] [stdout]    |     ^^^^^^^^ use of undeclared type `Employee`
[INFO] [stdout] 
[INFO] [stdout] error: aborting due to 7 previous errors
[INFO] [stdout] 
[INFO] [stdout] Some errors have detailed explanations: E0412, E0433.
[INFO] [stdout] For more information about an error, try `rustc --explain E0412`.
[INFO] [stdout] Couldn't compile the test.
[INFO] [stdout] ---- src/lib.rs - (line 76) stdout ----
[INFO] [stdout] error[E0423]: expected value, found struct `Database`
[INFO] [stdout]  --> src/lib.rs:81:20
[INFO] [stdout]   |
[INFO] [stdout] 8 |     let database = Database.builder("test_db", 1).register_model::<Employee>().await?;
[INFO] [stdout]   |                    ^^^^^^^^- help: use the path separator to refer to an item: `::`
[INFO] [stdout] 
[INFO] [stdout] error[E0412]: cannot find type `Employee` in this scope
[INFO] [stdout]  --> src/lib.rs:81:68
[INFO] [stdout]   |
[INFO] [stdout] 8 |     let database = Database.builder("test_db", 1).register_model::<Employee>().await?;
[INFO] [stdout]   |                                                                    ^^^^^^^^ not found in this scope
[INFO] [stdout]   |
[INFO] [stdout] help: you might be missing a type parameter
[INFO] [stdout]   |
[INFO] [stdout] 7 | async fn create_database<Employee>() -> Result<Database, Error> {
[INFO] [stdout]   |                         ++++++++++
[INFO] [stdout] 
[INFO] [stdout] error[E0308]: mismatched types
[INFO] [stdout]  --> src/lib.rs:80:55
[INFO] [stdout]   |
[INFO] [stdout] 7 |   async fn create_database() -> Result<Database, Error> {
[INFO] [stdout]   |  _______________________________________________________^
[INFO] [stdout] 8 | |     let database = Database.builder("test_db", 1).register_model::<Employee>().await?;
[INFO] [stdout] 9 | | }
[INFO] [stdout]   | |_^ expected `Result<Database, Error>`, found `()`
[INFO] [stdout]   |
[INFO] [stdout]   = note:   expected enum `Result<deli::Database, deli::Error>`
[INFO] [stdout]           found unit type `()`
[INFO] [stdout] help: consider returning the local binding `database`
[INFO] [stdout]   |
[INFO] [stdout] 8 ~     let database = Database.builder("test_db", 1).register_model::<Employee>().await?;
[INFO] [stdout] 9 +     database
[INFO] [stdout]   |
[INFO] [stdout] 
[INFO] [stdout] error: aborting due to 3 previous errors
[INFO] [stdout] 
[INFO] [stdout] Some errors have detailed explanations: E0308, E0412, E0423.
[INFO] [stdout] For more information about an error, try `rustc --explain E0308`.
[INFO] [stdout] Couldn't compile the test.
[INFO] [stdout] ---- src/lib.rs - (line 88) stdout ----
[INFO] [stdout] error[E0412]: cannot find type `Employee` in this scope
[INFO] [stdout]  --> src/lib.rs:93:41
[INFO] [stdout]   |
[INFO] [stdout] 8 |     database.transaction().with_model::<Employee>().build()
[INFO] [stdout]   |                                         ^^^^^^^^ not found in this scope
[INFO] [stdout]   |
[INFO] [stdout] help: you might be missing a type parameter
[INFO] [stdout]   |
[INFO] [stdout] 7 | fn create_read_transaction<Employee>(database: &Database) -> Result<Transaction, Error> {
[INFO] [stdout]   |                           ++++++++++
[INFO] [stdout] 
[INFO] [stdout] error[E0412]: cannot find type `Employee` in this scope
[INFO] [stdout]   --> src/lib.rs:97:52
[INFO] [stdout]    |
[INFO] [stdout] 12 |     database.transaction().writable().with_model::<Employee>().build()
[INFO] [stdout]    |                                                    ^^^^^^^^ not found in this scope
[INFO] [stdout]    |
[INFO] [stdout] help: you might be missing a type parameter
[INFO] [stdout]    |
[INFO] [stdout] 11 | fn create_write_transaction<Employee>(database: &Database) -> Result<Transaction, Error> {
[INFO] [stdout]    |                            ++++++++++
[INFO] [stdout] 
[INFO] [stdout] error: aborting due to 2 previous errors
[INFO] [stdout] 
[INFO] [stdout] For more information about this error, try `rustc --explain E0412`.
[INFO] [stdout] Couldn't compile the test.
[INFO] [stdout] ---- src/lib.rs - (line 32) stdout ----
[INFO] [stdout] error[E0277]: `Employee` doesn't implement `Debug`
[INFO] [stdout]  --> src/lib.rs:37:34
[INFO] [stdout]   |
[INFO] [stdout] 8 | #[derive(Serialize, Deserialize, Model)]
[INFO] [stdout]   |                                  ^^^^^ `Employee` cannot be formatted using `{:?}`
[INFO] [stdout]   |
[INFO] [stdout]   = help: the trait `Debug` is not implemented for `Employee`, which is required by `&Store<'transaction, Employee>: Debug`
[INFO] [stdout]   = note: add `#[derive(Debug)]` to `Employee` or manually `impl Debug for Employee`
[INFO] [stdout]   = help: the trait `Debug` is implemented for `Store<'_, M>`
[INFO] [stdout]   = note: this error originates in the derive macro `Debug` (in Nightly builds, run with -Z macro-backtrace for more info)
[INFO] [stdout] help: consider annotating `Employee` with `#[derive(Debug)]`
[INFO] [stdout]   |
[INFO] [stdout] 9 + #[derive(Debug)]
[INFO] [stdout] 10| pub struct Employee {
[INFO] [stdout]   |
[INFO] [stdout] 
[INFO] [stdout] error[E0277]: `Employee` doesn't implement `Debug`
[INFO] [stdout]  --> src/lib.rs:37:34
[INFO] [stdout]   |
[INFO] [stdout] 8 | #[derive(Serialize, Deserialize, Model)]
[INFO] [stdout]   |                                  ^^^^^ `Employee` cannot be formatted using `{:?}`
[INFO] [stdout]   |
[INFO] [stdout]   = help: the trait `Debug` is not implemented for `Employee`, which is required by `&deli::Cursor<'transaction, Employee>: Debug`
[INFO] [stdout]   = note: add `#[derive(Debug)]` to `Employee` or manually `impl Debug for Employee`
[INFO] [stdout]   = help: the trait `Debug` is implemented for `deli::Cursor<'_, M>`
[INFO] [stdout]   = note: this error originates in the derive macro `Debug` (in Nightly builds, run with -Z macro-backtrace for more info)
[INFO] [stdout] help: consider annotating `Employee` with `#[derive(Debug)]`
[INFO] [stdout]   |
[INFO] [stdout] 9 + #[derive(Debug)]
[INFO] [stdout] 10| pub struct Employee {
[INFO] [stdout]   |
[INFO] [stdout] 
[INFO] [stdout] error[E0277]: `Employee` doesn't implement `Debug`
[INFO] [stdout]  --> src/lib.rs:37:34
[INFO] [stdout]   |
[INFO] [stdout] 8 | #[derive(Serialize, Deserialize, Model)]
[INFO] [stdout]   |                                  ^^^^^ `Employee` cannot be formatted using `{:?}`
[INFO] [stdout]   |
[INFO] [stdout]   = help: the trait `Debug` is not implemented for `Employee`, which is required by `&deli::KeyCursor<'transaction, Employee>: Debug`
[INFO] [stdout]   = note: add `#[derive(Debug)]` to `Employee` or manually `impl Debug for Employee`
[INFO] [stdout]   = help: the trait `Debug` is implemented for `deli::KeyCursor<'_, M>`
[INFO] [stdout]   = note: this error originates in the derive macro `Debug` (in Nightly builds, run with -Z macro-backtrace for more info)
[INFO] [stdout] help: consider annotating `Employee` with `#[derive(Debug)]`
[INFO] [stdout]   |
[INFO] [stdout] 9 + #[derive(Debug)]
[INFO] [stdout] 10| pub struct Employee {
[INFO] [stdout]   |
[INFO] [stdout] 
[INFO] [stdout] error: aborting due to 3 previous errors
[INFO] [stdout] 
[INFO] [stdout] For more information about this error, try `rustc --explain E0277`.
[INFO] [stdout] Couldn't compile the test.
[INFO] [stdout] 
[INFO] [stdout] failures:
[INFO] [stdout]     src/lib.rs - (line 107)
[INFO] [stdout]     src/lib.rs - (line 136)
[INFO] [stdout]     src/lib.rs - (line 32)
[INFO] [stdout]     src/lib.rs - (line 76)
[INFO] [stdout]     src/lib.rs - (line 88)
[INFO] [stdout] 
[INFO] [stdout] test result: FAILED. 0 passed; 5 failed; 0 ignored; 0 measured; 0 filtered out; finished in 0.28s
[INFO] [stdout] 
[INFO] [stderr] error: doctest failed, to rerun pass `--doc`
[INFO] running `Command { std: "docker" "inspect" "74b3fc568ef430bedb01af05d08be4392172e8c01dbc9dd84917132a1d92009a", kill_on_drop: false }`
[INFO] running `Command { std: "docker" "rm" "-f" "74b3fc568ef430bedb01af05d08be4392172e8c01dbc9dd84917132a1d92009a", kill_on_drop: false }`
[INFO] [stdout] 74b3fc568ef430bedb01af05d08be4392172e8c01dbc9dd84917132a1d92009a
