[INFO] fetching crate delete_if_not 0.1.2...
[INFO] testing delete_if_not-0.1.2 against 1.83.0 for beta-1.84.0-4-retry
[INFO] extracting crate delete_if_not 0.1.2 into /workspace/builds/worker-3-tc1/source
[INFO] validating manifest of crates.io crate delete_if_not 0.1.2 on toolchain 1.83.0
[INFO] running `Command { std: CARGO_HOME="/workspace/cargo-home" RUSTUP_HOME="/workspace/rustup-home" "/workspace/cargo-home/bin/cargo" "+1.83.0" "metadata" "--manifest-path" "Cargo.toml" "--no-deps", kill_on_drop: false }`
[INFO] started tweaking crates.io crate delete_if_not 0.1.2
[INFO] finished tweaking crates.io crate delete_if_not 0.1.2
[INFO] tweaked toml for crates.io crate delete_if_not 0.1.2 written to /workspace/builds/worker-3-tc1/source/Cargo.toml
[INFO] running `Command { std: CARGO_HOME="/workspace/cargo-home" RUSTUP_HOME="/workspace/rustup-home" "/workspace/cargo-home/bin/cargo" "+1.83.0" "generate-lockfile" "--manifest-path" "Cargo.toml", kill_on_drop: false }`
[INFO] running `Command { std: CARGO_HOME="/workspace/cargo-home" RUSTUP_HOME="/workspace/rustup-home" "/workspace/cargo-home/bin/cargo" "+1.83.0" "fetch" "--manifest-path" "Cargo.toml", kill_on_drop: false }`
[INFO] running `Command { std: "docker" "create" "-v" "/var/lib/crater-agent-workspace/builds/worker-3-tc1/target:/opt/rustwide/target:rw,Z" "-v" "/var/lib/crater-agent-workspace/builds/worker-3-tc1/source:/opt/rustwide/workdir:ro,Z" "-v" "/var/lib/crater-agent-workspace/cargo-home:/opt/rustwide/cargo-home:ro,Z" "-v" "/var/lib/crater-agent-workspace/rustup-home:/opt/rustwide/rustup-home:ro,Z" "-e" "SOURCE_DIR=/opt/rustwide/workdir" "-e" "CARGO_TARGET_DIR=/opt/rustwide/target" "-e" "CARGO_HOME=/opt/rustwide/cargo-home" "-e" "RUSTUP_HOME=/opt/rustwide/rustup-home" "-w" "/opt/rustwide/workdir" "-m" "1610612736" "--user" "0:0" "--network" "none" "ghcr.io/rust-lang/crates-build-env/linux@sha256:f3a9d4ad9d972b27faf3965f35b62e55ba32bbce8f20bc8fe909558a86702fde" "/opt/rustwide/cargo-home/bin/cargo" "+1.83.0" "metadata" "--no-deps" "--format-version=1", kill_on_drop: false }`
[INFO] [stdout] 145fa2ebf52413b93ac015e3e6192b0f4218215ea028919d688aaaa35c3d3dc4
[INFO] running `Command { std: "docker" "start" "-a" "145fa2ebf52413b93ac015e3e6192b0f4218215ea028919d688aaaa35c3d3dc4", kill_on_drop: false }`
[INFO] running `Command { std: "docker" "inspect" "145fa2ebf52413b93ac015e3e6192b0f4218215ea028919d688aaaa35c3d3dc4", kill_on_drop: false }`
[INFO] running `Command { std: "docker" "rm" "-f" "145fa2ebf52413b93ac015e3e6192b0f4218215ea028919d688aaaa35c3d3dc4", kill_on_drop: false }`
[INFO] [stdout] 145fa2ebf52413b93ac015e3e6192b0f4218215ea028919d688aaaa35c3d3dc4
[INFO] running `Command { std: "docker" "create" "-v" "/var/lib/crater-agent-workspace/builds/worker-3-tc1/target:/opt/rustwide/target:rw,Z" "-v" "/var/lib/crater-agent-workspace/builds/worker-3-tc1/source:/opt/rustwide/workdir:ro,Z" "-v" "/var/lib/crater-agent-workspace/cargo-home:/opt/rustwide/cargo-home:ro,Z" "-v" "/var/lib/crater-agent-workspace/rustup-home:/opt/rustwide/rustup-home:ro,Z" "-e" "SOURCE_DIR=/opt/rustwide/workdir" "-e" "CARGO_TARGET_DIR=/opt/rustwide/target" "-e" "CARGO_INCREMENTAL=0" "-e" "RUST_BACKTRACE=full" "-e" "RUSTFLAGS=--cap-lints=warn" "-e" "RUSTDOCFLAGS=--cap-lints=warn" "-e" "CARGO_HOME=/opt/rustwide/cargo-home" "-e" "RUSTUP_HOME=/opt/rustwide/rustup-home" "-w" "/opt/rustwide/workdir" "-m" "1610612736" "--user" "0:0" "--network" "none" "ghcr.io/rust-lang/crates-build-env/linux@sha256:f3a9d4ad9d972b27faf3965f35b62e55ba32bbce8f20bc8fe909558a86702fde" "/opt/rustwide/cargo-home/bin/cargo" "+1.83.0" "build" "--frozen" "--message-format=json", kill_on_drop: false }`
[INFO] [stdout] bb34bdf26582afea2a17112d469f07ae71f1503ce0da7185824a59da21d83711
[INFO] running `Command { std: "docker" "start" "-a" "bb34bdf26582afea2a17112d469f07ae71f1503ce0da7185824a59da21d83711", kill_on_drop: false }`
[INFO] [stderr]    Compiling delete_if_not v0.1.2 (/opt/rustwide/workdir)
[INFO] [stderr]     Finished `dev` profile [unoptimized + debuginfo] target(s) in 0.16s
[INFO] running `Command { std: "docker" "inspect" "bb34bdf26582afea2a17112d469f07ae71f1503ce0da7185824a59da21d83711", kill_on_drop: false }`
[INFO] running `Command { std: "docker" "rm" "-f" "bb34bdf26582afea2a17112d469f07ae71f1503ce0da7185824a59da21d83711", kill_on_drop: false }`
[INFO] [stdout] bb34bdf26582afea2a17112d469f07ae71f1503ce0da7185824a59da21d83711
[INFO] running `Command { std: "docker" "create" "-v" "/var/lib/crater-agent-workspace/builds/worker-3-tc1/target:/opt/rustwide/target:rw,Z" "-v" "/var/lib/crater-agent-workspace/builds/worker-3-tc1/source:/opt/rustwide/workdir:ro,Z" "-v" "/var/lib/crater-agent-workspace/cargo-home:/opt/rustwide/cargo-home:ro,Z" "-v" "/var/lib/crater-agent-workspace/rustup-home:/opt/rustwide/rustup-home:ro,Z" "-e" "SOURCE_DIR=/opt/rustwide/workdir" "-e" "CARGO_TARGET_DIR=/opt/rustwide/target" "-e" "CARGO_INCREMENTAL=0" "-e" "RUST_BACKTRACE=full" "-e" "RUSTFLAGS=--cap-lints=warn" "-e" "RUSTDOCFLAGS=--cap-lints=warn" "-e" "CARGO_HOME=/opt/rustwide/cargo-home" "-e" "RUSTUP_HOME=/opt/rustwide/rustup-home" "-w" "/opt/rustwide/workdir" "-m" "1610612736" "--user" "0:0" "--network" "none" "ghcr.io/rust-lang/crates-build-env/linux@sha256:f3a9d4ad9d972b27faf3965f35b62e55ba32bbce8f20bc8fe909558a86702fde" "/opt/rustwide/cargo-home/bin/cargo" "+1.83.0" "test" "--frozen" "--no-run" "--message-format=json", kill_on_drop: false }`
[INFO] [stdout] 06f1e40c4e24d3d8a3992f32637dbd6d482384ce3ad93cbdfd1eb25bed289efb
[INFO] running `Command { std: "docker" "start" "-a" "06f1e40c4e24d3d8a3992f32637dbd6d482384ce3ad93cbdfd1eb25bed289efb", kill_on_drop: false }`
[INFO] [stderr]    Compiling delete_if_not v0.1.2 (/opt/rustwide/workdir)
[INFO] [stderr]     Finished `test` profile [unoptimized + debuginfo] target(s) in 0.42s
[INFO] running `Command { std: "docker" "inspect" "06f1e40c4e24d3d8a3992f32637dbd6d482384ce3ad93cbdfd1eb25bed289efb", kill_on_drop: false }`
[INFO] running `Command { std: "docker" "rm" "-f" "06f1e40c4e24d3d8a3992f32637dbd6d482384ce3ad93cbdfd1eb25bed289efb", kill_on_drop: false }`
[INFO] [stdout] 06f1e40c4e24d3d8a3992f32637dbd6d482384ce3ad93cbdfd1eb25bed289efb
[INFO] running `Command { std: "docker" "create" "-v" "/var/lib/crater-agent-workspace/builds/worker-3-tc1/target:/opt/rustwide/target:rw,Z" "-v" "/var/lib/crater-agent-workspace/builds/worker-3-tc1/source:/opt/rustwide/workdir:ro,Z" "-v" "/var/lib/crater-agent-workspace/cargo-home:/opt/rustwide/cargo-home:ro,Z" "-v" "/var/lib/crater-agent-workspace/rustup-home:/opt/rustwide/rustup-home:ro,Z" "-e" "SOURCE_DIR=/opt/rustwide/workdir" "-e" "CARGO_TARGET_DIR=/opt/rustwide/target" "-e" "CARGO_INCREMENTAL=0" "-e" "RUST_BACKTRACE=full" "-e" "RUSTFLAGS=--cap-lints=warn" "-e" "RUSTDOCFLAGS=--cap-lints=warn" "-e" "CARGO_HOME=/opt/rustwide/cargo-home" "-e" "RUSTUP_HOME=/opt/rustwide/rustup-home" "-w" "/opt/rustwide/workdir" "-m" "1610612736" "--user" "0:0" "--network" "none" "ghcr.io/rust-lang/crates-build-env/linux@sha256:f3a9d4ad9d972b27faf3965f35b62e55ba32bbce8f20bc8fe909558a86702fde" "/opt/rustwide/cargo-home/bin/cargo" "+1.83.0" "test" "--frozen", kill_on_drop: false }`
[INFO] [stdout] 305c6885ff46f6df57c82156132a0c3f536abba48162f4eb296785cfe566816f
[INFO] running `Command { std: "docker" "start" "-a" "305c6885ff46f6df57c82156132a0c3f536abba48162f4eb296785cfe566816f", kill_on_drop: false }`
[INFO] [stderr]     Finished `test` profile [unoptimized + debuginfo] target(s) in 0.01s
[INFO] [stderr]      Running unittests src/lib.rs (/opt/rustwide/target/debug/deps/delete_if_not-3330910f5abc68c1)
[INFO] [stdout] 
[INFO] [stdout] running 1 test
[INFO] [stdout] test tests::del_30 ... ok
[INFO] [stdout] 
[INFO] [stdout] test result: ok. 1 passed; 0 failed; 0 ignored; 0 measured; 0 filtered out; finished in 0.00s
[INFO] [stdout] 
[INFO] [stderr]    Doc-tests delete_if_not
[INFO] [stdout] 
[INFO] [stdout] running 1 test
[INFO] [stdout] test src/lib.rs - delete_if_not (line 8) ... FAILED
[INFO] [stdout] 
[INFO] [stdout] failures:
[INFO] [stdout] 
[INFO] [stdout] ---- src/lib.rs - delete_if_not (line 8) stdout ----
[INFO] [stdout] error[E0423]: expected function, found crate `delete_if_not`
[INFO] [stdout]  --> src/lib.rs:11:1
[INFO] [stdout]   |
[INFO] [stdout] 6 | delete_if_not(|i: &i32| *i != 30, &mut v);
[INFO] [stdout]   | ^^^^^^^^^^^^^ not a function
[INFO] [stdout]   |
[INFO] [stdout] help: consider importing this function instead
[INFO] [stdout]   |
[INFO] [stdout] 2 + use delete_if_not::delete_if_not;
[INFO] [stdout]   |
[INFO] [stdout] 
[INFO] [stdout] error: aborting due to 1 previous error
[INFO] [stdout] 
[INFO] [stdout] For more information about this error, try `rustc --explain E0423`.
[INFO] [stdout] Couldn't compile the test.
[INFO] [stdout] 
[INFO] [stdout] failures:
[INFO] [stdout]     src/lib.rs - delete_if_not (line 8)
[INFO] [stdout] 
[INFO] [stdout] test result: FAILED. 0 passed; 1 failed; 0 ignored; 0 measured; 0 filtered out; finished in 0.16s
[INFO] [stdout] 
[INFO] [stderr] error: doctest failed, to rerun pass `--doc`
[INFO] running `Command { std: "docker" "inspect" "305c6885ff46f6df57c82156132a0c3f536abba48162f4eb296785cfe566816f", kill_on_drop: false }`
[INFO] running `Command { std: "docker" "rm" "-f" "305c6885ff46f6df57c82156132a0c3f536abba48162f4eb296785cfe566816f", kill_on_drop: false }`
[INFO] [stdout] 305c6885ff46f6df57c82156132a0c3f536abba48162f4eb296785cfe566816f
