[INFO] fetching crate defer-rs-impl 0.1.0...
[INFO] testing defer-rs-impl-0.1.0 against 1.83.0 for beta-1.84.0-4-retry
[INFO] extracting crate defer-rs-impl 0.1.0 into /workspace/builds/worker-1-tc1/source
[INFO] validating manifest of crates.io crate defer-rs-impl 0.1.0 on toolchain 1.83.0
[INFO] running `Command { std: CARGO_HOME="/workspace/cargo-home" RUSTUP_HOME="/workspace/rustup-home" "/workspace/cargo-home/bin/cargo" "+1.83.0" "metadata" "--manifest-path" "Cargo.toml" "--no-deps", kill_on_drop: false }`
[INFO] started tweaking crates.io crate defer-rs-impl 0.1.0
[INFO] finished tweaking crates.io crate defer-rs-impl 0.1.0
[INFO] tweaked toml for crates.io crate defer-rs-impl 0.1.0 written to /workspace/builds/worker-1-tc1/source/Cargo.toml
[INFO] running `Command { std: CARGO_HOME="/workspace/cargo-home" RUSTUP_HOME="/workspace/rustup-home" "/workspace/cargo-home/bin/cargo" "+1.83.0" "generate-lockfile" "--manifest-path" "Cargo.toml", kill_on_drop: false }`
[INFO] [stderr]     Updating crates.io index
[INFO] [stderr]      Locking 4 packages to latest compatible versions
[INFO] running `Command { std: CARGO_HOME="/workspace/cargo-home" RUSTUP_HOME="/workspace/rustup-home" "/workspace/cargo-home/bin/cargo" "+1.83.0" "fetch" "--manifest-path" "Cargo.toml", kill_on_drop: false }`
[INFO] running `Command { std: "docker" "create" "-v" "/var/lib/crater-agent-workspace/builds/worker-1-tc1/target:/opt/rustwide/target:rw,Z" "-v" "/var/lib/crater-agent-workspace/builds/worker-1-tc1/source:/opt/rustwide/workdir:ro,Z" "-v" "/var/lib/crater-agent-workspace/cargo-home:/opt/rustwide/cargo-home:ro,Z" "-v" "/var/lib/crater-agent-workspace/rustup-home:/opt/rustwide/rustup-home:ro,Z" "-e" "SOURCE_DIR=/opt/rustwide/workdir" "-e" "CARGO_TARGET_DIR=/opt/rustwide/target" "-e" "CARGO_HOME=/opt/rustwide/cargo-home" "-e" "RUSTUP_HOME=/opt/rustwide/rustup-home" "-w" "/opt/rustwide/workdir" "-m" "1610612736" "--user" "0:0" "--network" "none" "ghcr.io/rust-lang/crates-build-env/linux@sha256:f3a9d4ad9d972b27faf3965f35b62e55ba32bbce8f20bc8fe909558a86702fde" "/opt/rustwide/cargo-home/bin/cargo" "+1.83.0" "metadata" "--no-deps" "--format-version=1", kill_on_drop: false }`
[INFO] [stdout] 9260f0bd15ddb7949cfce006ec097df887e09722d58d25fcedf454d3ba2722b9
[INFO] running `Command { std: "docker" "start" "-a" "9260f0bd15ddb7949cfce006ec097df887e09722d58d25fcedf454d3ba2722b9", kill_on_drop: false }`
[INFO] running `Command { std: "docker" "inspect" "9260f0bd15ddb7949cfce006ec097df887e09722d58d25fcedf454d3ba2722b9", kill_on_drop: false }`
[INFO] running `Command { std: "docker" "rm" "-f" "9260f0bd15ddb7949cfce006ec097df887e09722d58d25fcedf454d3ba2722b9", kill_on_drop: false }`
[INFO] [stdout] 9260f0bd15ddb7949cfce006ec097df887e09722d58d25fcedf454d3ba2722b9
[INFO] running `Command { std: "docker" "create" "-v" "/var/lib/crater-agent-workspace/builds/worker-1-tc1/target:/opt/rustwide/target:rw,Z" "-v" "/var/lib/crater-agent-workspace/builds/worker-1-tc1/source:/opt/rustwide/workdir:ro,Z" "-v" "/var/lib/crater-agent-workspace/cargo-home:/opt/rustwide/cargo-home:ro,Z" "-v" "/var/lib/crater-agent-workspace/rustup-home:/opt/rustwide/rustup-home:ro,Z" "-e" "SOURCE_DIR=/opt/rustwide/workdir" "-e" "CARGO_TARGET_DIR=/opt/rustwide/target" "-e" "CARGO_INCREMENTAL=0" "-e" "RUST_BACKTRACE=full" "-e" "RUSTFLAGS=--cap-lints=warn" "-e" "RUSTDOCFLAGS=--cap-lints=warn" "-e" "CARGO_HOME=/opt/rustwide/cargo-home" "-e" "RUSTUP_HOME=/opt/rustwide/rustup-home" "-w" "/opt/rustwide/workdir" "-m" "1610612736" "--user" "0:0" "--network" "none" "ghcr.io/rust-lang/crates-build-env/linux@sha256:f3a9d4ad9d972b27faf3965f35b62e55ba32bbce8f20bc8fe909558a86702fde" "/opt/rustwide/cargo-home/bin/cargo" "+1.83.0" "build" "--frozen" "--message-format=json", kill_on_drop: false }`
[INFO] [stdout] 1ce142571fb2d3ec8a5b1177d5e5126a6dfbbb4eb405cafca0ed46a3bdb593d8
[INFO] running `Command { std: "docker" "start" "-a" "1ce142571fb2d3ec8a5b1177d5e5126a6dfbbb4eb405cafca0ed46a3bdb593d8", kill_on_drop: false }`
[INFO] [stderr]    Compiling proc-macro2 v1.0.92
[INFO] [stderr]    Compiling unicode-ident v1.0.14
[INFO] [stderr]    Compiling quote v1.0.37
[INFO] [stderr]    Compiling syn v2.0.90
[INFO] [stderr]    Compiling defer-rs-impl v0.1.0 (/opt/rustwide/workdir)
[INFO] [stderr]     Finished `dev` profile [unoptimized + debuginfo] target(s) in 6.56s
[INFO] running `Command { std: "docker" "inspect" "1ce142571fb2d3ec8a5b1177d5e5126a6dfbbb4eb405cafca0ed46a3bdb593d8", kill_on_drop: false }`
[INFO] running `Command { std: "docker" "rm" "-f" "1ce142571fb2d3ec8a5b1177d5e5126a6dfbbb4eb405cafca0ed46a3bdb593d8", kill_on_drop: false }`
[INFO] [stdout] 1ce142571fb2d3ec8a5b1177d5e5126a6dfbbb4eb405cafca0ed46a3bdb593d8
[INFO] running `Command { std: "docker" "create" "-v" "/var/lib/crater-agent-workspace/builds/worker-1-tc1/target:/opt/rustwide/target:rw,Z" "-v" "/var/lib/crater-agent-workspace/builds/worker-1-tc1/source:/opt/rustwide/workdir:ro,Z" "-v" "/var/lib/crater-agent-workspace/cargo-home:/opt/rustwide/cargo-home:ro,Z" "-v" "/var/lib/crater-agent-workspace/rustup-home:/opt/rustwide/rustup-home:ro,Z" "-e" "SOURCE_DIR=/opt/rustwide/workdir" "-e" "CARGO_TARGET_DIR=/opt/rustwide/target" "-e" "CARGO_INCREMENTAL=0" "-e" "RUST_BACKTRACE=full" "-e" "RUSTFLAGS=--cap-lints=warn" "-e" "RUSTDOCFLAGS=--cap-lints=warn" "-e" "CARGO_HOME=/opt/rustwide/cargo-home" "-e" "RUSTUP_HOME=/opt/rustwide/rustup-home" "-w" "/opt/rustwide/workdir" "-m" "1610612736" "--user" "0:0" "--network" "none" "ghcr.io/rust-lang/crates-build-env/linux@sha256:f3a9d4ad9d972b27faf3965f35b62e55ba32bbce8f20bc8fe909558a86702fde" "/opt/rustwide/cargo-home/bin/cargo" "+1.83.0" "test" "--frozen" "--no-run" "--message-format=json", kill_on_drop: false }`
[INFO] [stdout] 3201bf6b8e360a7ef0c999670a0f73157e5fde31aaa57183c1974344a88ac442
[INFO] running `Command { std: "docker" "start" "-a" "3201bf6b8e360a7ef0c999670a0f73157e5fde31aaa57183c1974344a88ac442", kill_on_drop: false }`
[INFO] [stderr]    Compiling defer-rs-impl v0.1.0 (/opt/rustwide/workdir)
[INFO] [stderr]     Finished `test` profile [unoptimized + debuginfo] target(s) in 0.80s
[INFO] running `Command { std: "docker" "inspect" "3201bf6b8e360a7ef0c999670a0f73157e5fde31aaa57183c1974344a88ac442", kill_on_drop: false }`
[INFO] running `Command { std: "docker" "rm" "-f" "3201bf6b8e360a7ef0c999670a0f73157e5fde31aaa57183c1974344a88ac442", kill_on_drop: false }`
[INFO] [stdout] 3201bf6b8e360a7ef0c999670a0f73157e5fde31aaa57183c1974344a88ac442
[INFO] running `Command { std: "docker" "create" "-v" "/var/lib/crater-agent-workspace/builds/worker-1-tc1/target:/opt/rustwide/target:rw,Z" "-v" "/var/lib/crater-agent-workspace/builds/worker-1-tc1/source:/opt/rustwide/workdir:ro,Z" "-v" "/var/lib/crater-agent-workspace/cargo-home:/opt/rustwide/cargo-home:ro,Z" "-v" "/var/lib/crater-agent-workspace/rustup-home:/opt/rustwide/rustup-home:ro,Z" "-e" "SOURCE_DIR=/opt/rustwide/workdir" "-e" "CARGO_TARGET_DIR=/opt/rustwide/target" "-e" "CARGO_INCREMENTAL=0" "-e" "RUST_BACKTRACE=full" "-e" "RUSTFLAGS=--cap-lints=warn" "-e" "RUSTDOCFLAGS=--cap-lints=warn" "-e" "CARGO_HOME=/opt/rustwide/cargo-home" "-e" "RUSTUP_HOME=/opt/rustwide/rustup-home" "-w" "/opt/rustwide/workdir" "-m" "1610612736" "--user" "0:0" "--network" "none" "ghcr.io/rust-lang/crates-build-env/linux@sha256:f3a9d4ad9d972b27faf3965f35b62e55ba32bbce8f20bc8fe909558a86702fde" "/opt/rustwide/cargo-home/bin/cargo" "+1.83.0" "test" "--frozen", kill_on_drop: false }`
[INFO] [stdout] df2aac112adfd06793bb9e39ad77355a3726d87fd572f2c9f773454708ef2687
[INFO] running `Command { std: "docker" "start" "-a" "df2aac112adfd06793bb9e39ad77355a3726d87fd572f2c9f773454708ef2687", kill_on_drop: false }`
[INFO] [stderr]     Finished `test` profile [unoptimized + debuginfo] target(s) in 0.02s
[INFO] [stderr]      Running unittests src/lib.rs (/opt/rustwide/target/debug/deps/defer_rs_impl-2fcce1edb2da40fe)
[INFO] [stdout] 
[INFO] [stdout] running 0 tests
[INFO] [stdout] 
[INFO] [stdout] test result: ok. 0 passed; 0 failed; 0 ignored; 0 measured; 0 filtered out; finished in 0.00s
[INFO] [stdout] 
[INFO] [stderr]    Doc-tests defer_rs_impl
[INFO] [stdout] 
[INFO] [stdout] running 4 tests
[INFO] [stdout] test src/lib.rs - defer_scope_init (line 115) ... FAILED
[INFO] [stdout] test src/lib.rs - defer_scope (line 51) ... FAILED
[INFO] [stdout] test src/lib.rs - defer_scope_init (line 119) ... FAILED
[INFO] [stdout] test src/lib.rs - defer_scope (line 60) ... FAILED
[INFO] [stdout] 
[INFO] [stdout] failures:
[INFO] [stdout] 
[INFO] [stdout] ---- src/lib.rs - defer_scope_init (line 115) stdout ----
[INFO] [stdout] error[E0433]: failed to resolve: use of undeclared crate or module `defer_rs`
[INFO] [stdout]  --> src/lib.rs:116:1
[INFO] [stdout]   |
[INFO] [stdout] 3 | defer_rs::defer_scope_init!();
[INFO] [stdout]   | ^^^^^^^^ use of undeclared crate or module `defer_rs`
[INFO] [stdout] 
[INFO] [stdout] error: aborting due to 1 previous error
[INFO] [stdout] 
[INFO] [stdout] For more information about this error, try `rustc --explain E0433`.
[INFO] [stdout] Couldn't compile the test.
[INFO] [stdout] ---- src/lib.rs - defer_scope (line 51) stdout ----
[INFO] [stdout] error[E0432]: unresolved import `defer_rs`
[INFO] [stdout]  --> src/lib.rs:52:5
[INFO] [stdout]   |
[INFO] [stdout] 3 | use defer_rs::{defer_scope, defer_scope_init};
[INFO] [stdout]   |     ^^^^^^^^ use of undeclared crate or module `defer_rs`
[INFO] [stdout] 
[INFO] [stdout] error: aborting due to 1 previous error
[INFO] [stdout] 
[INFO] [stdout] For more information about this error, try `rustc --explain E0432`.
[INFO] [stdout] Couldn't compile the test.
[INFO] [stdout] ---- src/lib.rs - defer_scope_init (line 119) stdout ----
[INFO] [stdout] error[E0433]: failed to resolve: could not find `defer_rs` in the list of imported crates
[INFO] [stdout]  --> src/lib.rs:120:36
[INFO] [stdout]   |
[INFO] [stdout] 3 | let mut ___deferred_code_group = ::defer_rs::DeferGroup::new();
[INFO] [stdout]   |                                    ^^^^^^^^ could not find `defer_rs` in the list of imported crates
[INFO] [stdout] 
[INFO] [stdout] error: aborting due to 1 previous error
[INFO] [stdout] 
[INFO] [stdout] For more information about this error, try `rustc --explain E0433`.
[INFO] [stdout] Couldn't compile the test.
[INFO] [stdout] ---- src/lib.rs - defer_scope (line 60) stdout ----
[INFO] [stdout] error[E0433]: failed to resolve: could not find `defer_rs` in the list of imported crates
[INFO] [stdout]  --> src/lib.rs:61:36
[INFO] [stdout]   |
[INFO] [stdout] 3 | let mut ___deferred_code_group = ::defer_rs::DeferGroup::new();
[INFO] [stdout]   |                                    ^^^^^^^^ could not find `defer_rs` in the list of imported crates
[INFO] [stdout] 
[INFO] [stdout] error: aborting due to 1 previous error
[INFO] [stdout] 
[INFO] [stdout] For more information about this error, try `rustc --explain E0433`.
[INFO] [stdout] Couldn't compile the test.
[INFO] [stdout] 
[INFO] [stdout] failures:
[INFO] [stdout]     src/lib.rs - defer_scope (line 51)
[INFO] [stdout]     src/lib.rs - defer_scope (line 60)
[INFO] [stdout]     src/lib.rs - defer_scope_init (line 115)
[INFO] [stdout]     src/lib.rs - defer_scope_init (line 119)
[INFO] [stdout] 
[INFO] [stdout] test result: FAILED. 0 passed; 4 failed; 0 ignored; 0 measured; 0 filtered out; finished in 0.15s
[INFO] [stdout] 
[INFO] [stderr] error: doctest failed, to rerun pass `--doc`
[INFO] running `Command { std: "docker" "inspect" "df2aac112adfd06793bb9e39ad77355a3726d87fd572f2c9f773454708ef2687", kill_on_drop: false }`
[INFO] running `Command { std: "docker" "rm" "-f" "df2aac112adfd06793bb9e39ad77355a3726d87fd572f2c9f773454708ef2687", kill_on_drop: false }`
[INFO] [stdout] df2aac112adfd06793bb9e39ad77355a3726d87fd572f2c9f773454708ef2687
