[INFO] fetching crate debug-message 1.2.0...
[INFO] testing debug-message-1.2.0 against beta-2024-12-08 for beta-1.84.0-4-retry
[INFO] extracting crate debug-message 1.2.0 into /workspace/builds/worker-2-tc2/source
[INFO] validating manifest of crates.io crate debug-message 1.2.0 on toolchain beta-2024-12-08
[INFO] running `Command { std: CARGO_HOME="/workspace/cargo-home" RUSTUP_HOME="/workspace/rustup-home" "/workspace/cargo-home/bin/cargo" "+beta-2024-12-08" "metadata" "--manifest-path" "Cargo.toml" "--no-deps", kill_on_drop: false }`
[INFO] started tweaking crates.io crate debug-message 1.2.0
[INFO] finished tweaking crates.io crate debug-message 1.2.0
[INFO] tweaked toml for crates.io crate debug-message 1.2.0 written to /workspace/builds/worker-2-tc2/source/Cargo.toml
[INFO] crate crates.io crate debug-message 1.2.0 already has a lockfile, it will not be regenerated
[INFO] running `Command { std: CARGO_HOME="/workspace/cargo-home" RUSTUP_HOME="/workspace/rustup-home" "/workspace/cargo-home/bin/cargo" "+beta-2024-12-08" "fetch" "--manifest-path" "Cargo.toml", kill_on_drop: false }`
[INFO] running `Command { std: "docker" "create" "-v" "/var/lib/crater-agent-workspace/builds/worker-2-tc2/target:/opt/rustwide/target:rw,Z" "-v" "/var/lib/crater-agent-workspace/builds/worker-2-tc2/source:/opt/rustwide/workdir:ro,Z" "-v" "/var/lib/crater-agent-workspace/cargo-home:/opt/rustwide/cargo-home:ro,Z" "-v" "/var/lib/crater-agent-workspace/rustup-home:/opt/rustwide/rustup-home:ro,Z" "-e" "SOURCE_DIR=/opt/rustwide/workdir" "-e" "CARGO_TARGET_DIR=/opt/rustwide/target" "-e" "CARGO_HOME=/opt/rustwide/cargo-home" "-e" "RUSTUP_HOME=/opt/rustwide/rustup-home" "-w" "/opt/rustwide/workdir" "-m" "1610612736" "--user" "0:0" "--network" "none" "ghcr.io/rust-lang/crates-build-env/linux@sha256:f3a9d4ad9d972b27faf3965f35b62e55ba32bbce8f20bc8fe909558a86702fde" "/opt/rustwide/cargo-home/bin/cargo" "+beta-2024-12-08" "metadata" "--no-deps" "--format-version=1", kill_on_drop: false }`
[INFO] [stdout] 7f5f7fdb827a52456b1737998c26d519db95f79ec4260c598ae92ea122aecba4
[INFO] running `Command { std: "docker" "start" "-a" "7f5f7fdb827a52456b1737998c26d519db95f79ec4260c598ae92ea122aecba4", kill_on_drop: false }`
[INFO] running `Command { std: "docker" "inspect" "7f5f7fdb827a52456b1737998c26d519db95f79ec4260c598ae92ea122aecba4", kill_on_drop: false }`
[INFO] running `Command { std: "docker" "rm" "-f" "7f5f7fdb827a52456b1737998c26d519db95f79ec4260c598ae92ea122aecba4", kill_on_drop: false }`
[INFO] [stdout] 7f5f7fdb827a52456b1737998c26d519db95f79ec4260c598ae92ea122aecba4
[INFO] running `Command { std: "docker" "create" "-v" "/var/lib/crater-agent-workspace/builds/worker-2-tc2/target:/opt/rustwide/target:rw,Z" "-v" "/var/lib/crater-agent-workspace/builds/worker-2-tc2/source:/opt/rustwide/workdir:ro,Z" "-v" "/var/lib/crater-agent-workspace/cargo-home:/opt/rustwide/cargo-home:ro,Z" "-v" "/var/lib/crater-agent-workspace/rustup-home:/opt/rustwide/rustup-home:ro,Z" "-e" "SOURCE_DIR=/opt/rustwide/workdir" "-e" "CARGO_TARGET_DIR=/opt/rustwide/target" "-e" "CARGO_INCREMENTAL=0" "-e" "RUST_BACKTRACE=full" "-e" "RUSTFLAGS=--cap-lints=warn" "-e" "RUSTDOCFLAGS=--cap-lints=warn" "-e" "CARGO_HOME=/opt/rustwide/cargo-home" "-e" "RUSTUP_HOME=/opt/rustwide/rustup-home" "-w" "/opt/rustwide/workdir" "-m" "1610612736" "--user" "0:0" "--network" "none" "ghcr.io/rust-lang/crates-build-env/linux@sha256:f3a9d4ad9d972b27faf3965f35b62e55ba32bbce8f20bc8fe909558a86702fde" "/opt/rustwide/cargo-home/bin/cargo" "+beta-2024-12-08" "build" "--frozen" "--message-format=json", kill_on_drop: false }`
[INFO] [stdout] 66dc044feeeba13bdf214ab6a7f182ffc7ed3430d6727faf89ff649f06542cfa
[INFO] running `Command { std: "docker" "start" "-a" "66dc044feeeba13bdf214ab6a7f182ffc7ed3430d6727faf89ff649f06542cfa", kill_on_drop: false }`
[INFO] [stderr]    Compiling debug-message v1.2.0 (/opt/rustwide/workdir)
[INFO] [stderr]     Finished `dev` profile [unoptimized + debuginfo] target(s) in 0.12s
[INFO] running `Command { std: "docker" "inspect" "66dc044feeeba13bdf214ab6a7f182ffc7ed3430d6727faf89ff649f06542cfa", kill_on_drop: false }`
[INFO] running `Command { std: "docker" "rm" "-f" "66dc044feeeba13bdf214ab6a7f182ffc7ed3430d6727faf89ff649f06542cfa", kill_on_drop: false }`
[INFO] [stdout] 66dc044feeeba13bdf214ab6a7f182ffc7ed3430d6727faf89ff649f06542cfa
[INFO] running `Command { std: "docker" "create" "-v" "/var/lib/crater-agent-workspace/builds/worker-2-tc2/target:/opt/rustwide/target:rw,Z" "-v" "/var/lib/crater-agent-workspace/builds/worker-2-tc2/source:/opt/rustwide/workdir:ro,Z" "-v" "/var/lib/crater-agent-workspace/cargo-home:/opt/rustwide/cargo-home:ro,Z" "-v" "/var/lib/crater-agent-workspace/rustup-home:/opt/rustwide/rustup-home:ro,Z" "-e" "SOURCE_DIR=/opt/rustwide/workdir" "-e" "CARGO_TARGET_DIR=/opt/rustwide/target" "-e" "CARGO_INCREMENTAL=0" "-e" "RUST_BACKTRACE=full" "-e" "RUSTFLAGS=--cap-lints=warn" "-e" "RUSTDOCFLAGS=--cap-lints=warn" "-e" "CARGO_HOME=/opt/rustwide/cargo-home" "-e" "RUSTUP_HOME=/opt/rustwide/rustup-home" "-w" "/opt/rustwide/workdir" "-m" "1610612736" "--user" "0:0" "--network" "none" "ghcr.io/rust-lang/crates-build-env/linux@sha256:f3a9d4ad9d972b27faf3965f35b62e55ba32bbce8f20bc8fe909558a86702fde" "/opt/rustwide/cargo-home/bin/cargo" "+beta-2024-12-08" "test" "--frozen" "--no-run" "--message-format=json", kill_on_drop: false }`
[INFO] [stdout] 87fadbdec1b6f83c3bffa87ceb1035f02bccd212e8553c500a3fb34e41946295
[INFO] running `Command { std: "docker" "start" "-a" "87fadbdec1b6f83c3bffa87ceb1035f02bccd212e8553c500a3fb34e41946295", kill_on_drop: false }`
[INFO] [stderr]    Compiling debug-message v1.2.0 (/opt/rustwide/workdir)
[INFO] [stderr]     Finished `test` profile [unoptimized + debuginfo] target(s) in 0.42s
[INFO] running `Command { std: "docker" "inspect" "87fadbdec1b6f83c3bffa87ceb1035f02bccd212e8553c500a3fb34e41946295", kill_on_drop: false }`
[INFO] running `Command { std: "docker" "rm" "-f" "87fadbdec1b6f83c3bffa87ceb1035f02bccd212e8553c500a3fb34e41946295", kill_on_drop: false }`
[INFO] [stdout] 87fadbdec1b6f83c3bffa87ceb1035f02bccd212e8553c500a3fb34e41946295
[INFO] running `Command { std: "docker" "create" "-v" "/var/lib/crater-agent-workspace/builds/worker-2-tc2/target:/opt/rustwide/target:rw,Z" "-v" "/var/lib/crater-agent-workspace/builds/worker-2-tc2/source:/opt/rustwide/workdir:ro,Z" "-v" "/var/lib/crater-agent-workspace/cargo-home:/opt/rustwide/cargo-home:ro,Z" "-v" "/var/lib/crater-agent-workspace/rustup-home:/opt/rustwide/rustup-home:ro,Z" "-e" "SOURCE_DIR=/opt/rustwide/workdir" "-e" "CARGO_TARGET_DIR=/opt/rustwide/target" "-e" "CARGO_INCREMENTAL=0" "-e" "RUST_BACKTRACE=full" "-e" "RUSTFLAGS=--cap-lints=warn" "-e" "RUSTDOCFLAGS=--cap-lints=warn" "-e" "CARGO_HOME=/opt/rustwide/cargo-home" "-e" "RUSTUP_HOME=/opt/rustwide/rustup-home" "-w" "/opt/rustwide/workdir" "-m" "1610612736" "--user" "0:0" "--network" "none" "ghcr.io/rust-lang/crates-build-env/linux@sha256:f3a9d4ad9d972b27faf3965f35b62e55ba32bbce8f20bc8fe909558a86702fde" "/opt/rustwide/cargo-home/bin/cargo" "+beta-2024-12-08" "test" "--frozen", kill_on_drop: false }`
[INFO] [stdout] bb1a438559691190b1f1880985fd23875b34d2cfe6b5db61a56f2d37c3f77989
[INFO] running `Command { std: "docker" "start" "-a" "bb1a438559691190b1f1880985fd23875b34d2cfe6b5db61a56f2d37c3f77989", kill_on_drop: false }`
[INFO] [stderr]     Finished `test` profile [unoptimized + debuginfo] target(s) in 0.01s
[INFO] [stderr]      Running unittests src/lib.rs (/opt/rustwide/target/debug/deps/debug_message-00a37e3ff4fc9ff5)
[INFO] [stdout] 
[INFO] [stdout] running 0 tests
[INFO] [stderr]    Doc-tests debug_message
[INFO] [stdout] 
[INFO] [stdout] test result: ok. 0 passed; 0 failed; 0 ignored; 0 measured; 0 filtered out; finished in 0.00s
[INFO] [stdout] 
[INFO] [stdout] 
[INFO] [stdout] running 3 tests
[INFO] [stdout] test src/lib.rs - debug (line 17) - compile ... FAILED
[INFO] [stdout] test src/lib.rs - debug (line 21) - compile ... FAILED
[INFO] [stdout] test src/lib.rs - debug (line 6) - compile ... ok
[INFO] [stdout] 
[INFO] [stdout] failures:
[INFO] [stdout] 
[INFO] [stdout] ---- src/lib.rs - debug (line 17) stdout ----
[INFO] [stdout] error: expected one of `!`, `.`, `::`, `;`, `?`, `{`, `}`, or an operator, found `r`
[INFO] [stdout]  --> src/lib.rs:18:7
[INFO] [stdout]   |
[INFO] [stdout] 3 | cargo r --example usage
[INFO] [stdout]   |       ^ expected one of 8 possible tokens
[INFO] [stdout] 
[INFO] [stdout] error: aborting due to 1 previous error
[INFO] [stdout] 
[INFO] [stdout] Couldn't compile the test.
[INFO] [stdout] ---- src/lib.rs - debug (line 21) stdout ----
[INFO] [stdout] error: expected one of `.`, `;`, `?`, `}`, or an operator, found `cargo`
[INFO] [stdout]  --> src/lib.rs:22:9
[INFO] [stdout]   |
[INFO] [stdout] 3 | DEBUG=1 cargo r --example usage
[INFO] [stdout]   |         ^^^^^ expected one of `.`, `;`, `?`, `}`, or an operator
[INFO] [stdout] 
[INFO] [stdout] error: aborting due to 1 previous error
[INFO] [stdout] 
[INFO] [stdout] Couldn't compile the test.
[INFO] [stdout] 
[INFO] [stdout] failures:
[INFO] [stdout]     src/lib.rs - debug (line 17)
[INFO] [stdout]     src/lib.rs - debug (line 21)
[INFO] [stdout] 
[INFO] [stdout] test result: FAILED. 1 passed; 2 failed; 0 ignored; 0 measured; 0 filtered out; finished in 0.11s
[INFO] [stdout] 
[INFO] [stderr] error: doctest failed, to rerun pass `--doc`
[INFO] running `Command { std: "docker" "inspect" "bb1a438559691190b1f1880985fd23875b34d2cfe6b5db61a56f2d37c3f77989", kill_on_drop: false }`
[INFO] running `Command { std: "docker" "rm" "-f" "bb1a438559691190b1f1880985fd23875b34d2cfe6b5db61a56f2d37c3f77989", kill_on_drop: false }`
[INFO] [stdout] bb1a438559691190b1f1880985fd23875b34d2cfe6b5db61a56f2d37c3f77989
