[INFO] fetching crate debtsolver 0.2.0...
[INFO] testing debtsolver-0.2.0 against beta-2024-12-08 for beta-1.84.0-4-retry
[INFO] extracting crate debtsolver 0.2.0 into /workspace/builds/worker-5-tc2/source
[INFO] validating manifest of crates.io crate debtsolver 0.2.0 on toolchain beta-2024-12-08
[INFO] running `Command { std: CARGO_HOME="/workspace/cargo-home" RUSTUP_HOME="/workspace/rustup-home" "/workspace/cargo-home/bin/cargo" "+beta-2024-12-08" "metadata" "--manifest-path" "Cargo.toml" "--no-deps", kill_on_drop: false }`
[INFO] started tweaking crates.io crate debtsolver 0.2.0
[INFO] finished tweaking crates.io crate debtsolver 0.2.0
[INFO] tweaked toml for crates.io crate debtsolver 0.2.0 written to /workspace/builds/worker-5-tc2/source/Cargo.toml
[INFO] running `Command { std: CARGO_HOME="/workspace/cargo-home" RUSTUP_HOME="/workspace/rustup-home" "/workspace/cargo-home/bin/cargo" "+beta-2024-12-08" "generate-lockfile" "--manifest-path" "Cargo.toml", kill_on_drop: false }`
[INFO] [stderr]     Blocking waiting for file lock on package cache
[INFO] [stderr]     Updating crates.io index
[INFO] [stderr]     Blocking waiting for file lock on package cache
[INFO] [stderr]      Locking 62 packages to latest compatible versions
[INFO] [stderr]       Adding itertools v0.8.2 (available: v0.13.0)
[INFO] [stderr]       Adding rusty-money v0.1.0 (available: v0.4.1)
[INFO] running `Command { std: CARGO_HOME="/workspace/cargo-home" RUSTUP_HOME="/workspace/rustup-home" "/workspace/cargo-home/bin/cargo" "+beta-2024-12-08" "fetch" "--manifest-path" "Cargo.toml", kill_on_drop: false }`
[INFO] [stderr]     Blocking waiting for file lock on package cache
[INFO] running `Command { std: "docker" "create" "-v" "/var/lib/crater-agent-workspace/builds/worker-5-tc2/target:/opt/rustwide/target:rw,Z" "-v" "/var/lib/crater-agent-workspace/builds/worker-5-tc2/source:/opt/rustwide/workdir:ro,Z" "-v" "/var/lib/crater-agent-workspace/cargo-home:/opt/rustwide/cargo-home:ro,Z" "-v" "/var/lib/crater-agent-workspace/rustup-home:/opt/rustwide/rustup-home:ro,Z" "-e" "SOURCE_DIR=/opt/rustwide/workdir" "-e" "CARGO_TARGET_DIR=/opt/rustwide/target" "-e" "CARGO_HOME=/opt/rustwide/cargo-home" "-e" "RUSTUP_HOME=/opt/rustwide/rustup-home" "-w" "/opt/rustwide/workdir" "-m" "1610612736" "--user" "0:0" "--network" "none" "ghcr.io/rust-lang/crates-build-env/linux@sha256:f3a9d4ad9d972b27faf3965f35b62e55ba32bbce8f20bc8fe909558a86702fde" "/opt/rustwide/cargo-home/bin/cargo" "+beta-2024-12-08" "metadata" "--no-deps" "--format-version=1", kill_on_drop: false }`
[INFO] [stdout] 32d1920ad54ba36d409af61402621c810b6e46ad2ef70784cb2400612acbc579
[INFO] running `Command { std: "docker" "start" "-a" "32d1920ad54ba36d409af61402621c810b6e46ad2ef70784cb2400612acbc579", kill_on_drop: false }`
[INFO] running `Command { std: "docker" "inspect" "32d1920ad54ba36d409af61402621c810b6e46ad2ef70784cb2400612acbc579", kill_on_drop: false }`
[INFO] running `Command { std: "docker" "rm" "-f" "32d1920ad54ba36d409af61402621c810b6e46ad2ef70784cb2400612acbc579", kill_on_drop: false }`
[INFO] [stdout] 32d1920ad54ba36d409af61402621c810b6e46ad2ef70784cb2400612acbc579
[INFO] running `Command { std: "docker" "create" "-v" "/var/lib/crater-agent-workspace/builds/worker-5-tc2/target:/opt/rustwide/target:rw,Z" "-v" "/var/lib/crater-agent-workspace/builds/worker-5-tc2/source:/opt/rustwide/workdir:ro,Z" "-v" "/var/lib/crater-agent-workspace/cargo-home:/opt/rustwide/cargo-home:ro,Z" "-v" "/var/lib/crater-agent-workspace/rustup-home:/opt/rustwide/rustup-home:ro,Z" "-e" "SOURCE_DIR=/opt/rustwide/workdir" "-e" "CARGO_TARGET_DIR=/opt/rustwide/target" "-e" "CARGO_INCREMENTAL=0" "-e" "RUST_BACKTRACE=full" "-e" "RUSTFLAGS=--cap-lints=warn" "-e" "RUSTDOCFLAGS=--cap-lints=warn" "-e" "CARGO_HOME=/opt/rustwide/cargo-home" "-e" "RUSTUP_HOME=/opt/rustwide/rustup-home" "-w" "/opt/rustwide/workdir" "-m" "1610612736" "--user" "0:0" "--network" "none" "ghcr.io/rust-lang/crates-build-env/linux@sha256:f3a9d4ad9d972b27faf3965f35b62e55ba32bbce8f20bc8fe909558a86702fde" "/opt/rustwide/cargo-home/bin/cargo" "+beta-2024-12-08" "build" "--frozen" "--message-format=json", kill_on_drop: false }`
[INFO] [stdout] 98d2b179142b3cbc72e5a5739b66c5cba349eebf165581f960707cdf69532861
[INFO] running `Command { std: "docker" "start" "-a" "98d2b179142b3cbc72e5a5739b66c5cba349eebf165581f960707cdf69532861", kill_on_drop: false }`
[INFO] [stderr]    Compiling num-traits v0.2.19
[INFO] [stderr]    Compiling proc-macro2 v1.0.92
[INFO] [stderr]    Compiling serde v1.0.216
[INFO] [stderr]    Compiling rust_decimal v1.36.0
[INFO] [stderr]    Compiling arrayvec v0.7.6
[INFO] [stderr]    Compiling either v1.13.0
[INFO] [stderr]    Compiling itertools v0.8.2
[INFO] [stderr]    Compiling quote v1.0.37
[INFO] [stderr]    Compiling rust_decimal_macros v1.36.0
[INFO] [stderr]    Compiling rusty-money v0.1.0
[INFO] [stderr]    Compiling debtsolver v0.2.0 (/opt/rustwide/workdir)
[INFO] [stderr]     Finished `dev` profile [unoptimized + debuginfo] target(s) in 7.20s
[INFO] running `Command { std: "docker" "inspect" "98d2b179142b3cbc72e5a5739b66c5cba349eebf165581f960707cdf69532861", kill_on_drop: false }`
[INFO] running `Command { std: "docker" "rm" "-f" "98d2b179142b3cbc72e5a5739b66c5cba349eebf165581f960707cdf69532861", kill_on_drop: false }`
[INFO] [stdout] 98d2b179142b3cbc72e5a5739b66c5cba349eebf165581f960707cdf69532861
[INFO] running `Command { std: "docker" "create" "-v" "/var/lib/crater-agent-workspace/builds/worker-5-tc2/target:/opt/rustwide/target:rw,Z" "-v" "/var/lib/crater-agent-workspace/builds/worker-5-tc2/source:/opt/rustwide/workdir:ro,Z" "-v" "/var/lib/crater-agent-workspace/cargo-home:/opt/rustwide/cargo-home:ro,Z" "-v" "/var/lib/crater-agent-workspace/rustup-home:/opt/rustwide/rustup-home:ro,Z" "-e" "SOURCE_DIR=/opt/rustwide/workdir" "-e" "CARGO_TARGET_DIR=/opt/rustwide/target" "-e" "CARGO_INCREMENTAL=0" "-e" "RUST_BACKTRACE=full" "-e" "RUSTFLAGS=--cap-lints=warn" "-e" "RUSTDOCFLAGS=--cap-lints=warn" "-e" "CARGO_HOME=/opt/rustwide/cargo-home" "-e" "RUSTUP_HOME=/opt/rustwide/rustup-home" "-w" "/opt/rustwide/workdir" "-m" "1610612736" "--user" "0:0" "--network" "none" "ghcr.io/rust-lang/crates-build-env/linux@sha256:f3a9d4ad9d972b27faf3965f35b62e55ba32bbce8f20bc8fe909558a86702fde" "/opt/rustwide/cargo-home/bin/cargo" "+beta-2024-12-08" "test" "--frozen" "--no-run" "--message-format=json", kill_on_drop: false }`
[INFO] [stdout] 37114d4f124fdc356fa6178461db25e6b002488cd948b95f1125d25069793aab
[INFO] running `Command { std: "docker" "start" "-a" "37114d4f124fdc356fa6178461db25e6b002488cd948b95f1125d25069793aab", kill_on_drop: false }`
[INFO] [stderr]    Compiling debtsolver v0.2.0 (/opt/rustwide/workdir)
[INFO] [stderr]     Finished `test` profile [unoptimized + debuginfo] target(s) in 0.84s
[INFO] running `Command { std: "docker" "inspect" "37114d4f124fdc356fa6178461db25e6b002488cd948b95f1125d25069793aab", kill_on_drop: false }`
[INFO] running `Command { std: "docker" "rm" "-f" "37114d4f124fdc356fa6178461db25e6b002488cd948b95f1125d25069793aab", kill_on_drop: false }`
[INFO] [stdout] 37114d4f124fdc356fa6178461db25e6b002488cd948b95f1125d25069793aab
[INFO] running `Command { std: "docker" "create" "-v" "/var/lib/crater-agent-workspace/builds/worker-5-tc2/target:/opt/rustwide/target:rw,Z" "-v" "/var/lib/crater-agent-workspace/builds/worker-5-tc2/source:/opt/rustwide/workdir:ro,Z" "-v" "/var/lib/crater-agent-workspace/cargo-home:/opt/rustwide/cargo-home:ro,Z" "-v" "/var/lib/crater-agent-workspace/rustup-home:/opt/rustwide/rustup-home:ro,Z" "-e" "SOURCE_DIR=/opt/rustwide/workdir" "-e" "CARGO_TARGET_DIR=/opt/rustwide/target" "-e" "CARGO_INCREMENTAL=0" "-e" "RUST_BACKTRACE=full" "-e" "RUSTFLAGS=--cap-lints=warn" "-e" "RUSTDOCFLAGS=--cap-lints=warn" "-e" "CARGO_HOME=/opt/rustwide/cargo-home" "-e" "RUSTUP_HOME=/opt/rustwide/rustup-home" "-w" "/opt/rustwide/workdir" "-m" "1610612736" "--user" "0:0" "--network" "none" "ghcr.io/rust-lang/crates-build-env/linux@sha256:f3a9d4ad9d972b27faf3965f35b62e55ba32bbce8f20bc8fe909558a86702fde" "/opt/rustwide/cargo-home/bin/cargo" "+beta-2024-12-08" "test" "--frozen", kill_on_drop: false }`
[INFO] [stdout] 89a209e16cb5d1a8c7186520db695b900f7d1666cc1d6bc21e992f24b15bc1f9
[INFO] running `Command { std: "docker" "start" "-a" "89a209e16cb5d1a8c7186520db695b900f7d1666cc1d6bc21e992f24b15bc1f9", kill_on_drop: false }`
[INFO] [stderr]     Finished `test` profile [unoptimized + debuginfo] target(s) in 0.06s
[INFO] [stderr]      Running unittests src/lib.rs (/opt/rustwide/target/debug/deps/debtsolver-4d7e0eb7faf4310b)
[INFO] [stdout] 
[INFO] [stdout] running 7 tests
[INFO] [stdout] test tests::mptx_can_handle_creditor_rounding ... ok
[INFO] [stdout] test tests::tx_can_create_positive_transaction ... ok
[INFO] [stdout] test tests::tx_cannot_create_non_positive_transaction ... ok
[INFO] [stdout] test tests::ledger_settle_matches_equal_debts_and_credits ... ok
[INFO] [stdout] test tests::mptx_can_handle_debtor_rounding ... ok
[INFO] [stdout] test tests::ledger_settle_with_size_3_matches_groups_of_3_credits_and_debits ... ok
[INFO] [stdout] test tests::ledger_settle_panics_if_unbalanced - should panic ... ok
[INFO] [stdout] 
[INFO] [stdout] test result: ok. 7 passed; 0 failed; 0 ignored; 0 measured; 0 filtered out; finished in 0.03s
[INFO] [stdout] 
[INFO] [stderr]    Doc-tests debtsolver
[INFO] [stdout] 
[INFO] [stdout] running 5 tests
[INFO] [stdout] test src/lib.rs - (line 43) ... FAILED
[INFO] [stdout] test src/lib.rs - (line 12) ... FAILED
[INFO] [stdout] test src/lib.rs - (line 27) ... FAILED
[INFO] [stdout] test src/lib.rs - (line 37) ... FAILED
[INFO] [stdout] test src/lib.rs - (line 19) ... FAILED
[INFO] [stdout] 
[INFO] [stdout] failures:
[INFO] [stdout] 
[INFO] [stdout] ---- src/lib.rs - (line 43) stdout ----
[INFO] [stdout] error: this file contains an unclosed delimiter
[INFO] [stdout]   --> src/lib.rs:79:34
[INFO] [stdout]    |
[INFO] [stdout] 6  | fn main() {
[INFO] [stdout]    |           - unclosed delimiter
[INFO] [stdout] ...
[INFO] [stdout] 36 |     // Bob owes Charlie 15.00 USD
[INFO] [stdout]    |                                  ^
[INFO] [stdout] 
[INFO] [stdout] error: aborting due to 1 previous error
[INFO] [stdout] 
[INFO] [stdout] Couldn't compile the test.
[INFO] [stdout] ---- src/lib.rs - (line 12) stdout ----
[INFO] [stdout] error: unexpected closing delimiter: `)`
[INFO] [stdout]  --> src/lib.rs:13:56
[INFO] [stdout]   |
[INFO] [stdout] 1 | transaction = transaction!("Alice", "Bob", (10, "USD")));
[INFO] [stdout]   |                                                        ^ unexpected closing delimiter
[INFO] [stdout] 
[INFO] [stdout] error: aborting due to 1 previous error
[INFO] [stdout] 
[INFO] [stdout] Couldn't compile the test.
[INFO] [stdout] ---- src/lib.rs - (line 27) stdout ----
[INFO] [stdout] error[E0425]: cannot find value `ledger` in this scope
[INFO] [stdout]  --> src/lib.rs:28:20
[INFO] [stdout]   |
[INFO] [stdout] 3 | for transaction in ledger.to_vector(){
[INFO] [stdout]   |                    ^^^^^^ not found in this scope
[INFO] [stdout] 
[INFO] [stdout] error: aborting due to 1 previous error
[INFO] [stdout] 
[INFO] [stdout] For more information about this error, try `rustc --explain E0425`.
[INFO] [stdout] Couldn't compile the test.
[INFO] [stdout] ---- src/lib.rs - (line 37) stdout ----
[INFO] [stdout] error[E0425]: cannot find value `ledger` in this scope
[INFO] [stdout]  --> src/lib.rs:38:16
[INFO] [stdout]   |
[INFO] [stdout] 3 | let payments = ledger.settle();
[INFO] [stdout]   |                ^^^^^^ not found in this scope
[INFO] [stdout] 
[INFO] [stdout] error: aborting due to 1 previous error
[INFO] [stdout] 
[INFO] [stdout] For more information about this error, try `rustc --explain E0425`.
[INFO] [stdout] Couldn't compile the test.
[INFO] [stdout] ---- src/lib.rs - (line 19) stdout ----
[INFO] [stdout] error: expected `;`, found `ledger`
[INFO] [stdout]  --> src/lib.rs:20:23
[INFO] [stdout]   |
[INFO] [stdout] 3 | ledger = Ledger::new()
[INFO] [stdout]   |                       ^ help: add `;` here
[INFO] [stdout] 4 | ledger.add_transaction(transaction);
[INFO] [stdout]   | ------ unexpected token
[INFO] [stdout] 
[INFO] [stdout] error[E0425]: cannot find value `ledger` in this scope
[INFO] [stdout]  --> src/lib.rs:21:1
[INFO] [stdout]   |
[INFO] [stdout] 4 | ledger.add_transaction(transaction);
[INFO] [stdout]   | ^^^^^^ not found in this scope
[INFO] [stdout] 
[INFO] [stdout] error[E0425]: cannot find value `transaction` in this scope
[INFO] [stdout]  --> src/lib.rs:21:24
[INFO] [stdout]   |
[INFO] [stdout] 4 | ledger.add_transaction(transaction);
[INFO] [stdout]   |                        ^^^^^^^^^^^ not found in this scope
[INFO] [stdout] 
[INFO] [stdout] error: aborting due to 3 previous errors
[INFO] [stdout] 
[INFO] [stdout] For more information about this error, try `rustc --explain E0425`.
[INFO] [stdout] Couldn't compile the test.
[INFO] [stdout] 
[INFO] [stdout] failures:
[INFO] [stdout]     src/lib.rs - (line 12)
[INFO] [stdout]     src/lib.rs - (line 19)
[INFO] [stdout]     src/lib.rs - (line 27)
[INFO] [stdout]     src/lib.rs - (line 37)
[INFO] [stdout]     src/lib.rs - (line 43)
[INFO] [stdout] 
[INFO] [stdout] test result: FAILED. 0 passed; 5 failed; 0 ignored; 0 measured; 0 filtered out; finished in 0.14s
[INFO] [stdout] 
[INFO] [stderr] error: doctest failed, to rerun pass `--doc`
[INFO] running `Command { std: "docker" "inspect" "89a209e16cb5d1a8c7186520db695b900f7d1666cc1d6bc21e992f24b15bc1f9", kill_on_drop: false }`
[INFO] running `Command { std: "docker" "rm" "-f" "89a209e16cb5d1a8c7186520db695b900f7d1666cc1d6bc21e992f24b15bc1f9", kill_on_drop: false }`
[INFO] [stdout] 89a209e16cb5d1a8c7186520db695b900f7d1666cc1d6bc21e992f24b15bc1f9
