[INFO] fetching crate deadpool-lapin 0.12.1...
[INFO] testing deadpool-lapin-0.12.1 against 1.83.0 for beta-1.84.0-4-retry
[INFO] extracting crate deadpool-lapin 0.12.1 into /workspace/builds/worker-1-tc1/source
[INFO] validating manifest of crates.io crate deadpool-lapin 0.12.1 on toolchain 1.83.0
[INFO] running `Command { std: CARGO_HOME="/workspace/cargo-home" RUSTUP_HOME="/workspace/rustup-home" "/workspace/cargo-home/bin/cargo" "+1.83.0" "metadata" "--manifest-path" "Cargo.toml" "--no-deps", kill_on_drop: false }`
[INFO] started tweaking crates.io crate deadpool-lapin 0.12.1
[INFO] finished tweaking crates.io crate deadpool-lapin 0.12.1
[INFO] tweaked toml for crates.io crate deadpool-lapin 0.12.1 written to /workspace/builds/worker-1-tc1/source/Cargo.toml
[INFO] running `Command { std: CARGO_HOME="/workspace/cargo-home" RUSTUP_HOME="/workspace/rustup-home" "/workspace/cargo-home/bin/cargo" "+1.83.0" "generate-lockfile" "--manifest-path" "Cargo.toml", kill_on_drop: false }`
[INFO] [stderr]     Updating crates.io index
[INFO] [stderr]      Locking 216 packages to latest compatible versions
[INFO] running `Command { std: CARGO_HOME="/workspace/cargo-home" RUSTUP_HOME="/workspace/rustup-home" "/workspace/cargo-home/bin/cargo" "+1.83.0" "fetch" "--manifest-path" "Cargo.toml", kill_on_drop: false }`
[INFO] [stderr]  Downloading crates ...
[INFO] [stderr]   Downloaded async-executor-trait v2.1.2
[INFO] running `Command { std: "docker" "create" "-v" "/var/lib/crater-agent-workspace/builds/worker-1-tc1/target:/opt/rustwide/target:rw,Z" "-v" "/var/lib/crater-agent-workspace/builds/worker-1-tc1/source:/opt/rustwide/workdir:ro,Z" "-v" "/var/lib/crater-agent-workspace/cargo-home:/opt/rustwide/cargo-home:ro,Z" "-v" "/var/lib/crater-agent-workspace/rustup-home:/opt/rustwide/rustup-home:ro,Z" "-e" "SOURCE_DIR=/opt/rustwide/workdir" "-e" "CARGO_TARGET_DIR=/opt/rustwide/target" "-e" "CARGO_HOME=/opt/rustwide/cargo-home" "-e" "RUSTUP_HOME=/opt/rustwide/rustup-home" "-w" "/opt/rustwide/workdir" "-m" "1610612736" "--user" "0:0" "--network" "none" "ghcr.io/rust-lang/crates-build-env/linux@sha256:f3a9d4ad9d972b27faf3965f35b62e55ba32bbce8f20bc8fe909558a86702fde" "/opt/rustwide/cargo-home/bin/cargo" "+1.83.0" "metadata" "--no-deps" "--format-version=1", kill_on_drop: false }`
[INFO] [stdout] 5dae43431750fdc69eb42a0eddf3c6ee4f86109eba6cfb39e0745aa4635119b6
[INFO] running `Command { std: "docker" "start" "-a" "5dae43431750fdc69eb42a0eddf3c6ee4f86109eba6cfb39e0745aa4635119b6", kill_on_drop: false }`
[INFO] running `Command { std: "docker" "inspect" "5dae43431750fdc69eb42a0eddf3c6ee4f86109eba6cfb39e0745aa4635119b6", kill_on_drop: false }`
[INFO] running `Command { std: "docker" "rm" "-f" "5dae43431750fdc69eb42a0eddf3c6ee4f86109eba6cfb39e0745aa4635119b6", kill_on_drop: false }`
[INFO] [stdout] 5dae43431750fdc69eb42a0eddf3c6ee4f86109eba6cfb39e0745aa4635119b6
[INFO] running `Command { std: "docker" "create" "-v" "/var/lib/crater-agent-workspace/builds/worker-1-tc1/target:/opt/rustwide/target:rw,Z" "-v" "/var/lib/crater-agent-workspace/builds/worker-1-tc1/source:/opt/rustwide/workdir:ro,Z" "-v" "/var/lib/crater-agent-workspace/cargo-home:/opt/rustwide/cargo-home:ro,Z" "-v" "/var/lib/crater-agent-workspace/rustup-home:/opt/rustwide/rustup-home:ro,Z" "-e" "SOURCE_DIR=/opt/rustwide/workdir" "-e" "CARGO_TARGET_DIR=/opt/rustwide/target" "-e" "CARGO_INCREMENTAL=0" "-e" "RUST_BACKTRACE=full" "-e" "RUSTFLAGS=--cap-lints=warn" "-e" "RUSTDOCFLAGS=--cap-lints=warn" "-e" "CARGO_HOME=/opt/rustwide/cargo-home" "-e" "RUSTUP_HOME=/opt/rustwide/rustup-home" "-w" "/opt/rustwide/workdir" "-m" "1610612736" "--user" "0:0" "--network" "none" "ghcr.io/rust-lang/crates-build-env/linux@sha256:f3a9d4ad9d972b27faf3965f35b62e55ba32bbce8f20bc8fe909558a86702fde" "/opt/rustwide/cargo-home/bin/cargo" "+1.83.0" "build" "--frozen" "--message-format=json", kill_on_drop: false }`
[INFO] [stdout] 6a1a3023ea3e124d89aad080b0a520923a11da68088b5819aa4eaca893645b20
[INFO] running `Command { std: "docker" "start" "-a" "6a1a3023ea3e124d89aad080b0a520923a11da68088b5819aa4eaca893645b20", kill_on_drop: false }`
[INFO] [stderr]    Compiling syn v2.0.90
[INFO] [stderr]    Compiling pin-project-lite v0.2.15
[INFO] [stderr]    Compiling stable_deref_trait v1.2.0
[INFO] [stderr]    Compiling crossbeam-utils v0.8.20
[INFO] [stderr]    Compiling parking v2.2.1
[INFO] [stderr]    Compiling futures-core v0.3.31
[INFO] [stderr]    Compiling litemap v0.7.4
[INFO] [stderr]    Compiling futures-io v0.3.31
[INFO] [stderr]    Compiling writeable v0.5.5
[INFO] [stderr]    Compiling smallvec v1.13.2
[INFO] [stderr]    Compiling memchr v2.7.4
[INFO] [stderr]    Compiling icu_locid_transform_data v1.5.0
[INFO] [stderr]    Compiling icu_properties_data v1.5.0
[INFO] [stderr]    Compiling slab v0.4.9
[INFO] [stderr]    Compiling tracing-core v0.1.33
[INFO] [stderr]    Compiling utf8_iter v1.0.4
[INFO] [stderr]    Compiling utf16_iter v1.0.5
[INFO] [stderr]    Compiling icu_normalizer_data v1.5.0
[INFO] [stderr]    Compiling fastrand v2.3.0
[INFO] [stderr]    Compiling write16 v1.0.0
[INFO] [stderr]    Compiling lock_api v0.4.12
[INFO] [stderr]    Compiling rustix v0.38.42
[INFO] [stderr]    Compiling minimal-lexical v0.2.1
[INFO] [stderr]    Compiling linux-raw-sys v0.4.14
[INFO] [stderr]    Compiling bitflags v2.6.0
[INFO] [stderr]    Compiling io-lifetimes v1.0.11
[INFO] [stderr]    Compiling scopeguard v1.2.0
[INFO] [stderr]    Compiling percent-encoding v2.3.1
[INFO] [stderr]    Compiling polling v2.8.0
[INFO] [stderr]    Compiling parking_lot_core v0.9.10
[INFO] [stderr]    Compiling futures-lite v2.5.0
[INFO] [stderr]    Compiling form_urlencoded v1.2.1
[INFO] [stderr]    Compiling cookie-factory v0.3.3
[INFO] [stderr]    Compiling async-task v4.7.1
[INFO] [stderr]    Compiling rustix v0.37.27
[INFO] [stderr]    Compiling atomic-waker v1.1.2
[INFO] [stderr]    Compiling piper v0.2.4
[INFO] [stderr]    Compiling async-io v1.13.0
[INFO] [stderr]    Compiling doc-comment v0.3.3
[INFO] [stderr]    Compiling event-listener v2.5.3
[INFO] [stderr]    Compiling log v0.4.22
[INFO] [stderr]    Compiling waker-fn v1.2.0
[INFO] [stderr]    Compiling fastrand v1.9.0
[INFO] [stderr]    Compiling tracing v0.1.41
[INFO] [stderr]    Compiling linux-raw-sys v0.3.8
[INFO] [stderr]    Compiling spin v0.9.8
[INFO] [stderr]    Compiling async-lock v2.8.0
[INFO] [stderr]    Compiling tokio v1.42.0
[INFO] [stderr]    Compiling concurrent-queue v2.5.0
[INFO] [stderr]    Compiling socket2 v0.4.10
[INFO] [stderr]    Compiling tcp-stream v0.28.0
[INFO] [stderr]    Compiling nom v7.1.3
[INFO] [stderr]    Compiling futures-lite v1.13.0
[INFO] [stderr]    Compiling futures-sink v0.3.31
[INFO] [stderr]    Compiling event-listener v5.3.1
[INFO] [stderr]    Compiling amq-protocol v7.2.2
[INFO] [stderr]    Compiling once_cell v1.20.2
[INFO] [stderr]    Compiling parking_lot v0.12.3
[INFO] [stderr]    Compiling flume v0.11.1
[INFO] [stderr]    Compiling lapin v2.5.0
[INFO] [stderr]    Compiling event-listener-strategy v0.5.3
[INFO] [stderr]    Compiling pinky-swear v6.2.0
[INFO] [stderr]    Compiling async-lock v3.4.0
[INFO] [stderr]    Compiling async-channel v2.3.1
[INFO] [stderr]    Compiling async-executor v1.13.1
[INFO] [stderr]    Compiling blocking v1.6.1
[INFO] [stderr]    Compiling deadpool-runtime v0.1.4
[INFO] [stderr]    Compiling deadpool v0.12.1
[INFO] [stderr]    Compiling synstructure v0.13.1
[INFO] [stderr]    Compiling polling v3.7.4
[INFO] [stderr]    Compiling async-io v2.4.0
[INFO] [stderr]    Compiling async-global-executor v2.4.1
[INFO] [stderr]    Compiling zerofrom-derive v0.1.5
[INFO] [stderr]    Compiling yoke-derive v0.7.5
[INFO] [stderr]    Compiling zerovec-derive v0.10.3
[INFO] [stderr]    Compiling displaydoc v0.2.5
[INFO] [stderr]    Compiling icu_provider_macros v1.5.0
[INFO] [stderr]    Compiling serde_derive v1.0.216
[INFO] [stderr]    Compiling async-trait v0.1.83
[INFO] [stderr]    Compiling zerofrom v0.1.5
[INFO] [stderr]    Compiling yoke v0.7.5
[INFO] [stderr]    Compiling executor-trait v2.1.2
[INFO] [stderr]    Compiling reactor-trait v1.1.0
[INFO] [stderr]    Compiling async-global-executor-trait v2.1.2
[INFO] [stderr]    Compiling tokio-executor-trait v2.1.3
[INFO] [stderr]    Compiling async-reactor-trait v1.1.0
[INFO] [stderr]    Compiling zerovec v0.10.4
[INFO] [stderr]    Compiling tinystr v0.7.6
[INFO] [stderr]    Compiling icu_collections v1.5.0
[INFO] [stderr]    Compiling icu_locid v1.5.0
[INFO] [stderr]    Compiling icu_provider v1.5.0
[INFO] [stderr]    Compiling serde v1.0.216
[INFO] [stderr]    Compiling icu_locid_transform v1.5.0
[INFO] [stderr]    Compiling icu_properties v1.5.1
[INFO] [stderr]    Compiling serde_json v1.0.133
[INFO] [stderr]    Compiling icu_normalizer v1.5.0
[INFO] [stderr]    Compiling idna_adapter v1.2.0
[INFO] [stderr]    Compiling amq-protocol-types v7.2.2
[INFO] [stderr]    Compiling idna v1.0.3
[INFO] [stderr]    Compiling url v2.5.4
[INFO] [stderr]    Compiling amq-protocol-uri v7.2.2
[INFO] [stderr]    Compiling amq-protocol-tcp v7.2.2
[INFO] [stderr]    Compiling deadpool-lapin v0.12.1 (/opt/rustwide/workdir)
[INFO] [stderr]     Finished `dev` profile [unoptimized + debuginfo] target(s) in 53.66s
[INFO] running `Command { std: "docker" "inspect" "6a1a3023ea3e124d89aad080b0a520923a11da68088b5819aa4eaca893645b20", kill_on_drop: false }`
[INFO] running `Command { std: "docker" "rm" "-f" "6a1a3023ea3e124d89aad080b0a520923a11da68088b5819aa4eaca893645b20", kill_on_drop: false }`
[INFO] [stdout] 6a1a3023ea3e124d89aad080b0a520923a11da68088b5819aa4eaca893645b20
[INFO] running `Command { std: "docker" "create" "-v" "/var/lib/crater-agent-workspace/builds/worker-1-tc1/target:/opt/rustwide/target:rw,Z" "-v" "/var/lib/crater-agent-workspace/builds/worker-1-tc1/source:/opt/rustwide/workdir:ro,Z" "-v" "/var/lib/crater-agent-workspace/cargo-home:/opt/rustwide/cargo-home:ro,Z" "-v" "/var/lib/crater-agent-workspace/rustup-home:/opt/rustwide/rustup-home:ro,Z" "-e" "SOURCE_DIR=/opt/rustwide/workdir" "-e" "CARGO_TARGET_DIR=/opt/rustwide/target" "-e" "CARGO_INCREMENTAL=0" "-e" "RUST_BACKTRACE=full" "-e" "RUSTFLAGS=--cap-lints=warn" "-e" "RUSTDOCFLAGS=--cap-lints=warn" "-e" "CARGO_HOME=/opt/rustwide/cargo-home" "-e" "RUSTUP_HOME=/opt/rustwide/rustup-home" "-w" "/opt/rustwide/workdir" "-m" "1610612736" "--user" "0:0" "--network" "none" "ghcr.io/rust-lang/crates-build-env/linux@sha256:f3a9d4ad9d972b27faf3965f35b62e55ba32bbce8f20bc8fe909558a86702fde" "/opt/rustwide/cargo-home/bin/cargo" "+1.83.0" "test" "--frozen" "--no-run" "--message-format=json", kill_on_drop: false }`
[INFO] [stdout] 702437c7ee2c0e13e30dc3f79d6a6b3bf015c2bd1a219511c725b2b039b44374
[INFO] running `Command { std: "docker" "start" "-a" "702437c7ee2c0e13e30dc3f79d6a6b3bf015c2bd1a219511c725b2b039b44374", kill_on_drop: false }`
[INFO] [stderr]    Compiling crunchy v0.2.2
[INFO] [stderr]    Compiling libc v0.2.168
[INFO] [stderr]    Compiling ahash v0.8.11
[INFO] [stderr]    Compiling thiserror v2.0.7
[INFO] [stderr]    Compiling tiny-keccak v2.0.2
[INFO] [stderr]    Compiling zerocopy v0.7.35
[INFO] [stderr]    Compiling thiserror-impl v2.0.7
[INFO] [stderr]    Compiling bitflags v2.6.0
[INFO] [stderr]    Compiling allocator-api2 v0.2.21
[INFO] [stderr]    Compiling ucd-trie v0.1.7
[INFO] [stderr]    Compiling tokio-macros v2.4.0
[INFO] [stderr]    Compiling hashbrown v0.15.2
[INFO] [stderr]    Compiling equivalent v1.0.1
[INFO] [stderr]    Compiling serde_spanned v0.6.8
[INFO] [stderr]    Compiling toml_datetime v0.6.8
[INFO] [stderr]    Compiling winnow v0.6.20
[INFO] [stderr]    Compiling encoding_rs v0.8.35
[INFO] [stderr]    Compiling unicode-segmentation v1.12.0
[INFO] [stderr]    Compiling arraydeque v0.5.1
[INFO] [stderr]    Compiling rustix v0.38.42
[INFO] [stderr]    Compiling ron v0.8.1
[INFO] [stderr]    Compiling pathdiff v0.2.3
[INFO] [stderr]    Compiling dotenvy v0.15.7
[INFO] [stderr]    Compiling convert_case v0.6.0
[INFO] [stderr]    Compiling hashbrown v0.14.5
[INFO] [stderr]    Compiling indexmap v2.7.0
[INFO] [stderr]    Compiling getrandom v0.2.15
[INFO] [stderr]    Compiling tokio v1.42.0
[INFO] [stderr]    Compiling const-random-macro v0.1.16
[INFO] [stderr]    Compiling hashlink v0.8.4
[INFO] [stderr]    Compiling pest v2.7.15
[INFO] [stderr]    Compiling const-random v0.1.18
[INFO] [stderr]    Compiling dlv-list v0.5.2
[INFO] [stderr]    Compiling yaml-rust2 v0.8.1
[INFO] [stderr]    Compiling ordered-multimap v0.7.3
[INFO] [stderr]    Compiling rust-ini v0.20.0
[INFO] [stderr]    Compiling toml_edit v0.22.22
[INFO] [stderr]    Compiling pest_meta v2.7.15
[INFO] [stderr]    Compiling deadpool-runtime v0.1.4
[INFO] [stderr]    Compiling tokio-executor-trait v2.1.3
[INFO] [stderr]    Compiling deadpool v0.12.1
[INFO] [stderr]    Compiling pest_generator v2.7.15
[INFO] [stderr]    Compiling toml v0.8.19
[INFO] [stderr]    Compiling pest_derive v2.7.15
[INFO] [stderr]    Compiling polling v3.7.4
[INFO] [stderr]    Compiling async-io v2.4.0
[INFO] [stderr]    Compiling json5 v0.4.1
[INFO] [stderr]    Compiling async-global-executor v2.4.1
[INFO] [stderr]    Compiling async-global-executor-trait v2.1.2
[INFO] [stderr]    Compiling lapin v2.5.0
[INFO] [stderr]    Compiling config v0.14.1
[INFO] [stderr]    Compiling deadpool-lapin v0.12.1 (/opt/rustwide/workdir)
[INFO] [stderr]     Finished `test` profile [unoptimized + debuginfo] target(s) in 32.43s
[INFO] running `Command { std: "docker" "inspect" "702437c7ee2c0e13e30dc3f79d6a6b3bf015c2bd1a219511c725b2b039b44374", kill_on_drop: false }`
[INFO] running `Command { std: "docker" "rm" "-f" "702437c7ee2c0e13e30dc3f79d6a6b3bf015c2bd1a219511c725b2b039b44374", kill_on_drop: false }`
[INFO] [stdout] 702437c7ee2c0e13e30dc3f79d6a6b3bf015c2bd1a219511c725b2b039b44374
[INFO] running `Command { std: "docker" "create" "-v" "/var/lib/crater-agent-workspace/builds/worker-1-tc1/target:/opt/rustwide/target:rw,Z" "-v" "/var/lib/crater-agent-workspace/builds/worker-1-tc1/source:/opt/rustwide/workdir:ro,Z" "-v" "/var/lib/crater-agent-workspace/cargo-home:/opt/rustwide/cargo-home:ro,Z" "-v" "/var/lib/crater-agent-workspace/rustup-home:/opt/rustwide/rustup-home:ro,Z" "-e" "SOURCE_DIR=/opt/rustwide/workdir" "-e" "CARGO_TARGET_DIR=/opt/rustwide/target" "-e" "CARGO_INCREMENTAL=0" "-e" "RUST_BACKTRACE=full" "-e" "RUSTFLAGS=--cap-lints=warn" "-e" "RUSTDOCFLAGS=--cap-lints=warn" "-e" "CARGO_HOME=/opt/rustwide/cargo-home" "-e" "RUSTUP_HOME=/opt/rustwide/rustup-home" "-w" "/opt/rustwide/workdir" "-m" "1610612736" "--user" "0:0" "--network" "none" "ghcr.io/rust-lang/crates-build-env/linux@sha256:f3a9d4ad9d972b27faf3965f35b62e55ba32bbce8f20bc8fe909558a86702fde" "/opt/rustwide/cargo-home/bin/cargo" "+1.83.0" "test" "--frozen", kill_on_drop: false }`
[INFO] [stdout] e700ad66ca7aa438459a1f63487619c4c09be34fdaed2a3966a6441299904594
[INFO] running `Command { std: "docker" "start" "-a" "e700ad66ca7aa438459a1f63487619c4c09be34fdaed2a3966a6441299904594", kill_on_drop: false }`
[INFO] [stderr]     Finished `test` profile [unoptimized + debuginfo] target(s) in 0.35s
[INFO] [stderr]      Running unittests src/lib.rs (/opt/rustwide/target/debug/deps/deadpool_lapin-ffc2f1bb281c9d75)
[INFO] [stdout] 
[INFO] [stdout] running 0 tests
[INFO] [stdout] 
[INFO] [stdout] test result: ok. 0 passed; 0 failed; 0 ignored; 0 measured; 0 filtered out; finished in 0.00s
[INFO] [stdout] 
[INFO] [stderr]    Doc-tests deadpool_lapin
[INFO] [stdout] 
[INFO] [stdout] running 3 tests
[INFO] [stdout] test src/../README.md - (line 19) - compile ... ok
[INFO] [stdout] test src/config.rs - config::Config (line 17) ... FAILED
[INFO] [stdout] test src/../README.md - (line 50) ... FAILED
[INFO] [stdout] 
[INFO] [stdout] failures:
[INFO] [stdout] 
[INFO] [stdout] ---- src/config.rs - config::Config (line 17) stdout ----
[INFO] [stdout] error[E0433]: failed to resolve: use of undeclared crate or module `serde`
[INFO] [stdout]  --> src/config.rs:19:10
[INFO] [stdout]   |
[INFO] [stdout] 5 | #[derive(serde::Deserialize)]
[INFO] [stdout]   |          ^^^^^ use of undeclared crate or module `serde`
[INFO] [stdout] 
[INFO] [stdout] error[E0277]: the trait bound `_doctest_main_src_config_rs_17_0::Config: serde::de::Deserialize<'_>` is not satisfied
[INFO] [stdout]    --> src/config.rs:29:16
[INFO] [stdout]     |
[INFO] [stdout] 15  |            cfg.try_deserialize()
[INFO] [stdout]     |                ^^^^^^^^^^^^^^^ the trait `serde::de::Deserialize<'_>` is not implemented for `_doctest_main_src_config_rs_17_0::Config`
[INFO] [stdout]     |
[INFO] [stdout]     = note: for local types consider adding `#[derive(serde::Deserialize)]` to your `_doctest_main_src_config_rs_17_0::Config` type
[INFO] [stdout]     = note: for types from other crates check whether the crate offers a `serde` feature flag
[INFO] [stdout]     = help: the following other types implement trait `serde::de::Deserialize<'de>`:
[INFO] [stdout]               &'a Path
[INFO] [stdout]               &'a [u8]
[INFO] [stdout]               &'a str
[INFO] [stdout]               ()
[INFO] [stdout]               (T,)
[INFO] [stdout]               (T0, T1)
[INFO] [stdout]               (T0, T1, T2)
[INFO] [stdout]               (T0, T1, T2, T3)
[INFO] [stdout]             and 247 others
[INFO] [stdout] note: required by a bound in `config::Config::try_deserialize`
[INFO] [stdout]    --> /opt/rustwide/cargo-home/registry/src/index.crates.io-6f17d22bba15001f/config-0.14.1/src/config.rs:203:36
[INFO] [stdout]     |
[INFO] [stdout] 203 |     pub fn try_deserialize<'de, T: Deserialize<'de>>(self) -> Result<T> {
[INFO] [stdout]     |                                    ^^^^^^^^^^^^^^^^ required by this bound in `Config::try_deserialize`
[INFO] [stdout] 
[INFO] [stdout] error: aborting due to 2 previous errors
[INFO] [stdout] 
[INFO] [stdout] Some errors have detailed explanations: E0277, E0433.
[INFO] [stdout] For more information about an error, try `rustc --explain E0277`.
[INFO] [stdout] Couldn't compile the test.
[INFO] [stdout] ---- src/../README.md - (line 50) stdout ----
[INFO] [stdout] error[E0433]: failed to resolve: use of undeclared crate or module `serde`
[INFO] [stdout]   --> src/../README.md:61:17
[INFO] [stdout]    |
[INFO] [stdout] 13 | #[derive(Debug, serde::Deserialize)]
[INFO] [stdout]    |                 ^^^^^ use of undeclared crate or module `serde`
[INFO] [stdout] 
[INFO] [stdout] error: cannot find attribute `serde` in this scope
[INFO] [stdout]   --> src/../README.md:63:7
[INFO] [stdout]    |
[INFO] [stdout] 15 |     #[serde(default)]
[INFO] [stdout]    |       ^^^^^
[INFO] [stdout] 
[INFO] [stdout] error[E0277]: the trait bound `Config: serde::de::Deserialize<'_>` is not satisfied
[INFO] [stdout]    --> src/../README.md:72:14
[INFO] [stdout]     |
[INFO] [stdout] 24  |             .try_deserialize()
[INFO] [stdout]     |              ^^^^^^^^^^^^^^^ the trait `serde::de::Deserialize<'_>` is not implemented for `Config`
[INFO] [stdout]     |
[INFO] [stdout]     = note: for local types consider adding `#[derive(serde::Deserialize)]` to your `Config` type
[INFO] [stdout]     = note: for types from other crates check whether the crate offers a `serde` feature flag
[INFO] [stdout]     = help: the following other types implement trait `serde::de::Deserialize<'de>`:
[INFO] [stdout]               &'a Path
[INFO] [stdout]               &'a [u8]
[INFO] [stdout]               &'a str
[INFO] [stdout]               ()
[INFO] [stdout]               (T,)
[INFO] [stdout]               (T0, T1)
[INFO] [stdout]               (T0, T1, T2)
[INFO] [stdout]               (T0, T1, T2, T3)
[INFO] [stdout]             and 247 others
[INFO] [stdout] note: required by a bound in `config::Config::try_deserialize`
[INFO] [stdout]    --> /opt/rustwide/cargo-home/registry/src/index.crates.io-6f17d22bba15001f/config-0.14.1/src/config.rs:203:36
[INFO] [stdout]     |
[INFO] [stdout] 203 |     pub fn try_deserialize<'de, T: Deserialize<'de>>(self) -> Result<T> {
[INFO] [stdout]     |                                    ^^^^^^^^^^^^^^^^ required by this bound in `Config::try_deserialize`
[INFO] [stdout] 
[INFO] [stdout] error: aborting due to 3 previous errors
[INFO] [stdout] 
[INFO] [stdout] Some errors have detailed explanations: E0277, E0433.
[INFO] [stdout] For more information about an error, try `rustc --explain E0277`.
[INFO] [stdout] Couldn't compile the test.
[INFO] [stdout] 
[INFO] [stdout] failures:
[INFO] [stdout]     src/../README.md - (line 50)
[INFO] [stdout]     src/config.rs - config::Config (line 17)
[INFO] [stdout] 
[INFO] [stdout] test result: FAILED. 1 passed; 2 failed; 0 ignored; 0 measured; 0 filtered out; finished in 0.29s
[INFO] [stdout] 
[INFO] [stderr] error: doctest failed, to rerun pass `--doc`
[INFO] running `Command { std: "docker" "inspect" "e700ad66ca7aa438459a1f63487619c4c09be34fdaed2a3966a6441299904594", kill_on_drop: false }`
[INFO] running `Command { std: "docker" "rm" "-f" "e700ad66ca7aa438459a1f63487619c4c09be34fdaed2a3966a6441299904594", kill_on_drop: false }`
[INFO] [stdout] e700ad66ca7aa438459a1f63487619c4c09be34fdaed2a3966a6441299904594
