[INFO] fetching crate dco3_crypto 0.7.0...
[INFO] testing dco3_crypto-0.7.0 against 1.83.0 for beta-1.84.0-4-retry
[INFO] extracting crate dco3_crypto 0.7.0 into /workspace/builds/worker-4-tc1/source
[INFO] validating manifest of crates.io crate dco3_crypto 0.7.0 on toolchain 1.83.0
[INFO] running `Command { std: CARGO_HOME="/workspace/cargo-home" RUSTUP_HOME="/workspace/rustup-home" "/workspace/cargo-home/bin/cargo" "+1.83.0" "metadata" "--manifest-path" "Cargo.toml" "--no-deps", kill_on_drop: false }`
[INFO] started tweaking crates.io crate dco3_crypto 0.7.0
[INFO] finished tweaking crates.io crate dco3_crypto 0.7.0
[INFO] tweaked toml for crates.io crate dco3_crypto 0.7.0 written to /workspace/builds/worker-4-tc1/source/Cargo.toml
[INFO] running `Command { std: CARGO_HOME="/workspace/cargo-home" RUSTUP_HOME="/workspace/rustup-home" "/workspace/cargo-home/bin/cargo" "+1.83.0" "generate-lockfile" "--manifest-path" "Cargo.toml", kill_on_drop: false }`
[INFO] [stderr]     Updating crates.io index
[INFO] [stderr]     Blocking waiting for file lock on package cache
[INFO] [stderr]      Locking 28 packages to latest compatible versions
[INFO] running `Command { std: CARGO_HOME="/workspace/cargo-home" RUSTUP_HOME="/workspace/rustup-home" "/workspace/cargo-home/bin/cargo" "+1.83.0" "fetch" "--manifest-path" "Cargo.toml", kill_on_drop: false }`
[INFO] [stderr]     Blocking waiting for file lock on package cache
[INFO] running `Command { std: "docker" "create" "-v" "/var/lib/crater-agent-workspace/builds/worker-4-tc1/target:/opt/rustwide/target:rw,Z" "-v" "/var/lib/crater-agent-workspace/builds/worker-4-tc1/source:/opt/rustwide/workdir:ro,Z" "-v" "/var/lib/crater-agent-workspace/cargo-home:/opt/rustwide/cargo-home:ro,Z" "-v" "/var/lib/crater-agent-workspace/rustup-home:/opt/rustwide/rustup-home:ro,Z" "-e" "SOURCE_DIR=/opt/rustwide/workdir" "-e" "CARGO_TARGET_DIR=/opt/rustwide/target" "-e" "CARGO_HOME=/opt/rustwide/cargo-home" "-e" "RUSTUP_HOME=/opt/rustwide/rustup-home" "-w" "/opt/rustwide/workdir" "-m" "1610612736" "--user" "0:0" "--network" "none" "ghcr.io/rust-lang/crates-build-env/linux@sha256:f3a9d4ad9d972b27faf3965f35b62e55ba32bbce8f20bc8fe909558a86702fde" "/opt/rustwide/cargo-home/bin/cargo" "+1.83.0" "metadata" "--no-deps" "--format-version=1", kill_on_drop: false }`
[INFO] [stdout] 259d3546f6a4872b0f71cae60c0c23a8b782326981a7bc27e76e08becee200b5
[INFO] running `Command { std: "docker" "start" "-a" "259d3546f6a4872b0f71cae60c0c23a8b782326981a7bc27e76e08becee200b5", kill_on_drop: false }`
[INFO] running `Command { std: "docker" "inspect" "259d3546f6a4872b0f71cae60c0c23a8b782326981a7bc27e76e08becee200b5", kill_on_drop: false }`
[INFO] running `Command { std: "docker" "rm" "-f" "259d3546f6a4872b0f71cae60c0c23a8b782326981a7bc27e76e08becee200b5", kill_on_drop: false }`
[INFO] [stdout] 259d3546f6a4872b0f71cae60c0c23a8b782326981a7bc27e76e08becee200b5
[INFO] running `Command { std: "docker" "create" "-v" "/var/lib/crater-agent-workspace/builds/worker-4-tc1/target:/opt/rustwide/target:rw,Z" "-v" "/var/lib/crater-agent-workspace/builds/worker-4-tc1/source:/opt/rustwide/workdir:ro,Z" "-v" "/var/lib/crater-agent-workspace/cargo-home:/opt/rustwide/cargo-home:ro,Z" "-v" "/var/lib/crater-agent-workspace/rustup-home:/opt/rustwide/rustup-home:ro,Z" "-e" "SOURCE_DIR=/opt/rustwide/workdir" "-e" "CARGO_TARGET_DIR=/opt/rustwide/target" "-e" "CARGO_INCREMENTAL=0" "-e" "RUST_BACKTRACE=full" "-e" "RUSTFLAGS=--cap-lints=warn" "-e" "RUSTDOCFLAGS=--cap-lints=warn" "-e" "CARGO_HOME=/opt/rustwide/cargo-home" "-e" "RUSTUP_HOME=/opt/rustwide/rustup-home" "-w" "/opt/rustwide/workdir" "-m" "1610612736" "--user" "0:0" "--network" "none" "ghcr.io/rust-lang/crates-build-env/linux@sha256:f3a9d4ad9d972b27faf3965f35b62e55ba32bbce8f20bc8fe909558a86702fde" "/opt/rustwide/cargo-home/bin/cargo" "+1.83.0" "build" "--frozen" "--message-format=json", kill_on_drop: false }`
[INFO] [stdout] dbe2432f8917c79a57296be8fe40c809d1b29c8c3d1d810900469982ca0a7be2
[INFO] running `Command { std: "docker" "start" "-a" "dbe2432f8917c79a57296be8fe40c809d1b29c8c3d1d810900469982ca0a7be2", kill_on_drop: false }`
[INFO] [stderr]    Compiling proc-macro2 v1.0.92
[INFO] [stderr]    Compiling unicode-ident v1.0.14
[INFO] [stderr]    Compiling shlex v1.3.0
[INFO] [stderr]    Compiling vcpkg v0.2.15
[INFO] [stderr]    Compiling pkg-config v0.3.31
[INFO] [stderr]    Compiling libc v0.2.168
[INFO] [stderr]    Compiling once_cell v1.20.2
[INFO] [stderr]    Compiling serde v1.0.216
[INFO] [stderr]    Compiling serde_json v1.0.133
[INFO] [stderr]    Compiling openssl v0.10.68
[INFO] [stderr]    Compiling foreign-types-shared v0.1.1
[INFO] [stderr]    Compiling bitflags v2.6.0
[INFO] [stderr]    Compiling ryu v1.0.18
[INFO] [stderr]    Compiling itoa v1.0.14
[INFO] [stderr]    Compiling cfg-if v1.0.0
[INFO] [stderr]    Compiling pin-project-lite v0.2.15
[INFO] [stderr]    Compiling foreign-types v0.3.2
[INFO] [stderr]    Compiling memchr v2.7.4
[INFO] [stderr]    Compiling tracing-core v0.1.33
[INFO] [stderr]    Compiling cc v1.2.4
[INFO] [stderr]    Compiling quote v1.0.37
[INFO] [stderr]    Compiling syn v2.0.90
[INFO] [stderr]    Compiling openssl-src v300.4.1+3.4.0
[INFO] [stderr]    Compiling openssl-sys v0.9.104
[INFO] [stderr]    Compiling serde_derive v1.0.216
[INFO] [stderr]    Compiling openssl-macros v0.1.1
[INFO] [stderr]    Compiling tracing-attributes v0.1.28
[INFO] [stderr]    Compiling tracing v0.1.41
[INFO] [stderr]    Compiling dco3_crypto v0.7.0 (/opt/rustwide/workdir)
[INFO] [stdout] warning: elided lifetime has a name
[INFO] [stdout]    --> src/models.rs:423:24
[INFO] [stdout]     |
[INFO] [stdout] 410 | pub trait ChunkedEncryption<'b, C> {
[INFO] [stdout]     |                             -- lifetime `'b` declared here
[INFO] [stdout] ...
[INFO] [stdout] 423 |     ) -> Result<Crypter<C>, DracoonCryptoError>;
[INFO] [stdout]     |                        ^ this elided lifetime gets resolved as `'b`
[INFO] [stdout]     |
[INFO] [stdout]     = note: `#[warn(elided_named_lifetimes)]` on by default
[INFO] [stdout] 
[INFO] [stdout] 
[INFO] [stdout] warning: elided lifetime has a name
[INFO] [stdout]    --> src/models.rs:425:73
[INFO] [stdout]     |
[INFO] [stdout] 410 | pub trait ChunkedEncryption<'b, C> {
[INFO] [stdout]     |                             -- lifetime `'b` declared here
[INFO] [stdout] ...
[INFO] [stdout] 425 |     fn try_new_for_encryption(buffer: &'b mut Vec<u8>) -> Result<Crypter<C>, DracoonCryptoError>;
[INFO] [stdout]     |                                                                         ^ this elided lifetime gets resolved as `'b`
[INFO] [stdout] 
[INFO] [stdout] 
[INFO] [stderr]     Finished `dev` profile [unoptimized + debuginfo] target(s) in 1m 51s
[INFO] running `Command { std: "docker" "inspect" "dbe2432f8917c79a57296be8fe40c809d1b29c8c3d1d810900469982ca0a7be2", kill_on_drop: false }`
[INFO] running `Command { std: "docker" "rm" "-f" "dbe2432f8917c79a57296be8fe40c809d1b29c8c3d1d810900469982ca0a7be2", kill_on_drop: false }`
[INFO] [stdout] dbe2432f8917c79a57296be8fe40c809d1b29c8c3d1d810900469982ca0a7be2
[INFO] running `Command { std: "docker" "create" "-v" "/var/lib/crater-agent-workspace/builds/worker-4-tc1/target:/opt/rustwide/target:rw,Z" "-v" "/var/lib/crater-agent-workspace/builds/worker-4-tc1/source:/opt/rustwide/workdir:ro,Z" "-v" "/var/lib/crater-agent-workspace/cargo-home:/opt/rustwide/cargo-home:ro,Z" "-v" "/var/lib/crater-agent-workspace/rustup-home:/opt/rustwide/rustup-home:ro,Z" "-e" "SOURCE_DIR=/opt/rustwide/workdir" "-e" "CARGO_TARGET_DIR=/opt/rustwide/target" "-e" "CARGO_INCREMENTAL=0" "-e" "RUST_BACKTRACE=full" "-e" "RUSTFLAGS=--cap-lints=warn" "-e" "RUSTDOCFLAGS=--cap-lints=warn" "-e" "CARGO_HOME=/opt/rustwide/cargo-home" "-e" "RUSTUP_HOME=/opt/rustwide/rustup-home" "-w" "/opt/rustwide/workdir" "-m" "1610612736" "--user" "0:0" "--network" "none" "ghcr.io/rust-lang/crates-build-env/linux@sha256:f3a9d4ad9d972b27faf3965f35b62e55ba32bbce8f20bc8fe909558a86702fde" "/opt/rustwide/cargo-home/bin/cargo" "+1.83.0" "test" "--frozen" "--no-run" "--message-format=json", kill_on_drop: false }`
[INFO] [stdout] 24cd5e59e029159f24a67dbbebb342c0d3aaaf35a91b8ba52c682b8fa30d4a35
[INFO] running `Command { std: "docker" "start" "-a" "24cd5e59e029159f24a67dbbebb342c0d3aaaf35a91b8ba52c682b8fa30d4a35", kill_on_drop: false }`
[INFO] [stdout] warning: elided lifetime has a name
[INFO] [stdout]    --> src/models.rs:423:24
[INFO] [stdout]     |
[INFO] [stdout] 410 | pub trait ChunkedEncryption<'b, C> {
[INFO] [stdout]     |                             -- lifetime `'b` declared here
[INFO] [stdout] ...
[INFO] [stdout] 423 |     ) -> Result<Crypter<C>, DracoonCryptoError>;
[INFO] [stdout]     |                        ^ this elided lifetime gets resolved as `'b`
[INFO] [stdout]     |
[INFO] [stdout]     = note: `#[warn(elided_named_lifetimes)]` on by default
[INFO] [stdout] 
[INFO] [stdout] 
[INFO] [stdout] warning: elided lifetime has a name
[INFO] [stdout]    --> src/models.rs:425:73
[INFO] [stdout]     |
[INFO] [stdout] 410 | pub trait ChunkedEncryption<'b, C> {
[INFO] [stdout]     |                             -- lifetime `'b` declared here
[INFO] [stdout] ...
[INFO] [stdout] 425 |     fn try_new_for_encryption(buffer: &'b mut Vec<u8>) -> Result<Crypter<C>, DracoonCryptoError>;
[INFO] [stdout]     |                                                                         ^ this elided lifetime gets resolved as `'b`
[INFO] [stdout] 
[INFO] [stdout] 
[INFO] [stderr]    Compiling dco3_crypto v0.7.0 (/opt/rustwide/workdir)
[INFO] [stdout] warning: elided lifetime has a name
[INFO] [stdout]    --> src/models.rs:423:24
[INFO] [stdout]     |
[INFO] [stdout] 410 | pub trait ChunkedEncryption<'b, C> {
[INFO] [stdout]     |                             -- lifetime `'b` declared here
[INFO] [stdout] ...
[INFO] [stdout] 423 |     ) -> Result<Crypter<C>, DracoonCryptoError>;
[INFO] [stdout]     |                        ^ this elided lifetime gets resolved as `'b`
[INFO] [stdout]     |
[INFO] [stdout]     = note: `#[warn(elided_named_lifetimes)]` on by default
[INFO] [stdout] 
[INFO] [stdout] 
[INFO] [stdout] warning: elided lifetime has a name
[INFO] [stdout]    --> src/models.rs:425:73
[INFO] [stdout]     |
[INFO] [stdout] 410 | pub trait ChunkedEncryption<'b, C> {
[INFO] [stdout]     |                             -- lifetime `'b` declared here
[INFO] [stdout] ...
[INFO] [stdout] 425 |     fn try_new_for_encryption(buffer: &'b mut Vec<u8>) -> Result<Crypter<C>, DracoonCryptoError>;
[INFO] [stdout]     |                                                                         ^ this elided lifetime gets resolved as `'b`
[INFO] [stdout] 
[INFO] [stdout] 
[INFO] [stderr]     Finished `test` profile [unoptimized + debuginfo] target(s) in 2.01s
[INFO] running `Command { std: "docker" "inspect" "24cd5e59e029159f24a67dbbebb342c0d3aaaf35a91b8ba52c682b8fa30d4a35", kill_on_drop: false }`
[INFO] running `Command { std: "docker" "rm" "-f" "24cd5e59e029159f24a67dbbebb342c0d3aaaf35a91b8ba52c682b8fa30d4a35", kill_on_drop: false }`
[INFO] [stdout] 24cd5e59e029159f24a67dbbebb342c0d3aaaf35a91b8ba52c682b8fa30d4a35
[INFO] running `Command { std: "docker" "create" "-v" "/var/lib/crater-agent-workspace/builds/worker-4-tc1/target:/opt/rustwide/target:rw,Z" "-v" "/var/lib/crater-agent-workspace/builds/worker-4-tc1/source:/opt/rustwide/workdir:ro,Z" "-v" "/var/lib/crater-agent-workspace/cargo-home:/opt/rustwide/cargo-home:ro,Z" "-v" "/var/lib/crater-agent-workspace/rustup-home:/opt/rustwide/rustup-home:ro,Z" "-e" "SOURCE_DIR=/opt/rustwide/workdir" "-e" "CARGO_TARGET_DIR=/opt/rustwide/target" "-e" "CARGO_INCREMENTAL=0" "-e" "RUST_BACKTRACE=full" "-e" "RUSTFLAGS=--cap-lints=warn" "-e" "RUSTDOCFLAGS=--cap-lints=warn" "-e" "CARGO_HOME=/opt/rustwide/cargo-home" "-e" "RUSTUP_HOME=/opt/rustwide/rustup-home" "-w" "/opt/rustwide/workdir" "-m" "1610612736" "--user" "0:0" "--network" "none" "ghcr.io/rust-lang/crates-build-env/linux@sha256:f3a9d4ad9d972b27faf3965f35b62e55ba32bbce8f20bc8fe909558a86702fde" "/opt/rustwide/cargo-home/bin/cargo" "+1.83.0" "test" "--frozen", kill_on_drop: false }`
[INFO] [stdout] 9d5d45d9bfcb848f1248a27d0f070c29e2321c007b4e0f4d4019a1bd01620a46
[INFO] running `Command { std: "docker" "start" "-a" "9d5d45d9bfcb848f1248a27d0f070c29e2321c007b4e0f4d4019a1bd01620a46", kill_on_drop: false }`
[INFO] [stderr] warning: elided lifetime has a name
[INFO] [stderr]    --> src/models.rs:423:24
[INFO] [stderr]     |
[INFO] [stderr] 410 | pub trait ChunkedEncryption<'b, C> {
[INFO] [stderr]     |                             -- lifetime `'b` declared here
[INFO] [stderr] ...
[INFO] [stderr] 423 |     ) -> Result<Crypter<C>, DracoonCryptoError>;
[INFO] [stderr]     |                        ^ this elided lifetime gets resolved as `'b`
[INFO] [stderr]     |
[INFO] [stderr]     = note: `#[warn(elided_named_lifetimes)]` on by default
[INFO] [stderr] 
[INFO] [stderr] warning: elided lifetime has a name
[INFO] [stderr]    --> src/models.rs:425:73
[INFO] [stderr]     |
[INFO] [stderr] 410 | pub trait ChunkedEncryption<'b, C> {
[INFO] [stderr]     |                             -- lifetime `'b` declared here
[INFO] [stderr] ...
[INFO] [stderr] 425 |     fn try_new_for_encryption(buffer: &'b mut Vec<u8>) -> Result<Crypter<C>, DracoonCryptoError>;
[INFO] [stderr]     |                                                                         ^ this elided lifetime gets resolved as `'b`
[INFO] [stderr] 
[INFO] [stderr] warning: `dco3_crypto` (lib) generated 2 warnings
[INFO] [stderr] warning: `dco3_crypto` (lib test) generated 2 warnings (2 duplicates)
[INFO] [stderr]     Finished `test` profile [unoptimized + debuginfo] target(s) in 0.03s
[INFO] [stderr]      Running unittests src/lib.rs (/opt/rustwide/target/debug/deps/dco3_crypto-2b48ac952aa5e01d)
[INFO] [stdout] 
[INFO] [stdout] running 9 tests
[INFO] [stdout] test tests::test_chunked_message_decryption ... ok
[INFO] [stdout] test tests::test_message_encryption ... ok
[INFO] [stdout] test tests::test_chunked_message_encryption ... ok
[INFO] [stdout] test tests::test_file_key_encryption_2048 ... ok
[INFO] [stdout] test tests::test_plain_user_keypair_generation_2048 ... ok
[INFO] [stdout] test tests::test_keypair_encryption_2048 ... ok
[INFO] [stdout] test tests::test_plain_user_keypair_generation_4096 ... ok
[INFO] [stdout] test tests::test_file_key_encryption_4096 ... ok
[INFO] [stdout] test tests::test_keypair_encryption_4096 ... ok
[INFO] [stdout] 
[INFO] [stdout] test result: ok. 9 passed; 0 failed; 0 ignored; 0 measured; 0 filtered out; finished in 0.31s
[INFO] [stdout] 
[INFO] [stderr]    Doc-tests dco3_crypto
[INFO] [stdout] 
[INFO] [stdout] running 10 tests
[INFO] [stdout] test src/lib.rs - DracoonCrypto::encrypt_private_key (line 157) ... FAILED
[INFO] [stdout] test src/lib.rs - DracoonCrypto::encrypter (line 47) ... ok
[INFO] [stdout] test src/lib.rs - DracoonCrypto::decrypt (line 423) ... ok
[INFO] [stdout] test src/lib.rs - DracoonCrypto::create_plain_user_keypair (line 120) ... ok
[INFO] [stdout] test src/lib.rs - DracoonCrypto::decrypter (line 84) ... ok
[INFO] [stdout] test src/lib.rs - DracoonCrypto::encrypt (line 385) ... ok
[INFO] [stdout] test src/lib.rs - DracoonCrypto::decrypt_keypair (line 192) ... ok
[INFO] [stdout] test src/lib.rs - DracoonCrypto::encrypt_file_key (line 263) ... ok
[INFO] [stdout] test src/lib.rs - DracoonCrypto::decrypt_file_key (line 323) ... ok
[INFO] [stdout] test src/lib.rs - DracoonCrypto::decrypt_private_key (line 231) ... ok
[INFO] [stdout] 
[INFO] [stdout] failures:
[INFO] [stdout] 
[INFO] [stdout] ---- src/lib.rs - DracoonCrypto::encrypt_private_key (line 157) stdout ----
[INFO] [stdout] error: linking with `cc` failed: exit status: 1
[INFO] [stdout]   |
[INFO] [stdout]   = note: LC_ALL="C" PATH="/opt/rustwide/rustup-home/toolchains/1.83.0-x86_64-unknown-linux-gnu/lib/rustlib/x86_64-unknown-linux-gnu/bin:/opt/rustwide/cargo-home/bin:/usr/local/sbin:/usr/local/bin:/usr/sbin:/usr/bin:/sbin:/bin" VSLANG="1033" "cc" "-m64" "/tmp/rustc2kzdsf/symbols.o" "/tmp/rustdoctestXhn7ys/rust_out.rust_out.cb03291d53e4e161-cgu.0.rcgu.o" "/tmp/rustdoctestXhn7ys/rust_out.1s7umcihpz0t7nkz1uc2ifee9.rcgu.o" "-Wl,--as-needed" "-Wl,-Bstatic" "/opt/rustwide/target/debug/deps/libdco3_crypto-ffbd2bb906a7a397.rlib" "/opt/rustwide/target/debug/deps/libserde-ded738ca7e7fc4b1.rlib" "/opt/rustwide/target/debug/deps/libtracing-c42d48d9fb43f495.rlib" "/opt/rustwide/target/debug/deps/libpin_project_lite-be51d264b86b6c5b.rlib" "/opt/rustwide/target/debug/deps/libtracing_core-9b2ef5bfdc695f2a.rlib" "/opt/rustwide/target/debug/deps/libopenssl-925ac291483ff173.rlib" "/opt/rustwide/target/debug/deps/libonce_cell-6f631f2a5f71cecc.rlib" "/opt/rustwide/target/debug/deps/libbitflags-53c76c4f639396f9.rlib" "/opt/rustwide/target/debug/deps/libforeign_types-504d8dbdd27ff197.rlib" "/opt/rustwide/target/debug/deps/libforeign_types_shared-f6b6a54f87ce1292.rlib" "/opt/rustwide/target/debug/deps/libcfg_if-8217498f8667ada9.rlib" "/opt/rustwide/target/debug/deps/libopenssl_sys-8d908e159f6beeb6.rlib" "/opt/rustwide/target/debug/deps/liblibc-48c07cb418e82d02.rlib" "/opt/rustwide/rustup-home/toolchains/1.83.0-x86_64-unknown-linux-gnu/lib/rustlib/x86_64-unknown-linux-gnu/lib/libstd-ca74a2d9c5166d9f.rlib" "/opt/rustwide/rustup-home/toolchains/1.83.0-x86_64-unknown-linux-gnu/lib/rustlib/x86_64-unknown-linux-gnu/lib/libpanic_unwind-e31ab23316ed5080.rlib" "/opt/rustwide/rustup-home/toolchains/1.83.0-x86_64-unknown-linux-gnu/lib/rustlib/x86_64-unknown-linux-gnu/lib/libobject-27dc4aa955912662.rlib" "/opt/rustwide/rustup-home/toolchains/1.83.0-x86_64-unknown-linux-gnu/lib/rustlib/x86_64-unknown-linux-gnu/lib/libmemchr-bd0d6cccce077b99.rlib" "/opt/rustwide/rustup-home/toolchains/1.83.0-x86_64-unknown-linux-gnu/lib/rustlib/x86_64-unknown-linux-gnu/lib/libaddr2line-8d001680935b5e3c.rlib" "/opt/rustwide/rustup-home/toolchains/1.83.0-x86_64-unknown-linux-gnu/lib/rustlib/x86_64-unknown-linux-gnu/lib/libgimli-ba8ce71964f984f4.rlib" "/opt/rustwide/rustup-home/toolchains/1.83.0-x86_64-unknown-linux-gnu/lib/rustlib/x86_64-unknown-linux-gnu/lib/librustc_demangle-99a73526abcec14b.rlib" "/opt/rustwide/rustup-home/toolchains/1.83.0-x86_64-unknown-linux-gnu/lib/rustlib/x86_64-unknown-linux-gnu/lib/libstd_detect-63ac0d22cff92579.rlib" "/opt/rustwide/rustup-home/toolchains/1.83.0-x86_64-unknown-linux-gnu/lib/rustlib/x86_64-unknown-linux-gnu/lib/libhashbrown-9057355c92c922d5.rlib" "/opt/rustwide/rustup-home/toolchains/1.83.0-x86_64-unknown-linux-gnu/lib/rustlib/x86_64-unknown-linux-gnu/lib/librustc_std_workspace_alloc-358be9bc1f6bab04.rlib" "/opt/rustwide/rustup-home/toolchains/1.83.0-x86_64-unknown-linux-gnu/lib/rustlib/x86_64-unknown-linux-gnu/lib/libminiz_oxide-aca15549d5bff974.rlib" "/opt/rustwide/rustup-home/toolchains/1.83.0-x86_64-unknown-linux-gnu/lib/rustlib/x86_64-unknown-linux-gnu/lib/libadler-8251d2cef7072448.rlib" "/opt/rustwide/rustup-home/toolchains/1.83.0-x86_64-unknown-linux-gnu/lib/rustlib/x86_64-unknown-linux-gnu/lib/libunwind-7d50b86011c66411.rlib" "/opt/rustwide/rustup-home/toolchains/1.83.0-x86_64-unknown-linux-gnu/lib/rustlib/x86_64-unknown-linux-gnu/lib/libcfg_if-51ea098fce5006bf.rlib" "/opt/rustwide/rustup-home/toolchains/1.83.0-x86_64-unknown-linux-gnu/lib/rustlib/x86_64-unknown-linux-gnu/lib/liblibc-5a14e0d0b712e731.rlib" "/opt/rustwide/rustup-home/toolchains/1.83.0-x86_64-unknown-linux-gnu/lib/rustlib/x86_64-unknown-linux-gnu/lib/liballoc-8b83dbf3a7b8f999.rlib" "/opt/rustwide/rustup-home/toolchains/1.83.0-x86_64-unknown-linux-gnu/lib/rustlib/x86_64-unknown-linux-gnu/lib/librustc_std_workspace_core-c6fd227bdc7b39ff.rlib" "/opt/rustwide/rustup-home/toolchains/1.83.0-x86_64-unknown-linux-gnu/lib/rustlib/x86_64-unknown-linux-gnu/lib/libcore-959d3389fa3da8a5.rlib" "/opt/rustwide/rustup-home/toolchains/1.83.0-x86_64-unknown-linux-gnu/lib/rustlib/x86_64-unknown-linux-gnu/lib/libcompiler_builtins-abe05db089cc2c62.rlib" "-Wl,-Bdynamic" "-lgcc_s" "-lutil" "-lrt" "-lpthread" "-lm" "-ldl" "-lc" "-Wl,--eh-frame-hdr" "-Wl,-z,noexecstack" "-L" "/opt/rustwide/target/debug/build/openssl-sys-b5ea72de1cd47988/out/openssl-build/install/lib" "-L" "/opt/rustwide/rustup-home/toolchains/1.83.0-x86_64-unknown-linux-gnu/lib/rustlib/x86_64-unknown-linux-gnu/lib" "-o" "/tmp/rustdoctestXhn7ys/rust_out" "-Wl,--gc-sections" "-pie" "-Wl,-z,relro,-z,now" "-nodefaultlibs"
[INFO] [stdout]   = note: collect2: fatal error: ld terminated with signal 9 [Killed]
[INFO] [stdout]           compilation terminated.
[INFO] [stdout]           
[INFO] [stdout] 
[INFO] [stdout] error: aborting due to 1 previous error
[INFO] [stdout] 
[INFO] [stdout] Couldn't compile the test.
[INFO] [stdout] 
[INFO] [stdout] failures:
[INFO] [stderr] error: doctest failed, to rerun pass `--doc`
[INFO] [stdout]     src/lib.rs - DracoonCrypto::encrypt_private_key (line 157)
[INFO] [stdout] 
[INFO] [stdout] test result: FAILED. 9 passed; 1 failed; 0 ignored; 0 measured; 0 filtered out; finished in 9.29s
[INFO] [stdout] 
[INFO] running `Command { std: "docker" "inspect" "9d5d45d9bfcb848f1248a27d0f070c29e2321c007b4e0f4d4019a1bd01620a46", kill_on_drop: false }`
[INFO] running `Command { std: "docker" "rm" "-f" "9d5d45d9bfcb848f1248a27d0f070c29e2321c007b4e0f4d4019a1bd01620a46", kill_on_drop: false }`
[INFO] [stdout] 9d5d45d9bfcb848f1248a27d0f070c29e2321c007b4e0f4d4019a1bd01620a46
