[INFO] fetching crate dbn-macros 0.24.0...
[INFO] testing dbn-macros-0.24.0 against beta-2024-12-08 for beta-1.84.0-4-retry
[INFO] extracting crate dbn-macros 0.24.0 into /workspace/builds/worker-2-tc2/source
[INFO] validating manifest of crates.io crate dbn-macros 0.24.0 on toolchain beta-2024-12-08
[INFO] running `Command { std: CARGO_HOME="/workspace/cargo-home" RUSTUP_HOME="/workspace/rustup-home" "/workspace/cargo-home/bin/cargo" "+beta-2024-12-08" "metadata" "--manifest-path" "Cargo.toml" "--no-deps", kill_on_drop: false }`
[INFO] started tweaking crates.io crate dbn-macros 0.24.0
[INFO] finished tweaking crates.io crate dbn-macros 0.24.0
[INFO] tweaked toml for crates.io crate dbn-macros 0.24.0 written to /workspace/builds/worker-2-tc2/source/Cargo.toml
[INFO] running `Command { std: CARGO_HOME="/workspace/cargo-home" RUSTUP_HOME="/workspace/rustup-home" "/workspace/cargo-home/bin/cargo" "+beta-2024-12-08" "generate-lockfile" "--manifest-path" "Cargo.toml", kill_on_drop: false }`
[INFO] [stderr]     Updating crates.io index
[INFO] [stderr]      Locking 36 packages to latest compatible versions
[INFO] running `Command { std: CARGO_HOME="/workspace/cargo-home" RUSTUP_HOME="/workspace/rustup-home" "/workspace/cargo-home/bin/cargo" "+beta-2024-12-08" "fetch" "--manifest-path" "Cargo.toml", kill_on_drop: false }`
[INFO] running `Command { std: "docker" "create" "-v" "/var/lib/crater-agent-workspace/builds/worker-2-tc2/target:/opt/rustwide/target:rw,Z" "-v" "/var/lib/crater-agent-workspace/builds/worker-2-tc2/source:/opt/rustwide/workdir:ro,Z" "-v" "/var/lib/crater-agent-workspace/cargo-home:/opt/rustwide/cargo-home:ro,Z" "-v" "/var/lib/crater-agent-workspace/rustup-home:/opt/rustwide/rustup-home:ro,Z" "-e" "SOURCE_DIR=/opt/rustwide/workdir" "-e" "CARGO_TARGET_DIR=/opt/rustwide/target" "-e" "CARGO_HOME=/opt/rustwide/cargo-home" "-e" "RUSTUP_HOME=/opt/rustwide/rustup-home" "-w" "/opt/rustwide/workdir" "-m" "1610612736" "--user" "0:0" "--network" "none" "ghcr.io/rust-lang/crates-build-env/linux@sha256:f3a9d4ad9d972b27faf3965f35b62e55ba32bbce8f20bc8fe909558a86702fde" "/opt/rustwide/cargo-home/bin/cargo" "+beta-2024-12-08" "metadata" "--no-deps" "--format-version=1", kill_on_drop: false }`
[INFO] [stdout] b06e84bb21eac147ec6d28defaaa57aa90181749351029aa1442e32fd8947da9
[INFO] running `Command { std: "docker" "start" "-a" "b06e84bb21eac147ec6d28defaaa57aa90181749351029aa1442e32fd8947da9", kill_on_drop: false }`
[INFO] running `Command { std: "docker" "inspect" "b06e84bb21eac147ec6d28defaaa57aa90181749351029aa1442e32fd8947da9", kill_on_drop: false }`
[INFO] running `Command { std: "docker" "rm" "-f" "b06e84bb21eac147ec6d28defaaa57aa90181749351029aa1442e32fd8947da9", kill_on_drop: false }`
[INFO] [stdout] b06e84bb21eac147ec6d28defaaa57aa90181749351029aa1442e32fd8947da9
[INFO] running `Command { std: "docker" "create" "-v" "/var/lib/crater-agent-workspace/builds/worker-2-tc2/target:/opt/rustwide/target:rw,Z" "-v" "/var/lib/crater-agent-workspace/builds/worker-2-tc2/source:/opt/rustwide/workdir:ro,Z" "-v" "/var/lib/crater-agent-workspace/cargo-home:/opt/rustwide/cargo-home:ro,Z" "-v" "/var/lib/crater-agent-workspace/rustup-home:/opt/rustwide/rustup-home:ro,Z" "-e" "SOURCE_DIR=/opt/rustwide/workdir" "-e" "CARGO_TARGET_DIR=/opt/rustwide/target" "-e" "CARGO_INCREMENTAL=0" "-e" "RUST_BACKTRACE=full" "-e" "RUSTFLAGS=--cap-lints=warn" "-e" "RUSTDOCFLAGS=--cap-lints=warn" "-e" "CARGO_HOME=/opt/rustwide/cargo-home" "-e" "RUSTUP_HOME=/opt/rustwide/rustup-home" "-w" "/opt/rustwide/workdir" "-m" "1610612736" "--user" "0:0" "--network" "none" "ghcr.io/rust-lang/crates-build-env/linux@sha256:f3a9d4ad9d972b27faf3965f35b62e55ba32bbce8f20bc8fe909558a86702fde" "/opt/rustwide/cargo-home/bin/cargo" "+beta-2024-12-08" "build" "--frozen" "--message-format=json", kill_on_drop: false }`
[INFO] [stdout] 30eede8716b82145ea7c8f7b8409d771871da7f85cebeabade595e0a17c4c8a8
[INFO] running `Command { std: "docker" "start" "-a" "30eede8716b82145ea7c8f7b8409d771871da7f85cebeabade595e0a17c4c8a8", kill_on_drop: false }`
[INFO] [stderr]    Compiling hashbrown v0.15.2
[INFO] [stderr]    Compiling equivalent v1.0.1
[INFO] [stderr]    Compiling toml_datetime v0.6.8
[INFO] [stderr]    Compiling winnow v0.6.20
[INFO] [stderr]    Compiling syn v2.0.90
[INFO] [stderr]    Compiling indexmap v2.7.0
[INFO] [stderr]    Compiling toml_edit v0.22.22
[INFO] [stderr]    Compiling proc-macro-crate v3.2.0
[INFO] [stderr]    Compiling dbn-macros v0.24.0 (/opt/rustwide/workdir)
[INFO] [stderr]     Finished `dev` profile [unoptimized + debuginfo] target(s) in 8.69s
[INFO] running `Command { std: "docker" "inspect" "30eede8716b82145ea7c8f7b8409d771871da7f85cebeabade595e0a17c4c8a8", kill_on_drop: false }`
[INFO] running `Command { std: "docker" "rm" "-f" "30eede8716b82145ea7c8f7b8409d771871da7f85cebeabade595e0a17c4c8a8", kill_on_drop: false }`
[INFO] [stdout] 30eede8716b82145ea7c8f7b8409d771871da7f85cebeabade595e0a17c4c8a8
[INFO] running `Command { std: "docker" "create" "-v" "/var/lib/crater-agent-workspace/builds/worker-2-tc2/target:/opt/rustwide/target:rw,Z" "-v" "/var/lib/crater-agent-workspace/builds/worker-2-tc2/source:/opt/rustwide/workdir:ro,Z" "-v" "/var/lib/crater-agent-workspace/cargo-home:/opt/rustwide/cargo-home:ro,Z" "-v" "/var/lib/crater-agent-workspace/rustup-home:/opt/rustwide/rustup-home:ro,Z" "-e" "SOURCE_DIR=/opt/rustwide/workdir" "-e" "CARGO_TARGET_DIR=/opt/rustwide/target" "-e" "CARGO_INCREMENTAL=0" "-e" "RUST_BACKTRACE=full" "-e" "RUSTFLAGS=--cap-lints=warn" "-e" "RUSTDOCFLAGS=--cap-lints=warn" "-e" "CARGO_HOME=/opt/rustwide/cargo-home" "-e" "RUSTUP_HOME=/opt/rustwide/rustup-home" "-w" "/opt/rustwide/workdir" "-m" "1610612736" "--user" "0:0" "--network" "none" "ghcr.io/rust-lang/crates-build-env/linux@sha256:f3a9d4ad9d972b27faf3965f35b62e55ba32bbce8f20bc8fe909558a86702fde" "/opt/rustwide/cargo-home/bin/cargo" "+beta-2024-12-08" "test" "--frozen" "--no-run" "--message-format=json", kill_on_drop: false }`
[INFO] [stdout] b9a03967f64832457bc55cebf71b8b647dbbd14ff979d47089a037ac06409f7c
[INFO] running `Command { std: "docker" "start" "-a" "b9a03967f64832457bc55cebf71b8b647dbbd14ff979d47089a037ac06409f7c", kill_on_drop: false }`
[INFO] [stderr]    Compiling serde v1.0.216
[INFO] [stderr]    Compiling memchr v2.7.4
[INFO] [stderr]    Compiling itoa v1.0.14
[INFO] [stderr]    Compiling ryu v1.0.18
[INFO] [stderr]    Compiling termcolor v1.4.1
[INFO] [stderr]    Compiling glob v0.3.1
[INFO] [stderr]    Compiling serde_json v1.0.133
[INFO] [stderr]    Compiling target-triple v0.1.3
[INFO] [stderr]    Compiling serde_derive v1.0.216
[INFO] [stderr]    Compiling csv-core v0.1.11
[INFO] [stderr]    Compiling serde_spanned v0.6.8
[INFO] [stderr]    Compiling toml_datetime v0.6.8
[INFO] [stderr]    Compiling csv v1.3.1
[INFO] [stderr]    Compiling toml_edit v0.22.22
[INFO] [stderr]    Compiling proc-macro-crate v3.2.0
[INFO] [stderr]    Compiling toml v0.8.19
[INFO] [stderr]    Compiling trybuild v1.0.101
[INFO] [stderr]    Compiling dbn-macros v0.24.0 (/opt/rustwide/workdir)
[INFO] [stderr]     Finished `test` profile [unoptimized + debuginfo] target(s) in 15.89s
[INFO] running `Command { std: "docker" "inspect" "b9a03967f64832457bc55cebf71b8b647dbbd14ff979d47089a037ac06409f7c", kill_on_drop: false }`
[INFO] running `Command { std: "docker" "rm" "-f" "b9a03967f64832457bc55cebf71b8b647dbbd14ff979d47089a037ac06409f7c", kill_on_drop: false }`
[INFO] [stdout] b9a03967f64832457bc55cebf71b8b647dbbd14ff979d47089a037ac06409f7c
[INFO] running `Command { std: "docker" "create" "-v" "/var/lib/crater-agent-workspace/builds/worker-2-tc2/target:/opt/rustwide/target:rw,Z" "-v" "/var/lib/crater-agent-workspace/builds/worker-2-tc2/source:/opt/rustwide/workdir:ro,Z" "-v" "/var/lib/crater-agent-workspace/cargo-home:/opt/rustwide/cargo-home:ro,Z" "-v" "/var/lib/crater-agent-workspace/rustup-home:/opt/rustwide/rustup-home:ro,Z" "-e" "SOURCE_DIR=/opt/rustwide/workdir" "-e" "CARGO_TARGET_DIR=/opt/rustwide/target" "-e" "CARGO_INCREMENTAL=0" "-e" "RUST_BACKTRACE=full" "-e" "RUSTFLAGS=--cap-lints=warn" "-e" "RUSTDOCFLAGS=--cap-lints=warn" "-e" "CARGO_HOME=/opt/rustwide/cargo-home" "-e" "RUSTUP_HOME=/opt/rustwide/rustup-home" "-w" "/opt/rustwide/workdir" "-m" "1610612736" "--user" "0:0" "--network" "none" "ghcr.io/rust-lang/crates-build-env/linux@sha256:f3a9d4ad9d972b27faf3965f35b62e55ba32bbce8f20bc8fe909558a86702fde" "/opt/rustwide/cargo-home/bin/cargo" "+beta-2024-12-08" "test" "--frozen", kill_on_drop: false }`
[INFO] [stdout] 35f095c945d6288a0680bf3bd3a302f8bfb5e312bc25ea26d2c88a5d09ceb757
[INFO] running `Command { std: "docker" "start" "-a" "35f095c945d6288a0680bf3bd3a302f8bfb5e312bc25ea26d2c88a5d09ceb757", kill_on_drop: false }`
[INFO] [stderr]     Finished `test` profile [unoptimized + debuginfo] target(s) in 0.05s
[INFO] [stderr]      Running unittests src/lib.rs (/opt/rustwide/target/debug/deps/dbn_macros-c619bde8a681d8ac)
[INFO] [stdout] 
[INFO] [stdout] running 12 tests
[INFO] [stdout] test dbn_attr::tests::find_encode_order_attr_blank ... ok
[INFO] [stdout] test dbn_attr::tests::find_encode_order_attr_default ... ok
[INFO] [stdout] test dbn_attr::tests::find_encode_order_attr_first ... ok
[INFO] [stdout] test dbn_attr::tests::find_encode_order_attr_only ... ok
[INFO] [stdout] test has_rtype::tests::parse_args_empty ... ok
[INFO] [stdout] test has_rtype::tests::parse_args_multiple ... ok
[INFO] [stdout] test has_rtype::tests::parse_args_single ... ok
[INFO] [stdout] test dbn_attr::tests::find_encode_order_attr_last ... ok
[INFO] [stdout] test serialize::tests::skip_field ... ok
[INFO] [stdout] test dbn_attr::tests::find_encode_order_attr_none ... ok
[INFO] [stdout] test serialize::tests::skip_underscore_field ... ok
[INFO] [stderr]    Compiling hashbrown v0.15.2
[INFO] [stderr]    Compiling equivalent v1.0.1
[INFO] [stderr]    Compiling proc-macro2 v1.0.92
[INFO] [stderr]     Checking unicode-ident v1.0.14
[INFO] [stderr]    Compiling winnow v0.6.20
[INFO] [stderr]    Compiling serde v1.0.216
[INFO] [stderr]    Compiling toml_datetime v0.6.8
[INFO] [stderr]     Checking memchr v2.7.4
[INFO] [stderr]    Compiling syn v2.0.90
[INFO] [stderr]     Checking csv-core v0.1.11
[INFO] [stderr]     Checking indexmap v2.7.0
[INFO] [stderr]     Checking quote v1.0.37
[INFO] [stderr]     Checking toml_edit v0.22.22
[INFO] [stderr]     Checking csv v1.3.1
[INFO] [stderr]     Checking proc-macro-crate v3.2.0
[INFO] [stderr]    Compiling dbn-macros v0.24.0 (/opt/rustwide/workdir)
[INFO] [stderr]     Checking dbn-macros-tests v0.0.0 (/opt/rustwide/target/tests/trybuild/dbn-macros)
[INFO] [stderr]     Finished `dev` profile [unoptimized + debuginfo] target(s) in 16.97s
[INFO] [stderr] 
[INFO] [stderr] 
[INFO] [stderr] test tests/ui/csv_serialize_conflicting_dbn_attr.rs ... mismatch
[INFO] [stderr] 
[INFO] [stderr] EXPECTED:
[INFO] [stderr] ┈┈┈┈┈┈┈┈┈┈┈┈┈┈┈┈┈┈┈┈┈┈┈┈┈┈┈┈┈┈┈┈┈┈┈┈┈┈┈┈┈┈┈┈┈┈┈┈┈┈┈┈┈┈┈┈┈┈┈┈
[INFO] [stderr] error: Passed incompatible serialization arguments to dbn attr
[INFO] [stderr]  --> tests/ui/csv_serialize_conflicting_dbn_attr.rs:6:5
[INFO] [stderr]   |
[INFO] [stderr] 6 |     #[dbn(fixed_price, unix_nanos)]
[INFO] [stderr]   |     ^
[INFO] [stderr] 
[INFO] [stderr] error[E0603]: module `serialize` is private
[INFO] [stderr]  --> tests/ui/csv_serialize_conflicting_dbn_attr.rs:3:10
[INFO] [stderr]   |
[INFO] [stderr] 3 | #[derive(CsvSerialize)]
[INFO] [stderr]   |          ^^^^^^^^^^^^
[INFO] [stderr]   |          |
[INFO] [stderr]   |          private module
[INFO] [stderr]   |          trait `WriteField` is not publicly re-exported
[INFO] [stderr]   |
[INFO] [stderr] note: the module `serialize` is defined here
[INFO] [stderr]  --> $WORKSPACE/rust/dbn/src/encode/csv.rs
[INFO] [stderr]   |
[INFO] [stderr]   | pub(crate) mod serialize;
[INFO] [stderr]   | ^^^^^^^^^^^^^^^^^^^^^^^^
[INFO] [stderr] 
[INFO] [stderr] error[E0599]: no function or associated item named `write_header` found for type `u8` in the current scope
[INFO] [stderr]  --> tests/ui/csv_serialize_conflicting_dbn_attr.rs:3:10
[INFO] [stderr]   |
[INFO] [stderr] 3 | #[derive(CsvSerialize)]
[INFO] [stderr]   |          ^^^^^^^^^^^^ function or associated item not found in `u8`
[INFO] [stderr]   |
[INFO] [stderr]   = help: items from traits can only be used if the trait is in scope
[INFO] [stderr]   = note: this error originates in the derive macro `CsvSerialize` (in Nightly builds, run with -Z macro-backtrace for more info)
[INFO] [stderr] help: trait `WriteField` which provides `write_header` is implemented but not in scope; perhaps you want to import it
[INFO] [stderr]   |
[INFO] [stderr] 1 + use dbn::encode::csv::serialize::WriteField;
[INFO] [stderr]   |
[INFO] [stderr] ┈┈┈┈┈┈┈┈┈┈┈┈┈┈┈┈┈┈┈┈┈┈┈┈┈┈┈┈┈┈┈┈┈┈┈┈┈┈┈┈┈┈┈┈┈┈┈┈┈┈┈┈┈┈┈┈┈┈┈┈
[INFO] [stderr] 
[INFO] [stderr] ACTUAL OUTPUT:
[INFO] [stderr] ┈┈┈┈┈┈┈┈┈┈┈┈┈┈┈┈┈┈┈┈┈┈┈┈┈┈┈┈┈┈┈┈┈┈┈┈┈┈┈┈┈┈┈┈┈┈┈┈┈┈┈┈┈┈┈┈┈┈┈┈
[INFO] [stderr] error: proc-macro derive panicked
[INFO] [stderr]  --> tests/ui/csv_serialize_conflicting_dbn_attr.rs:3:10
[INFO] [stderr]   |
[INFO] [stderr] 3 | #[derive(CsvSerialize)]
[INFO] [stderr]   |          ^^^^^^^^^^^^
[INFO] [stderr]   |
[INFO] [stderr]   = help: message: dbn crate in Cargo.toml: Could not find `dbn` in `dependencies` or `dev-dependencies` in `/opt/rustwide/target/tests/trybuild/dbn-macros/Cargo.toml`!
[INFO] [stderr] ┈┈┈┈┈┈┈┈┈┈┈┈┈┈┈┈┈┈┈┈┈┈┈┈┈┈┈┈┈┈┈┈┈┈┈┈┈┈┈┈┈┈┈┈┈┈┈┈┈┈┈┈┈┈┈┈┈┈┈┈
[INFO] [stderr] note: If the actual output is the correct output you can bless it by rerunning
[INFO] [stderr]       your test with the environment variable TRYBUILD=overwrite
[INFO] [stderr] 
[INFO] [stderr] test tests/ui/csv_serialize_duplicate_encode_orders.rs ... mismatch
[INFO] [stderr] 
[INFO] [stderr] EXPECTED:
[INFO] [stderr] ┈┈┈┈┈┈┈┈┈┈┈┈┈┈┈┈┈┈┈┈┈┈┈┈┈┈┈┈┈┈┈┈┈┈┈┈┈┈┈┈┈┈┈┈┈┈┈┈┈┈┈┈┈┈┈┈┈┈┈┈
[INFO] [stderr] error: Specified duplicate encode order `1` for field
[INFO] [stderr]   --> tests/ui/csv_serialize_duplicate_encode_orders.rs:9:5
[INFO] [stderr]    |
[INFO] [stderr] 9  | /     #[dbn(encode_order(1))]
[INFO] [stderr] 10 | |     pub c: u8,
[INFO] [stderr]    | |_____________^
[INFO] [stderr] ┈┈┈┈┈┈┈┈┈┈┈┈┈┈┈┈┈┈┈┈┈┈┈┈┈┈┈┈┈┈┈┈┈┈┈┈┈┈┈┈┈┈┈┈┈┈┈┈┈┈┈┈┈┈┈┈┈┈┈┈
[INFO] [stderr] 
[INFO] [stderr] ACTUAL OUTPUT:
[INFO] [stderr] ┈┈┈┈┈┈┈┈┈┈┈┈┈┈┈┈┈┈┈┈┈┈┈┈┈┈┈┈┈┈┈┈┈┈┈┈┈┈┈┈┈┈┈┈┈┈┈┈┈┈┈┈┈┈┈┈┈┈┈┈
[INFO] [stderr] error: proc-macro derive panicked
[INFO] [stderr]  --> tests/ui/csv_serialize_duplicate_encode_orders.rs:3:10
[INFO] [stderr]   |
[INFO] [stderr] 3 | #[derive(CsvSerialize)]
[INFO] [stderr]   |          ^^^^^^^^^^^^
[INFO] [stderr]   |
[INFO] [stderr]   = help: message: dbn crate in Cargo.toml: Could not find `dbn` in `dependencies` or `dev-dependencies` in `/opt/rustwide/target/tests/trybuild/dbn-macros/Cargo.toml`!
[INFO] [stderr] ┈┈┈┈┈┈┈┈┈┈┈┈┈┈┈┈┈┈┈┈┈┈┈┈┈┈┈┈┈┈┈┈┈┈┈┈┈┈┈┈┈┈┈┈┈┈┈┈┈┈┈┈┈┈┈┈┈┈┈┈
[INFO] [stderr] note: If the actual output is the correct output you can bless it by rerunning
[INFO] [stderr]       your test with the environment variable TRYBUILD=overwrite
[INFO] [stderr] 
[INFO] [stderr] test tests/ui/csv_serialize_invalid_dbn_attr.rs ... mismatch
[INFO] [stderr] 
[INFO] [stderr] EXPECTED:
[INFO] [stderr] ┈┈┈┈┈┈┈┈┈┈┈┈┈┈┈┈┈┈┈┈┈┈┈┈┈┈┈┈┈┈┈┈┈┈┈┈┈┈┈┈┈┈┈┈┈┈┈┈┈┈┈┈┈┈┈┈┈┈┈┈
[INFO] [stderr] error: unrecognized dbn attr argument unknown
[INFO] [stderr]  --> tests/ui/csv_serialize_invalid_dbn_attr.rs:6:11
[INFO] [stderr]   |
[INFO] [stderr] 6 |     #[dbn(unknown)]
[INFO] [stderr]   |           ^^^^^^^
[INFO] [stderr] 
[INFO] [stderr] error[E0603]: module `serialize` is private
[INFO] [stderr]  --> tests/ui/csv_serialize_invalid_dbn_attr.rs:3:10
[INFO] [stderr]   |
[INFO] [stderr] 3 | #[derive(CsvSerialize)]
[INFO] [stderr]   |          ^^^^^^^^^^^^
[INFO] [stderr]   |          |
[INFO] [stderr]   |          private module
[INFO] [stderr]   |          trait `WriteField` is not publicly re-exported
[INFO] [stderr]   |
[INFO] [stderr] note: the module `serialize` is defined here
[INFO] [stderr]  --> $WORKSPACE/rust/dbn/src/encode/csv.rs
[INFO] [stderr]   |
[INFO] [stderr]   | pub(crate) mod serialize;
[INFO] [stderr]   | ^^^^^^^^^^^^^^^^^^^^^^^^
[INFO] [stderr] 
[INFO] [stderr] error[E0599]: no function or associated item named `write_header` found for type `u8` in the current scope
[INFO] [stderr]  --> tests/ui/csv_serialize_invalid_dbn_attr.rs:3:10
[INFO] [stderr]   |
[INFO] [stderr] 3 | #[derive(CsvSerialize)]
[INFO] [stderr]   |          ^^^^^^^^^^^^ function or associated item not found in `u8`
[INFO] [stderr]   |
[INFO] [stderr]   = help: items from traits can only be used if the trait is in scope
[INFO] [stderr]   = note: this error originates in the derive macro `CsvSerialize` (in Nightly builds, run with -Z macro-backtrace for more info)
[INFO] [stderr] help: trait `WriteField` which provides `write_header` is implemented but not in scope; perhaps you want to import it
[INFO] [stderr]   |
[INFO] [stderr] 1 + use dbn::encode::csv::serialize::WriteField;
[INFO] [stderr]   |
[INFO] [stderr] ┈┈┈┈┈┈┈┈┈┈┈┈┈┈┈┈┈┈┈┈┈┈┈┈┈┈┈┈┈┈┈┈┈┈┈┈┈┈┈┈┈┈┈┈┈┈┈┈┈┈┈┈┈┈┈┈┈┈┈┈
[INFO] [stderr] 
[INFO] [stderr] ACTUAL OUTPUT:
[INFO] [stderr] ┈┈┈┈┈┈┈┈┈┈┈┈┈┈┈┈┈┈┈┈┈┈┈┈┈┈┈┈┈┈┈┈┈┈┈┈┈┈┈┈┈┈┈┈┈┈┈┈┈┈┈┈┈┈┈┈┈┈┈┈
[INFO] [stderr] error: proc-macro derive panicked
[INFO] [stderr]  --> tests/ui/csv_serialize_invalid_dbn_attr.rs:3:10
[INFO] [stderr]   |
[INFO] [stderr] 3 | #[derive(CsvSerialize)]
[INFO] [stderr]   |          ^^^^^^^^^^^^
[INFO] [stderr]   |
[INFO] [stderr]   = help: message: dbn crate in Cargo.toml: Could not find `dbn` in `dependencies` or `dev-dependencies` in `/opt/rustwide/target/tests/trybuild/dbn-macros/Cargo.toml`!
[INFO] [stderr] ┈┈┈┈┈┈┈┈┈┈┈┈┈┈┈┈┈┈┈┈┈┈┈┈┈┈┈┈┈┈┈┈┈┈┈┈┈┈┈┈┈┈┈┈┈┈┈┈┈┈┈┈┈┈┈┈┈┈┈┈
[INFO] [stderr] note: If the actual output is the correct output you can bless it by rerunning
[INFO] [stderr]       your test with the environment variable TRYBUILD=overwrite
[INFO] [stderr] 
[INFO] [stderr] test tests/ui/json_serialize_conflicting_dbn_attr.rs ... mismatch
[INFO] [stderr] 
[INFO] [stderr] EXPECTED:
[INFO] [stderr] ┈┈┈┈┈┈┈┈┈┈┈┈┈┈┈┈┈┈┈┈┈┈┈┈┈┈┈┈┈┈┈┈┈┈┈┈┈┈┈┈┈┈┈┈┈┈┈┈┈┈┈┈┈┈┈┈┈┈┈┈
[INFO] [stderr] error: Passed incompatible serialization arguments to dbn attr
[INFO] [stderr]  --> tests/ui/json_serialize_conflicting_dbn_attr.rs:6:5
[INFO] [stderr]   |
[INFO] [stderr] 6 |     #[dbn(fixed_price, unix_nanos)]
[INFO] [stderr]   |     ^
[INFO] [stderr] 
[INFO] [stderr] error[E0433]: failed to resolve: unresolved import
[INFO] [stderr]  --> tests/ui/json_serialize_conflicting_dbn_attr.rs:3:10
[INFO] [stderr]   |
[INFO] [stderr] 3 | #[derive(JsonSerialize)]
[INFO] [stderr]   |          ^^^^^^^^^^^^^ unresolved import
[INFO] [stderr]   |
[INFO] [stderr]   = note: this error originates in the derive macro `JsonSerialize` (in Nightly builds, run with -Z macro-backtrace for more info)
[INFO] [stderr] 
[INFO] [stderr] error[E0603]: module `serialize` is private
[INFO] [stderr]  --> tests/ui/json_serialize_conflicting_dbn_attr.rs:3:10
[INFO] [stderr]   |
[INFO] [stderr] 3 | #[derive(JsonSerialize)]
[INFO] [stderr]   |          ^^^^^^^^^^^^^
[INFO] [stderr]   |          |
[INFO] [stderr]   |          private module
[INFO] [stderr]   |          trait `WriteField` is not publicly re-exported
[INFO] [stderr]   |
[INFO] [stderr] note: the module `serialize` is defined here
[INFO] [stderr]  --> $WORKSPACE/rust/dbn/src/encode/json.rs
[INFO] [stderr]   |
[INFO] [stderr]   | pub(crate) mod serialize;
[INFO] [stderr]   | ^^^^^^^^^^^^^^^^^^^^^^^^
[INFO] [stderr] ┈┈┈┈┈┈┈┈┈┈┈┈┈┈┈┈┈┈┈┈┈┈┈┈┈┈┈┈┈┈┈┈┈┈┈┈┈┈┈┈┈┈┈┈┈┈┈┈┈┈┈┈┈┈┈┈┈┈┈┈
[INFO] [stderr] 
[INFO] [stderr] ACTUAL OUTPUT:
[INFO] [stderr] ┈┈┈┈┈┈┈┈┈┈┈┈┈┈┈┈┈┈┈┈┈┈┈┈┈┈┈┈┈┈┈┈┈┈┈┈┈┈┈┈┈┈┈┈┈┈┈┈┈┈┈┈┈┈┈┈┈┈┈┈
[INFO] [stderr] error: proc-macro derive panicked
[INFO] [stderr]  --> tests/ui/json_serialize_conflicting_dbn_attr.rs:3:10
[INFO] [stderr]   |
[INFO] [stderr] 3 | #[derive(JsonSerialize)]
[INFO] [stderr]   |          ^^^^^^^^^^^^^
[INFO] [stderr]   |
[INFO] [stderr]   = help: message: dbn crate in Cargo.toml: Could not find `dbn` in `dependencies` or `dev-dependencies` in `/opt/rustwide/target/tests/trybuild/dbn-macros/Cargo.toml`!
[INFO] [stderr] ┈┈┈┈┈┈┈┈┈┈┈┈┈┈┈┈┈┈┈┈┈┈┈┈┈┈┈┈┈┈┈┈┈┈┈┈┈┈┈┈┈┈┈┈┈┈┈┈┈┈┈┈┈┈┈┈┈┈┈┈
[INFO] [stderr] note: If the actual output is the correct output you can bless it by rerunning
[INFO] [stderr]       your test with the environment variable TRYBUILD=overwrite
[INFO] [stderr] 
[INFO] [stderr] test tests/ui/json_serialize_duplicate_encode_orders.rs ... mismatch
[INFO] [stderr] 
[INFO] [stderr] EXPECTED:
[INFO] [stderr] ┈┈┈┈┈┈┈┈┈┈┈┈┈┈┈┈┈┈┈┈┈┈┈┈┈┈┈┈┈┈┈┈┈┈┈┈┈┈┈┈┈┈┈┈┈┈┈┈┈┈┈┈┈┈┈┈┈┈┈┈
[INFO] [stderr] error: Specified duplicate encode order `1` for field
[INFO] [stderr]   --> tests/ui/json_serialize_duplicate_encode_orders.rs:9:5
[INFO] [stderr]    |
[INFO] [stderr] 9  | /     #[dbn(encode_order(1))]
[INFO] [stderr] 10 | |     pub c: u8,
[INFO] [stderr]    | |_____________^
[INFO] [stderr] ┈┈┈┈┈┈┈┈┈┈┈┈┈┈┈┈┈┈┈┈┈┈┈┈┈┈┈┈┈┈┈┈┈┈┈┈┈┈┈┈┈┈┈┈┈┈┈┈┈┈┈┈┈┈┈┈┈┈┈┈
[INFO] [stderr] 
[INFO] [stderr] ACTUAL OUTPUT:
[INFO] [stderr] ┈┈┈┈┈┈┈┈┈┈┈┈┈┈┈┈┈┈┈┈┈┈┈┈┈┈┈┈┈┈┈┈┈┈┈┈┈┈┈┈┈┈┈┈┈┈┈┈┈┈┈┈┈┈┈┈┈┈┈┈
[INFO] [stderr] error: proc-macro derive panicked
[INFO] [stderr]  --> tests/ui/json_serialize_duplicate_encode_orders.rs:3:10
[INFO] [stderr]   |
[INFO] [stderr] 3 | #[derive(JsonSerialize)]
[INFO] [stderr]   |          ^^^^^^^^^^^^^
[INFO] [stderr]   |
[INFO] [stderr]   = help: message: dbn crate in Cargo.toml: Could not find `dbn` in `dependencies` or `dev-dependencies` in `/opt/rustwide/target/tests/trybuild/dbn-macros/Cargo.toml`!
[INFO] [stderr] ┈┈┈┈┈┈┈┈┈┈┈┈┈┈┈┈┈┈┈┈┈┈┈┈┈┈┈┈┈┈┈┈┈┈┈┈┈┈┈┈┈┈┈┈┈┈┈┈┈┈┈┈┈┈┈┈┈┈┈┈
[INFO] [stderr] note: If the actual output is the correct output you can bless it by rerunning
[INFO] [stderr]       your test with the environment variable TRYBUILD=overwrite
[INFO] [stderr] 
[INFO] [stderr] test tests/ui/json_serialize_invalid_dbn_attr.rs ... mismatch
[INFO] [stderr] 
[INFO] [stderr] EXPECTED:
[INFO] [stderr] ┈┈┈┈┈┈┈┈┈┈┈┈┈┈┈┈┈┈┈┈┈┈┈┈┈┈┈┈┈┈┈┈┈┈┈┈┈┈┈┈┈┈┈┈┈┈┈┈┈┈┈┈┈┈┈┈┈┈┈┈
[INFO] [stderr] error: unrecognized dbn attr argument unknown
[INFO] [stderr]  --> tests/ui/json_serialize_invalid_dbn_attr.rs:6:11
[INFO] [stderr]   |
[INFO] [stderr] 6 |     #[dbn(unknown)]
[INFO] [stderr]   |           ^^^^^^^
[INFO] [stderr] 
[INFO] [stderr] error[E0433]: failed to resolve: unresolved import
[INFO] [stderr]  --> tests/ui/json_serialize_invalid_dbn_attr.rs:3:10
[INFO] [stderr]   |
[INFO] [stderr] 3 | #[derive(JsonSerialize)]
[INFO] [stderr]   |          ^^^^^^^^^^^^^ unresolved import
[INFO] [stderr]   |
[INFO] [stderr]   = note: this error originates in the derive macro `JsonSerialize` (in Nightly builds, run with -Z macro-backtrace for more info)
[INFO] [stderr] 
[INFO] [stderr] error[E0603]: module `serialize` is private
[INFO] [stderr]  --> tests/ui/json_serialize_invalid_dbn_attr.rs:3:10
[INFO] [stderr]   |
[INFO] [stderr] 3 | #[derive(JsonSerialize)]
[INFO] [stderr]   |          ^^^^^^^^^^^^^
[INFO] [stderr]   |          |
[INFO] [stderr]   |          private module
[INFO] [stderr]   |          trait `WriteField` is not publicly re-exported
[INFO] [stderr]   |
[INFO] [stderr] note: the module `serialize` is defined here
[INFO] [stderr]  --> $WORKSPACE/rust/dbn/src/encode/json.rs
[INFO] [stderr]   |
[INFO] [stderr]   | pub(crate) mod serialize;
[INFO] [stderr]   | ^^^^^^^^^^^^^^^^^^^^^^^^
[INFO] [stderr] ┈┈┈┈┈┈┈┈┈┈┈┈┈┈┈┈┈┈┈┈┈┈┈┈┈┈┈┈┈┈┈┈┈┈┈┈┈┈┈┈┈┈┈┈┈┈┈┈┈┈┈┈┈┈┈┈┈┈┈┈
[INFO] [stderr] 
[INFO] [stderr] ACTUAL OUTPUT:
[INFO] [stderr] ┈┈┈┈┈┈┈┈┈┈┈┈┈┈┈┈┈┈┈┈┈┈┈┈┈┈┈┈┈┈┈┈┈┈┈┈┈┈┈┈┈┈┈┈┈┈┈┈┈┈┈┈┈┈┈┈┈┈┈┈
[INFO] [stderr] error: proc-macro derive panicked
[INFO] [stderr]  --> tests/ui/json_serialize_invalid_dbn_attr.rs:3:10
[INFO] [stderr]   |
[INFO] [stderr] 3 | #[derive(JsonSerialize)]
[INFO] [stderr]   |          ^^^^^^^^^^^^^
[INFO] [stderr]   |
[INFO] [stderr]   = help: message: dbn crate in Cargo.toml: Could not find `dbn` in `dependencies` or `dev-dependencies` in `/opt/rustwide/target/tests/trybuild/dbn-macros/Cargo.toml`!
[INFO] [stderr] ┈┈┈┈┈┈┈┈┈┈┈┈┈┈┈┈┈┈┈┈┈┈┈┈┈┈┈┈┈┈┈┈┈┈┈┈┈┈┈┈┈┈┈┈┈┈┈┈┈┈┈┈┈┈┈┈┈┈┈┈
[INFO] [stderr] note: If the actual output is the correct output you can bless it by rerunning
[INFO] [stderr]       your test with the environment variable TRYBUILD=overwrite
[INFO] [stderr] 
[INFO] [stderr] test tests/ui/missing_rtype.rs ... ok
[INFO] [stderr] 
[INFO] [stderr] 
[INFO] [stdout] test tests::ui ... FAILED
[INFO] [stdout] 
[INFO] [stdout] failures:
[INFO] [stdout] 
[INFO] [stdout] ---- tests::ui stdout ----
[INFO] [stdout] thread 'tests::ui' panicked at /opt/rustwide/cargo-home/registry/src/index.crates.io-6f17d22bba15001f/trybuild-1.0.101/src/run.rs:101:13:
[INFO] [stdout] 6 of 7 tests failed
[INFO] [stdout] stack backtrace:
[INFO] [stdout]    0:     0x7c37211b75aa - std::backtrace_rs::backtrace::libunwind::trace::h8810477743020387
[INFO] [stdout]                                at /rustc/202008a1b8de96d2e5b6bc02d379db03a877d34d/library/std/src/../../backtrace/src/backtrace/libunwind.rs:116:5
[INFO] [stdout]    1:     0x7c37211b75aa - std::backtrace_rs::backtrace::trace_unsynchronized::h3aa55355dd6c54a6
[INFO] [stdout]                                at /rustc/202008a1b8de96d2e5b6bc02d379db03a877d34d/library/std/src/../../backtrace/src/backtrace/mod.rs:66:5
[INFO] [stdout]    2:     0x7c37211b75aa - std::sys::backtrace::_print_fmt::h8588b0f62410823f
[INFO] [stdout]                                at /rustc/202008a1b8de96d2e5b6bc02d379db03a877d34d/library/std/src/sys/backtrace.rs:66:9
[INFO] [stdout]    3:     0x7c37211b75aa - <std::sys::backtrace::BacktraceLock::print::DisplayBacktrace as core::fmt::Display>::fmt::h98c26ac25ffe89bb
[INFO] [stdout]                                at /rustc/202008a1b8de96d2e5b6bc02d379db03a877d34d/library/std/src/sys/backtrace.rs:39:26
[INFO] [stdout]    4:     0x7c3721208173 - core::fmt::rt::Argument::fmt::hf95377f4aebd453b
[INFO] [stdout]                                at /rustc/202008a1b8de96d2e5b6bc02d379db03a877d34d/library/core/src/fmt/rt.rs:177:76
[INFO] [stdout]    5:     0x7c3721208173 - core::fmt::write::h0dd5f6e2238c7982
[INFO] [stdout]                                at /rustc/202008a1b8de96d2e5b6bc02d379db03a877d34d/library/core/src/fmt/mod.rs:1189:21
[INFO] [stdout]    6:     0x7c37211aaeb3 - std::io::Write::write_fmt::h03bb0ca26e6faf8c
[INFO] [stdout]                                at /rustc/202008a1b8de96d2e5b6bc02d379db03a877d34d/library/std/src/io/mod.rs:1884:15
[INFO] [stdout]    7:     0x7c37211b73f2 - std::sys::backtrace::BacktraceLock::print::h5c19c1c038ee186d
[INFO] [stdout]                                at /rustc/202008a1b8de96d2e5b6bc02d379db03a877d34d/library/std/src/sys/backtrace.rs:42:9
[INFO] [stdout]    8:     0x7c37211b9a1d - std::panicking::default_hook::{{closure}}::h77172f079a1fcb13
[INFO] [stdout]                                at /rustc/202008a1b8de96d2e5b6bc02d379db03a877d34d/library/std/src/panicking.rs:268:22
[INFO] [stdout]    9:     0x7c37211b9827 - std::panicking::default_hook::he5f8e3b203ccddba
[INFO] [stdout]                                at /rustc/202008a1b8de96d2e5b6bc02d379db03a877d34d/library/std/src/panicking.rs:292:9
[INFO] [stdout]   10:     0x567d9acfa737 - <alloc::boxed::Box<F,A> as core::ops::function::Fn<Args>>::call::h7a3c7b4a1ae77f2f
[INFO] [stdout]                                at /rustc/202008a1b8de96d2e5b6bc02d379db03a877d34d/library/alloc/src/boxed.rs:1986:9
[INFO] [stdout]   11:     0x567d9acfa737 - test::test_main::{{closure}}::hf0d3b69ae9b353d1
[INFO] [stdout]                                at /rustc/202008a1b8de96d2e5b6bc02d379db03a877d34d/library/test/src/lib.rs:134:21
[INFO] [stdout]   12:     0x7c37211ba198 - <alloc::boxed::Box<F,A> as core::ops::function::Fn<Args>>::call::h6332e82e7b189abd
[INFO] [stdout]                                at /rustc/202008a1b8de96d2e5b6bc02d379db03a877d34d/library/alloc/src/boxed.rs:1986:9
[INFO] [stdout]   13:     0x7c37211ba198 - std::panicking::rust_panic_with_hook::h53863d4e9018df39
[INFO] [stdout]                                at /rustc/202008a1b8de96d2e5b6bc02d379db03a877d34d/library/std/src/panicking.rs:809:13
[INFO] [stdout]   14:     0x7c37211b9f5a - std::panicking::begin_panic_handler::{{closure}}::h67280e6fa0757873
[INFO] [stdout]                                at /rustc/202008a1b8de96d2e5b6bc02d379db03a877d34d/library/std/src/panicking.rs:674:13
[INFO] [stdout]   15:     0x7c37211b7a89 - std::sys::backtrace::__rust_end_short_backtrace::h1dac3f54d6fbbeb2
[INFO] [stdout]                                at /rustc/202008a1b8de96d2e5b6bc02d379db03a877d34d/library/std/src/sys/backtrace.rs:170:18
[INFO] [stdout]   16:     0x7c37211b9bec - rust_begin_unwind
[INFO] [stdout]                                at /rustc/202008a1b8de96d2e5b6bc02d379db03a877d34d/library/std/src/panicking.rs:665:5
[INFO] [stdout]   17:     0x7c3721204580 - core::panicking::panic_fmt::h6792bd1b2bf01041
[INFO] [stdout]                                at /rustc/202008a1b8de96d2e5b6bc02d379db03a877d34d/library/core/src/panicking.rs:76:14
[INFO] [stdout]   18:     0x567d9ab5b917 - trybuild::run::<impl trybuild::Runner>::run::h36ad4fb79299942b
[INFO] [stdout]   19:     0x567d9ab60b65 - <trybuild::TestCases as core::ops::drop::Drop>::drop::h9531aa7d55ff8086
[INFO] [stdout]   20:     0x567d9ab436a7 - core::ptr::drop_in_place<trybuild::TestCases>::hae8526e5a8d66048
[INFO] [stdout]                                at /rustc/202008a1b8de96d2e5b6bc02d379db03a877d34d/library/core/src/ptr/mod.rs:521:1
[INFO] [stdout]   21:     0x567d9ab46a73 - dbn_macros::tests::ui::had63bcf4a0302830
[INFO] [stdout]                                at /opt/rustwide/workdir/src/lib.rs:122:5
[INFO] [stdout]   22:     0x567d9ab46a07 - dbn_macros::tests::ui::{{closure}}::hbec58517a65feff1
[INFO] [stdout]                                at /opt/rustwide/workdir/src/lib.rs:119:12
[INFO] [stdout]   23:     0x567d9ab431c6 - core::ops::function::FnOnce::call_once::h5da47350dad8d1d8
[INFO] [stdout]                                at /rustc/202008a1b8de96d2e5b6bc02d379db03a877d34d/library/core/src/ops/function.rs:250:5
[INFO] [stdout]   24:     0x567d9acff25b - core::ops::function::FnOnce::call_once::h871bf86719ec9aa4
[INFO] [stdout]                                at /rustc/202008a1b8de96d2e5b6bc02d379db03a877d34d/library/core/src/ops/function.rs:250:5
[INFO] [stdout]   25:     0x567d9acff25b - test::__rust_begin_short_backtrace::h2167df1e2b7d76fd
[INFO] [stdout]                                at /rustc/202008a1b8de96d2e5b6bc02d379db03a877d34d/library/test/src/lib.rs:632:18
[INFO] [stdout]   26:     0x567d9acfec48 - test::run_test_in_process::{{closure}}::h15d92f75a3adfb79
[INFO] [stdout]                                at /rustc/202008a1b8de96d2e5b6bc02d379db03a877d34d/library/test/src/lib.rs:655:60
[INFO] [stdout]   27:     0x567d9acfec48 - <core::panic::unwind_safe::AssertUnwindSafe<F> as core::ops::function::FnOnce<()>>::call_once::hb6c8955835a8dbbb
[INFO] [stdout]                                at /rustc/202008a1b8de96d2e5b6bc02d379db03a877d34d/library/core/src/panic/unwind_safe.rs:272:9
[INFO] [stdout]   28:     0x567d9acfec48 - std::panicking::try::do_call::hc79d0fc888a0bd30
[INFO] [stdout]                                at /rustc/202008a1b8de96d2e5b6bc02d379db03a877d34d/library/std/src/panicking.rs:557:40
[INFO] [stdout]   29:     0x567d9acfec48 - std::panicking::try::hb8a7878e3a8589d6
[INFO] [stdout]                                at /rustc/202008a1b8de96d2e5b6bc02d379db03a877d34d/library/std/src/panicking.rs:520:19
[INFO] [stdout]   30:     0x567d9acfec48 - std::panic::catch_unwind::hb8e4600ff0ff5cfa
[INFO] [stdout]                                at /rustc/202008a1b8de96d2e5b6bc02d379db03a877d34d/library/std/src/panic.rs:358:14
[INFO] [stdout]   31:     0x567d9acfec48 - test::run_test_in_process::hc2900b0b18688dd6
[INFO] [stdout]                                at /rustc/202008a1b8de96d2e5b6bc02d379db03a877d34d/library/test/src/lib.rs:655:27
[INFO] [stdout]   32:     0x567d9acfec48 - test::run_test::{{closure}}::hac2a9cb07be3d48d
[INFO] [stdout]                                at /rustc/202008a1b8de96d2e5b6bc02d379db03a877d34d/library/test/src/lib.rs:576:43
[INFO] [stdout]   33:     0x567d9acc26ea - test::run_test::{{closure}}::h4a5b729e66a38cd8
[INFO] [stdout]                                at /rustc/202008a1b8de96d2e5b6bc02d379db03a877d34d/library/test/src/lib.rs:606:41
[INFO] [stdout]   34:     0x567d9acc26ea - std::sys::backtrace::__rust_begin_short_backtrace::h0496fb742492f573
[INFO] [stdout]                                at /rustc/202008a1b8de96d2e5b6bc02d379db03a877d34d/library/std/src/sys/backtrace.rs:154:18
[INFO] [stdout]   35:     0x567d9acc6064 - std::thread::Builder::spawn_unchecked_::{{closure}}::{{closure}}::hbb6d257c550a54bd
[INFO] [stdout]                                at /rustc/202008a1b8de96d2e5b6bc02d379db03a877d34d/library/std/src/thread/mod.rs:561:17
[INFO] [stdout]   36:     0x567d9acc6064 - <core::panic::unwind_safe::AssertUnwindSafe<F> as core::ops::function::FnOnce<()>>::call_once::h46696fe4a6832328
[INFO] [stdout]                                at /rustc/202008a1b8de96d2e5b6bc02d379db03a877d34d/library/core/src/panic/unwind_safe.rs:272:9
[INFO] [stdout]   37:     0x567d9acc6064 - std::panicking::try::do_call::h2625a51b667bfb64
[INFO] [stdout]                                at /rustc/202008a1b8de96d2e5b6bc02d379db03a877d34d/library/std/src/panicking.rs:557:40
[INFO] [stdout]   38:     0x567d9acc6064 - std::panicking::try::hb956a59a1973aa4c
[INFO] [stdout]                                at /rustc/202008a1b8de96d2e5b6bc02d379db03a877d34d/library/std/src/panicking.rs:520:19
[INFO] [stdout]   39:     0x567d9acc6064 - std::panic::catch_unwind::h64f3b9d1067ef6a0
[INFO] [stdout]                                at /rustc/202008a1b8de96d2e5b6bc02d379db03a877d34d/library/std/src/panic.rs:358:14
[INFO] [stdout]   40:     0x567d9acc6064 - std::thread::Builder::spawn_unchecked_::{{closure}}::h42b2841295b6c0b2
[INFO] [stdout]                                at /rustc/202008a1b8de96d2e5b6bc02d379db03a877d34d/library/std/src/thread/mod.rs:559:30
[INFO] [stdout]   41:     0x567d9acc6064 - core::ops::function::FnOnce::call_once{{vtable.shim}}::h6127de71b8124639
[INFO] [stdout]                                at /rustc/202008a1b8de96d2e5b6bc02d379db03a877d34d/library/core/src/ops/function.rs:250:5
[INFO] [stdout]   42:     0x7c37211c3e8b - <alloc::boxed::Box<F,A> as core::ops::function::FnOnce<Args>>::call_once::h42f0ba71002a1b2c
[INFO] [stdout]                                at /rustc/202008a1b8de96d2e5b6bc02d379db03a877d34d/library/alloc/src/boxed.rs:1972:9
[INFO] [stdout]   43:     0x7c37211c3e8b - <alloc::boxed::Box<F,A> as core::ops::function::FnOnce<Args>>::call_once::had9e47d7a3dcecb8
[INFO] [stdout]                                at /rustc/202008a1b8de96d2e5b6bc02d379db03a877d34d/library/alloc/src/boxed.rs:1972:9
[INFO] [stdout]   44:     0x7c37211c3e8b - std::sys::pal::unix::thread::Thread::new::thread_start::h48cf765408f6f5f2
[INFO] [stdout]                                at /rustc/202008a1b8de96d2e5b6bc02d379db03a877d34d/library/std/src/sys/pal/unix/thread.rs:105:17
[INFO] [stdout]   45:     0x7c3720e35ac3 - <unknown>
[INFO] [stdout]   46:     0x7c3720ec6a04 - clone
[INFO] [stdout]   47:                0x0 - <unknown>
[INFO] [stdout] 
[INFO] [stdout] 
[INFO] [stdout] failures:
[INFO] [stdout]     tests::ui
[INFO] [stdout] 
[INFO] [stdout] test result: FAILED. 11 passed; 1 failed; 0 ignored; 0 measured; 0 filtered out; finished in 17.44s
[INFO] [stdout] 
[INFO] [stderr] error: test failed, to rerun pass `--lib`
[INFO] running `Command { std: "docker" "inspect" "35f095c945d6288a0680bf3bd3a302f8bfb5e312bc25ea26d2c88a5d09ceb757", kill_on_drop: false }`
[INFO] running `Command { std: "docker" "rm" "-f" "35f095c945d6288a0680bf3bd3a302f8bfb5e312bc25ea26d2c88a5d09ceb757", kill_on_drop: false }`
[INFO] [stdout] 35f095c945d6288a0680bf3bd3a302f8bfb5e312bc25ea26d2c88a5d09ceb757
