[INFO] fetching crate dbg_as_curl 1.0.0...
[INFO] testing dbg_as_curl-1.0.0 against 1.83.0 for beta-1.84.0-4-retry
[INFO] extracting crate dbg_as_curl 1.0.0 into /workspace/builds/worker-2-tc1/source
[INFO] validating manifest of crates.io crate dbg_as_curl 1.0.0 on toolchain 1.83.0
[INFO] running `Command { std: CARGO_HOME="/workspace/cargo-home" RUSTUP_HOME="/workspace/rustup-home" "/workspace/cargo-home/bin/cargo" "+1.83.0" "metadata" "--manifest-path" "Cargo.toml" "--no-deps", kill_on_drop: false }`
[INFO] started tweaking crates.io crate dbg_as_curl 1.0.0
[INFO] finished tweaking crates.io crate dbg_as_curl 1.0.0
[INFO] tweaked toml for crates.io crate dbg_as_curl 1.0.0 written to /workspace/builds/worker-2-tc1/source/Cargo.toml
[INFO] running `Command { std: CARGO_HOME="/workspace/cargo-home" RUSTUP_HOME="/workspace/rustup-home" "/workspace/cargo-home/bin/cargo" "+1.83.0" "generate-lockfile" "--manifest-path" "Cargo.toml", kill_on_drop: false }`
[INFO] [stderr]     Updating crates.io index
[INFO] [stderr]     Blocking waiting for file lock on package cache
[INFO] [stderr]      Locking 168 packages to latest compatible versions
[INFO] [stderr]       Adding reqwest v0.9.24 (available: v0.12.9)
[INFO] [stderr]       Adding wasi v0.10.0+wasi-snapshot-preview1 (available: v0.10.2+wasi-snapshot-preview1)
[INFO] running `Command { std: CARGO_HOME="/workspace/cargo-home" RUSTUP_HOME="/workspace/rustup-home" "/workspace/cargo-home/bin/cargo" "+1.83.0" "fetch" "--manifest-path" "Cargo.toml", kill_on_drop: false }`
[INFO] [stderr]     Blocking waiting for file lock on package cache
[INFO] running `Command { std: "docker" "create" "-v" "/var/lib/crater-agent-workspace/builds/worker-2-tc1/target:/opt/rustwide/target:rw,Z" "-v" "/var/lib/crater-agent-workspace/builds/worker-2-tc1/source:/opt/rustwide/workdir:ro,Z" "-v" "/var/lib/crater-agent-workspace/cargo-home:/opt/rustwide/cargo-home:ro,Z" "-v" "/var/lib/crater-agent-workspace/rustup-home:/opt/rustwide/rustup-home:ro,Z" "-e" "SOURCE_DIR=/opt/rustwide/workdir" "-e" "CARGO_TARGET_DIR=/opt/rustwide/target" "-e" "CARGO_HOME=/opt/rustwide/cargo-home" "-e" "RUSTUP_HOME=/opt/rustwide/rustup-home" "-w" "/opt/rustwide/workdir" "-m" "1610612736" "--user" "0:0" "--network" "none" "ghcr.io/rust-lang/crates-build-env/linux@sha256:f3a9d4ad9d972b27faf3965f35b62e55ba32bbce8f20bc8fe909558a86702fde" "/opt/rustwide/cargo-home/bin/cargo" "+1.83.0" "metadata" "--no-deps" "--format-version=1", kill_on_drop: false }`
[INFO] [stdout] 4aa394e764da24870e67af4f08bde0221a948fb70563638e5ba9987ea35c159d
[INFO] running `Command { std: "docker" "start" "-a" "4aa394e764da24870e67af4f08bde0221a948fb70563638e5ba9987ea35c159d", kill_on_drop: false }`
[INFO] running `Command { std: "docker" "inspect" "4aa394e764da24870e67af4f08bde0221a948fb70563638e5ba9987ea35c159d", kill_on_drop: false }`
[INFO] running `Command { std: "docker" "rm" "-f" "4aa394e764da24870e67af4f08bde0221a948fb70563638e5ba9987ea35c159d", kill_on_drop: false }`
[INFO] [stdout] 4aa394e764da24870e67af4f08bde0221a948fb70563638e5ba9987ea35c159d
[INFO] running `Command { std: "docker" "create" "-v" "/var/lib/crater-agent-workspace/builds/worker-2-tc1/target:/opt/rustwide/target:rw,Z" "-v" "/var/lib/crater-agent-workspace/builds/worker-2-tc1/source:/opt/rustwide/workdir:ro,Z" "-v" "/var/lib/crater-agent-workspace/cargo-home:/opt/rustwide/cargo-home:ro,Z" "-v" "/var/lib/crater-agent-workspace/rustup-home:/opt/rustwide/rustup-home:ro,Z" "-e" "SOURCE_DIR=/opt/rustwide/workdir" "-e" "CARGO_TARGET_DIR=/opt/rustwide/target" "-e" "CARGO_INCREMENTAL=0" "-e" "RUST_BACKTRACE=full" "-e" "RUSTFLAGS=--cap-lints=warn" "-e" "RUSTDOCFLAGS=--cap-lints=warn" "-e" "CARGO_HOME=/opt/rustwide/cargo-home" "-e" "RUSTUP_HOME=/opt/rustwide/rustup-home" "-w" "/opt/rustwide/workdir" "-m" "1610612736" "--user" "0:0" "--network" "none" "ghcr.io/rust-lang/crates-build-env/linux@sha256:f3a9d4ad9d972b27faf3965f35b62e55ba32bbce8f20bc8fe909558a86702fde" "/opt/rustwide/cargo-home/bin/cargo" "+1.83.0" "build" "--frozen" "--message-format=json", kill_on_drop: false }`
[INFO] [stdout] 24d90d4edee28f4714ad153715bc660092a6cb1787e63fda2c33ff4ffac97a8a
[INFO] running `Command { std: "docker" "start" "-a" "24d90d4edee28f4714ad153715bc660092a6cb1787e63fda2c33ff4ffac97a8a", kill_on_drop: false }`
[INFO] [stderr]    Compiling autocfg v1.4.0
[INFO] [stderr]    Compiling proc-macro2 v1.0.92
[INFO] [stderr]    Compiling unicode-ident v1.0.14
[INFO] [stderr]    Compiling libc v0.2.168
[INFO] [stderr]    Compiling cfg-if v0.1.10
[INFO] [stderr]    Compiling futures v0.1.31
[INFO] [stderr]    Compiling semver-parser v0.7.0
[INFO] [stderr]    Compiling stable_deref_trait v1.2.0
[INFO] [stderr]    Compiling maybe-uninit v2.0.0
[INFO] [stderr]    Compiling lazy_static v1.5.0
[INFO] [stderr]    Compiling byteorder v1.5.0
[INFO] [stderr]    Compiling either v1.13.0
[INFO] [stderr]    Compiling semver v0.9.0
[INFO] [stderr]    Compiling autocfg v0.1.8
[INFO] [stderr]    Compiling litemap v0.7.4
[INFO] [stderr]    Compiling log v0.4.22
[INFO] [stderr]    Compiling rand_core v0.4.2
[INFO] [stderr]    Compiling rustc_version v0.2.3
[INFO] [stderr]    Compiling crossbeam-utils v0.7.2
[INFO] [stderr]    Compiling slab v0.4.9
[INFO] [stderr]    Compiling writeable v0.5.5
[INFO] [stderr]    Compiling tinyvec_macros v0.1.1
[INFO] [stderr]    Compiling scopeguard v1.2.0
[INFO] [stderr]    Compiling tinyvec v1.8.0
[INFO] [stderr]    Compiling fnv v1.0.7
[INFO] [stderr]    Compiling icu_locid_transform_data v1.5.0
[INFO] [stderr]    Compiling parking_lot_core v0.6.3
[INFO] [stderr]    Compiling memoffset v0.5.6
[INFO] [stderr]    Compiling quote v1.0.37
[INFO] [stderr]    Compiling iovec v0.1.4
[INFO] [stderr]    Compiling unicode-bidi v0.3.17
[INFO] [stderr]    Compiling icu_properties_data v1.5.0
[INFO] [stderr]    Compiling syn v2.0.90
[INFO] [stderr]    Compiling bytes v0.4.12
[INFO] [stderr]    Compiling matches v0.1.10
[INFO] [stderr]    Compiling tokio-executor v0.1.10
[INFO] [stderr]    Compiling num_cpus v1.16.0
[INFO] [stderr]    Compiling parking_lot v0.9.0
[INFO] [stderr]    Compiling rand_core v0.3.1
[INFO] [stderr]    Compiling unicode-normalization v0.1.24
[INFO] [stderr]    Compiling crossbeam-epoch v0.8.2
[INFO] [stderr]    Compiling smallvec v0.6.14
[INFO] [stderr]    Compiling syn v1.0.109
[INFO] [stderr]    Compiling cfg-if v1.0.0
[INFO] [stderr]    Compiling utf8_iter v1.0.4
[INFO] [stderr]    Compiling smallvec v1.13.2
[INFO] [stderr]    Compiling write16 v1.0.0
[INFO] [stderr]    Compiling utf16_iter v1.0.5
[INFO] [stderr]    Compiling icu_normalizer_data v1.5.0
[INFO] [stderr]    Compiling tokio-io v0.1.13
[INFO] [stderr]    Compiling net2 v0.2.39
[INFO] [stderr]    Compiling lock_api v0.3.4
[INFO] [stderr]    Compiling serde v1.0.216
[INFO] [stderr]    Compiling memchr v2.7.4
[INFO] [stderr]    Compiling itoa v0.4.8
[INFO] [stderr]    Compiling adler2 v2.0.0
[INFO] [stderr]    Compiling miniz_oxide v0.8.0
[INFO] [stderr]    Compiling mio v0.6.23
[INFO] [stderr]    Compiling idna v0.1.5
[INFO] [stderr]    Compiling tokio-sync v0.1.8
[INFO] [stderr]    Compiling indexmap v1.9.3
[INFO] [stderr]    Compiling rand_pcg v0.1.2
[INFO] [stderr]    Compiling rand_chacha v0.1.1
[INFO] [stderr]    Compiling gimli v0.31.1
[INFO] [stderr]    Compiling unicode-xid v0.2.6
[INFO] [stderr]    Compiling percent-encoding v1.0.1
[INFO] [stderr]    Compiling percent-encoding v2.3.1
[INFO] [stderr]    Compiling failure_derive v0.1.8
[INFO] [stderr]    Compiling url v1.7.2
[INFO] [stderr]    Compiling form_urlencoded v1.2.1
[INFO] [stderr]    Compiling tokio-reactor v0.1.12
[INFO] [stderr]    Compiling object v0.36.5
[INFO] [stderr]    Compiling crossbeam-deque v0.7.4
[INFO] [stderr]    Compiling http v0.1.21
[INFO] [stderr]    Compiling crossbeam-queue v0.2.3
[INFO] [stderr]    Compiling time v0.1.45
[INFO] [stderr]    Compiling rand v0.6.5
[INFO] [stderr]    Compiling serde_json v1.0.133
[INFO] [stderr]    Compiling unicase v2.8.0
[INFO] [stderr]    Compiling synstructure v0.13.1
[INFO] [stderr]    Compiling httparse v1.9.5
[INFO] [stderr]    Compiling rustc-demangle v0.1.24
[INFO] [stderr]    Compiling hashbrown v0.12.3
[INFO] [stderr]    Compiling synstructure v0.12.6
[INFO] [stderr]    Compiling mime_guess v2.0.5
[INFO] [stderr]    Compiling addr2line v0.24.2
[INFO] [stderr]    Compiling tokio-threadpool v0.1.18
[INFO] [stderr]    Compiling tokio-tcp v0.1.4
[INFO] [stderr]    Compiling zerofrom-derive v0.1.5
[INFO] [stderr]    Compiling yoke-derive v0.7.5
[INFO] [stderr]    Compiling zerovec-derive v0.10.3
[INFO] [stderr]    Compiling displaydoc v0.2.5
[INFO] [stderr]    Compiling icu_provider_macros v1.5.0
[INFO] [stderr]    Compiling serde_derive v1.0.216
[INFO] [stderr]    Compiling idna v0.2.3
[INFO] [stderr]    Compiling tokio-buf v0.1.1
[INFO] [stderr]    Compiling zerofrom v0.1.5
[INFO] [stderr]    Compiling backtrace v0.3.74
[INFO] [stderr]    Compiling yoke v0.7.5
[INFO] [stderr]    Compiling string v0.2.1
[INFO] [stderr]    Compiling rand_xorshift v0.1.1
[INFO] [stderr]    Compiling rand_hc v0.1.0
[INFO] [stderr]    Compiling rand_isaac v0.1.1
[INFO] [stderr]    Compiling tokio-current-thread v0.1.7
[INFO] [stderr]    Compiling zerovec v0.10.4
[INFO] [stderr]    Compiling tokio-timer v0.2.13
[INFO] [stderr]    Compiling rand_os v0.1.3
[INFO] [stderr]    Compiling hyper v0.12.36
[INFO] [stderr]    Compiling rand_jitter v0.1.4
[INFO] [stderr]    Compiling ryu v1.0.18
[INFO] [stderr]    Compiling try-lock v0.2.5
[INFO] [stderr]    Compiling itoa v1.0.14
[INFO] [stderr]    Compiling want v0.2.0
[INFO] [stderr]    Compiling failure v0.1.8
[INFO] [stderr]    Compiling tokio v0.1.22
[INFO] [stderr]    Compiling h2 v0.1.26
[INFO] [stderr]    Compiling http-body v0.1.0
[INFO] [stderr]    Compiling cookie v0.12.0
[INFO] [stderr]    Compiling crc32fast v1.4.2
[INFO] [stderr]    Compiling futures-cpupool v0.1.8
[INFO] [stderr]    Compiling try_from v0.3.2
[INFO] [stderr]    Compiling tinystr v0.7.6
[INFO] [stderr]    Compiling icu_locid v1.5.0
[INFO] [stderr]    Compiling icu_collections v1.5.0
[INFO] [stderr]    Compiling mime v0.3.17
[INFO] [stderr]    Compiling dtoa v0.4.8
[INFO] [stderr]    Compiling uuid v0.7.4
[INFO] [stderr]    Compiling flate2 v1.0.35
[INFO] [stderr]    Compiling icu_provider v1.5.0
[INFO] [stderr]    Compiling encoding_rs v0.8.35
[INFO] [stderr]    Compiling base64 v0.10.1
[INFO] [stderr]    Compiling icu_locid_transform v1.5.0
[INFO] [stderr]    Compiling icu_properties v1.5.1
[INFO] [stderr]    Compiling icu_normalizer v1.5.0
[INFO] [stderr]    Compiling serde_urlencoded v0.5.5
[INFO] [stderr]    Compiling idna_adapter v1.2.0
[INFO] [stderr]    Compiling idna v1.0.3
[INFO] [stderr]    Compiling url v2.5.4
[INFO] [stderr]    Compiling publicsuffix v1.5.6
[INFO] [stderr]    Compiling cookie_store v0.7.0
[INFO] [stderr]    Compiling reqwest v0.9.24
[INFO] [stderr]    Compiling dbg_as_curl v1.0.0 (/opt/rustwide/workdir)
[INFO] [stderr]     Finished `dev` profile [unoptimized + debuginfo] target(s) in 1m 36s
[INFO] running `Command { std: "docker" "inspect" "24d90d4edee28f4714ad153715bc660092a6cb1787e63fda2c33ff4ffac97a8a", kill_on_drop: false }`
[INFO] running `Command { std: "docker" "rm" "-f" "24d90d4edee28f4714ad153715bc660092a6cb1787e63fda2c33ff4ffac97a8a", kill_on_drop: false }`
[INFO] [stdout] 24d90d4edee28f4714ad153715bc660092a6cb1787e63fda2c33ff4ffac97a8a
[INFO] running `Command { std: "docker" "create" "-v" "/var/lib/crater-agent-workspace/builds/worker-2-tc1/target:/opt/rustwide/target:rw,Z" "-v" "/var/lib/crater-agent-workspace/builds/worker-2-tc1/source:/opt/rustwide/workdir:ro,Z" "-v" "/var/lib/crater-agent-workspace/cargo-home:/opt/rustwide/cargo-home:ro,Z" "-v" "/var/lib/crater-agent-workspace/rustup-home:/opt/rustwide/rustup-home:ro,Z" "-e" "SOURCE_DIR=/opt/rustwide/workdir" "-e" "CARGO_TARGET_DIR=/opt/rustwide/target" "-e" "CARGO_INCREMENTAL=0" "-e" "RUST_BACKTRACE=full" "-e" "RUSTFLAGS=--cap-lints=warn" "-e" "RUSTDOCFLAGS=--cap-lints=warn" "-e" "CARGO_HOME=/opt/rustwide/cargo-home" "-e" "RUSTUP_HOME=/opt/rustwide/rustup-home" "-w" "/opt/rustwide/workdir" "-m" "1610612736" "--user" "0:0" "--network" "none" "ghcr.io/rust-lang/crates-build-env/linux@sha256:f3a9d4ad9d972b27faf3965f35b62e55ba32bbce8f20bc8fe909558a86702fde" "/opt/rustwide/cargo-home/bin/cargo" "+1.83.0" "test" "--frozen" "--no-run" "--message-format=json", kill_on_drop: false }`
[INFO] [stdout] f91bb16419daf3343120a56a44de6fc8f1e7158836941c045ec8e065babbf4a0
[INFO] running `Command { std: "docker" "start" "-a" "f91bb16419daf3343120a56a44de6fc8f1e7158836941c045ec8e065babbf4a0", kill_on_drop: false }`
[INFO] [stderr]    Compiling dbg_as_curl v1.0.0 (/opt/rustwide/workdir)
[INFO] [stderr]     Finished `test` profile [unoptimized + debuginfo] target(s) in 4.21s
[INFO] running `Command { std: "docker" "inspect" "f91bb16419daf3343120a56a44de6fc8f1e7158836941c045ec8e065babbf4a0", kill_on_drop: false }`
[INFO] running `Command { std: "docker" "rm" "-f" "f91bb16419daf3343120a56a44de6fc8f1e7158836941c045ec8e065babbf4a0", kill_on_drop: false }`
[INFO] [stdout] f91bb16419daf3343120a56a44de6fc8f1e7158836941c045ec8e065babbf4a0
[INFO] running `Command { std: "docker" "create" "-v" "/var/lib/crater-agent-workspace/builds/worker-2-tc1/target:/opt/rustwide/target:rw,Z" "-v" "/var/lib/crater-agent-workspace/builds/worker-2-tc1/source:/opt/rustwide/workdir:ro,Z" "-v" "/var/lib/crater-agent-workspace/cargo-home:/opt/rustwide/cargo-home:ro,Z" "-v" "/var/lib/crater-agent-workspace/rustup-home:/opt/rustwide/rustup-home:ro,Z" "-e" "SOURCE_DIR=/opt/rustwide/workdir" "-e" "CARGO_TARGET_DIR=/opt/rustwide/target" "-e" "CARGO_INCREMENTAL=0" "-e" "RUST_BACKTRACE=full" "-e" "RUSTFLAGS=--cap-lints=warn" "-e" "RUSTDOCFLAGS=--cap-lints=warn" "-e" "CARGO_HOME=/opt/rustwide/cargo-home" "-e" "RUSTUP_HOME=/opt/rustwide/rustup-home" "-w" "/opt/rustwide/workdir" "-m" "1610612736" "--user" "0:0" "--network" "none" "ghcr.io/rust-lang/crates-build-env/linux@sha256:f3a9d4ad9d972b27faf3965f35b62e55ba32bbce8f20bc8fe909558a86702fde" "/opt/rustwide/cargo-home/bin/cargo" "+1.83.0" "test" "--frozen", kill_on_drop: false }`
[INFO] [stdout] bf6b629e24614080d7b7b4ccf40d8d7e337d0f701a2fb0bc0f137fc5faf8c95a
[INFO] running `Command { std: "docker" "start" "-a" "bf6b629e24614080d7b7b4ccf40d8d7e337d0f701a2fb0bc0f137fc5faf8c95a", kill_on_drop: false }`
[INFO] [stderr]     Finished `test` profile [unoptimized + debuginfo] target(s) in 0.24s
[INFO] [stderr]      Running unittests src/lib.rs (/opt/rustwide/target/debug/deps/dbg_as_curl-daf184fe0fc87953)
[INFO] [stdout] 
[INFO] [stdout] running 0 tests
[INFO] [stdout] 
[INFO] [stdout] test result: ok. 0 passed; 0 failed; 0 ignored; 0 measured; 0 filtered out; finished in 0.00s
[INFO] [stdout] 
[INFO] [stderr]      Running tests/tests.rs (/opt/rustwide/target/debug/deps/tests-abe315920691a616)
[INFO] [stdout] 
[INFO] [stdout] running 5 tests
[INFO] [stdout] test escape_headers ... ok
[INFO] [stdout] test escape_url ... ok
[INFO] [stdout] test basic ... ok
[INFO] [stdout] test body ... ok
[INFO] [stdout] test bearer ... ok
[INFO] [stdout] 
[INFO] [stdout] test result: ok. 5 passed; 0 failed; 0 ignored; 0 measured; 0 filtered out; finished in 0.02s
[INFO] [stdout] 
[INFO] [stderr]    Doc-tests dbg_as_curl
[INFO] [stdout] 
[INFO] [stdout] running 1 test
[INFO] [stdout] test src/lib.rs - dbg_as_curl (line 3) ... FAILED
[INFO] [stdout] 
[INFO] [stdout] failures:
[INFO] [stdout] 
[INFO] [stdout] ---- src/lib.rs - dbg_as_curl (line 3) stdout ----
[INFO] [stdout] Test executable failed (exit status: 101).
[INFO] [stdout] 
[INFO] [stdout] stderr:
[INFO] [stdout] [src/lib.rs:8] client.get("http://example.org").bearer_auth("foo") = curl --header 'authorization: Bearer foo' 'http://example.org/'
[INFO] [stdout] thread 'main' panicked at src/lib.rs:12:34:
[INFO] [stdout] called `Result::unwrap()` on an `Err` value: Error(Hyper(Error(Connect, Custom { kind: Uncategorized, error: "failed to lookup address information: Temporary failure in name resolution" })), "http://example.org/")
[INFO] [stdout] stack backtrace:
[INFO] [stdout]    0:     0x617ba492c1ca - std::backtrace_rs::backtrace::libunwind::trace::h5a5b8284f2d0c266
[INFO] [stdout]                                at /rustc/90b35a6239c3d8bdabc530a6a0816f7ff89a0aaf/library/std/src/../../backtrace/src/backtrace/libunwind.rs:116:5
[INFO] [stdout]    1:     0x617ba492c1ca - std::backtrace_rs::backtrace::trace_unsynchronized::h76d4f1c9b0b875e3
[INFO] [stdout]                                at /rustc/90b35a6239c3d8bdabc530a6a0816f7ff89a0aaf/library/std/src/../../backtrace/src/backtrace/mod.rs:66:5
[INFO] [stdout]    2:     0x617ba492c1ca - std::sys::backtrace::_print_fmt::hc4546b8364a537c6
[INFO] [stdout]                                at /rustc/90b35a6239c3d8bdabc530a6a0816f7ff89a0aaf/library/std/src/sys/backtrace.rs:66:9
[INFO] [stdout]    3:     0x617ba492c1ca - <std::sys::backtrace::BacktraceLock::print::DisplayBacktrace as core::fmt::Display>::fmt::h5b6bd5631a6d1f6b
[INFO] [stdout]                                at /rustc/90b35a6239c3d8bdabc530a6a0816f7ff89a0aaf/library/std/src/sys/backtrace.rs:39:26
[INFO] [stdout]    4:     0x617ba494cd53 - core::fmt::rt::Argument::fmt::h270f6602a2b96f62
[INFO] [stdout]                                at /rustc/90b35a6239c3d8bdabc530a6a0816f7ff89a0aaf/library/core/src/fmt/rt.rs:177:76
[INFO] [stdout]    5:     0x617ba494cd53 - core::fmt::write::h7550c97b06c86515
[INFO] [stdout]                                at /rustc/90b35a6239c3d8bdabc530a6a0816f7ff89a0aaf/library/core/src/fmt/mod.rs:1186:21
[INFO] [stdout]    6:     0x617ba4929343 - std::io::Write::write_fmt::h7b09c64fe0be9c84
[INFO] [stdout]                                at /rustc/90b35a6239c3d8bdabc530a6a0816f7ff89a0aaf/library/std/src/io/mod.rs:1839:15
[INFO] [stdout]    7:     0x617ba492c012 - std::sys::backtrace::BacktraceLock::print::h2395ccd2c84ba3aa
[INFO] [stdout]                                at /rustc/90b35a6239c3d8bdabc530a6a0816f7ff89a0aaf/library/std/src/sys/backtrace.rs:42:9
[INFO] [stdout]    8:     0x617ba492cfbc - std::panicking::default_hook::{{closure}}::he19d4c7230e07961
[INFO] [stdout]                                at /rustc/90b35a6239c3d8bdabc530a6a0816f7ff89a0aaf/library/std/src/panicking.rs:268:22
[INFO] [stdout]    9:     0x617ba492ce02 - std::panicking::default_hook::hf614597d3c67bbdb
[INFO] [stdout]                                at /rustc/90b35a6239c3d8bdabc530a6a0816f7ff89a0aaf/library/std/src/panicking.rs:295:9
[INFO] [stdout]   10:     0x617ba492d597 - std::panicking::rust_panic_with_hook::h8942133a8b252070
[INFO] [stdout]                                at /rustc/90b35a6239c3d8bdabc530a6a0816f7ff89a0aaf/library/std/src/panicking.rs:801:13
[INFO] [stdout]   11:     0x617ba492d42a - std::panicking::begin_panic_handler::{{closure}}::hb5f5963570096b29
[INFO] [stdout]                                at /rustc/90b35a6239c3d8bdabc530a6a0816f7ff89a0aaf/library/std/src/panicking.rs:674:13
[INFO] [stdout]   12:     0x617ba492c6a9 - std::sys::backtrace::__rust_end_short_backtrace::h6208cedc1922feda
[INFO] [stdout]                                at /rustc/90b35a6239c3d8bdabc530a6a0816f7ff89a0aaf/library/std/src/sys/backtrace.rs:170:18
[INFO] [stdout]   13:     0x617ba492d0bc - rust_begin_unwind
[INFO] [stdout]                                at /rustc/90b35a6239c3d8bdabc530a6a0816f7ff89a0aaf/library/std/src/panicking.rs:665:5
[INFO] [stdout]   14:     0x617ba45bad00 - core::panicking::panic_fmt::h0c3082644d1bf418
[INFO] [stdout]                                at /rustc/90b35a6239c3d8bdabc530a6a0816f7ff89a0aaf/library/core/src/panicking.rs:74:14
[INFO] [stdout]   15:     0x617ba45bb146 - core::result::unwrap_failed::hd20b4aa073bda1e2
[INFO] [stdout]                                at /rustc/90b35a6239c3d8bdabc530a6a0816f7ff89a0aaf/library/core/src/result.rs:1700:5
[INFO] [stdout]   16:     0x617ba45bc710 - rust_out::main::h86d391cc11b8a827
[INFO] [stdout]   17:     0x617ba45bb833 - core::ops::function::FnOnce::call_once::hd1e0b33d350e8c2e
[INFO] [stdout]   18:     0x617ba45bb816 - std::sys::backtrace::__rust_begin_short_backtrace::hb7c4fd168269da08
[INFO] [stdout]   19:     0x617ba45bb7f9 - std::rt::lang_start::{{closure}}::h7630186e3858a44d
[INFO] [stdout]   20:     0x617ba492653e - core::ops::function::impls::<impl core::ops::function::FnOnce<A> for &F>::call_once::hfdb85f4ee94732d3
[INFO] [stdout]                                at /rustc/90b35a6239c3d8bdabc530a6a0816f7ff89a0aaf/library/core/src/ops/function.rs:284:13
[INFO] [stdout]   21:     0x617ba492653e - std::panicking::try::do_call::h6e577310f330cbef
[INFO] [stdout]                                at /rustc/90b35a6239c3d8bdabc530a6a0816f7ff89a0aaf/library/std/src/panicking.rs:557:40
[INFO] [stdout]   22:     0x617ba492653e - std::panicking::try::ha588d438267d2645
[INFO] [stdout]                                at /rustc/90b35a6239c3d8bdabc530a6a0816f7ff89a0aaf/library/std/src/panicking.rs:520:19
[INFO] [stdout]   23:     0x617ba492653e - std::panic::catch_unwind::h429fda1e025f26d9
[INFO] [stdout]                                at /rustc/90b35a6239c3d8bdabc530a6a0816f7ff89a0aaf/library/std/src/panic.rs:358:14
[INFO] [stdout]   24:     0x617ba492653e - std::rt::lang_start_internal::{{closure}}::h7b731265e841c4bf
[INFO] [stdout]                                at /rustc/90b35a6239c3d8bdabc530a6a0816f7ff89a0aaf/library/std/src/rt.rs:174:48
[INFO] [stdout]   25:     0x617ba492653e - std::panicking::try::do_call::hc0f6a675b7ae5a36
[INFO] [stdout]                                at /rustc/90b35a6239c3d8bdabc530a6a0816f7ff89a0aaf/library/std/src/panicking.rs:557:40
[INFO] [stdout]   26:     0x617ba492653e - std::panicking::try::h4c93b7ff0671f1ff
[INFO] [stdout]                                at /rustc/90b35a6239c3d8bdabc530a6a0816f7ff89a0aaf/library/std/src/panicking.rs:520:19
[INFO] [stdout]   27:     0x617ba492653e - std::panic::catch_unwind::hcc1e154961d16ce6
[INFO] [stdout]                                at /rustc/90b35a6239c3d8bdabc530a6a0816f7ff89a0aaf/library/std/src/panic.rs:358:14
[INFO] [stdout]   28:     0x617ba492653e - std::rt::lang_start_internal::h1c66660c99c8424c
[INFO] [stdout]                                at /rustc/90b35a6239c3d8bdabc530a6a0816f7ff89a0aaf/library/std/src/rt.rs:174:20
[INFO] [stdout]   29:     0x617ba45bb7d7 - std::rt::lang_start::hcdb31f4834f76b8c
[INFO] [stdout]   30:     0x617ba45bcc55 - main
[INFO] [stdout]   31:     0x723df3f9ed90 - <unknown>
[INFO] [stdout]   32:     0x723df3f9ee40 - __libc_start_main
[INFO] [stdout]   33:     0x617ba45bb6c5 - _start
[INFO] [stdout]   34:                0x0 - <unknown>
[INFO] [stdout] 
[INFO] [stdout] 
[INFO] [stdout] 
[INFO] [stdout] failures:
[INFO] [stdout]     src/lib.rs - dbg_as_curl (line 3)
[INFO] [stdout] 
[INFO] [stdout] test result: FAILED. 0 passed; 1 failed; 0 ignored; 0 measured; 0 filtered out; finished in 3.73s
[INFO] [stdout] 
[INFO] [stderr] error: doctest failed, to rerun pass `--doc`
[INFO] running `Command { std: "docker" "inspect" "bf6b629e24614080d7b7b4ccf40d8d7e337d0f701a2fb0bc0f137fc5faf8c95a", kill_on_drop: false }`
[INFO] running `Command { std: "docker" "rm" "-f" "bf6b629e24614080d7b7b4ccf40d8d7e337d0f701a2fb0bc0f137fc5faf8c95a", kill_on_drop: false }`
[INFO] [stdout] bf6b629e24614080d7b7b4ccf40d8d7e337d0f701a2fb0bc0f137fc5faf8c95a
