[INFO] fetching crate datastruct-rs 0.1.0...
[INFO] testing datastruct-rs-0.1.0 against beta-2024-12-08 for beta-1.84.0-4-retry
[INFO] extracting crate datastruct-rs 0.1.0 into /workspace/builds/worker-5-tc2/source
[INFO] validating manifest of crates.io crate datastruct-rs 0.1.0 on toolchain beta-2024-12-08
[INFO] running `Command { std: CARGO_HOME="/workspace/cargo-home" RUSTUP_HOME="/workspace/rustup-home" "/workspace/cargo-home/bin/cargo" "+beta-2024-12-08" "metadata" "--manifest-path" "Cargo.toml" "--no-deps", kill_on_drop: false }`
[INFO] started tweaking crates.io crate datastruct-rs 0.1.0
[INFO] finished tweaking crates.io crate datastruct-rs 0.1.0
[INFO] tweaked toml for crates.io crate datastruct-rs 0.1.0 written to /workspace/builds/worker-5-tc2/source/Cargo.toml
[INFO] running `Command { std: CARGO_HOME="/workspace/cargo-home" RUSTUP_HOME="/workspace/rustup-home" "/workspace/cargo-home/bin/cargo" "+beta-2024-12-08" "generate-lockfile" "--manifest-path" "Cargo.toml", kill_on_drop: false }`
[INFO] [stderr]     Updating crates.io index
[INFO] [stderr]      Locking 14 packages to latest compatible versions
[INFO] running `Command { std: CARGO_HOME="/workspace/cargo-home" RUSTUP_HOME="/workspace/rustup-home" "/workspace/cargo-home/bin/cargo" "+beta-2024-12-08" "fetch" "--manifest-path" "Cargo.toml", kill_on_drop: false }`
[INFO] running `Command { std: "docker" "create" "-v" "/var/lib/crater-agent-workspace/builds/worker-5-tc2/target:/opt/rustwide/target:rw,Z" "-v" "/var/lib/crater-agent-workspace/builds/worker-5-tc2/source:/opt/rustwide/workdir:ro,Z" "-v" "/var/lib/crater-agent-workspace/cargo-home:/opt/rustwide/cargo-home:ro,Z" "-v" "/var/lib/crater-agent-workspace/rustup-home:/opt/rustwide/rustup-home:ro,Z" "-e" "SOURCE_DIR=/opt/rustwide/workdir" "-e" "CARGO_TARGET_DIR=/opt/rustwide/target" "-e" "CARGO_HOME=/opt/rustwide/cargo-home" "-e" "RUSTUP_HOME=/opt/rustwide/rustup-home" "-w" "/opt/rustwide/workdir" "-m" "1610612736" "--user" "0:0" "--network" "none" "ghcr.io/rust-lang/crates-build-env/linux@sha256:f3a9d4ad9d972b27faf3965f35b62e55ba32bbce8f20bc8fe909558a86702fde" "/opt/rustwide/cargo-home/bin/cargo" "+beta-2024-12-08" "metadata" "--no-deps" "--format-version=1", kill_on_drop: false }`
[INFO] [stdout] 084f3a2a2167e44bedcd6a3eb948073710a0916288708a34ab3e3f32b005dad3
[INFO] running `Command { std: "docker" "start" "-a" "084f3a2a2167e44bedcd6a3eb948073710a0916288708a34ab3e3f32b005dad3", kill_on_drop: false }`
[INFO] running `Command { std: "docker" "inspect" "084f3a2a2167e44bedcd6a3eb948073710a0916288708a34ab3e3f32b005dad3", kill_on_drop: false }`
[INFO] running `Command { std: "docker" "rm" "-f" "084f3a2a2167e44bedcd6a3eb948073710a0916288708a34ab3e3f32b005dad3", kill_on_drop: false }`
[INFO] [stdout] 084f3a2a2167e44bedcd6a3eb948073710a0916288708a34ab3e3f32b005dad3
[INFO] running `Command { std: "docker" "create" "-v" "/var/lib/crater-agent-workspace/builds/worker-5-tc2/target:/opt/rustwide/target:rw,Z" "-v" "/var/lib/crater-agent-workspace/builds/worker-5-tc2/source:/opt/rustwide/workdir:ro,Z" "-v" "/var/lib/crater-agent-workspace/cargo-home:/opt/rustwide/cargo-home:ro,Z" "-v" "/var/lib/crater-agent-workspace/rustup-home:/opt/rustwide/rustup-home:ro,Z" "-e" "SOURCE_DIR=/opt/rustwide/workdir" "-e" "CARGO_TARGET_DIR=/opt/rustwide/target" "-e" "CARGO_INCREMENTAL=0" "-e" "RUST_BACKTRACE=full" "-e" "RUSTFLAGS=--cap-lints=warn" "-e" "RUSTDOCFLAGS=--cap-lints=warn" "-e" "CARGO_HOME=/opt/rustwide/cargo-home" "-e" "RUSTUP_HOME=/opt/rustwide/rustup-home" "-w" "/opt/rustwide/workdir" "-m" "1610612736" "--user" "0:0" "--network" "none" "ghcr.io/rust-lang/crates-build-env/linux@sha256:f3a9d4ad9d972b27faf3965f35b62e55ba32bbce8f20bc8fe909558a86702fde" "/opt/rustwide/cargo-home/bin/cargo" "+beta-2024-12-08" "build" "--frozen" "--message-format=json", kill_on_drop: false }`
[INFO] [stdout] 7b5cb5c513f41fdabcd40d68e81aa94392af2d2f6b0a95f4fa442ff4973b2484
[INFO] running `Command { std: "docker" "start" "-a" "7b5cb5c513f41fdabcd40d68e81aa94392af2d2f6b0a95f4fa442ff4973b2484", kill_on_drop: false }`
[INFO] [stderr]    Compiling proc-macro2 v1.0.92
[INFO] [stderr]    Compiling unicode-ident v1.0.14
[INFO] [stderr]    Compiling serde v1.0.216
[INFO] [stderr]    Compiling memchr v2.7.4
[INFO] [stderr]    Compiling serde_json v1.0.133
[INFO] [stderr]    Compiling anyhow v1.0.94
[INFO] [stderr]    Compiling minimal-lexical v0.2.1
[INFO] [stderr]    Compiling itoa v1.0.14
[INFO] [stderr]    Compiling ryu v1.0.18
[INFO] [stderr]    Compiling base64 v0.22.1
[INFO] [stderr]    Compiling nom v7.1.3
[INFO] [stderr]    Compiling quote v1.0.37
[INFO] [stderr]    Compiling syn v2.0.90
[INFO] [stderr]    Compiling serde_derive v1.0.216
[INFO] [stderr]    Compiling datastruct-rs v0.1.0 (/opt/rustwide/workdir)
[INFO] [stderr]     Finished `dev` profile [unoptimized + debuginfo] target(s) in 18.38s
[INFO] running `Command { std: "docker" "inspect" "7b5cb5c513f41fdabcd40d68e81aa94392af2d2f6b0a95f4fa442ff4973b2484", kill_on_drop: false }`
[INFO] running `Command { std: "docker" "rm" "-f" "7b5cb5c513f41fdabcd40d68e81aa94392af2d2f6b0a95f4fa442ff4973b2484", kill_on_drop: false }`
[INFO] [stdout] 7b5cb5c513f41fdabcd40d68e81aa94392af2d2f6b0a95f4fa442ff4973b2484
[INFO] running `Command { std: "docker" "create" "-v" "/var/lib/crater-agent-workspace/builds/worker-5-tc2/target:/opt/rustwide/target:rw,Z" "-v" "/var/lib/crater-agent-workspace/builds/worker-5-tc2/source:/opt/rustwide/workdir:ro,Z" "-v" "/var/lib/crater-agent-workspace/cargo-home:/opt/rustwide/cargo-home:ro,Z" "-v" "/var/lib/crater-agent-workspace/rustup-home:/opt/rustwide/rustup-home:ro,Z" "-e" "SOURCE_DIR=/opt/rustwide/workdir" "-e" "CARGO_TARGET_DIR=/opt/rustwide/target" "-e" "CARGO_INCREMENTAL=0" "-e" "RUST_BACKTRACE=full" "-e" "RUSTFLAGS=--cap-lints=warn" "-e" "RUSTDOCFLAGS=--cap-lints=warn" "-e" "CARGO_HOME=/opt/rustwide/cargo-home" "-e" "RUSTUP_HOME=/opt/rustwide/rustup-home" "-w" "/opt/rustwide/workdir" "-m" "1610612736" "--user" "0:0" "--network" "none" "ghcr.io/rust-lang/crates-build-env/linux@sha256:f3a9d4ad9d972b27faf3965f35b62e55ba32bbce8f20bc8fe909558a86702fde" "/opt/rustwide/cargo-home/bin/cargo" "+beta-2024-12-08" "test" "--frozen" "--no-run" "--message-format=json", kill_on_drop: false }`
[INFO] [stdout] 1e57cb22b72c0bc9ee66c8098b13f025f913408bd22dc8d38aec341bdf64a556
[INFO] running `Command { std: "docker" "start" "-a" "1e57cb22b72c0bc9ee66c8098b13f025f913408bd22dc8d38aec341bdf64a556", kill_on_drop: false }`
[INFO] [stderr]    Compiling datastruct-rs v0.1.0 (/opt/rustwide/workdir)
[INFO] [stderr]     Finished `test` profile [unoptimized + debuginfo] target(s) in 1.32s
[INFO] running `Command { std: "docker" "inspect" "1e57cb22b72c0bc9ee66c8098b13f025f913408bd22dc8d38aec341bdf64a556", kill_on_drop: false }`
[INFO] running `Command { std: "docker" "rm" "-f" "1e57cb22b72c0bc9ee66c8098b13f025f913408bd22dc8d38aec341bdf64a556", kill_on_drop: false }`
[INFO] [stdout] 1e57cb22b72c0bc9ee66c8098b13f025f913408bd22dc8d38aec341bdf64a556
[INFO] running `Command { std: "docker" "create" "-v" "/var/lib/crater-agent-workspace/builds/worker-5-tc2/target:/opt/rustwide/target:rw,Z" "-v" "/var/lib/crater-agent-workspace/builds/worker-5-tc2/source:/opt/rustwide/workdir:ro,Z" "-v" "/var/lib/crater-agent-workspace/cargo-home:/opt/rustwide/cargo-home:ro,Z" "-v" "/var/lib/crater-agent-workspace/rustup-home:/opt/rustwide/rustup-home:ro,Z" "-e" "SOURCE_DIR=/opt/rustwide/workdir" "-e" "CARGO_TARGET_DIR=/opt/rustwide/target" "-e" "CARGO_INCREMENTAL=0" "-e" "RUST_BACKTRACE=full" "-e" "RUSTFLAGS=--cap-lints=warn" "-e" "RUSTDOCFLAGS=--cap-lints=warn" "-e" "CARGO_HOME=/opt/rustwide/cargo-home" "-e" "RUSTUP_HOME=/opt/rustwide/rustup-home" "-w" "/opt/rustwide/workdir" "-m" "1610612736" "--user" "0:0" "--network" "none" "ghcr.io/rust-lang/crates-build-env/linux@sha256:f3a9d4ad9d972b27faf3965f35b62e55ba32bbce8f20bc8fe909558a86702fde" "/opt/rustwide/cargo-home/bin/cargo" "+beta-2024-12-08" "test" "--frozen", kill_on_drop: false }`
[INFO] [stdout] 83d077af6d6f0032c9f8320c88c0c9094f2589aef95f01035fa5e5557262fb07
[INFO] running `Command { std: "docker" "start" "-a" "83d077af6d6f0032c9f8320c88c0c9094f2589aef95f01035fa5e5557262fb07", kill_on_drop: false }`
[INFO] [stderr]     Finished `test` profile [unoptimized + debuginfo] target(s) in 0.03s
[INFO] [stderr]      Running unittests src/lib.rs (/opt/rustwide/target/debug/deps/datastruct_rs-16a22cc6befff5d6)
[INFO] [stdout] 
[INFO] [stdout] running 4 tests
[INFO] [stdout] test test::parse_binary ... ok
[INFO] [stdout] test test::parse_to_json ... ok
[INFO] [stdout] test test::parse_tuple ... ok
[INFO] [stdout] test test::parse_list ... ok
[INFO] [stdout] 
[INFO] [stdout] test result: ok. 4 passed; 0 failed; 0 ignored; 0 measured; 0 filtered out; finished in 0.00s
[INFO] [stdout] 
[INFO] [stderr]    Doc-tests datastruct_rs
[INFO] [stdout] 
[INFO] [stdout] running 7 tests
[INFO] [stdout] test src/lib.rs - DValue::Dict (line 65) ... FAILED
[INFO] [stdout] test src/lib.rs - DValue::BinaryUtil (line 86) ... FAILED
[INFO] [stdout] test src/lib.rs - DValue::List (line 53) ... FAILED
[INFO] [stdout] test src/lib.rs - DValue::Number (line 37) ... FAILED
[INFO] [stdout] test src/lib.rs - DValue::Tuple (line 73) ... FAILED
[INFO] [stdout] test src/lib.rs - DValue::Boolean (line 45) ... FAILED
[INFO] [stdout] test src/lib.rs - DValue::String (line 29) ... FAILED
[INFO] [stdout] 
[INFO] [stdout] failures:
[INFO] [stdout] 
[INFO] [stdout] ---- src/lib.rs - DValue::Dict (line 65) stdout ----
[INFO] [stdout] error[E0432]: unresolved import `datastruct`
[INFO] [stdout]  --> src/lib.rs:66:5
[INFO] [stdout]   |
[INFO] [stdout] 3 | use datastruct::DValue;
[INFO] [stdout]   |     ^^^^^^^^^^ use of undeclared crate or module `datastruct`
[INFO] [stdout]   |
[INFO] [stdout] help: there is a crate or module with a similar name
[INFO] [stdout]   |
[INFO] [stdout] 3 | use datastruct_rs::DValue;
[INFO] [stdout]   |     ~~~~~~~~~~~~~
[INFO] [stdout] 
[INFO] [stdout] error: aborting due to 1 previous error
[INFO] [stdout] 
[INFO] [stdout] For more information about this error, try `rustc --explain E0432`.
[INFO] [stdout] Couldn't compile the test.
[INFO] [stdout] ---- src/lib.rs - DValue::BinaryUtil (line 86) stdout ----
[INFO] [stdout] error[E0433]: failed to resolve: use of undeclared crate or module `datastruct`
[INFO] [stdout]  --> src/lib.rs:88:5
[INFO] [stdout]   |
[INFO] [stdout] 4 | use datastruct::{DValue ,binary_util::Binary};
[INFO] [stdout]   |     ^^^^^^^^^^ use of undeclared crate or module `datastruct`
[INFO] [stdout]   |
[INFO] [stdout] help: there is a crate or module with a similar name
[INFO] [stdout]   |
[INFO] [stdout] 4 | use datastruct_rs::{DValue ,binary_util::Binary};
[INFO] [stdout]   |     ~~~~~~~~~~~~~
[INFO] [stdout] 
[INFO] [stdout] error[E0432]: unresolved import `datastruct`
[INFO] [stdout]  --> src/lib.rs:88:5
[INFO] [stdout]   |
[INFO] [stdout] 4 | use datastruct::{DValue ,binary_util::Binary};
[INFO] [stdout]   |     ^^^^^^^^^^ use of undeclared crate or module `datastruct`
[INFO] [stdout]   |
[INFO] [stdout] help: there is a crate or module with a similar name
[INFO] [stdout]   |
[INFO] [stdout] 4 | use datastruct_rs::{DValue ,binary_util::Binary};
[INFO] [stdout]   |     ~~~~~~~~~~~~~
[INFO] [stdout] 
[INFO] [stdout] error: aborting due to 2 previous errors
[INFO] [stdout] 
[INFO] [stdout] Some errors have detailed explanations: E0432, E0433.
[INFO] [stdout] For more information about an error, try `rustc --explain E0432`.
[INFO] [stdout] Couldn't compile the test.
[INFO] [stdout] ---- src/lib.rs - DValue::List (line 53) stdout ----
[INFO] [stdout] error[E0432]: unresolved import `datastruct`
[INFO] [stdout]  --> src/lib.rs:54:5
[INFO] [stdout]   |
[INFO] [stdout] 3 | use datastruct::DValue;
[INFO] [stdout]   |     ^^^^^^^^^^ use of undeclared crate or module `datastruct`
[INFO] [stdout]   |
[INFO] [stdout] help: there is a crate or module with a similar name
[INFO] [stdout]   |
[INFO] [stdout] 3 | use datastruct_rs::DValue;
[INFO] [stdout]   |     ~~~~~~~~~~~~~
[INFO] [stdout] 
[INFO] [stdout] error: aborting due to 1 previous error
[INFO] [stdout] 
[INFO] [stdout] For more information about this error, try `rustc --explain E0432`.
[INFO] [stdout] Couldn't compile the test.
[INFO] [stdout] ---- src/lib.rs - DValue::Number (line 37) stdout ----
[INFO] [stdout] error[E0432]: unresolved import `datastruct`
[INFO] [stdout]  --> src/lib.rs:38:5
[INFO] [stdout]   |
[INFO] [stdout] 3 | use datastruct::DValue;
[INFO] [stdout]   |     ^^^^^^^^^^ use of undeclared crate or module `datastruct`
[INFO] [stdout]   |
[INFO] [stdout] help: there is a crate or module with a similar name
[INFO] [stdout]   |
[INFO] [stdout] 3 | use datastruct_rs::DValue;
[INFO] [stdout]   |     ~~~~~~~~~~~~~
[INFO] [stdout] 
[INFO] [stdout] error: aborting due to 1 previous error
[INFO] [stdout] 
[INFO] [stdout] For more information about this error, try `rustc --explain E0432`.
[INFO] [stdout] Couldn't compile the test.
[INFO] [stdout] ---- src/lib.rs - DValue::Tuple (line 73) stdout ----
[INFO] [stdout] error[E0432]: unresolved import `datastruct`
[INFO] [stdout]  --> src/lib.rs:74:5
[INFO] [stdout]   |
[INFO] [stdout] 3 | use datastruct::DValue;
[INFO] [stdout]   |     ^^^^^^^^^^ use of undeclared crate or module `datastruct`
[INFO] [stdout]   |
[INFO] [stdout] help: there is a crate or module with a similar name
[INFO] [stdout]   |
[INFO] [stdout] 3 | use datastruct_rs::DValue;
[INFO] [stdout]   |     ~~~~~~~~~~~~~
[INFO] [stdout] 
[INFO] [stdout] error: aborting due to 1 previous error
[INFO] [stdout] 
[INFO] [stdout] For more information about this error, try `rustc --explain E0432`.
[INFO] [stdout] Couldn't compile the test.
[INFO] [stdout] ---- src/lib.rs - DValue::Boolean (line 45) stdout ----
[INFO] [stdout] error[E0432]: unresolved import `datastruct`
[INFO] [stdout]  --> src/lib.rs:46:5
[INFO] [stdout]   |
[INFO] [stdout] 3 | use datastruct::DValue;
[INFO] [stdout]   |     ^^^^^^^^^^ use of undeclared crate or module `datastruct`
[INFO] [stdout]   |
[INFO] [stdout] help: there is a crate or module with a similar name
[INFO] [stdout]   |
[INFO] [stdout] 3 | use datastruct_rs::DValue;
[INFO] [stdout]   |     ~~~~~~~~~~~~~
[INFO] [stdout] 
[INFO] [stdout] error: aborting due to 1 previous error
[INFO] [stdout] 
[INFO] [stdout] For more information about this error, try `rustc --explain E0432`.
[INFO] [stdout] Couldn't compile the test.
[INFO] [stdout] ---- src/lib.rs - DValue::String (line 29) stdout ----
[INFO] [stdout] error[E0432]: unresolved import `datastruct`
[INFO] [stdout]  --> src/lib.rs:30:5
[INFO] [stdout]   |
[INFO] [stdout] 3 | use datastruct::DValue;
[INFO] [stdout]   |     ^^^^^^^^^^ use of undeclared crate or module `datastruct`
[INFO] [stdout]   |
[INFO] [stdout] help: there is a crate or module with a similar name
[INFO] [stdout]   |
[INFO] [stdout] 3 | use datastruct_rs::DValue;
[INFO] [stdout]   |     ~~~~~~~~~~~~~
[INFO] [stdout] 
[INFO] [stdout] error: aborting due to 1 previous error
[INFO] [stdout] 
[INFO] [stdout] For more information about this error, try `rustc --explain E0432`.
[INFO] [stdout] Couldn't compile the test.
[INFO] [stdout] 
[INFO] [stdout] failures:
[INFO] [stdout]     src/lib.rs - DValue::BinaryUtil (line 86)
[INFO] [stdout]     src/lib.rs - DValue::Boolean (line 45)
[INFO] [stdout]     src/lib.rs - DValue::Dict (line 65)
[INFO] [stdout]     src/lib.rs - DValue::List (line 53)
[INFO] [stdout]     src/lib.rs - DValue::Number (line 37)
[INFO] [stdout]     src/lib.rs - DValue::String (line 29)
[INFO] [stdout]     src/lib.rs - DValue::Tuple (line 73)
[INFO] [stdout] 
[INFO] [stdout] test result: FAILED. 0 passed; 7 failed; 0 ignored; 0 measured; 0 filtered out; finished in 0.18s
[INFO] [stdout] 
[INFO] [stderr] error: doctest failed, to rerun pass `--doc`
[INFO] running `Command { std: "docker" "inspect" "83d077af6d6f0032c9f8320c88c0c9094f2589aef95f01035fa5e5557262fb07", kill_on_drop: false }`
[INFO] running `Command { std: "docker" "rm" "-f" "83d077af6d6f0032c9f8320c88c0c9094f2589aef95f01035fa5e5557262fb07", kill_on_drop: false }`
[INFO] [stdout] 83d077af6d6f0032c9f8320c88c0c9094f2589aef95f01035fa5e5557262fb07
