[INFO] fetching crate datafusion-functions 43.0.0...
[INFO] testing datafusion-functions-43.0.0 against 1.83.0 for beta-1.84.0-4-retry
[INFO] extracting crate datafusion-functions 43.0.0 into /workspace/builds/worker-5-tc1/source
[INFO] validating manifest of crates.io crate datafusion-functions 43.0.0 on toolchain 1.83.0
[INFO] running `Command { std: CARGO_HOME="/workspace/cargo-home" RUSTUP_HOME="/workspace/rustup-home" "/workspace/cargo-home/bin/cargo" "+1.83.0" "metadata" "--manifest-path" "Cargo.toml" "--no-deps", kill_on_drop: false }`
[INFO] started tweaking crates.io crate datafusion-functions 43.0.0
[INFO] finished tweaking crates.io crate datafusion-functions 43.0.0
[INFO] tweaked toml for crates.io crate datafusion-functions 43.0.0 written to /workspace/builds/worker-5-tc1/source/Cargo.toml
[INFO] running `Command { std: CARGO_HOME="/workspace/cargo-home" RUSTUP_HOME="/workspace/rustup-home" "/workspace/cargo-home/bin/cargo" "+1.83.0" "generate-lockfile" "--manifest-path" "Cargo.toml", kill_on_drop: false }`
[INFO] [stderr]     Updating crates.io index
[INFO] [stderr]      Locking 261 packages to latest compatible versions
[INFO] [stderr]       Adding hashbrown v0.14.5 (available: v0.15.2)
[INFO] running `Command { std: CARGO_HOME="/workspace/cargo-home" RUSTUP_HOME="/workspace/rustup-home" "/workspace/cargo-home/bin/cargo" "+1.83.0" "fetch" "--manifest-path" "Cargo.toml", kill_on_drop: false }`
[INFO] [stderr]  Downloading crates ...
[INFO] [stderr]   Downloaded sqlparser_derive v0.2.2
[INFO] [stderr]   Downloaded datafusion-functions-window-common v43.0.0
[INFO] [stderr]   Downloaded datafusion-common v43.0.0
[INFO] [stderr]   Downloaded snafu-derive v0.8.5
[INFO] [stderr]   Downloaded datafusion-execution v43.0.0
[INFO] [stderr]   Downloaded datafusion-functions-aggregate-common v43.0.0
[INFO] [stderr]   Downloaded snafu v0.8.5
[INFO] [stderr]   Downloaded lexical-write-float v1.0.5
[INFO] [stderr]   Downloaded arrow-csv v53.3.0
[INFO] [stderr]   Downloaded arrow-string v53.3.0
[INFO] [stderr]   Downloaded sqlparser v0.51.0
[INFO] [stderr]   Downloaded arrow-ipc v53.3.0
[INFO] [stderr]   Downloaded lexical-parse-float v1.0.5
[INFO] [stderr]   Downloaded datafusion-expr v43.0.0
[INFO] [stderr]   Downloaded arrow-cast v53.3.0
[INFO] [stderr]   Downloaded object_store v0.11.1
[INFO] [stderr]   Downloaded arrow-array v53.3.0
[INFO] [stderr]   Downloaded lexical-util v1.0.6
[INFO] [stderr]   Downloaded arrow v53.3.0
[INFO] [stderr]   Downloaded chrono-tz v0.10.0
[INFO] [stderr]   Downloaded lexical-write-integer v1.0.5
[INFO] [stderr]   Downloaded arrow-buffer v53.3.0
[INFO] [stderr]   Downloaded arrow-schema v53.3.0
[INFO] [stderr]   Downloaded arrow-json v53.3.0
[INFO] [stderr]   Downloaded arrow-ord v53.3.0
[INFO] [stderr]   Downloaded arrow-select v53.3.0
[INFO] [stderr]   Downloaded arrow-data v53.3.0
[INFO] [stderr]   Downloaded rstest_macros v0.23.0
[INFO] [stderr]   Downloaded rstest v0.23.0
[INFO] [stderr]   Downloaded arrow-arith v53.3.0
[INFO] [stderr]   Downloaded chrono-tz-build v0.4.0
[INFO] [stderr]   Downloaded flatbuffers v24.3.25
[INFO] [stderr]   Downloaded lexical-parse-integer v1.0.5
[INFO] [stderr]   Downloaded lexical-core v1.0.5
[INFO] [stderr]   Downloaded arrow-row v53.3.0
[INFO] [stderr]   Downloaded datafusion-expr-common v43.0.0
[INFO] [stderr]   Downloaded datafusion-physical-expr-common v43.0.0
[INFO] running `Command { std: "docker" "create" "-v" "/var/lib/crater-agent-workspace/builds/worker-5-tc1/target:/opt/rustwide/target:rw,Z" "-v" "/var/lib/crater-agent-workspace/builds/worker-5-tc1/source:/opt/rustwide/workdir:ro,Z" "-v" "/var/lib/crater-agent-workspace/cargo-home:/opt/rustwide/cargo-home:ro,Z" "-v" "/var/lib/crater-agent-workspace/rustup-home:/opt/rustwide/rustup-home:ro,Z" "-e" "SOURCE_DIR=/opt/rustwide/workdir" "-e" "CARGO_TARGET_DIR=/opt/rustwide/target" "-e" "CARGO_HOME=/opt/rustwide/cargo-home" "-e" "RUSTUP_HOME=/opt/rustwide/rustup-home" "-w" "/opt/rustwide/workdir" "-m" "1610612736" "--user" "0:0" "--network" "none" "ghcr.io/rust-lang/crates-build-env/linux@sha256:f3a9d4ad9d972b27faf3965f35b62e55ba32bbce8f20bc8fe909558a86702fde" "/opt/rustwide/cargo-home/bin/cargo" "+1.83.0" "metadata" "--no-deps" "--format-version=1", kill_on_drop: false }`
[INFO] [stdout] 28a91729a8db1187ec3502f5d26be53da229bba021568dce5d027348b1f67051
[INFO] running `Command { std: "docker" "start" "-a" "28a91729a8db1187ec3502f5d26be53da229bba021568dce5d027348b1f67051", kill_on_drop: false }`
[INFO] running `Command { std: "docker" "inspect" "28a91729a8db1187ec3502f5d26be53da229bba021568dce5d027348b1f67051", kill_on_drop: false }`
[INFO] running `Command { std: "docker" "rm" "-f" "28a91729a8db1187ec3502f5d26be53da229bba021568dce5d027348b1f67051", kill_on_drop: false }`
[INFO] [stdout] 28a91729a8db1187ec3502f5d26be53da229bba021568dce5d027348b1f67051
[INFO] running `Command { std: "docker" "create" "-v" "/var/lib/crater-agent-workspace/builds/worker-5-tc1/target:/opt/rustwide/target:rw,Z" "-v" "/var/lib/crater-agent-workspace/builds/worker-5-tc1/source:/opt/rustwide/workdir:ro,Z" "-v" "/var/lib/crater-agent-workspace/cargo-home:/opt/rustwide/cargo-home:ro,Z" "-v" "/var/lib/crater-agent-workspace/rustup-home:/opt/rustwide/rustup-home:ro,Z" "-e" "SOURCE_DIR=/opt/rustwide/workdir" "-e" "CARGO_TARGET_DIR=/opt/rustwide/target" "-e" "CARGO_INCREMENTAL=0" "-e" "RUST_BACKTRACE=full" "-e" "RUSTFLAGS=--cap-lints=warn" "-e" "RUSTDOCFLAGS=--cap-lints=warn" "-e" "CARGO_HOME=/opt/rustwide/cargo-home" "-e" "RUSTUP_HOME=/opt/rustwide/rustup-home" "-w" "/opt/rustwide/workdir" "-m" "1610612736" "--user" "0:0" "--network" "none" "ghcr.io/rust-lang/crates-build-env/linux@sha256:f3a9d4ad9d972b27faf3965f35b62e55ba32bbce8f20bc8fe909558a86702fde" "/opt/rustwide/cargo-home/bin/cargo" "+1.83.0" "build" "--frozen" "--message-format=json", kill_on_drop: false }`
[INFO] [stdout] 55a6928aa237c6195dd382abaa5facdd11bdcda4263733146bb38a8b05f2c023
[INFO] running `Command { std: "docker" "start" "-a" "55a6928aa237c6195dd382abaa5facdd11bdcda4263733146bb38a8b05f2c023", kill_on_drop: false }`
[INFO] [stderr]    Compiling libm v0.2.11
[INFO] [stderr]    Compiling siphasher v0.3.11
[INFO] [stderr]    Compiling num-traits v0.2.19
[INFO] [stderr]    Compiling once_cell v1.20.2
[INFO] [stderr]    Compiling regex-syntax v0.8.5
[INFO] [stderr]    Compiling rand_core v0.6.4
[INFO] [stderr]    Compiling syn v2.0.90
[INFO] [stderr]    Compiling getrandom v0.2.15
[INFO] [stderr]    Compiling rand v0.8.5
[INFO] [stderr]    Compiling phf_shared v0.11.2
[INFO] [stderr]    Compiling version_check v0.9.5
[INFO] [stderr]    Compiling memchr v2.7.4
[INFO] [stderr]    Compiling iana-time-zone v0.1.61
[INFO] [stderr]    Compiling phf v0.11.2
[INFO] [stderr]    Compiling ahash v0.8.11
[INFO] [stderr]    Compiling hashbrown v0.15.2
[INFO] [stderr]    Compiling arrow-schema v53.3.0
[INFO] [stderr]    Compiling phf_generator v0.11.2
[INFO] [stderr]    Compiling phf_codegen v0.11.2
[INFO] [stderr]    Compiling heck v0.5.0
[INFO] [stderr]    Compiling static_assertions v1.1.0
[INFO] [stderr]    Compiling lexical-util v1.0.6
[INFO] [stderr]    Compiling rustversion v1.0.18
[INFO] [stderr]    Compiling semver v1.0.24
[INFO] [stderr]    Compiling regex-automata v0.4.9
[INFO] [stderr]    Compiling serde v1.0.216
[INFO] [stderr]    Compiling lexical-write-integer v1.0.5
[INFO] [stderr]    Compiling num-integer v0.1.46
[INFO] [stderr]    Compiling num-complex v0.4.6
[INFO] [stderr]    Compiling chrono v0.4.39
[INFO] [stderr]    Compiling half v2.4.1
[INFO] [stderr]    Compiling num-bigint v0.4.6
[INFO] [stderr]    Compiling num-iter v0.1.45
[INFO] [stderr]    Compiling lexical-parse-integer v1.0.5
[INFO] [stderr]    Compiling stable_deref_trait v1.2.0
[INFO] [stderr]    Compiling lexical-write-float v1.0.5
[INFO] [stderr]    Compiling unicode-width v0.2.0
[INFO] [stderr]    Compiling lexical-parse-float v1.0.5
[INFO] [stderr]    Compiling rustc_version v0.4.1
[INFO] [stderr]    Compiling atoi v2.0.0
[INFO] [stderr]    Compiling lexical-core v1.0.5
[INFO] [stderr]    Compiling aho-corasick v1.1.3
[INFO] [stderr]    Compiling base64 v0.22.1
[INFO] [stderr]    Compiling regex v1.11.1
[INFO] [stderr]    Compiling parse-zoneinfo v0.3.1
[INFO] [stderr]    Compiling num-rational v0.4.2
[INFO] [stderr]    Compiling flatbuffers v24.3.25
[INFO] [stderr]    Compiling chrono-tz-build v0.4.0
[INFO] [stderr]    Compiling csv-core v0.1.11
[INFO] [stderr]    Compiling num v0.4.3
[INFO] [stderr]    Compiling synstructure v0.13.1
[INFO] [stderr]    Compiling arrow-buffer v53.3.0
[INFO] [stderr]    Compiling chrono-tz v0.10.0
[INFO] [stderr]    Compiling arrow-data v53.3.0
[INFO] [stderr]    Compiling equivalent v1.0.1
[INFO] [stderr]    Compiling litemap v0.7.4
[INFO] [stderr]    Compiling writeable v0.5.5
[INFO] [stderr]    Compiling indexmap v2.7.0
[INFO] [stderr]    Compiling smallvec v1.13.2
[INFO] [stderr]    Compiling allocator-api2 v0.2.21
[INFO] [stderr]    Compiling serde_json v1.0.133
[INFO] [stderr]    Compiling csv v1.3.1
[INFO] [stderr]    Compiling lazy_static v1.5.0
[INFO] [stderr]    Compiling log v0.4.22
[INFO] [stderr]    Compiling icu_locid_transform_data v1.5.0
[INFO] [stderr]    Compiling either v1.13.0
[INFO] [stderr]    Compiling itertools v0.13.0
[INFO] [stderr]    Compiling num_cpus v1.16.0
[INFO] [stderr]    Compiling zerocopy-derive v0.7.35
[INFO] [stderr]    Compiling zerofrom-derive v0.1.5
[INFO] [stderr]    Compiling strum_macros v0.26.4
[INFO] [stderr]    Compiling yoke-derive v0.7.5
[INFO] [stderr]    Compiling zerovec-derive v0.10.3
[INFO] [stderr]    Compiling zerocopy v0.7.35
[INFO] [stderr]    Compiling displaydoc v0.2.5
[INFO] [stderr]    Compiling icu_provider_macros v1.5.0
[INFO] [stderr]    Compiling tokio-macros v2.4.0
[INFO] [stderr]    Compiling hashbrown v0.14.5
[INFO] [stderr]    Compiling sqlparser_derive v0.2.2
[INFO] [stderr]    Compiling ppv-lite86 v0.2.20
[INFO] [stderr]    Compiling zerofrom v0.1.5
[INFO] [stderr]    Compiling strum v0.26.3
[INFO] [stderr]    Compiling yoke v0.7.5
[INFO] [stderr]    Compiling comfy-table v7.1.3
[INFO] [stderr]    Compiling sqlparser v0.51.0
[INFO] [stderr]    Compiling slab v0.4.9
[INFO] [stderr]    Compiling zerovec v0.10.4
[INFO] [stderr]    Compiling icu_properties_data v1.5.0
[INFO] [stderr]    Compiling rand_chacha v0.3.1
[INFO] [stderr]    Compiling lock_api v0.4.12
[INFO] [stderr]    Compiling tokio v1.42.0
[INFO] [stderr]    Compiling icu_normalizer_data v1.5.0
[INFO] [stderr]    Compiling parking_lot_core v0.9.10
[INFO] [stderr]    Compiling utf8_iter v1.0.4
[INFO] [stderr]    Compiling futures-sink v0.3.31
[INFO] [stderr]    Compiling write16 v1.0.0
[INFO] [stderr]    Compiling futures-core v0.3.31
[INFO] [stderr]    Compiling utf16_iter v1.0.5
[INFO] [stderr]    Compiling futures-channel v0.3.31
[INFO] [stderr]    Compiling futures-macro v0.3.31
[INFO] [stderr]    Compiling futures-io v0.3.31
[INFO] [stderr]    Compiling scopeguard v1.2.0
[INFO] [stderr]    Compiling futures-task v0.3.31
[INFO] [stderr]    Compiling tinystr v0.7.6
[INFO] [stderr]    Compiling icu_collections v1.5.0
[INFO] [stderr]    Compiling icu_locid v1.5.0
[INFO] [stderr]    Compiling percent-encoding v2.3.1
[INFO] [stderr]    Compiling icu_provider v1.5.0
[INFO] [stderr]    Compiling crossbeam-utils v0.8.20
[INFO] [stderr]    Compiling rustix v0.38.42
[INFO] [stderr]    Compiling futures-util v0.3.31
[INFO] [stderr]    Compiling form_urlencoded v1.2.1
[INFO] [stderr]    Compiling icu_locid_transform v1.5.0
[INFO] [stderr]    Compiling tracing-attributes v0.1.28
[INFO] [stderr]    Compiling snafu-derive v0.8.5
[INFO] [stderr]    Compiling tracing-core v0.1.33
[INFO] [stderr]    Compiling icu_properties v1.5.1
[INFO] [stderr]    Compiling same-file v1.0.6
[INFO] [stderr]    Compiling linux-raw-sys v0.4.14
[INFO] [stderr]    Compiling arrow-array v53.3.0
[INFO] [stderr]    Compiling bitflags v2.6.0
[INFO] [stderr]    Compiling tracing v0.1.41
[INFO] [stderr]    Compiling walkdir v2.5.0
[INFO] [stderr]    Compiling futures-executor v0.3.31
[INFO] [stderr]    Compiling snafu v0.8.5
[INFO] [stderr]    Compiling futures v0.3.31
[INFO] [stderr]    Compiling parking_lot v0.12.3
[INFO] [stderr]    Compiling async-trait v0.1.83
[INFO] [stderr]    Compiling humantime v2.1.0
[INFO] [stderr]    Compiling icu_normalizer v1.5.0
[INFO] [stderr]    Compiling fastrand v2.3.0
[INFO] [stderr]    Compiling dashmap v6.1.0
[INFO] [stderr]    Compiling uuid v1.11.0
[INFO] [stderr]    Compiling arrow-select v53.3.0
[INFO] [stderr]    Compiling arrow-row v53.3.0
[INFO] [stderr]    Compiling arrow-arith v53.3.0
[INFO] [stderr]    Compiling idna_adapter v1.2.0
[INFO] [stderr]    Compiling idna v1.0.3
[INFO] [stderr]    Compiling tempfile v3.14.0
[INFO] [stderr]    Compiling arrow-cast v53.3.0
[INFO] [stderr]    Compiling arrow-ord v53.3.0
[INFO] [stderr]    Compiling arrow-string v53.3.0
[INFO] [stderr]    Compiling url v2.5.4
[INFO] [stderr]    Compiling object_store v0.11.1
[INFO] [stderr]    Compiling arrow-json v53.3.0
[INFO] [stderr]    Compiling arrow-csv v53.3.0
[INFO] [stderr]    Compiling arrow-ipc v53.3.0
[INFO] [stderr]    Compiling hex v0.4.3
[INFO] [stderr]    Compiling unicode-segmentation v1.12.0
[INFO] [stderr]    Compiling arrow v53.3.0
[INFO] [stderr]    Compiling datafusion-common v43.0.0
[INFO] [stderr]    Compiling datafusion-expr-common v43.0.0
[INFO] [stderr]    Compiling datafusion-physical-expr-common v43.0.0
[INFO] [stderr]    Compiling datafusion-functions-window-common v43.0.0
[INFO] [stderr]    Compiling datafusion-functions-aggregate-common v43.0.0
[INFO] [stderr]    Compiling datafusion-expr v43.0.0
[INFO] [stderr]    Compiling datafusion-execution v43.0.0
[INFO] [stderr]    Compiling datafusion-functions v43.0.0 (/opt/rustwide/workdir)
[INFO] [stderr]     Finished `dev` profile [unoptimized + debuginfo] target(s) in 3m 18s
[INFO] running `Command { std: "docker" "inspect" "55a6928aa237c6195dd382abaa5facdd11bdcda4263733146bb38a8b05f2c023", kill_on_drop: false }`
[INFO] running `Command { std: "docker" "rm" "-f" "55a6928aa237c6195dd382abaa5facdd11bdcda4263733146bb38a8b05f2c023", kill_on_drop: false }`
[INFO] [stdout] 55a6928aa237c6195dd382abaa5facdd11bdcda4263733146bb38a8b05f2c023
[INFO] running `Command { std: "docker" "create" "-v" "/var/lib/crater-agent-workspace/builds/worker-5-tc1/target:/opt/rustwide/target:rw,Z" "-v" "/var/lib/crater-agent-workspace/builds/worker-5-tc1/source:/opt/rustwide/workdir:ro,Z" "-v" "/var/lib/crater-agent-workspace/cargo-home:/opt/rustwide/cargo-home:ro,Z" "-v" "/var/lib/crater-agent-workspace/rustup-home:/opt/rustwide/rustup-home:ro,Z" "-e" "SOURCE_DIR=/opt/rustwide/workdir" "-e" "CARGO_TARGET_DIR=/opt/rustwide/target" "-e" "CARGO_INCREMENTAL=0" "-e" "RUST_BACKTRACE=full" "-e" "RUSTFLAGS=--cap-lints=warn" "-e" "RUSTDOCFLAGS=--cap-lints=warn" "-e" "CARGO_HOME=/opt/rustwide/cargo-home" "-e" "RUSTUP_HOME=/opt/rustwide/rustup-home" "-w" "/opt/rustwide/workdir" "-m" "1610612736" "--user" "0:0" "--network" "none" "ghcr.io/rust-lang/crates-build-env/linux@sha256:f3a9d4ad9d972b27faf3965f35b62e55ba32bbce8f20bc8fe909558a86702fde" "/opt/rustwide/cargo-home/bin/cargo" "+1.83.0" "test" "--frozen" "--no-run" "--message-format=json", kill_on_drop: false }`
[INFO] [stdout] 7ec38272242b6d7cee2e1f04f2c057a681edf8079fa826356fcdcfd31082401e
[INFO] running `Command { std: "docker" "start" "-a" "7ec38272242b6d7cee2e1f04f2c057a681edf8079fa826356fcdcfd31082401e", kill_on_drop: false }`
[INFO] [stderr]    Compiling num-traits v0.2.19
[INFO] [stderr]    Compiling aho-corasick v1.1.3
[INFO] [stderr]    Compiling serde v1.0.216
[INFO] [stderr]    Compiling serde_derive v1.0.216
[INFO] [stderr]    Compiling crossbeam-epoch v0.9.18
[INFO] [stderr]    Compiling toml_datetime v0.6.8
[INFO] [stderr]    Compiling winnow v0.6.20
[INFO] [stderr]    Compiling rayon-core v1.12.1
[INFO] [stderr]    Compiling rstest_macros v0.23.0
[INFO] [stderr]    Compiling ciborium-io v0.2.2
[INFO] [stderr]    Compiling crossbeam-deque v0.8.5
[INFO] [stderr]    Compiling anstyle v1.0.10
[INFO] [stderr]    Compiling plotters-backend v0.3.7
[INFO] [stderr]    Compiling clap_lex v0.7.4
[INFO] [stderr]    Compiling itertools v0.10.5
[INFO] [stderr]    Compiling clap_builder v4.5.23
[INFO] [stderr]    Compiling plotters-svg v0.3.7
[INFO] [stderr]    Compiling cast v0.3.0
[INFO] [stderr]    Compiling relative-path v1.9.3
[INFO] [stderr]    Compiling regex-automata v0.4.9
[INFO] [stderr]    Compiling num-integer v0.1.46
[INFO] [stderr]    Compiling half v2.4.1
[INFO] [stderr]    Compiling num-complex v0.4.6
[INFO] [stderr]    Compiling num-bigint v0.4.6
[INFO] [stderr]    Compiling num-iter v0.1.45
[INFO] [stderr]    Compiling chrono v0.4.39
[INFO] [stderr]    Compiling atoi v2.0.0
[INFO] [stderr]    Compiling ciborium-ll v0.2.2
[INFO] [stderr]    Compiling criterion-plot v0.5.0
[INFO] [stderr]    Compiling toml_edit v0.22.22
[INFO] [stderr]    Compiling clap v4.5.23
[INFO] [stderr]    Compiling plotters v0.3.7
[INFO] [stderr]    Compiling num-rational v0.4.2
[INFO] [stderr]    Compiling regex v1.11.1
[INFO] [stderr]    Compiling num v0.4.3
[INFO] [stderr]    Compiling arrow-buffer v53.3.0
[INFO] [stderr]    Compiling parse-zoneinfo v0.3.1
[INFO] [stderr]    Compiling proc-macro-crate v3.2.0
[INFO] [stderr]    Compiling object_store v0.11.1
[INFO] [stderr]    Compiling chrono-tz-build v0.4.0
[INFO] [stderr]    Compiling arrow-data v53.3.0
[INFO] [stderr]    Compiling rayon v1.10.0
[INFO] [stderr]    Compiling is-terminal v0.4.13
[INFO] [stderr]    Compiling anes v0.1.6
[INFO] [stderr]    Compiling futures-timer v3.0.3
[INFO] [stderr]    Compiling oorandom v11.1.4
[INFO] [stderr]    Compiling chrono-tz v0.10.0
[INFO] [stderr]    Compiling serde_json v1.0.133
[INFO] [stderr]    Compiling csv v1.3.1
[INFO] [stderr]    Compiling ciborium v0.2.2
[INFO] [stderr]    Compiling tinytemplate v1.2.1
[INFO] [stderr]    Compiling criterion v0.5.1
[INFO] [stderr]    Compiling rstest v0.23.0
[INFO] [stderr]    Compiling arrow-array v53.3.0
[INFO] [stderr]    Compiling arrow-select v53.3.0
[INFO] [stderr]    Compiling arrow-row v53.3.0
[INFO] [stderr]    Compiling arrow-arith v53.3.0
[INFO] [stderr]    Compiling arrow-cast v53.3.0
[INFO] [stderr]    Compiling arrow-string v53.3.0
[INFO] [stderr]    Compiling arrow-ord v53.3.0
[INFO] [stderr]    Compiling arrow-json v53.3.0
[INFO] [stderr]    Compiling arrow-ipc v53.3.0
[INFO] [stderr]    Compiling arrow-csv v53.3.0
[INFO] [stderr]    Compiling arrow v53.3.0
[INFO] [stderr]    Compiling datafusion-common v43.0.0
[INFO] [stderr]    Compiling datafusion-expr-common v43.0.0
[INFO] [stderr]    Compiling datafusion-physical-expr-common v43.0.0
[INFO] [stderr]    Compiling datafusion-functions-window-common v43.0.0
[INFO] [stderr]    Compiling datafusion-functions-aggregate-common v43.0.0
[INFO] [stderr]    Compiling datafusion-expr v43.0.0
[INFO] [stderr]    Compiling datafusion-execution v43.0.0
[INFO] [stderr]    Compiling datafusion-functions v43.0.0 (/opt/rustwide/workdir)
[INFO] [stderr]     Finished `test` profile [unoptimized + debuginfo] target(s) in 3m 20s
[INFO] running `Command { std: "docker" "inspect" "7ec38272242b6d7cee2e1f04f2c057a681edf8079fa826356fcdcfd31082401e", kill_on_drop: false }`
[INFO] running `Command { std: "docker" "rm" "-f" "7ec38272242b6d7cee2e1f04f2c057a681edf8079fa826356fcdcfd31082401e", kill_on_drop: false }`
[INFO] [stdout] 7ec38272242b6d7cee2e1f04f2c057a681edf8079fa826356fcdcfd31082401e
[INFO] running `Command { std: "docker" "create" "-v" "/var/lib/crater-agent-workspace/builds/worker-5-tc1/target:/opt/rustwide/target:rw,Z" "-v" "/var/lib/crater-agent-workspace/builds/worker-5-tc1/source:/opt/rustwide/workdir:ro,Z" "-v" "/var/lib/crater-agent-workspace/cargo-home:/opt/rustwide/cargo-home:ro,Z" "-v" "/var/lib/crater-agent-workspace/rustup-home:/opt/rustwide/rustup-home:ro,Z" "-e" "SOURCE_DIR=/opt/rustwide/workdir" "-e" "CARGO_TARGET_DIR=/opt/rustwide/target" "-e" "CARGO_INCREMENTAL=0" "-e" "RUST_BACKTRACE=full" "-e" "RUSTFLAGS=--cap-lints=warn" "-e" "RUSTDOCFLAGS=--cap-lints=warn" "-e" "CARGO_HOME=/opt/rustwide/cargo-home" "-e" "RUSTUP_HOME=/opt/rustwide/rustup-home" "-w" "/opt/rustwide/workdir" "-m" "1610612736" "--user" "0:0" "--network" "none" "ghcr.io/rust-lang/crates-build-env/linux@sha256:f3a9d4ad9d972b27faf3965f35b62e55ba32bbce8f20bc8fe909558a86702fde" "/opt/rustwide/cargo-home/bin/cargo" "+1.83.0" "test" "--frozen", kill_on_drop: false }`
[INFO] [stdout] e89809f2218bed8ae53b985620f540f03f85a731cdab343016ed26f76c799e46
[INFO] running `Command { std: "docker" "start" "-a" "e89809f2218bed8ae53b985620f540f03f85a731cdab343016ed26f76c799e46", kill_on_drop: false }`
[INFO] [stderr]     Finished `test` profile [unoptimized + debuginfo] target(s) in 0.40s
[INFO] [stderr]      Running unittests src/lib.rs (/opt/rustwide/target/debug/deps/datafusion_functions-4f6f49dd3a530412)
[INFO] [stdout] 
[INFO] [stdout] running 146 tests
[INFO] [stdout] test core::coalesce::test::test_coalesce_return_types ... ok
[INFO] [stdout] test core::nullif::tests::nullif_boolean ... ok
[INFO] [stdout] test core::nullif::tests::nullif_int32 ... ok
[INFO] [stdout] test core::nullif::tests::nullif_literal_first ... ok
[INFO] [stdout] test core::nullif::tests::nullif_int32_nonulls ... ok
[INFO] [stdout] test core::expr_ext::tests::test_field ... ok
[INFO] [stdout] test core::nvl::tests::nvl_boolean ... ok
[INFO] [stdout] test core::coalesce::test::test_coalesce_return_types_with_nulls_last ... ok
[INFO] [stdout] test core::nullif::tests::nullif_string ... ok
[INFO] [stdout] test core::coalesce::test::test_coalesce_return_types_with_nulls_first ... ok
[INFO] [stdout] test core::nvl::tests::nvl_int32_nonulls ... ok
[INFO] [stdout] test core::nvl::tests::nvl_int32 ... ok
[INFO] [stdout] test core::nvl::tests::nvl_scalar ... ok
[INFO] [stdout] test core::nvl::tests::nvl_string ... ok
[INFO] [stdout] test core::nvl::tests::nvl_literal_first ... ok
[INFO] [stdout] test core::version::test::test_version_udf ... ok
[INFO] [stdout] test core::nullif::tests::nullif_scalar ... ok
[INFO] [stdout] test datetime::from_unixtime::test::test_with_timezone ... ok
[INFO] [stdout] test datetime::from_unixtime::test::test_without_timezone ... ok
[INFO] [stdout] test datetime::date_bin::tests::test_date_bin_single ... ok
[INFO] [stdout] test datetime::date_bin::tests::test_date_bin ... ok
[INFO] [stdout] test datetime::date_bin::tests::test_date_bin_timezones ... ok
[INFO] [stdout] test datetime::to_date::tests::test_to_date_from_timestamp ... ok
[INFO] [stdout] test datetime::to_date::tests::test_to_date_string_with_invalid_number ... ok
[INFO] [stdout] test datetime::make_date::tests::test_make_date ... ok
[INFO] [stdout] test datetime::to_date::tests::test_to_date_string_with_valid_number ... ok
[INFO] [stdout] test datetime::to_date::tests::test_to_date_multiple_format_strings ... ok
[INFO] [stdout] test datetime::to_date::tests::test_to_date_with_format ... ok
[INFO] [stdout] test datetime::date_trunc::tests::test_date_trunc_timezones ... ok
[INFO] [stdout] test datetime::to_char::tests::test_to_char ... ok
[INFO] [stdout] test datetime::date_bin::tests::test_date_bin_before_epoch ... ok
[INFO] [stdout] test datetime::to_local_time::tests::test_timezone_with_daylight_savings ... ok
[INFO] [stdout] test datetime::to_local_time::tests::test_to_local_time_scalar ... ok
[INFO] [stdout] test datetime::to_date::tests::test_to_date_without_format ... ok
[INFO] [stdout] test datetime::date_trunc::tests::date_trunc_test ... ok
[INFO] [stdout] test datetime::to_timestamp::tests::string_to_timestamp_formatted_invalid ... ok
[INFO] [stdout] test datetime::to_local_time::tests::test_adjust_to_local_time ... ok
[INFO] [stdout] test datetime::to_timestamp::tests::string_to_timestamp_invalid_arguments ... ok
[INFO] [stdout] test datetime::to_timestamp::tests::string_to_timestamp_formatted ... ok
[INFO] [stdout] test datetime::to_timestamp::tests::to_timestamp_arrays_and_nulls ... ok
[INFO] [stdout] test datetime::to_local_time::tests::test_to_local_time_timezones_array ... ok
[INFO] [stdout] test datetime::to_timestamp::tests::test_to_timestamp_arg_validation ... ok
[INFO] [stdout] test datetime::to_timestamp::tests::to_timestamp_with_formats_invalid_input_type ... ok
[INFO] [stdout] test datetime::to_timestamp::tests::to_timestamp_with_no_matching_formats ... ok
[INFO] [stdout] test math::cot::test::test_cot_f64 ... ok
[INFO] [stdout] test math::factorial::test::test_factorial_i64 ... ok
[INFO] [stdout] test datetime::to_timestamp::tests::to_timestamp_with_unparseable_data ... ok
[INFO] [stdout] test datetime::to_timestamp::tests::to_timestamp_with_invalid_tz ... ok
[INFO] [stdout] test math::cot::test::test_cot_f32 ... ok
[INFO] [stdout] test datetime::to_timestamp::tests::to_timestamp_with_formats_arrays_and_nulls ... ok
[INFO] [stdout] test datetime::to_timestamp::tests::test_tz ... ok
[INFO] [stdout] test datetime::to_timestamp::tests::to_timestamp_invalid_input_type ... ok
[INFO] [stdout] test math::gcd::test::overflow_on_both_param_i64_min ... ok
[INFO] [stdout] test math::lcm::test::test_lcm_i64 ... ok
[INFO] [stdout] test math::log::tests::test_log_f32 ... ok
[INFO] [stdout] test math::log::tests::test_log_f32_unary ... ok
[INFO] [stdout] test math::iszero::test::test_iszero_f64 ... ok
[INFO] [stdout] test math::log::tests::test_log_f64 ... ok
[INFO] [stdout] test math::iszero::test::test_iszero_f32 ... ok
[INFO] [stdout] test math::log::tests::test_log_f64_unary ... ok
[INFO] [stdout] test math::log::tests::test_log_invalid_value ... ok
[INFO] [stdout] test math::log::tests::test_log_scalar_f32_unary ... ok
[INFO] [stdout] test math::log::tests::test_log_scalar_f64 ... ok
[INFO] [stdout] test math::log::tests::test_log_simplify_errors ... ok
[INFO] [stdout] test math::log::tests::test_log_scalar_f32 ... ok
[INFO] [stdout] test math::gcd::test::test_gcd_i64 ... ok
[INFO] [stdout] test math::log::tests::test_log_scalar_f64_unary ... ok
[INFO] [stdout] test math::log::tests::test_log_output_ordering ... ok
[INFO] [stdout] test math::log::tests::test_log_simplify_original ... ok
[INFO] [stdout] test math::nanvl::test::test_nanvl_f32 ... ok
[INFO] [stdout] test datetime::date_trunc::tests::test_date_trunc_hour_timezones ... ok
[INFO] [stdout] test math::nanvl::test::test_nanvl_f64 ... ok
[INFO] [stdout] test math::power::tests::test_power_f64 ... ok
[INFO] [stdout] test math::power::tests::test_power_i64 ... ok
[INFO] [stdout] test math::round::test::test_round_f32_one_input ... ok
[INFO] [stdout] test math::signum::test::test_signum_f32 ... ok
[INFO] [stdout] test math::round::test::test_round_f64_one_input ... ok
[INFO] [stdout] test math::round::test::test_round_f32_cast_fail ... ok
[INFO] [stdout] test math::round::test::test_round_f64 ... ok
[INFO] [stdout] test math::round::test::test_round_f32 ... ok
[INFO] [stdout] test math::signum::test::test_signum_f64 ... ok
[INFO] [stdout] test math::trunc::test::test_truncate_64_one_arg ... ok
[INFO] [stdout] test math::trunc::test::test_truncate_32 ... ok
[INFO] [stdout] test math::trunc::test::test_truncate_64 ... ok
[INFO] [stdout] test math::tests::test_cases ... ok
[INFO] [stdout] test regex::regexplike::tests::test_unsupported_global_flag_regexp_like ... ok
[INFO] [stdout] test regex::regexpmatch::tests::test_case_insensitive_regexp_match ... ok
[INFO] [stdout] test regex::regexplike::tests::test_case_sensitive_regexp_like_utf8view ... ok
[INFO] [stdout] test regex::regexplike::tests::test_case_insensitive_regexp_like_utf8 ... ok
[INFO] [stdout] test regex::regexplike::tests::test_case_insensitive_regexp_like_utf8view ... ok
[INFO] [stdout] test regex::regexpmatch::tests::test_case_sensitive_regexp_match ... ok
[INFO] [stdout] test regex::regexpmatch::tests::test_unsupported_global_flag_regexp_match ... ok
[INFO] [stdout] test regex::regexpreplace::tests::string_array_with_flags ... ok
[INFO] [stdout] test regex::regexpreplace::tests::string_array ... ok
[INFO] [stdout] test regex::regexpreplace::tests::string_view_array ... ok
[INFO] [stdout] test regex::regexpreplace::tests::large_string_array_with_flags ... ok
[INFO] [stdout] test regex::regexpreplace::tests::test_static_pattern_regexp_replace_early_abort ... ok
[INFO] [stdout] test regex::regexpreplace::tests::string_view_array_with_flags ... ok
[INFO] [stdout] test regex::regexpreplace::tests::test_static_pattern_regexp_replace_early_abort_flags ... ok
[INFO] [stdout] test regex::regexpreplace::tests::test_static_pattern_regexp_replace_pattern_error ... ok
[INFO] [stdout] test regex::regexplike::tests::test_case_sensitive_regexp_like_utf8 ... ok
[INFO] [stdout] test regex::regexpreplace::tests::test_static_pattern_regexp_replace_with_null_buffers ... ok
[INFO] [stdout] test regex::regexpreplace::tests::test_static_pattern_regexp_replace_with_sliced_null_buffer ... ok
[INFO] [stdout] test regex::regexpreplace::tests::large_string_array ... ok
[INFO] [stdout] test regex::regexpreplace::tests::test_static_pattern_regexp_replace_early_abort_when_empty ... ok
[INFO] [stdout] test string::ascii::tests::test_functions ... ok
[INFO] [stdout] test string::concat::tests::test_functions ... ok
[INFO] [stdout] test string::contains::test::test_contains_udf ... ok
[INFO] [stdout] test string::concat_ws::tests::concat_ws ... ok
[INFO] [stdout] test string::ends_with::tests::test_functions ... ok
[INFO] [stdout] test string::concat::tests::concat ... ok
[INFO] [stdout] test string::levenshtein::tests::to_levenshtein ... ok
[INFO] [stdout] test string::concat_ws::tests::test_functions ... ok
[INFO] [stdout] test string::lower::tests::lower_full_optimization ... ok
[INFO] [stdout] test string::lower::tests::lower_maybe_optimization ... ok
[INFO] [stdout] test string::initcap::tests::test_functions ... ok
[INFO] [stdout] test string::octet_length::tests::test_functions ... ok
[INFO] [stdout] test string::overlay::tests::to_overlay ... ok
[INFO] [stdout] test string::btrim::tests::test_functions ... ok
[INFO] [stdout] test string::lower::tests::lower_partial_optimization ... ok
[INFO] [stdout] test string::repeat::tests::test_functions ... ok
[INFO] [stdout] test string::ltrim::tests::test_functions ... ok
[INFO] [stdout] test string::replace::tests::test_functions ... ok
[INFO] [stdout] test string::to_hex::tests::to_hex_positive_number ... ok
[INFO] [stdout] test string::rtrim::tests::test_functions ... ok
[INFO] [stdout] test string::split_part::tests::test_functions ... ok
[INFO] [stdout] test string::starts_with::tests::test_functions ... ok
[INFO] [stdout] test string::upper::tests::upper_maybe_optimization ... ok
[INFO] [stdout] test string::upper::tests::upper_full_optimization ... ok
[INFO] [stdout] test string::to_hex::tests::to_hex_negative_number ... ok
[INFO] [stdout] test string::upper::tests::upper_partial_optimization ... ok
[INFO] [stdout] test unicode::character_length::tests::test_functions ... ok
[INFO] [stdout] test unicode::left::tests::test_functions ... ok
[INFO] [stdout] test string::to_hex::tests::to_hex_zero ... ok
[INFO] [stdout] test unicode::reverse::tests::test_functions ... ok
[INFO] [stdout] test tests::test_no_duplicate_name ... ok
[INFO] [stdout] test unicode::right::tests::test_functions ... ok
[INFO] [stdout] test unicode::substrindex::tests::test_functions ... ok
[INFO] [stdout] test unicode::rpad::tests::test_functions ... ok
[INFO] [stdout] test unicode::strpos::tests::test_strpos_functions ... ok
[INFO] [stdout] test unicode::substr::tests::test_functions ... ok
[INFO] [stdout] test utils::test::string_to_int_type ... ok
[INFO] [stdout] test unicode::translate::tests::test_functions ... ok
[INFO] [stdout] test unicode::lpad::tests::test_functions ... ok
[INFO] [stdout] test regex::regexpcount::tests::test_regexp_count ... ok
[INFO] [stdout] test math::log::tests::test_log_invalid_base_type - should panic ... ok
[INFO] [stdout] 
[INFO] [stdout] test result: ok. 146 passed; 0 failed; 0 ignored; 0 measured; 0 filtered out; finished in 0.75s
[INFO] [stdout] 
[INFO] [stderr]    Doc-tests datafusion_functions
[INFO] [stdout] 
[INFO] [stdout] running 8 tests
[INFO] [stdout] test src/datetime/mod.rs - datetime::expr_fn::to_char (line 153) ... ignored
[INFO] [stdout] test src/datetime/mod.rs - datetime::expr_fn::to_date (line 224) ... ignored
[INFO] [stdout] test src/regex/regexplike.rs - regex::regexplike::regexp_like (line 179) ... ignored
[INFO] [stdout] test src/regex/regexpreplace.rs - regex::regexpreplace::regexp_replace (line 207) ... ignored
[INFO] [stdout] test src/lib.rs - (line 57) ... FAILED
[INFO] [stdout] test src/strings.rs - strings::StringArrayType (line 45) ... FAILED
[INFO] [stdout] test src/core/expr_ext.rs - core::expr_ext::FieldAccessor (line 39) ... FAILED
[INFO] [stdout] test src/lib.rs - (line 41) ... ok
[INFO] [stdout] 
[INFO] [stdout] failures:
[INFO] [stdout] 
[INFO] [stdout] ---- src/lib.rs - (line 57) stdout ----
[INFO] [stdout] error: linking with `cc` failed: exit status: 1
[INFO] [stdout]   |
[INFO] [stdout]   = note: LC_ALL="C" PATH="/opt/rustwide/rustup-home/toolchains/1.83.0-x86_64-unknown-linux-gnu/lib/rustlib/x86_64-unknown-linux-gnu/bin:/opt/rustwide/cargo-home/bin:/usr/local/sbin:/usr/local/bin:/usr/sbin:/usr/bin:/sbin:/bin" VSLANG="1033" "cc" "-m64" "/tmp/rustcAK393z/symbols.o" "/tmp/rustdoctestHNYOKK/rust_out.rust_out.cb03291d53e4e161-cgu.0.rcgu.o" "/tmp/rustdoctestHNYOKK/rust_out.1s7umcihpz0t7nkz1uc2ifee9.rcgu.o" "-Wl,--as-needed" "-Wl,-Bstatic" "/opt/rustwide/target/debug/deps/libdatafusion_functions-c125f73b137efa9f.rlib" "/opt/rustwide/target/debug/deps/libhex-72ec0daf2bf2906b.rlib" "/opt/rustwide/target/debug/deps/libunicode_segmentation-e2ab372fbd4616e0.rlib" "/opt/rustwide/target/debug/deps/libuuid-41e1bf2bcb6a946a.rlib" "/opt/rustwide/target/debug/deps/libdatafusion_execution-813fbcbc794acfdb.rlib" "/opt/rustwide/target/debug/deps/libdatafusion_expr-2dd91827473b141e.rlib" "/opt/rustwide/target/debug/deps/libdatafusion_functions_aggregate_common-98e78f9182cfe233.rlib" "/opt/rustwide/target/debug/deps/libdatafusion_functions_window_common-3f0a7aa41e14050b.rlib" "/opt/rustwide/target/debug/deps/libdatafusion_physical_expr_common-08bea69c95a69b13.rlib" "/opt/rustwide/target/debug/deps/libdatafusion_expr_common-cc4f5e0f0527a317.rlib" "/opt/rustwide/target/debug/deps/libtempfile-12b0762a27a0188c.rlib" "/opt/rustwide/target/debug/deps/libfastrand-33d04f74cb9fe3e0.rlib" "/opt/rustwide/target/debug/deps/librustix-70030f809fb2243b.rlib" "/opt/rustwide/target/debug/deps/libbitflags-e3f7c5486a00e38a.rlib" "/opt/rustwide/target/debug/deps/liblinux_raw_sys-e828328f9118a1ee.rlib" "/opt/rustwide/target/debug/deps/libdashmap-9b026dffbd7097e8.rlib" "/opt/rustwide/target/debug/deps/libcrossbeam_utils-be96993693568ee0.rlib" "/opt/rustwide/target/debug/deps/libobject_store-965af64715437f46.rlib" "/opt/rustwide/target/debug/deps/libitertools-a88bab2bb93dd0c3.rlib" "/opt/rustwide/target/debug/deps/libeither-41b3367888b49508.rlib" "/opt/rustwide/target/debug/deps/libwalkdir-1dd1923acd2c1bf5.rlib" "/opt/rustwide/target/debug/deps/libsame_file-5669399e58eccd84.rlib" "/opt/rustwide/target/debug/deps/liburl-2d156f342e5209d6.rlib" "/opt/rustwide/target/debug/deps/libidna-a5c84fb26325f1a4.rlib" "/opt/rustwide/target/debug/deps/libidna_adapter-7ecfad9c79410921.rlib" "/opt/rustwide/target/debug/deps/libicu_normalizer-d0a250f906327f69.rlib" "/opt/rustwide/target/debug/deps/libicu_normalizer_data-762e61f43eae08c2.rlib" "/opt/rustwide/target/debug/deps/libwrite16-85fd16f27fd45657.rlib" "/opt/rustwide/target/debug/deps/libutf8_iter-fbf995b92c341ba3.rlib" "/opt/rustwide/target/debug/deps/libutf16_iter-83f8708e12b6535a.rlib" "/opt/rustwide/target/debug/deps/libicu_properties-4f0aacaa4e006cbc.rlib" "/opt/rustwide/target/debug/deps/libicu_properties_data-52a01acc947e4a6d.rlib" "/opt/rustwide/target/debug/deps/libicu_locid_transform-86a31a2ba3bc49f3.rlib" "/opt/rustwide/target/debug/deps/libicu_locid_transform_data-38f8208716c2d35a.rlib" "/opt/rustwide/target/debug/deps/libicu_collections-45f06e0f98da5aa7.rlib" "/opt/rustwide/target/debug/deps/libicu_provider-b33241e03fcb0d1b.rlib" "/opt/rustwide/target/debug/deps/libicu_locid-57927dd1321264dd.rlib" "/opt/rustwide/target/debug/deps/liblitemap-a0ca3b3971bb4be7.rlib" "/opt/rustwide/target/debug/deps/libtinystr-e701c31b6408cdbc.rlib" "/opt/rustwide/target/debug/deps/libzerovec-140d18236b1b859b.rlib" "/opt/rustwide/target/debug/deps/libwriteable-c63e282ed55b92df.rlib" "/opt/rustwide/target/debug/deps/libyoke-c3686be1c83072a7.rlib" "/opt/rustwide/target/debug/deps/libzerofrom-942a239d4238ad4a.rlib" "/opt/rustwide/target/debug/deps/libstable_deref_trait-3602560bab1848e8.rlib" "/opt/rustwide/target/debug/deps/libform_urlencoded-6f121219fd6cdc7f.rlib" "/opt/rustwide/target/debug/deps/libpercent_encoding-88cba40a7181d984.rlib" "/opt/rustwide/target/debug/deps/libparking_lot-07e7be1ce6997a0a.rlib" "/opt/rustwide/target/debug/deps/libparking_lot_core-d4fd9788bc18a904.rlib" "/opt/rustwide/target/debug/deps/libsmallvec-01f95b0ceff06af9.rlib" "/opt/rustwide/target/debug/deps/liblock_api-a23216ec06dff3bb.rlib" "/opt/rustwide/target/debug/deps/libscopeguard-d59b845c07f126eb.rlib" "/opt/rustwide/target/debug/deps/libsnafu-0ed3b0630132b40b.rlib" "/opt/rustwide/target/debug/deps/libfutures-fb6fb94d548a6186.rlib" "/opt/rustwide/target/debug/deps/libfutures_executor-3c878e38f38dfcce.rlib" "/opt/rustwide/target/debug/deps/libfutures_util-0bc6e58d5896e84a.rlib" "/opt/rustwide/target/debug/deps/libfutures_io-306100ebd700a899.rlib" "/opt/rustwide/target/debug/deps/libslab-083dd68e0bc19c95.rlib" "/opt/rustwide/target/debug/deps/libfutures_channel-571b6acc8f830fec.rlib" "/opt/rustwide/target/debug/deps/libfutures_sink-dc97bf7de34acf7c.rlib" "/opt/rustwide/target/debug/deps/libfutures_task-b8cf8cc4fcc89c75.rlib" "/opt/rustwide/target/debug/deps/libpin_utils-6bd6355de79f98af.rlib" "/opt/rustwide/target/debug/deps/libfutures_core-5dcafe0cca0831a3.rlib" "/opt/rustwide/target/debug/deps/libdatafusion_common-f8f9afba9a176bb0.rlib" "/opt/rustwide/target/debug/deps/libnum_cpus-6571aba6e23acfe5.rlib" "/opt/rustwide/target/debug/deps/libhashbrown-94f16ee1cfa46e26.rlib" "/opt/rustwide/target/debug/deps/liballocator_api2-88d7b7890afadc02.rlib" "/opt/rustwide/target/debug/deps/libtokio-4007c7bc892d6c5b.rlib" "/opt/rustwide/target/debug/deps/libpin_project_lite-be51d264b86b6c5b.rlib" "/opt/rustwide/target/debug/deps/libsqlparser-94161fe417846e6b.rlib" "/opt/rustwide/target/debug/deps/liblog-2579a5a2dbce8c4d.rlib" "/opt/rustwide/target/debug/deps/libarrow-301361ef3dbc99d2.rlib" "/opt/rustwide/target/debug/deps/librand-673626d2b88c73ca.rlib" "/opt/rustwide/target/debug/deps/librand_chacha-e985dc3c25c678a9.rlib" "/opt/rustwide/target/debug/deps/libppv_lite86-4ff75d50dbed9ad6.rlib" "/opt/rustwide/target/debug/deps/librand_core-1f8e996801df326c.rlib" "/opt/rustwide/target/debug/deps/libarrow_row-2673565d17bfdf7b.rlib" "/opt/rustwide/target/debug/deps/libarrow_json-02d5c9bf95137eb2.rlib" "/opt/rustwide/target/debug/deps/libserde_json-d2aa2f62df15f182.rlib" "/opt/rustwide/target/debug/deps/libindexmap-10fc62c8bb74c388.rlib" "/opt/rustwide/target/debug/deps/libequivalent-4d5cfde55792e26d.rlib" "/opt/rustwide/target/debug/deps/libarrow_ipc-186a6343fd0a714b.rlib" "/opt/rustwide/target/debug/deps/libflatbuffers-83419c58da7f340f.rlib" "/opt/rustwide/target/debug/deps/libbitflags-d3511f9afe014f87.rlib" "/opt/rustwide/target/debug/deps/libarrow_csv-14d42bb3acf8ac6f.rlib" "/opt/rustwide/target/debug/deps/liblazy_static-977f75dcedc2f7be.rlib" "/opt/rustwide/target/debug/deps/libcsv-ede127b4f825611f.rlib" "/opt/rustwide/target/debug/deps/libitoa-e8776415c5fe0047.rlib" "/opt/rustwide/target/debug/deps/libserde-9ea85e52d61bc260.rlib" "/opt/rustwide/target/debug/deps/libcsv_core-77664cc04dc9d631.rlib" "/opt/rustwide/target/debug/deps/libarrow_string-f03899d85219e85c.rlib" "/opt/rustwide/target/debug/deps/libregex-d95b326e6b6c6daa.rlib" "/opt/rustwide/target/debug/deps/libregex_automata-fb68867d3d4723af.rlib" "/opt/rustwide/target/debug/deps/libaho_corasick-ca3c2ec2e6ffa0c6.rlib" "/opt/rustwide/target/debug/deps/libregex_syntax-155e812807b49638.rlib" "/opt/rustwide/target/debug/deps/libmemchr-a61794c77f52d343.rlib" "/opt/rustwide/target/debug/deps/libarrow_cast-bea8318b2ef55d65.rlib" "/opt/rustwide/target/debug/deps/libatoi-c46a5eabf90aacee.rlib" "/opt/rustwide/target/debug/deps/libryu-bba83beca99dd7c0.rlib" "/opt/rustwide/target/debug/deps/libbase64-1d5853d8a2dd9229.rlib" "/opt/rustwide/target/debug/deps/libcomfy_table-420a49c068191df9.rlib" "/opt/rustwide/target/debug/deps/libunicode_width-1fad63f197998a43.rlib" "/opt/rustwide/target/debug/deps/libstrum-596f4f8d664e856e.rlib" "/opt/rustwide/target/debug/deps/liblexical_core-8c71dfeef4982a90.rlib" "/opt/rustwide/target/debug/deps/liblexical_write_float-d6cfd6ee77a40f1e.rlib" "/opt/rustwide/target/debug/deps/liblexical_write_integer-122da14b9bea7f28.rlib" "/opt/rustwide/target/debug/deps/liblexical_parse_float-349190e17e1ac9c7.rlib" "/opt/rustwide/target/debug/deps/liblexical_parse_integer-696c3b8e0f9ce3ee.rlib" "/opt/rustwide/target/debug/deps/liblexical_util-53cf0cf6c10b6ecc.rlib" "/opt/rustwide/target/debug/deps/libstatic_assertions-3e50e277f96a204d.rlib" "/opt/rustwide/target/debug/deps/libarrow_arith-22ddf4eca65390a0.rlib" "/opt/rustwide/target/debug/deps/libarrow_ord-b72dac5dcf211847.rlib" "/opt/rustwide/target/debug/deps/libarrow_select-d4c6b16d505c2b9e.rlib" "/opt/rustwide/target/debug/deps/libarrow_array-a55f75d9a95b48fa.rlib" "/opt/rustwide/target/debug/deps/libchrono_tz-4bcfc25255f4721f.rlib" "/opt/rustwide/target/debug/deps/libphf-07e06e1e2a653873.rlib" "/opt/rustwide/target/debug/deps/libphf_shared-da7a72d53ed90703.rlib" "/opt/rustwide/target/debug/deps/libsiphasher-9a0e888a6230d9ab.rlib" "/opt/rustwide/target/debug/deps/libahash-4a1e80aa94a8070c.rlib" "/opt/rustwide/target/debug/deps/libgetrandom-21e7353a01032e9e.rlib" "/opt/rustwide/target/debug/deps/libonce_cell-6f631f2a5f71cecc.rlib" "/opt/rustwide/target/debug/deps/libzerocopy-a927c67494f62cff.rlib" "/opt/rustwide/target/debug/deps/libbyteorder-d36d73da0d12e75b.rlib" "/opt/rustwide/target/debug/deps/libhashbrown-62cdb64ce3ed52bb.rlib" "/opt/rustwide/target/debug/deps/libchrono-1d1f6b29859b1023.rlib" "/opt/rustwide/target/debug/deps/libiana_time_zone-327d1375b89fcc29.rlib" "/opt/rustwide/target/debug/deps/libarrow_data-7aa0f9d6f7df178b.rlib" "/opt/rustwide/target/debug/deps/libarrow_buffer-2ca8e9e830b2d114.rlib" "/opt/rustwide/target/debug/deps/libbytes-4283fbd60d33408b.rlib" "/opt/rustwide/target/debug/deps/libhalf-0c30d9f21923b7c1.rlib" "/opt/rustwide/target/debug/deps/libcfg_if-8217498f8667ada9.rlib" "/opt/rustwide/target/debug/deps/libnum-48563a0ec93a5cf3.rlib" "/opt/rustwide/target/debug/deps/libnum_iter-0a5a5a582ac19231.rlib" "/opt/rustwide/target/debug/deps/libnum_rational-9cbb2a75908b00d9.rlib" "/opt/rustwide/target/debug/deps/libnum_complex-31a6d6619e781676.rlib" "/opt/rustwide/target/debug/deps/libnum_bigint-c2c7a6f6f6051a8d.rlib" "/opt/rustwide/target/debug/deps/libnum_integer-a40b5435b2def59d.rlib" "/opt/rustwide/target/debug/deps/libnum_traits-fa7f7512062a9aed.rlib" "/opt/rustwide/target/debug/deps/libarrow_schema-6d99a25f4751c77f.rlib" "/opt/rustwide/target/debug/deps/liblibc-48c07cb418e82d02.rlib" "/opt/rustwide/rustup-home/toolchains/1.83.0-x86_64-unknown-linux-gnu/lib/rustlib/x86_64-unknown-linux-gnu/lib/libstd-ca74a2d9c5166d9f.rlib" "/opt/rustwide/rustup-home/toolchains/1.83.0-x86_64-unknown-linux-gnu/lib/rustlib/x86_64-unknown-linux-gnu/lib/libpanic_unwind-e31ab23316ed5080.rlib" "/opt/rustwide/rustup-home/toolchains/1.83.0-x86_64-unknown-linux-gnu/lib/rustlib/x86_64-unknown-linux-gnu/lib/libobject-27dc4aa955912662.rlib" "/opt/rustwide/rustup-home/toolchains/1.83.0-x86_64-unknown-linux-gnu/lib/rustlib/x86_64-unknown-linux-gnu/lib/libmemchr-bd0d6cccce077b99.rlib" "/opt/rustwide/rustup-home/toolchains/1.83.0-x86_64-unknown-linux-gnu/lib/rustlib/x86_64-unknown-linux-gnu/lib/libaddr2line-8d001680935b5e3c.rlib" "/opt/rustwide/rustup-home/toolchains/1.83.0-x86_64-unknown-linux-gnu/lib/rustlib/x86_64-unknown-linux-gnu/lib/libgimli-ba8ce71964f984f4.rlib" "/opt/rustwide/rustup-home/toolchains/1.83.0-x86_64-unknown-linux-gnu/lib/rustlib/x86_64-unknown-linux-gnu/lib/librustc_demangle-99a73526abcec14b.rlib" "/opt/rustwide/rustup-home/toolchains/1.83.0-x86_64-unknown-linux-gnu/lib/rustlib/x86_64-unknown-linux-gnu/lib/libstd_detect-63ac0d22cff92579.rlib" "/opt/rustwide/rustup-home/toolchains/1.83.0-x86_64-unknown-linux-gnu/lib/rustlib/x86_64-unknown-linux-gnu/lib/libhashbrown-9057355c92c922d5.rlib" "/opt/rustwide/rustup-home/toolchains/1.83.0-x86_64-unknown-linux-gnu/lib/rustlib/x86_64-unknown-linux-gnu/lib/librustc_std_workspace_alloc-358be9bc1f6bab04.rlib" "/opt/rustwide/rustup-home/toolchains/1.83.0-x86_64-unknown-linux-gnu/lib/rustlib/x86_64-unknown-linux-gnu/lib/libminiz_oxide-aca15549d5bff974.rlib" "/opt/rustwide/rustup-home/toolchains/1.83.0-x86_64-unknown-linux-gnu/lib/rustlib/x86_64-unknown-linux-gnu/lib/libadler-8251d2cef7072448.rlib" "/opt/rustwide/rustup-home/toolchains/1.83.0-x86_64-unknown-linux-gnu/lib/rustlib/x86_64-unknown-linux-gnu/lib/libunwind-7d50b86011c66411.rlib" "/opt/rustwide/rustup-home/toolchains/1.83.0-x86_64-unknown-linux-gnu/lib/rustlib/x86_64-unknown-linux-gnu/lib/libcfg_if-51ea098fce5006bf.rlib" "/opt/rustwide/rustup-home/toolchains/1.83.0-x86_64-unknown-linux-gnu/lib/rustlib/x86_64-unknown-linux-gnu/lib/liblibc-5a14e0d0b712e731.rlib" "/opt/rustwide/rustup-home/toolchains/1.83.0-x86_64-unknown-linux-gnu/lib/rustlib/x86_64-unknown-linux-gnu/lib/liballoc-8b83dbf3a7b8f999.rlib" "/opt/rustwide/rustup-home/toolchains/1.83.0-x86_64-unknown-linux-gnu/lib/rustlib/x86_64-unknown-linux-gnu/lib/librustc_std_workspace_core-c6fd227bdc7b39ff.rlib" "/opt/rustwide/rustup-home/toolchains/1.83.0-x86_64-unknown-linux-gnu/lib/rustlib/x86_64-unknown-linux-gnu/lib/libcore-959d3389fa3da8a5.rlib" "/opt/rustwide/rustup-home/toolchains/1.83.0-x86_64-unknown-linux-gnu/lib/rustlib/x86_64-unknown-linux-gnu/lib/libcompiler_builtins-abe05db089cc2c62.rlib" "-Wl,-Bdynamic" "-lgcc_s" "-lutil" "-lrt" "-lpthread" "-lm" "-ldl" "-lc" "-Wl,--eh-frame-hdr" "-Wl,-z,noexecstack" "-L" "/opt/rustwide/rustup-home/toolchains/1.83.0-x86_64-unknown-linux-gnu/lib/rustlib/x86_64-unknown-linux-gnu/lib" "-o" "/tmp/rustdoctestHNYOKK/rust_out" "-Wl,--gc-sections" "-pie" "-Wl,-z,relro,-z,now" "-nodefaultlibs"
[INFO] [stdout]   = note: collect2: fatal error: ld terminated with signal 9 [Killed]
[INFO] [stdout]           compilation terminated.
[INFO] [stdout]           
[INFO] [stdout] 
[INFO] [stdout] error: aborting due to 1 previous error
[INFO] [stdout] 
[INFO] [stdout] Couldn't compile the test.
[INFO] [stdout] ---- src/strings.rs - strings::StringArrayType (line 45) stdout ----
[INFO] [stdout] error: linking with `cc` failed: exit status: 1
[INFO] [stdout]   |
[INFO] [stdout]   = note: LC_ALL="C" PATH="/opt/rustwide/rustup-home/toolchains/1.83.0-x86_64-unknown-linux-gnu/lib/rustlib/x86_64-unknown-linux-gnu/bin:/opt/rustwide/cargo-home/bin:/usr/local/sbin:/usr/local/bin:/usr/sbin:/usr/bin:/sbin:/bin" VSLANG="1033" "cc" "-m64" "/tmp/rustc45QMxX/symbols.o" "/tmp/rustdoctest0YtxCy/rust_out.rust_out.cb03291d53e4e161-cgu.0.rcgu.o" "/tmp/rustdoctest0YtxCy/rust_out.1s7umcihpz0t7nkz1uc2ifee9.rcgu.o" "-Wl,--as-needed" "-Wl,-Bstatic" "/opt/rustwide/target/debug/deps/libdatafusion_functions-c125f73b137efa9f.rlib" "/opt/rustwide/target/debug/deps/libhex-72ec0daf2bf2906b.rlib" "/opt/rustwide/target/debug/deps/libunicode_segmentation-e2ab372fbd4616e0.rlib" "/opt/rustwide/target/debug/deps/libuuid-41e1bf2bcb6a946a.rlib" "/opt/rustwide/target/debug/deps/libdatafusion_execution-813fbcbc794acfdb.rlib" "/opt/rustwide/target/debug/deps/libdatafusion_expr-2dd91827473b141e.rlib" "/opt/rustwide/target/debug/deps/libdatafusion_functions_aggregate_common-98e78f9182cfe233.rlib" "/opt/rustwide/target/debug/deps/libdatafusion_functions_window_common-3f0a7aa41e14050b.rlib" "/opt/rustwide/target/debug/deps/libdatafusion_physical_expr_common-08bea69c95a69b13.rlib" "/opt/rustwide/target/debug/deps/libdatafusion_expr_common-cc4f5e0f0527a317.rlib" "/opt/rustwide/target/debug/deps/libtempfile-12b0762a27a0188c.rlib" "/opt/rustwide/target/debug/deps/libfastrand-33d04f74cb9fe3e0.rlib" "/opt/rustwide/target/debug/deps/librustix-70030f809fb2243b.rlib" "/opt/rustwide/target/debug/deps/libbitflags-e3f7c5486a00e38a.rlib" "/opt/rustwide/target/debug/deps/liblinux_raw_sys-e828328f9118a1ee.rlib" "/opt/rustwide/target/debug/deps/libdashmap-9b026dffbd7097e8.rlib" "/opt/rustwide/target/debug/deps/libcrossbeam_utils-be96993693568ee0.rlib" "/opt/rustwide/target/debug/deps/libobject_store-965af64715437f46.rlib" "/opt/rustwide/target/debug/deps/libitertools-a88bab2bb93dd0c3.rlib" "/opt/rustwide/target/debug/deps/libeither-41b3367888b49508.rlib" "/opt/rustwide/target/debug/deps/libwalkdir-1dd1923acd2c1bf5.rlib" "/opt/rustwide/target/debug/deps/libsame_file-5669399e58eccd84.rlib" "/opt/rustwide/target/debug/deps/liburl-2d156f342e5209d6.rlib" "/opt/rustwide/target/debug/deps/libidna-a5c84fb26325f1a4.rlib" "/opt/rustwide/target/debug/deps/libidna_adapter-7ecfad9c79410921.rlib" "/opt/rustwide/target/debug/deps/libicu_normalizer-d0a250f906327f69.rlib" "/opt/rustwide/target/debug/deps/libicu_normalizer_data-762e61f43eae08c2.rlib" "/opt/rustwide/target/debug/deps/libwrite16-85fd16f27fd45657.rlib" "/opt/rustwide/target/debug/deps/libutf8_iter-fbf995b92c341ba3.rlib" "/opt/rustwide/target/debug/deps/libutf16_iter-83f8708e12b6535a.rlib" "/opt/rustwide/target/debug/deps/libicu_properties-4f0aacaa4e006cbc.rlib" "/opt/rustwide/target/debug/deps/libicu_properties_data-52a01acc947e4a6d.rlib" "/opt/rustwide/target/debug/deps/libicu_locid_transform-86a31a2ba3bc49f3.rlib" "/opt/rustwide/target/debug/deps/libicu_locid_transform_data-38f8208716c2d35a.rlib" "/opt/rustwide/target/debug/deps/libicu_collections-45f06e0f98da5aa7.rlib" "/opt/rustwide/target/debug/deps/libicu_provider-b33241e03fcb0d1b.rlib" "/opt/rustwide/target/debug/deps/libicu_locid-57927dd1321264dd.rlib" "/opt/rustwide/target/debug/deps/liblitemap-a0ca3b3971bb4be7.rlib" "/opt/rustwide/target/debug/deps/libtinystr-e701c31b6408cdbc.rlib" "/opt/rustwide/target/debug/deps/libzerovec-140d18236b1b859b.rlib" "/opt/rustwide/target/debug/deps/libwriteable-c63e282ed55b92df.rlib" "/opt/rustwide/target/debug/deps/libyoke-c3686be1c83072a7.rlib" "/opt/rustwide/target/debug/deps/libzerofrom-942a239d4238ad4a.rlib" "/opt/rustwide/target/debug/deps/libstable_deref_trait-3602560bab1848e8.rlib" "/opt/rustwide/target/debug/deps/libform_urlencoded-6f121219fd6cdc7f.rlib" "/opt/rustwide/target/debug/deps/libpercent_encoding-88cba40a7181d984.rlib" "/opt/rustwide/target/debug/deps/libparking_lot-07e7be1ce6997a0a.rlib" "/opt/rustwide/target/debug/deps/libparking_lot_core-d4fd9788bc18a904.rlib" "/opt/rustwide/target/debug/deps/libsmallvec-01f95b0ceff06af9.rlib" "/opt/rustwide/target/debug/deps/liblock_api-a23216ec06dff3bb.rlib" "/opt/rustwide/target/debug/deps/libscopeguard-d59b845c07f126eb.rlib" "/opt/rustwide/target/debug/deps/libsnafu-0ed3b0630132b40b.rlib" "/opt/rustwide/target/debug/deps/libfutures-fb6fb94d548a6186.rlib" "/opt/rustwide/target/debug/deps/libfutures_executor-3c878e38f38dfcce.rlib" "/opt/rustwide/target/debug/deps/libfutures_util-0bc6e58d5896e84a.rlib" "/opt/rustwide/target/debug/deps/libfutures_io-306100ebd700a899.rlib" "/opt/rustwide/target/debug/deps/libslab-083dd68e0bc19c95.rlib" "/opt/rustwide/target/debug/deps/libfutures_channel-571b6acc8f830fec.rlib" "/opt/rustwide/target/debug/deps/libfutures_sink-dc97bf7de34acf7c.rlib" "/opt/rustwide/target/debug/deps/libfutures_task-b8cf8cc4fcc89c75.rlib" "/opt/rustwide/target/debug/deps/libpin_utils-6bd6355de79f98af.rlib" "/opt/rustwide/target/debug/deps/libfutures_core-5dcafe0cca0831a3.rlib" "/opt/rustwide/target/debug/deps/libdatafusion_common-f8f9afba9a176bb0.rlib" "/opt/rustwide/target/debug/deps/libnum_cpus-6571aba6e23acfe5.rlib" "/opt/rustwide/target/debug/deps/libhashbrown-94f16ee1cfa46e26.rlib" "/opt/rustwide/target/debug/deps/liballocator_api2-88d7b7890afadc02.rlib" "/opt/rustwide/target/debug/deps/libtokio-4007c7bc892d6c5b.rlib" "/opt/rustwide/target/debug/deps/libpin_project_lite-be51d264b86b6c5b.rlib" "/opt/rustwide/target/debug/deps/libsqlparser-94161fe417846e6b.rlib" "/opt/rustwide/target/debug/deps/liblog-2579a5a2dbce8c4d.rlib" "/opt/rustwide/target/debug/deps/libarrow-301361ef3dbc99d2.rlib" "/opt/rustwide/target/debug/deps/librand-673626d2b88c73ca.rlib" "/opt/rustwide/target/debug/deps/librand_chacha-e985dc3c25c678a9.rlib" "/opt/rustwide/target/debug/deps/libppv_lite86-4ff75d50dbed9ad6.rlib" "/opt/rustwide/target/debug/deps/librand_core-1f8e996801df326c.rlib" "/opt/rustwide/target/debug/deps/libarrow_row-2673565d17bfdf7b.rlib" "/opt/rustwide/target/debug/deps/libarrow_json-02d5c9bf95137eb2.rlib" "/opt/rustwide/target/debug/deps/libserde_json-d2aa2f62df15f182.rlib" "/opt/rustwide/target/debug/deps/libindexmap-10fc62c8bb74c388.rlib" "/opt/rustwide/target/debug/deps/libequivalent-4d5cfde55792e26d.rlib" "/opt/rustwide/target/debug/deps/libarrow_ipc-186a6343fd0a714b.rlib" "/opt/rustwide/target/debug/deps/libflatbuffers-83419c58da7f340f.rlib" "/opt/rustwide/target/debug/deps/libbitflags-d3511f9afe014f87.rlib" "/opt/rustwide/target/debug/deps/libarrow_csv-14d42bb3acf8ac6f.rlib" "/opt/rustwide/target/debug/deps/liblazy_static-977f75dcedc2f7be.rlib" "/opt/rustwide/target/debug/deps/libcsv-ede127b4f825611f.rlib" "/opt/rustwide/target/debug/deps/libitoa-e8776415c5fe0047.rlib" "/opt/rustwide/target/debug/deps/libserde-9ea85e52d61bc260.rlib" "/opt/rustwide/target/debug/deps/libcsv_core-77664cc04dc9d631.rlib" "/opt/rustwide/target/debug/deps/libarrow_string-f03899d85219e85c.rlib" "/opt/rustwide/target/debug/deps/libregex-d95b326e6b6c6daa.rlib" "/opt/rustwide/target/debug/deps/libregex_automata-fb68867d3d4723af.rlib" "/opt/rustwide/target/debug/deps/libaho_corasick-ca3c2ec2e6ffa0c6.rlib" "/opt/rustwide/target/debug/deps/libregex_syntax-155e812807b49638.rlib" "/opt/rustwide/target/debug/deps/libmemchr-a61794c77f52d343.rlib" "/opt/rustwide/target/debug/deps/libarrow_cast-bea8318b2ef55d65.rlib" "/opt/rustwide/target/debug/deps/libatoi-c46a5eabf90aacee.rlib" "/opt/rustwide/target/debug/deps/libryu-bba83beca99dd7c0.rlib" "/opt/rustwide/target/debug/deps/libbase64-1d5853d8a2dd9229.rlib" "/opt/rustwide/target/debug/deps/libcomfy_table-420a49c068191df9.rlib" "/opt/rustwide/target/debug/deps/libunicode_width-1fad63f197998a43.rlib" "/opt/rustwide/target/debug/deps/libstrum-596f4f8d664e856e.rlib" "/opt/rustwide/target/debug/deps/liblexical_core-8c71dfeef4982a90.rlib" "/opt/rustwide/target/debug/deps/liblexical_write_float-d6cfd6ee77a40f1e.rlib" "/opt/rustwide/target/debug/deps/liblexical_write_integer-122da14b9bea7f28.rlib" "/opt/rustwide/target/debug/deps/liblexical_parse_float-349190e17e1ac9c7.rlib" "/opt/rustwide/target/debug/deps/liblexical_parse_integer-696c3b8e0f9ce3ee.rlib" "/opt/rustwide/target/debug/deps/liblexical_util-53cf0cf6c10b6ecc.rlib" "/opt/rustwide/target/debug/deps/libstatic_assertions-3e50e277f96a204d.rlib" "/opt/rustwide/target/debug/deps/libarrow_arith-22ddf4eca65390a0.rlib" "/opt/rustwide/target/debug/deps/libarrow_ord-b72dac5dcf211847.rlib" "/opt/rustwide/target/debug/deps/libarrow_select-d4c6b16d505c2b9e.rlib" "/opt/rustwide/target/debug/deps/libarrow_array-a55f75d9a95b48fa.rlib" "/opt/rustwide/target/debug/deps/libchrono_tz-4bcfc25255f4721f.rlib" "/opt/rustwide/target/debug/deps/libphf-07e06e1e2a653873.rlib" "/opt/rustwide/target/debug/deps/libphf_shared-da7a72d53ed90703.rlib" "/opt/rustwide/target/debug/deps/libsiphasher-9a0e888a6230d9ab.rlib" "/opt/rustwide/target/debug/deps/libahash-4a1e80aa94a8070c.rlib" "/opt/rustwide/target/debug/deps/libgetrandom-21e7353a01032e9e.rlib" "/opt/rustwide/target/debug/deps/libonce_cell-6f631f2a5f71cecc.rlib" "/opt/rustwide/target/debug/deps/libzerocopy-a927c67494f62cff.rlib" "/opt/rustwide/target/debug/deps/libbyteorder-d36d73da0d12e75b.rlib" "/opt/rustwide/target/debug/deps/libhashbrown-62cdb64ce3ed52bb.rlib" "/opt/rustwide/target/debug/deps/libchrono-1d1f6b29859b1023.rlib" "/opt/rustwide/target/debug/deps/libiana_time_zone-327d1375b89fcc29.rlib" "/opt/rustwide/target/debug/deps/libarrow_data-7aa0f9d6f7df178b.rlib" "/opt/rustwide/target/debug/deps/libarrow_buffer-2ca8e9e830b2d114.rlib" "/opt/rustwide/target/debug/deps/libbytes-4283fbd60d33408b.rlib" "/opt/rustwide/target/debug/deps/libhalf-0c30d9f21923b7c1.rlib" "/opt/rustwide/target/debug/deps/libcfg_if-8217498f8667ada9.rlib" "/opt/rustwide/target/debug/deps/libnum-48563a0ec93a5cf3.rlib" "/opt/rustwide/target/debug/deps/libnum_iter-0a5a5a582ac19231.rlib" "/opt/rustwide/target/debug/deps/libnum_rational-9cbb2a75908b00d9.rlib" "/opt/rustwide/target/debug/deps/libnum_complex-31a6d6619e781676.rlib" "/opt/rustwide/target/debug/deps/libnum_bigint-c2c7a6f6f6051a8d.rlib" "/opt/rustwide/target/debug/deps/libnum_integer-a40b5435b2def59d.rlib" "/opt/rustwide/target/debug/deps/libnum_traits-fa7f7512062a9aed.rlib" "/opt/rustwide/target/debug/deps/libarrow_schema-6d99a25f4751c77f.rlib" "/opt/rustwide/target/debug/deps/liblibc-48c07cb418e82d02.rlib" "/opt/rustwide/rustup-home/toolchains/1.83.0-x86_64-unknown-linux-gnu/lib/rustlib/x86_64-unknown-linux-gnu/lib/libstd-ca74a2d9c5166d9f.rlib" "/opt/rustwide/rustup-home/toolchains/1.83.0-x86_64-unknown-linux-gnu/lib/rustlib/x86_64-unknown-linux-gnu/lib/libpanic_unwind-e31ab23316ed5080.rlib" "/opt/rustwide/rustup-home/toolchains/1.83.0-x86_64-unknown-linux-gnu/lib/rustlib/x86_64-unknown-linux-gnu/lib/libobject-27dc4aa955912662.rlib" "/opt/rustwide/rustup-home/toolchains/1.83.0-x86_64-unknown-linux-gnu/lib/rustlib/x86_64-unknown-linux-gnu/lib/libmemchr-bd0d6cccce077b99.rlib" "/opt/rustwide/rustup-home/toolchains/1.83.0-x86_64-unknown-linux-gnu/lib/rustlib/x86_64-unknown-linux-gnu/lib/libaddr2line-8d001680935b5e3c.rlib" "/opt/rustwide/rustup-home/toolchains/1.83.0-x86_64-unknown-linux-gnu/lib/rustlib/x86_64-unknown-linux-gnu/lib/libgimli-ba8ce71964f984f4.rlib" "/opt/rustwide/rustup-home/toolchains/1.83.0-x86_64-unknown-linux-gnu/lib/rustlib/x86_64-unknown-linux-gnu/lib/librustc_demangle-99a73526abcec14b.rlib" "/opt/rustwide/rustup-home/toolchains/1.83.0-x86_64-unknown-linux-gnu/lib/rustlib/x86_64-unknown-linux-gnu/lib/libstd_detect-63ac0d22cff92579.rlib" "/opt/rustwide/rustup-home/toolchains/1.83.0-x86_64-unknown-linux-gnu/lib/rustlib/x86_64-unknown-linux-gnu/lib/libhashbrown-9057355c92c922d5.rlib" "/opt/rustwide/rustup-home/toolchains/1.83.0-x86_64-unknown-linux-gnu/lib/rustlib/x86_64-unknown-linux-gnu/lib/librustc_std_workspace_alloc-358be9bc1f6bab04.rlib" "/opt/rustwide/rustup-home/toolchains/1.83.0-x86_64-unknown-linux-gnu/lib/rustlib/x86_64-unknown-linux-gnu/lib/libminiz_oxide-aca15549d5bff974.rlib" "/opt/rustwide/rustup-home/toolchains/1.83.0-x86_64-unknown-linux-gnu/lib/rustlib/x86_64-unknown-linux-gnu/lib/libadler-8251d2cef7072448.rlib" "/opt/rustwide/rustup-home/toolchains/1.83.0-x86_64-unknown-linux-gnu/lib/rustlib/x86_64-unknown-linux-gnu/lib/libunwind-7d50b86011c66411.rlib" "/opt/rustwide/rustup-home/toolchains/1.83.0-x86_64-unknown-linux-gnu/lib/rustlib/x86_64-unknown-linux-gnu/lib/libcfg_if-51ea098fce5006bf.rlib" "/opt/rustwide/rustup-home/toolchains/1.83.0-x86_64-unknown-linux-gnu/lib/rustlib/x86_64-unknown-linux-gnu/lib/liblibc-5a14e0d0b712e731.rlib" "/opt/rustwide/rustup-home/toolchains/1.83.0-x86_64-unknown-linux-gnu/lib/rustlib/x86_64-unknown-linux-gnu/lib/liballoc-8b83dbf3a7b8f999.rlib" "/opt/rustwide/rustup-home/toolchains/1.83.0-x86_64-unknown-linux-gnu/lib/rustlib/x86_64-unknown-linux-gnu/lib/librustc_std_workspace_core-c6fd227bdc7b39ff.rlib" "/opt/rustwide/rustup-home/toolchains/1.83.0-x86_64-unknown-linux-gnu/lib/rustlib/x86_64-unknown-linux-gnu/lib/libcore-959d3389fa3da8a5.rlib" "/opt/rustwide/rustup-home/toolchains/1.83.0-x86_64-unknown-linux-gnu/lib/rustlib/x86_64-unknown-linux-gnu/lib/libcompiler_builtins-abe05db089cc2c62.rlib" "-Wl,-Bdynamic" "-lgcc_s" "-lutil" "-lrt" "-lpthread" "-lm" "-ldl" "-lc" "-Wl,--eh-frame-hdr" "-Wl,-z,noexecstack" "-L" "/opt/rustwide/rustup-home/toolchains/1.83.0-x86_64-unknown-linux-gnu/lib/rustlib/x86_64-unknown-linux-gnu/lib" "-o" "/tmp/rustdoctest0YtxCy/rust_out" "-Wl,--gc-sections" "-pie" "-Wl,-z,relro,-z,now" "-nodefaultlibs"
[INFO] [stdout]   = note: collect2: fatal error: ld terminated with signal 9 [Killed]
[INFO] [stdout]           compilation terminated.
[INFO] [stdout]           
[INFO] [stdout] 
[INFO] [stdout] error: aborting due to 1 previous error
[INFO] [stdout] 
[INFO] [stdout] Couldn't compile the test.
[INFO] [stdout] ---- src/core/expr_ext.rs - core::expr_ext::FieldAccessor (line 39) stdout ----
[INFO] [stdout] error: linking with `cc` failed: exit status: 1
[INFO] [stdout]   |
[INFO] [stdout]   = note: LC_ALL="C" PATH="/opt/rustwide/rustup-home/toolchains/1.83.0-x86_64-unknown-linux-gnu/lib/rustlib/x86_64-unknown-linux-gnu/bin:/opt/rustwide/cargo-home/bin:/usr/local/sbin:/usr/local/bin:/usr/sbin:/usr/bin:/sbin:/bin" VSLANG="1033" "cc" "-m64" "/tmp/rustcUOHzvq/symbols.o" "/tmp/rustdoctestKraOeF/rust_out.rust_out.cb03291d53e4e161-cgu.0.rcgu.o" "/tmp/rustdoctestKraOeF/rust_out.1s7umcihpz0t7nkz1uc2ifee9.rcgu.o" "-Wl,--as-needed" "-Wl,-Bstatic" "/opt/rustwide/target/debug/deps/libdatafusion_functions-c125f73b137efa9f.rlib" "/opt/rustwide/target/debug/deps/libhex-72ec0daf2bf2906b.rlib" "/opt/rustwide/target/debug/deps/libunicode_segmentation-e2ab372fbd4616e0.rlib" "/opt/rustwide/target/debug/deps/libuuid-41e1bf2bcb6a946a.rlib" "/opt/rustwide/target/debug/deps/libdatafusion_execution-813fbcbc794acfdb.rlib" "/opt/rustwide/target/debug/deps/libdatafusion_expr-2dd91827473b141e.rlib" "/opt/rustwide/target/debug/deps/libdatafusion_functions_aggregate_common-98e78f9182cfe233.rlib" "/opt/rustwide/target/debug/deps/libdatafusion_functions_window_common-3f0a7aa41e14050b.rlib" "/opt/rustwide/target/debug/deps/libdatafusion_physical_expr_common-08bea69c95a69b13.rlib" "/opt/rustwide/target/debug/deps/libdatafusion_expr_common-cc4f5e0f0527a317.rlib" "/opt/rustwide/target/debug/deps/libtempfile-12b0762a27a0188c.rlib" "/opt/rustwide/target/debug/deps/libfastrand-33d04f74cb9fe3e0.rlib" "/opt/rustwide/target/debug/deps/librustix-70030f809fb2243b.rlib" "/opt/rustwide/target/debug/deps/libbitflags-e3f7c5486a00e38a.rlib" "/opt/rustwide/target/debug/deps/liblinux_raw_sys-e828328f9118a1ee.rlib" "/opt/rustwide/target/debug/deps/libdashmap-9b026dffbd7097e8.rlib" "/opt/rustwide/target/debug/deps/libcrossbeam_utils-be96993693568ee0.rlib" "/opt/rustwide/target/debug/deps/libobject_store-965af64715437f46.rlib" "/opt/rustwide/target/debug/deps/libitertools-a88bab2bb93dd0c3.rlib" "/opt/rustwide/target/debug/deps/libeither-41b3367888b49508.rlib" "/opt/rustwide/target/debug/deps/libwalkdir-1dd1923acd2c1bf5.rlib" "/opt/rustwide/target/debug/deps/libsame_file-5669399e58eccd84.rlib" "/opt/rustwide/target/debug/deps/liburl-2d156f342e5209d6.rlib" "/opt/rustwide/target/debug/deps/libidna-a5c84fb26325f1a4.rlib" "/opt/rustwide/target/debug/deps/libidna_adapter-7ecfad9c79410921.rlib" "/opt/rustwide/target/debug/deps/libicu_normalizer-d0a250f906327f69.rlib" "/opt/rustwide/target/debug/deps/libicu_normalizer_data-762e61f43eae08c2.rlib" "/opt/rustwide/target/debug/deps/libwrite16-85fd16f27fd45657.rlib" "/opt/rustwide/target/debug/deps/libutf8_iter-fbf995b92c341ba3.rlib" "/opt/rustwide/target/debug/deps/libutf16_iter-83f8708e12b6535a.rlib" "/opt/rustwide/target/debug/deps/libicu_properties-4f0aacaa4e006cbc.rlib" "/opt/rustwide/target/debug/deps/libicu_properties_data-52a01acc947e4a6d.rlib" "/opt/rustwide/target/debug/deps/libicu_locid_transform-86a31a2ba3bc49f3.rlib" "/opt/rustwide/target/debug/deps/libicu_locid_transform_data-38f8208716c2d35a.rlib" "/opt/rustwide/target/debug/deps/libicu_collections-45f06e0f98da5aa7.rlib" "/opt/rustwide/target/debug/deps/libicu_provider-b33241e03fcb0d1b.rlib" "/opt/rustwide/target/debug/deps/libicu_locid-57927dd1321264dd.rlib" "/opt/rustwide/target/debug/deps/liblitemap-a0ca3b3971bb4be7.rlib" "/opt/rustwide/target/debug/deps/libtinystr-e701c31b6408cdbc.rlib" "/opt/rustwide/target/debug/deps/libzerovec-140d18236b1b859b.rlib" "/opt/rustwide/target/debug/deps/libwriteable-c63e282ed55b92df.rlib" "/opt/rustwide/target/debug/deps/libyoke-c3686be1c83072a7.rlib" "/opt/rustwide/target/debug/deps/libzerofrom-942a239d4238ad4a.rlib" "/opt/rustwide/target/debug/deps/libstable_deref_trait-3602560bab1848e8.rlib" "/opt/rustwide/target/debug/deps/libform_urlencoded-6f121219fd6cdc7f.rlib" "/opt/rustwide/target/debug/deps/libpercent_encoding-88cba40a7181d984.rlib" "/opt/rustwide/target/debug/deps/libparking_lot-07e7be1ce6997a0a.rlib" "/opt/rustwide/target/debug/deps/libparking_lot_core-d4fd9788bc18a904.rlib" "/opt/rustwide/target/debug/deps/libsmallvec-01f95b0ceff06af9.rlib" "/opt/rustwide/target/debug/deps/liblock_api-a23216ec06dff3bb.rlib" "/opt/rustwide/target/debug/deps/libscopeguard-d59b845c07f126eb.rlib" "/opt/rustwide/target/debug/deps/libsnafu-0ed3b0630132b40b.rlib" "/opt/rustwide/target/debug/deps/libfutures-fb6fb94d548a6186.rlib" "/opt/rustwide/target/debug/deps/libfutures_executor-3c878e38f38dfcce.rlib" "/opt/rustwide/target/debug/deps/libfutures_util-0bc6e58d5896e84a.rlib" "/opt/rustwide/target/debug/deps/libfutures_io-306100ebd700a899.rlib" "/opt/rustwide/target/debug/deps/libslab-083dd68e0bc19c95.rlib" "/opt/rustwide/target/debug/deps/libfutures_channel-571b6acc8f830fec.rlib" "/opt/rustwide/target/debug/deps/libfutures_sink-dc97bf7de34acf7c.rlib" "/opt/rustwide/target/debug/deps/libfutures_task-b8cf8cc4fcc89c75.rlib" "/opt/rustwide/target/debug/deps/libpin_utils-6bd6355de79f98af.rlib" "/opt/rustwide/target/debug/deps/libfutures_core-5dcafe0cca0831a3.rlib" "/opt/rustwide/target/debug/deps/libdatafusion_common-f8f9afba9a176bb0.rlib" "/opt/rustwide/target/debug/deps/libnum_cpus-6571aba6e23acfe5.rlib" "/opt/rustwide/target/debug/deps/libhashbrown-94f16ee1cfa46e26.rlib" "/opt/rustwide/target/debug/deps/liballocator_api2-88d7b7890afadc02.rlib" "/opt/rustwide/target/debug/deps/libtokio-4007c7bc892d6c5b.rlib" "/opt/rustwide/target/debug/deps/libpin_project_lite-be51d264b86b6c5b.rlib" "/opt/rustwide/target/debug/deps/libsqlparser-94161fe417846e6b.rlib" "/opt/rustwide/target/debug/deps/liblog-2579a5a2dbce8c4d.rlib" "/opt/rustwide/target/debug/deps/libarrow-301361ef3dbc99d2.rlib" "/opt/rustwide/target/debug/deps/librand-673626d2b88c73ca.rlib" "/opt/rustwide/target/debug/deps/librand_chacha-e985dc3c25c678a9.rlib" "/opt/rustwide/target/debug/deps/libppv_lite86-4ff75d50dbed9ad6.rlib" "/opt/rustwide/target/debug/deps/librand_core-1f8e996801df326c.rlib" "/opt/rustwide/target/debug/deps/libarrow_row-2673565d17bfdf7b.rlib" "/opt/rustwide/target/debug/deps/libarrow_json-02d5c9bf95137eb2.rlib" "/opt/rustwide/target/debug/deps/libserde_json-d2aa2f62df15f182.rlib" "/opt/rustwide/target/debug/deps/libindexmap-10fc62c8bb74c388.rlib" "/opt/rustwide/target/debug/deps/libequivalent-4d5cfde55792e26d.rlib" "/opt/rustwide/target/debug/deps/libarrow_ipc-186a6343fd0a714b.rlib" "/opt/rustwide/target/debug/deps/libflatbuffers-83419c58da7f340f.rlib" "/opt/rustwide/target/debug/deps/libbitflags-d3511f9afe014f87.rlib" "/opt/rustwide/target/debug/deps/libarrow_csv-14d42bb3acf8ac6f.rlib" "/opt/rustwide/target/debug/deps/liblazy_static-977f75dcedc2f7be.rlib" "/opt/rustwide/target/debug/deps/libcsv-ede127b4f825611f.rlib" "/opt/rustwide/target/debug/deps/libitoa-e8776415c5fe0047.rlib" "/opt/rustwide/target/debug/deps/libserde-9ea85e52d61bc260.rlib" "/opt/rustwide/target/debug/deps/libcsv_core-77664cc04dc9d631.rlib" "/opt/rustwide/target/debug/deps/libarrow_string-f03899d85219e85c.rlib" "/opt/rustwide/target/debug/deps/libregex-d95b326e6b6c6daa.rlib" "/opt/rustwide/target/debug/deps/libregex_automata-fb68867d3d4723af.rlib" "/opt/rustwide/target/debug/deps/libaho_corasick-ca3c2ec2e6ffa0c6.rlib" "/opt/rustwide/target/debug/deps/libregex_syntax-155e812807b49638.rlib" "/opt/rustwide/target/debug/deps/libmemchr-a61794c77f52d343.rlib" "/opt/rustwide/target/debug/deps/libarrow_cast-bea8318b2ef55d65.rlib" "/opt/rustwide/target/debug/deps/libatoi-c46a5eabf90aacee.rlib" "/opt/rustwide/target/debug/deps/libryu-bba83beca99dd7c0.rlib" "/opt/rustwide/target/debug/deps/libbase64-1d5853d8a2dd9229.rlib" "/opt/rustwide/target/debug/deps/libcomfy_table-420a49c068191df9.rlib" "/opt/rustwide/target/debug/deps/libunicode_width-1fad63f197998a43.rlib" "/opt/rustwide/target/debug/deps/libstrum-596f4f8d664e856e.rlib" "/opt/rustwide/target/debug/deps/liblexical_core-8c71dfeef4982a90.rlib" "/opt/rustwide/target/debug/deps/liblexical_write_float-d6cfd6ee77a40f1e.rlib" "/opt/rustwide/target/debug/deps/liblexical_write_integer-122da14b9bea7f28.rlib" "/opt/rustwide/target/debug/deps/liblexical_parse_float-349190e17e1ac9c7.rlib" "/opt/rustwide/target/debug/deps/liblexical_parse_integer-696c3b8e0f9ce3ee.rlib" "/opt/rustwide/target/debug/deps/liblexical_util-53cf0cf6c10b6ecc.rlib" "/opt/rustwide/target/debug/deps/libstatic_assertions-3e50e277f96a204d.rlib" "/opt/rustwide/target/debug/deps/libarrow_arith-22ddf4eca65390a0.rlib" "/opt/rustwide/target/debug/deps/libarrow_ord-b72dac5dcf211847.rlib" "/opt/rustwide/target/debug/deps/libarrow_select-d4c6b16d505c2b9e.rlib" "/opt/rustwide/target/debug/deps/libarrow_array-a55f75d9a95b48fa.rlib" "/opt/rustwide/target/debug/deps/libchrono_tz-4bcfc25255f4721f.rlib" "/opt/rustwide/target/debug/deps/libphf-07e06e1e2a653873.rlib" "/opt/rustwide/target/debug/deps/libphf_shared-da7a72d53ed90703.rlib" "/opt/rustwide/target/debug/deps/libsiphasher-9a0e888a6230d9ab.rlib" "/opt/rustwide/target/debug/deps/libahash-4a1e80aa94a8070c.rlib" "/opt/rustwide/target/debug/deps/libgetrandom-21e7353a01032e9e.rlib" "/opt/rustwide/target/debug/deps/libonce_cell-6f631f2a5f71cecc.rlib" "/opt/rustwide/target/debug/deps/libzerocopy-a927c67494f62cff.rlib" "/opt/rustwide/target/debug/deps/libbyteorder-d36d73da0d12e75b.rlib" "/opt/rustwide/target/debug/deps/libhashbrown-62cdb64ce3ed52bb.rlib" "/opt/rustwide/target/debug/deps/libchrono-1d1f6b29859b1023.rlib" "/opt/rustwide/target/debug/deps/libiana_time_zone-327d1375b89fcc29.rlib" "/opt/rustwide/target/debug/deps/libarrow_data-7aa0f9d6f7df178b.rlib" "/opt/rustwide/target/debug/deps/libarrow_buffer-2ca8e9e830b2d114.rlib" "/opt/rustwide/target/debug/deps/libbytes-4283fbd60d33408b.rlib" "/opt/rustwide/target/debug/deps/libhalf-0c30d9f21923b7c1.rlib" "/opt/rustwide/target/debug/deps/libcfg_if-8217498f8667ada9.rlib" "/opt/rustwide/target/debug/deps/libnum-48563a0ec93a5cf3.rlib" "/opt/rustwide/target/debug/deps/libnum_iter-0a5a5a582ac19231.rlib" "/opt/rustwide/target/debug/deps/libnum_rational-9cbb2a75908b00d9.rlib" "/opt/rustwide/target/debug/deps/libnum_complex-31a6d6619e781676.rlib" "/opt/rustwide/target/debug/deps/libnum_bigint-c2c7a6f6f6051a8d.rlib" "/opt/rustwide/target/debug/deps/libnum_integer-a40b5435b2def59d.rlib" "/opt/rustwide/target/debug/deps/libnum_traits-fa7f7512062a9aed.rlib" "/opt/rustwide/target/debug/deps/libarrow_schema-6d99a25f4751c77f.rlib" "/opt/rustwide/target/debug/deps/liblibc-48c07cb418e82d02.rlib" "/opt/rustwide/rustup-home/toolchains/1.83.0-x86_64-unknown-linux-gnu/lib/rustlib/x86_64-unknown-linux-gnu/lib/libstd-ca74a2d9c5166d9f.rlib" "/opt/rustwide/rustup-home/toolchains/1.83.0-x86_64-unknown-linux-gnu/lib/rustlib/x86_64-unknown-linux-gnu/lib/libpanic_unwind-e31ab23316ed5080.rlib" "/opt/rustwide/rustup-home/toolchains/1.83.0-x86_64-unknown-linux-gnu/lib/rustlib/x86_64-unknown-linux-gnu/lib/libobject-27dc4aa955912662.rlib" "/opt/rustwide/rustup-home/toolchains/1.83.0-x86_64-unknown-linux-gnu/lib/rustlib/x86_64-unknown-linux-gnu/lib/libmemchr-bd0d6cccce077b99.rlib" "/opt/rustwide/rustup-home/toolchains/1.83.0-x86_64-unknown-linux-gnu/lib/rustlib/x86_64-unknown-linux-gnu/lib/libaddr2line-8d001680935b5e3c.rlib" "/opt/rustwide/rustup-home/toolchains/1.83.0-x86_64-unknown-linux-gnu/lib/rustlib/x86_64-unknown-linux-gnu/lib/libgimli-ba8ce71964f984f4.rlib" "/opt/rustwide/rustup-home/toolchains/1.83.0-x86_64-unknown-linux-gnu/lib/rustlib/x86_64-unknown-linux-gnu/lib/librustc_demangle-99a73526abcec14b.rlib" "/opt/rustwide/rustup-home/toolchains/1.83.0-x86_64-unknown-linux-gnu/lib/rustlib/x86_64-unknown-linux-gnu/lib/libstd_detect-63ac0d22cff92579.rlib" "/opt/rustwide/rustup-home/toolchains/1.83.0-x86_64-unknown-linux-gnu/lib/rustlib/x86_64-unknown-linux-gnu/lib/libhashbrown-9057355c92c922d5.rlib" "/opt/rustwide/rustup-home/toolchains/1.83.0-x86_64-unknown-linux-gnu/lib/rustlib/x86_64-unknown-linux-gnu/lib/librustc_std_workspace_alloc-358be9bc1f6bab04.rlib" "/opt/rustwide/rustup-home/toolchains/1.83.0-x86_64-unknown-linux-gnu/lib/rustlib/x86_64-unknown-linux-gnu/lib/libminiz_oxide-aca15549d5bff974.rlib" "/opt/rustwide/rustup-home/toolchains/1.83.0-x86_64-unknown-linux-gnu/lib/rustlib/x86_64-unknown-linux-gnu/lib/libadler-8251d2cef7072448.rlib" "/opt/rustwide/rustup-home/toolchains/1.83.0-x86_64-unknown-linux-gnu/lib/rustlib/x86_64-unknown-linux-gnu/lib/libunwind-7d50b86011c66411.rlib" "/opt/rustwide/rustup-home/toolchains/1.83.0-x86_64-unknown-linux-gnu/lib/rustlib/x86_64-unknown-linux-gnu/lib/libcfg_if-51ea098fce5006bf.rlib" "/opt/rustwide/rustup-home/toolchains/1.83.0-x86_64-unknown-linux-gnu/lib/rustlib/x86_64-unknown-linux-gnu/lib/liblibc-5a14e0d0b712e731.rlib" "/opt/rustwide/rustup-home/toolchains/1.83.0-x86_64-unknown-linux-gnu/lib/rustlib/x86_64-unknown-linux-gnu/lib/liballoc-8b83dbf3a7b8f999.rlib" "/opt/rustwide/rustup-home/toolchains/1.83.0-x86_64-unknown-linux-gnu/lib/rustlib/x86_64-unknown-linux-gnu/lib/librustc_std_workspace_core-c6fd227bdc7b39ff.rlib" "/opt/rustwide/rustup-home/toolchains/1.83.0-x86_64-unknown-linux-gnu/lib/rustlib/x86_64-unknown-linux-gnu/lib/libcore-959d3389fa3da8a5.rlib" "/opt/rustwide/rustup-home/toolchains/1.83.0-x86_64-unknown-linux-gnu/lib/rustlib/x86_64-unknown-linux-gnu/lib/libcompiler_builtins-abe05db089cc2c62.rlib" "-Wl,-Bdynamic" "-lgcc_s" "-lutil" "-lrt" "-lpthread" "-lm" "-ldl" "-lc" "-Wl,--eh-frame-hdr" "-Wl,-z,noexecstack" "-L" "/opt/rustwide/rustup-home/toolchains/1.83.0-x86_64-unknown-linux-gnu/lib/rustlib/x86_64-unknown-linux-gnu/lib" "-o" "/tmp/rustdoctestKraOeF/rust_out" "-Wl,--gc-sections" "-pie" "-Wl,-z,relro,-z,now" "-nodefaultlibs"
[INFO] [stdout]   = note: collect2: fatal error: ld terminated with signal 9 [Killed]
[INFO] [stdout]           compilation terminated.
[INFO] [stdout]           
[INFO] [stdout] 
[INFO] [stdout] error: aborting due to 1 previous error
[INFO] [stdout] 
[INFO] [stdout] Couldn't compile the test.
[INFO] [stdout] 
[INFO] [stdout] failures:
[INFO] [stdout]     src/core/expr_ext.rs - core::expr_ext::FieldAccessor (line 39)
[INFO] [stdout]     src/lib.rs - (line 57)
[INFO] [stdout]     src/strings.rs - strings::StringArrayType (line 45)
[INFO] [stdout] 
[INFO] [stdout] test result: FAILED. 1 passed; 3 failed; 4 ignored; 0 measured; 0 filtered out; finished in 18.42s
[INFO] [stdout] 
[INFO] [stderr] error: doctest failed, to rerun pass `--doc`
[INFO] running `Command { std: "docker" "inspect" "e89809f2218bed8ae53b985620f540f03f85a731cdab343016ed26f76c799e46", kill_on_drop: false }`
[INFO] running `Command { std: "docker" "rm" "-f" "e89809f2218bed8ae53b985620f540f03f85a731cdab343016ed26f76c799e46", kill_on_drop: false }`
[INFO] [stdout] e89809f2218bed8ae53b985620f540f03f85a731cdab343016ed26f76c799e46
