[INFO] fetching crate datafusion-expr-common 43.0.0...
[INFO] testing datafusion-expr-common-43.0.0 against beta-2024-12-08 for beta-1.84.0-4-retry
[INFO] extracting crate datafusion-expr-common 43.0.0 into /workspace/builds/worker-6-tc2/source
[INFO] validating manifest of crates.io crate datafusion-expr-common 43.0.0 on toolchain beta-2024-12-08
[INFO] running `Command { std: CARGO_HOME="/workspace/cargo-home" RUSTUP_HOME="/workspace/rustup-home" "/workspace/cargo-home/bin/cargo" "+beta-2024-12-08" "metadata" "--manifest-path" "Cargo.toml" "--no-deps", kill_on_drop: false }`
[INFO] started tweaking crates.io crate datafusion-expr-common 43.0.0
[INFO] finished tweaking crates.io crate datafusion-expr-common 43.0.0
[INFO] tweaked toml for crates.io crate datafusion-expr-common 43.0.0 written to /workspace/builds/worker-6-tc2/source/Cargo.toml
[INFO] running `Command { std: CARGO_HOME="/workspace/cargo-home" RUSTUP_HOME="/workspace/rustup-home" "/workspace/cargo-home/bin/cargo" "+beta-2024-12-08" "generate-lockfile" "--manifest-path" "Cargo.toml", kill_on_drop: false }`
[INFO] [stderr]     Updating crates.io index
[INFO] [stderr]      Locking 135 packages to latest compatible versions
[INFO] running `Command { std: CARGO_HOME="/workspace/cargo-home" RUSTUP_HOME="/workspace/rustup-home" "/workspace/cargo-home/bin/cargo" "+beta-2024-12-08" "fetch" "--manifest-path" "Cargo.toml", kill_on_drop: false }`
[INFO] [stderr]     Blocking waiting for file lock on package cache
[INFO] [stderr]     Blocking waiting for file lock on package cache
[INFO] running `Command { std: "docker" "create" "-v" "/var/lib/crater-agent-workspace/builds/worker-6-tc2/target:/opt/rustwide/target:rw,Z" "-v" "/var/lib/crater-agent-workspace/builds/worker-6-tc2/source:/opt/rustwide/workdir:ro,Z" "-v" "/var/lib/crater-agent-workspace/cargo-home:/opt/rustwide/cargo-home:ro,Z" "-v" "/var/lib/crater-agent-workspace/rustup-home:/opt/rustwide/rustup-home:ro,Z" "-e" "SOURCE_DIR=/opt/rustwide/workdir" "-e" "CARGO_TARGET_DIR=/opt/rustwide/target" "-e" "CARGO_HOME=/opt/rustwide/cargo-home" "-e" "RUSTUP_HOME=/opt/rustwide/rustup-home" "-w" "/opt/rustwide/workdir" "-m" "1610612736" "--user" "0:0" "--network" "none" "ghcr.io/rust-lang/crates-build-env/linux@sha256:f3a9d4ad9d972b27faf3965f35b62e55ba32bbce8f20bc8fe909558a86702fde" "/opt/rustwide/cargo-home/bin/cargo" "+beta-2024-12-08" "metadata" "--no-deps" "--format-version=1", kill_on_drop: false }`
[INFO] [stdout] 6b767b16c2ca9e961b13764b0e97fc912f978d7d390ec795a2173d263de3e794
[INFO] running `Command { std: "docker" "start" "-a" "6b767b16c2ca9e961b13764b0e97fc912f978d7d390ec795a2173d263de3e794", kill_on_drop: false }`
[INFO] running `Command { std: "docker" "inspect" "6b767b16c2ca9e961b13764b0e97fc912f978d7d390ec795a2173d263de3e794", kill_on_drop: false }`
[INFO] running `Command { std: "docker" "rm" "-f" "6b767b16c2ca9e961b13764b0e97fc912f978d7d390ec795a2173d263de3e794", kill_on_drop: false }`
[INFO] [stdout] 6b767b16c2ca9e961b13764b0e97fc912f978d7d390ec795a2173d263de3e794
[INFO] running `Command { std: "docker" "create" "-v" "/var/lib/crater-agent-workspace/builds/worker-6-tc2/target:/opt/rustwide/target:rw,Z" "-v" "/var/lib/crater-agent-workspace/builds/worker-6-tc2/source:/opt/rustwide/workdir:ro,Z" "-v" "/var/lib/crater-agent-workspace/cargo-home:/opt/rustwide/cargo-home:ro,Z" "-v" "/var/lib/crater-agent-workspace/rustup-home:/opt/rustwide/rustup-home:ro,Z" "-e" "SOURCE_DIR=/opt/rustwide/workdir" "-e" "CARGO_TARGET_DIR=/opt/rustwide/target" "-e" "CARGO_INCREMENTAL=0" "-e" "RUST_BACKTRACE=full" "-e" "RUSTFLAGS=--cap-lints=warn" "-e" "RUSTDOCFLAGS=--cap-lints=warn" "-e" "CARGO_HOME=/opt/rustwide/cargo-home" "-e" "RUSTUP_HOME=/opt/rustwide/rustup-home" "-w" "/opt/rustwide/workdir" "-m" "1610612736" "--user" "0:0" "--network" "none" "ghcr.io/rust-lang/crates-build-env/linux@sha256:f3a9d4ad9d972b27faf3965f35b62e55ba32bbce8f20bc8fe909558a86702fde" "/opt/rustwide/cargo-home/bin/cargo" "+beta-2024-12-08" "build" "--frozen" "--message-format=json", kill_on_drop: false }`
[INFO] [stdout] 9a55bb31bc665828c4738eb544b5d186a102ed152b98b4473fcaf430e766d9eb
[INFO] running `Command { std: "docker" "start" "-a" "9a55bb31bc665828c4738eb544b5d186a102ed152b98b4473fcaf430e766d9eb", kill_on_drop: false }`
[INFO] [stderr]    Compiling autocfg v1.4.0
[INFO] [stderr]    Compiling libm v0.2.11
[INFO] [stderr]    Compiling siphasher v0.3.11
[INFO] [stderr]    Compiling regex-syntax v0.8.5
[INFO] [stderr]    Compiling rand_core v0.6.4
[INFO] [stderr]    Compiling cfg-if v1.0.0
[INFO] [stderr]    Compiling libc v0.2.168
[INFO] [stderr]    Compiling proc-macro2 v1.0.92
[INFO] [stderr]    Compiling version_check v0.9.5
[INFO] [stderr]    Compiling rand v0.8.5
[INFO] [stderr]    Compiling phf_shared v0.11.2
[INFO] [stderr]    Compiling ahash v0.8.11
[INFO] [stderr]    Compiling unicode-ident v1.0.14
[INFO] [stderr]    Compiling num-traits v0.2.19
[INFO] [stderr]    Compiling zerocopy v0.7.35
[INFO] [stderr]    Compiling bytes v1.9.0
[INFO] [stderr]    Compiling once_cell v1.20.2
[INFO] [stderr]    Compiling iana-time-zone v0.1.61
[INFO] [stderr]    Compiling phf_generator v0.11.2
[INFO] [stderr]    Compiling quote v1.0.37
[INFO] [stderr]    Compiling phf v0.11.2
[INFO] [stderr]    Compiling arrow-schema v53.3.0
[INFO] [stderr]    Compiling phf_codegen v0.11.2
[INFO] [stderr]    Compiling hashbrown v0.15.2
[INFO] [stderr]    Compiling static_assertions v1.1.0
[INFO] [stderr]    Compiling syn v2.0.90
[INFO] [stderr]    Compiling lexical-util v1.0.6
[INFO] [stderr]    Compiling memchr v2.7.4
[INFO] [stderr]    Compiling getrandom v0.2.15
[INFO] [stderr]    Compiling rustversion v1.0.18
[INFO] [stderr]    Compiling num-integer v0.1.46
[INFO] [stderr]    Compiling regex-automata v0.4.9
[INFO] [stderr]    Compiling num-complex v0.4.6
[INFO] [stderr]    Compiling half v2.4.1
[INFO] [stderr]    Compiling chrono v0.4.39
[INFO] [stderr]    Compiling num-bigint v0.4.6
[INFO] [stderr]    Compiling num-iter v0.1.45
[INFO] [stderr]    Compiling semver v1.0.24
[INFO] [stderr]    Compiling lexical-parse-integer v1.0.5
[INFO] [stderr]    Compiling lexical-write-integer v1.0.5
[INFO] [stderr]    Compiling serde v1.0.216
[INFO] [stderr]    Compiling ryu v1.0.18
[INFO] [stderr]    Compiling heck v0.5.0
[INFO] [stderr]    Compiling lexical-write-float v1.0.5
[INFO] [stderr]    Compiling lexical-parse-float v1.0.5
[INFO] [stderr]    Compiling unicode-width v0.2.0
[INFO] [stderr]    Compiling strum v0.26.3
[INFO] [stderr]    Compiling rustc_version v0.4.1
[INFO] [stderr]    Compiling regex v1.11.1
[INFO] [stderr]    Compiling aho-corasick v1.1.3
[INFO] [stderr]    Compiling lexical-core v1.0.5
[INFO] [stderr]    Compiling num-rational v0.4.2
[INFO] [stderr]    Compiling parse-zoneinfo v0.3.1
[INFO] [stderr]    Compiling atoi v2.0.0
[INFO] [stderr]    Compiling base64 v0.22.1
[INFO] [stderr]    Compiling num v0.4.3
[INFO] [stderr]    Compiling chrono-tz-build v0.4.0
[INFO] [stderr]    Compiling arrow-buffer v53.3.0
[INFO] [stderr]    Compiling itoa v1.0.14
[INFO] [stderr]    Compiling flatbuffers v24.3.25
[INFO] [stderr]    Compiling serde_json v1.0.133
[INFO] [stderr]    Compiling csv-core v0.1.11
[INFO] [stderr]    Compiling chrono-tz v0.10.0
[INFO] [stderr]    Compiling equivalent v1.0.1
[INFO] [stderr]    Compiling bitflags v1.3.2
[INFO] [stderr]    Compiling arrow-data v53.3.0
[INFO] [stderr]    Compiling indexmap v2.7.0
[INFO] [stderr]    Compiling lazy_static v1.5.0
[INFO] [stderr]    Compiling paste v1.0.15
[INFO] [stderr]    Compiling csv v1.3.1
[INFO] [stderr]    Compiling allocator-api2 v0.2.21
[INFO] [stderr]    Compiling pin-project-lite v0.2.15
[INFO] [stderr]    Compiling log v0.4.22
[INFO] [stderr]    Compiling hashbrown v0.14.5
[INFO] [stderr]    Compiling strum_macros v0.26.4
[INFO] [stderr]    Compiling sqlparser_derive v0.2.2
[INFO] [stderr]    Compiling tokio-macros v2.4.0
[INFO] [stderr]    Compiling sqlparser v0.51.0
[INFO] [stderr]    Compiling num_cpus v1.16.0
[INFO] [stderr]    Compiling either v1.13.0
[INFO] [stderr]    Compiling itertools v0.13.0
[INFO] [stderr]    Compiling tokio v1.42.0
[INFO] [stderr]    Compiling comfy-table v7.1.3
[INFO] [stderr]    Compiling arrow-array v53.3.0
[INFO] [stderr]    Compiling arrow-select v53.3.0
[INFO] [stderr]    Compiling arrow-row v53.3.0
[INFO] [stderr]    Compiling arrow-arith v53.3.0
[INFO] [stderr]    Compiling arrow-cast v53.3.0
[INFO] [stderr]    Compiling arrow-ord v53.3.0
[INFO] [stderr]    Compiling arrow-string v53.3.0
[INFO] [stderr]    Compiling arrow-json v53.3.0
[INFO] [stderr]    Compiling arrow-csv v53.3.0
[INFO] [stderr]    Compiling arrow-ipc v53.3.0
[INFO] [stderr]    Compiling arrow v53.3.0
[INFO] [stderr]    Compiling datafusion-common v43.0.0
[INFO] [stderr]    Compiling datafusion-expr-common v43.0.0 (/opt/rustwide/workdir)
[INFO] [stderr]     Finished `dev` profile [unoptimized + debuginfo] target(s) in 2m 12s
[INFO] running `Command { std: "docker" "inspect" "9a55bb31bc665828c4738eb544b5d186a102ed152b98b4473fcaf430e766d9eb", kill_on_drop: false }`
[INFO] running `Command { std: "docker" "rm" "-f" "9a55bb31bc665828c4738eb544b5d186a102ed152b98b4473fcaf430e766d9eb", kill_on_drop: false }`
[INFO] [stdout] 9a55bb31bc665828c4738eb544b5d186a102ed152b98b4473fcaf430e766d9eb
[INFO] running `Command { std: "docker" "create" "-v" "/var/lib/crater-agent-workspace/builds/worker-6-tc2/target:/opt/rustwide/target:rw,Z" "-v" "/var/lib/crater-agent-workspace/builds/worker-6-tc2/source:/opt/rustwide/workdir:ro,Z" "-v" "/var/lib/crater-agent-workspace/cargo-home:/opt/rustwide/cargo-home:ro,Z" "-v" "/var/lib/crater-agent-workspace/rustup-home:/opt/rustwide/rustup-home:ro,Z" "-e" "SOURCE_DIR=/opt/rustwide/workdir" "-e" "CARGO_TARGET_DIR=/opt/rustwide/target" "-e" "CARGO_INCREMENTAL=0" "-e" "RUST_BACKTRACE=full" "-e" "RUSTFLAGS=--cap-lints=warn" "-e" "RUSTDOCFLAGS=--cap-lints=warn" "-e" "CARGO_HOME=/opt/rustwide/cargo-home" "-e" "RUSTUP_HOME=/opt/rustwide/rustup-home" "-w" "/opt/rustwide/workdir" "-m" "1610612736" "--user" "0:0" "--network" "none" "ghcr.io/rust-lang/crates-build-env/linux@sha256:f3a9d4ad9d972b27faf3965f35b62e55ba32bbce8f20bc8fe909558a86702fde" "/opt/rustwide/cargo-home/bin/cargo" "+beta-2024-12-08" "test" "--frozen" "--no-run" "--message-format=json", kill_on_drop: false }`
[INFO] [stdout] 4d6f6c605fc1b40eb5d65238c9b62fb389499ea00c715f9507fd0519c012a92f
[INFO] running `Command { std: "docker" "start" "-a" "4d6f6c605fc1b40eb5d65238c9b62fb389499ea00c715f9507fd0519c012a92f", kill_on_drop: false }`
[INFO] [stderr]    Compiling datafusion-expr-common v43.0.0 (/opt/rustwide/workdir)
[INFO] [stderr]     Finished `test` profile [unoptimized + debuginfo] target(s) in 9.73s
[INFO] running `Command { std: "docker" "inspect" "4d6f6c605fc1b40eb5d65238c9b62fb389499ea00c715f9507fd0519c012a92f", kill_on_drop: false }`
[INFO] running `Command { std: "docker" "rm" "-f" "4d6f6c605fc1b40eb5d65238c9b62fb389499ea00c715f9507fd0519c012a92f", kill_on_drop: false }`
[INFO] [stdout] 4d6f6c605fc1b40eb5d65238c9b62fb389499ea00c715f9507fd0519c012a92f
[INFO] running `Command { std: "docker" "create" "-v" "/var/lib/crater-agent-workspace/builds/worker-6-tc2/target:/opt/rustwide/target:rw,Z" "-v" "/var/lib/crater-agent-workspace/builds/worker-6-tc2/source:/opt/rustwide/workdir:ro,Z" "-v" "/var/lib/crater-agent-workspace/cargo-home:/opt/rustwide/cargo-home:ro,Z" "-v" "/var/lib/crater-agent-workspace/rustup-home:/opt/rustwide/rustup-home:ro,Z" "-e" "SOURCE_DIR=/opt/rustwide/workdir" "-e" "CARGO_TARGET_DIR=/opt/rustwide/target" "-e" "CARGO_INCREMENTAL=0" "-e" "RUST_BACKTRACE=full" "-e" "RUSTFLAGS=--cap-lints=warn" "-e" "RUSTDOCFLAGS=--cap-lints=warn" "-e" "CARGO_HOME=/opt/rustwide/cargo-home" "-e" "RUSTUP_HOME=/opt/rustwide/rustup-home" "-w" "/opt/rustwide/workdir" "-m" "1610612736" "--user" "0:0" "--network" "none" "ghcr.io/rust-lang/crates-build-env/linux@sha256:f3a9d4ad9d972b27faf3965f35b62e55ba32bbce8f20bc8fe909558a86702fde" "/opt/rustwide/cargo-home/bin/cargo" "+beta-2024-12-08" "test" "--frozen", kill_on_drop: false }`
[INFO] [stdout] 9d4341840cd4171fda1b636f3e1b3bb688078f223a796fdcefa7150d6150c7ce
[INFO] running `Command { std: "docker" "start" "-a" "9d4341840cd4171fda1b636f3e1b3bb688078f223a796fdcefa7150d6150c7ce", kill_on_drop: false }`
[INFO] [stderr]     Finished `test` profile [unoptimized + debuginfo] target(s) in 0.14s
[INFO] [stderr]      Running unittests src/lib.rs (/opt/rustwide/target/debug/deps/datafusion_expr_common-6fa371b301eae40f)
[INFO] [stdout] 
[INFO] [stdout] running 38 tests
[INFO] [stdout] test columnar_value::tests::values_to_arrays ... ok
[INFO] [stdout] test interval_arithmetic::tests::intersect_test ... ok
[INFO] [stdout] test interval_arithmetic::tests::not_test ... ok
[INFO] [stdout] test interval_arithmetic::tests::and_test ... ok
[INFO] [stdout] test interval_arithmetic::tests::test_add ... ok
[INFO] [stdout] test interval_arithmetic::tests::equal_test ... ok
[INFO] [stdout] test interval_arithmetic::tests::test_cardinality_of_intervals ... ok
[INFO] [stdout] test interval_arithmetic::tests::test_contains ... ok
[INFO] [stdout] test interval_arithmetic::tests::test_div ... ok
[INFO] [stdout] test interval_arithmetic::tests::gt_lt_test ... ok
[INFO] [stdout] test interval_arithmetic::tests::test_new_interval ... ok
[INFO] [stdout] test interval_arithmetic::tests::test_interval_display ... ok
[INFO] [stdout] test interval_arithmetic::tests::test_make_unbounded ... ok
[INFO] [stdout] test interval_arithmetic::tests::test_mul ... ok
[INFO] [stdout] test interval_arithmetic::tests::test_add_intervals_lower_affected_f32 ... ok
[INFO] [stdout] test signature::tests::supports_zero_argument_tests ... ok
[INFO] [stdout] test signature::tests::type_signature_partial_ord ... ok
[INFO] [stdout] test type_coercion::aggregates::tests::test_correlation_return_data_type ... ok
[INFO] [stdout] test type_coercion::aggregates::tests::test_covariance_return_data_type ... ok
[INFO] [stdout] test type_coercion::aggregates::tests::test_sum_return_data_type ... ok
[INFO] [stdout] test type_coercion::aggregates::tests::test_variance_return_data_type ... ok
[INFO] [stdout] test interval_arithmetic::tests::test_next_prev_value ... ok
[INFO] [stdout] test interval_arithmetic::tests::test_satisfy_comparison ... ok
[INFO] [stdout] test interval_arithmetic::tests::test_sub ... ok
[INFO] [stdout] test type_coercion::binary::tests::test_decimal_mathematics_op_type ... ok
[INFO] [stdout] test type_coercion::binary::tests::test_coercion_arithmetic_decimal ... ok
[INFO] [stdout] test type_coercion::binary::tests::test_coercion_error ... ok
[INFO] [stdout] test type_coercion::binary::tests::test_dictionary_type_coercion ... ok
[INFO] [stdout] test type_coercion::binary::tests::test_date_timestamp_arithmetic_error ... ok
[INFO] [stdout] test type_coercion::binary::tests::test_type_coercion_arithmetic ... ok
[INFO] [stdout] test interval_arithmetic::tests::gteq_lteq_test ... ok
[INFO] [stdout] test type_coercion::binary::tests::test_decimal_binary_comparison_coercion ... ok
[INFO] [stdout] test type_coercion::binary::tests::test_type_coercion_logical_op ... ok
[INFO] [stdout] test type_coercion::binary::tests::test_like_coercion ... ok
[INFO] [stdout] test type_coercion::binary::tests::test_type_coercion ... ok
[INFO] [stdout] test type_coercion::binary::tests::test_type_coercion_compare ... ok
[INFO] [stdout] test columnar_value::tests::values_to_arrays_mixed_length - should panic ... ok
[INFO] [stdout] test columnar_value::tests::values_to_arrays_mixed_length_and_scalar - should panic ... ok
[INFO] [stdout] 
[INFO] [stdout] test result: ok. 38 passed; 0 failed; 0 ignored; 0 measured; 0 filtered out; finished in 0.19s
[INFO] [stdout] 
[INFO] [stderr]    Doc-tests datafusion_expr_common
[INFO] [stdout] 
[INFO] [stdout] running 5 tests
[INFO] [stdout] test src/signature.rs - signature::TypeSignature (line 76) ... FAILED
[INFO] [stdout] test src/interval_arithmetic.rs - interval_arithmetic::NullableInterval (line 1552) ... FAILED
[INFO] [stdout] test src/interval_arithmetic.rs - interval_arithmetic::satisfy_greater (line 1178) ... FAILED
[INFO] [stdout] test src/interval_arithmetic.rs - interval_arithmetic::NullableInterval::apply_operator (line 1675) ... ok
[INFO] [stdout] test src/interval_arithmetic.rs - interval_arithmetic::NullableInterval::single_value (line 1799) ... ok
[INFO] [stdout] 
[INFO] [stdout] failures:
[INFO] [stdout] 
[INFO] [stdout] ---- src/signature.rs - signature::TypeSignature (line 76) stdout ----
[INFO] [stdout] error: linking with `cc` failed: exit status: 1
[INFO] [stdout]   |
[INFO] [stdout]   = note: LC_ALL="C" PATH="/opt/rustwide/rustup-home/toolchains/beta-2024-12-08-x86_64-unknown-linux-gnu/lib/rustlib/x86_64-unknown-linux-gnu/bin:/opt/rustwide/cargo-home/bin:/usr/local/sbin:/usr/local/bin:/usr/sbin:/usr/bin:/sbin:/bin" VSLANG="1033" "cc" "-m64" "/tmp/rustcw3noEg/symbols.o" "/tmp/rustdoctestuEI36X/rust_out.rust_out.9242fac72db2cd11-cgu.0.rcgu.o" "/tmp/rustdoctestuEI36X/rust_out.2hl2tb9xdtge7mguxzn2q1kvi.rcgu.o" "-Wl,--as-needed" "-Wl,-Bstatic" "/opt/rustwide/target/debug/deps/libdatafusion_expr_common-120209ea3a6f7943.rlib" "/opt/rustwide/target/debug/deps/libitertools-83a8314232268e94.rlib" "/opt/rustwide/target/debug/deps/libeither-715c6002fba7ac68.rlib" "/opt/rustwide/target/debug/deps/libdatafusion_common-f5fb8653244823e5.rlib" "/opt/rustwide/target/debug/deps/libnum_cpus-3b8ac4e6865e8bb4.rlib" "/opt/rustwide/target/debug/deps/libhashbrown-e68faf0e69c8163e.rlib" "/opt/rustwide/target/debug/deps/liballocator_api2-9346df930c30ea4a.rlib" "/opt/rustwide/target/debug/deps/libtokio-41db9ac328d173a6.rlib" "/opt/rustwide/target/debug/deps/libpin_project_lite-7402bb5815a515fa.rlib" "/opt/rustwide/target/debug/deps/libsqlparser-4c93c73b1ead7a33.rlib" "/opt/rustwide/target/debug/deps/liblog-35c349e0e34201c2.rlib" "/opt/rustwide/target/debug/deps/libarrow-45d115f68ee3fd74.rlib" "/opt/rustwide/target/debug/deps/libarrow_row-b723536d6ebdb18f.rlib" "/opt/rustwide/target/debug/deps/libarrow_json-df6fbf2d02c07d7c.rlib" "/opt/rustwide/target/debug/deps/libserde_json-554bcf07aea5cddb.rlib" "/opt/rustwide/target/debug/deps/libindexmap-4adac39f4066dbcd.rlib" "/opt/rustwide/target/debug/deps/libequivalent-e4dc2e1acc32de2c.rlib" "/opt/rustwide/target/debug/deps/libarrow_ipc-b83c7817eb92b4e5.rlib" "/opt/rustwide/target/debug/deps/libflatbuffers-e191a72c47f0aace.rlib" "/opt/rustwide/target/debug/deps/libbitflags-85e13ed1e0c6d910.rlib" "/opt/rustwide/target/debug/deps/libarrow_csv-76e0de01915c0509.rlib" "/opt/rustwide/target/debug/deps/liblazy_static-34736fcc74b41a53.rlib" "/opt/rustwide/target/debug/deps/libcsv-01822be4d750ca0e.rlib" "/opt/rustwide/target/debug/deps/libitoa-87633a66effadcdd.rlib" "/opt/rustwide/target/debug/deps/libserde-57ec1cdc03f25ebc.rlib" "/opt/rustwide/target/debug/deps/libcsv_core-8559fd0369d68c28.rlib" "/opt/rustwide/target/debug/deps/libarrow_string-f172c7841d5d2ccd.rlib" "/opt/rustwide/target/debug/deps/libregex-581984afdfca40eb.rlib" "/opt/rustwide/target/debug/deps/libregex_automata-adde40564f72f602.rlib" "/opt/rustwide/target/debug/deps/libaho_corasick-b7cbf506a5c4f18e.rlib" "/opt/rustwide/target/debug/deps/libregex_syntax-23edf140595a0079.rlib" "/opt/rustwide/target/debug/deps/libmemchr-412d53cbfea52259.rlib" "/opt/rustwide/target/debug/deps/libarrow_cast-813196ce5f3017f2.rlib" "/opt/rustwide/target/debug/deps/libatoi-9a09a577dc38b032.rlib" "/opt/rustwide/target/debug/deps/libryu-6e02dac7c3b6be75.rlib" "/opt/rustwide/target/debug/deps/libbase64-1e2a536fab485f9b.rlib" "/opt/rustwide/target/debug/deps/libcomfy_table-5f520f31fd6893d4.rlib" "/opt/rustwide/target/debug/deps/libunicode_width-25e9facf36bfb576.rlib" "/opt/rustwide/target/debug/deps/libstrum-bb5d02a617643483.rlib" "/opt/rustwide/target/debug/deps/liblexical_core-e3f06b91e6a5ac27.rlib" "/opt/rustwide/target/debug/deps/liblexical_write_float-a3f36917f440e343.rlib" "/opt/rustwide/target/debug/deps/liblexical_write_integer-1167e06cb23abc62.rlib" "/opt/rustwide/target/debug/deps/liblexical_parse_float-1310622e7044738a.rlib" "/opt/rustwide/target/debug/deps/liblexical_parse_integer-04460b5641b064b0.rlib" "/opt/rustwide/target/debug/deps/liblexical_util-7644bdd22885113e.rlib" "/opt/rustwide/target/debug/deps/libstatic_assertions-0ef270c4de502b0e.rlib" "/opt/rustwide/target/debug/deps/libarrow_arith-6545000b0a29cd83.rlib" "/opt/rustwide/target/debug/deps/libarrow_ord-ec7665dd984a93db.rlib" "/opt/rustwide/target/debug/deps/libarrow_select-fa77720583b326ef.rlib" "/opt/rustwide/target/debug/deps/libarrow_array-c80935cdac52a141.rlib" "/opt/rustwide/target/debug/deps/libchrono_tz-608570bb4b764c95.rlib" "/opt/rustwide/target/debug/deps/libphf-6a2e94325f58774a.rlib" "/opt/rustwide/target/debug/deps/libphf_shared-8b5079c5e6560fb2.rlib" "/opt/rustwide/target/debug/deps/libsiphasher-8c98df6e4615cbd6.rlib" "/opt/rustwide/target/debug/deps/libahash-021320c430aeff6b.rlib" "/opt/rustwide/target/debug/deps/libgetrandom-a0db36ae950a52bb.rlib" "/opt/rustwide/target/debug/deps/liblibc-ab537429a1f68abe.rlib" "/opt/rustwide/target/debug/deps/libonce_cell-e8dd356c4f9e5246.rlib" "/opt/rustwide/target/debug/deps/libzerocopy-7d07cba449ed1a54.rlib" "/opt/rustwide/target/debug/deps/libhashbrown-d84fbfd56281ed8b.rlib" "/opt/rustwide/target/debug/deps/libchrono-f8cefc1696539519.rlib" "/opt/rustwide/target/debug/deps/libiana_time_zone-aa61143ae82ec891.rlib" "/opt/rustwide/target/debug/deps/libarrow_data-d4498da70fbc4055.rlib" "/opt/rustwide/target/debug/deps/libarrow_schema-89ff48b40741f2ea.rlib" "/opt/rustwide/target/debug/deps/libarrow_buffer-774996aba07a0900.rlib" "/opt/rustwide/target/debug/deps/libbytes-d350a029aac7517f.rlib" "/opt/rustwide/target/debug/deps/libhalf-39cd303c4e5f4882.rlib" "/opt/rustwide/target/debug/deps/libcfg_if-a3e7e701fcd1f47b.rlib" "/opt/rustwide/target/debug/deps/libnum-804b662f6254df78.rlib" "/opt/rustwide/target/debug/deps/libnum_iter-dd95a32eda57f42f.rlib" "/opt/rustwide/target/debug/deps/libnum_rational-7b84e48f0d02e5e0.rlib" "/opt/rustwide/target/debug/deps/libnum_complex-19de4fa304b20374.rlib" "/opt/rustwide/target/debug/deps/libnum_bigint-583805d1fc4a1769.rlib" "/opt/rustwide/target/debug/deps/libnum_integer-12862cef27f15626.rlib" "/opt/rustwide/target/debug/deps/libnum_traits-5a7650217aba56d3.rlib" "/opt/rustwide/rustup-home/toolchains/beta-2024-12-08-x86_64-unknown-linux-gnu/lib/rustlib/x86_64-unknown-linux-gnu/lib/libstd-02dc84f49135b6b8.rlib" "/opt/rustwide/rustup-home/toolchains/beta-2024-12-08-x86_64-unknown-linux-gnu/lib/rustlib/x86_64-unknown-linux-gnu/lib/libpanic_unwind-a8f45b397fae3f81.rlib" "/opt/rustwide/rustup-home/toolchains/beta-2024-12-08-x86_64-unknown-linux-gnu/lib/rustlib/x86_64-unknown-linux-gnu/lib/libobject-089607133c180609.rlib" "/opt/rustwide/rustup-home/toolchains/beta-2024-12-08-x86_64-unknown-linux-gnu/lib/rustlib/x86_64-unknown-linux-gnu/lib/libmemchr-fc89f091bcd86cbb.rlib" "/opt/rustwide/rustup-home/toolchains/beta-2024-12-08-x86_64-unknown-linux-gnu/lib/rustlib/x86_64-unknown-linux-gnu/lib/libaddr2line-5a60949f01c7340c.rlib" "/opt/rustwide/rustup-home/toolchains/beta-2024-12-08-x86_64-unknown-linux-gnu/lib/rustlib/x86_64-unknown-linux-gnu/lib/libgimli-d29e6a55ca253c8c.rlib" "/opt/rustwide/rustup-home/toolchains/beta-2024-12-08-x86_64-unknown-linux-gnu/lib/rustlib/x86_64-unknown-linux-gnu/lib/librustc_demangle-273c078d5f65de7a.rlib" "/opt/rustwide/rustup-home/toolchains/beta-2024-12-08-x86_64-unknown-linux-gnu/lib/rustlib/x86_64-unknown-linux-gnu/lib/libstd_detect-413c950ffbdd4454.rlib" "/opt/rustwide/rustup-home/toolchains/beta-2024-12-08-x86_64-unknown-linux-gnu/lib/rustlib/x86_64-unknown-linux-gnu/lib/libhashbrown-1853c0976a1d88a6.rlib" "/opt/rustwide/rustup-home/toolchains/beta-2024-12-08-x86_64-unknown-linux-gnu/lib/rustlib/x86_64-unknown-linux-gnu/lib/librustc_std_workspace_alloc-ccb3384ddacb0f9e.rlib" "/opt/rustwide/rustup-home/toolchains/beta-2024-12-08-x86_64-unknown-linux-gnu/lib/rustlib/x86_64-unknown-linux-gnu/lib/libminiz_oxide-0b901dfb0ca849e0.rlib" "/opt/rustwide/rustup-home/toolchains/beta-2024-12-08-x86_64-unknown-linux-gnu/lib/rustlib/x86_64-unknown-linux-gnu/lib/libadler-eebeb8d7c64543ad.rlib" "/opt/rustwide/rustup-home/toolchains/beta-2024-12-08-x86_64-unknown-linux-gnu/lib/rustlib/x86_64-unknown-linux-gnu/lib/libunwind-4723ef81d6079867.rlib" "/opt/rustwide/rustup-home/toolchains/beta-2024-12-08-x86_64-unknown-linux-gnu/lib/rustlib/x86_64-unknown-linux-gnu/lib/libcfg_if-54442f8b422f5a54.rlib" "/opt/rustwide/rustup-home/toolchains/beta-2024-12-08-x86_64-unknown-linux-gnu/lib/rustlib/x86_64-unknown-linux-gnu/lib/liblibc-e0bbe034b5282553.rlib" "/opt/rustwide/rustup-home/toolchains/beta-2024-12-08-x86_64-unknown-linux-gnu/lib/rustlib/x86_64-unknown-linux-gnu/lib/liballoc-d0febb68c1c37b90.rlib" "/opt/rustwide/rustup-home/toolchains/beta-2024-12-08-x86_64-unknown-linux-gnu/lib/rustlib/x86_64-unknown-linux-gnu/lib/librustc_std_workspace_core-4cf833632aafa84c.rlib" "/opt/rustwide/rustup-home/toolchains/beta-2024-12-08-x86_64-unknown-linux-gnu/lib/rustlib/x86_64-unknown-linux-gnu/lib/libcore-65c2c6d2d6ae570b.rlib" "/opt/rustwide/rustup-home/toolchains/beta-2024-12-08-x86_64-unknown-linux-gnu/lib/rustlib/x86_64-unknown-linux-gnu/lib/libcompiler_builtins-97929cee0dcfe424.rlib" "-Wl,-Bdynamic" "-lgcc_s" "-lutil" "-lrt" "-lpthread" "-lm" "-ldl" "-lc" "-Wl,--eh-frame-hdr" "-Wl,-z,noexecstack" "-L" "/opt/rustwide/rustup-home/toolchains/beta-2024-12-08-x86_64-unknown-linux-gnu/lib/rustlib/x86_64-unknown-linux-gnu/lib" "-o" "/tmp/rustdoctestuEI36X/rust_out" "-Wl,--gc-sections" "-pie" "-Wl,-z,relro,-z,now" "-nodefaultlibs"
[INFO] [stdout]   = note: collect2: fatal error: ld terminated with signal 9 [Killed]
[INFO] [stdout]           compilation terminated.
[INFO] [stdout]           
[INFO] [stdout] 
[INFO] [stdout] error: aborting due to 1 previous error
[INFO] [stdout] 
[INFO] [stdout] Couldn't compile the test.
[INFO] [stdout] ---- src/interval_arithmetic.rs - interval_arithmetic::NullableInterval (line 1552) stdout ----
[INFO] [stdout] error: linking with `cc` failed: exit status: 1
[INFO] [stdout]   |
[INFO] [stdout]   = note: LC_ALL="C" PATH="/opt/rustwide/rustup-home/toolchains/beta-2024-12-08-x86_64-unknown-linux-gnu/lib/rustlib/x86_64-unknown-linux-gnu/bin:/opt/rustwide/cargo-home/bin:/usr/local/sbin:/usr/local/bin:/usr/sbin:/usr/bin:/sbin:/bin" VSLANG="1033" "cc" "-m64" "/tmp/rustcuvMzNU/symbols.o" "/tmp/rustdoctestk7PxoH/rust_out.rust_out.9242fac72db2cd11-cgu.0.rcgu.o" "/tmp/rustdoctestk7PxoH/rust_out.2hl2tb9xdtge7mguxzn2q1kvi.rcgu.o" "-Wl,--as-needed" "-Wl,-Bstatic" "/opt/rustwide/target/debug/deps/libdatafusion_expr_common-120209ea3a6f7943.rlib" "/opt/rustwide/target/debug/deps/libitertools-83a8314232268e94.rlib" "/opt/rustwide/target/debug/deps/libeither-715c6002fba7ac68.rlib" "/opt/rustwide/target/debug/deps/libdatafusion_common-f5fb8653244823e5.rlib" "/opt/rustwide/target/debug/deps/libnum_cpus-3b8ac4e6865e8bb4.rlib" "/opt/rustwide/target/debug/deps/libhashbrown-e68faf0e69c8163e.rlib" "/opt/rustwide/target/debug/deps/liballocator_api2-9346df930c30ea4a.rlib" "/opt/rustwide/target/debug/deps/libtokio-41db9ac328d173a6.rlib" "/opt/rustwide/target/debug/deps/libpin_project_lite-7402bb5815a515fa.rlib" "/opt/rustwide/target/debug/deps/libsqlparser-4c93c73b1ead7a33.rlib" "/opt/rustwide/target/debug/deps/liblog-35c349e0e34201c2.rlib" "/opt/rustwide/target/debug/deps/libarrow-45d115f68ee3fd74.rlib" "/opt/rustwide/target/debug/deps/libarrow_row-b723536d6ebdb18f.rlib" "/opt/rustwide/target/debug/deps/libarrow_json-df6fbf2d02c07d7c.rlib" "/opt/rustwide/target/debug/deps/libserde_json-554bcf07aea5cddb.rlib" "/opt/rustwide/target/debug/deps/libindexmap-4adac39f4066dbcd.rlib" "/opt/rustwide/target/debug/deps/libequivalent-e4dc2e1acc32de2c.rlib" "/opt/rustwide/target/debug/deps/libarrow_ipc-b83c7817eb92b4e5.rlib" "/opt/rustwide/target/debug/deps/libflatbuffers-e191a72c47f0aace.rlib" "/opt/rustwide/target/debug/deps/libbitflags-85e13ed1e0c6d910.rlib" "/opt/rustwide/target/debug/deps/libarrow_csv-76e0de01915c0509.rlib" "/opt/rustwide/target/debug/deps/liblazy_static-34736fcc74b41a53.rlib" "/opt/rustwide/target/debug/deps/libcsv-01822be4d750ca0e.rlib" "/opt/rustwide/target/debug/deps/libitoa-87633a66effadcdd.rlib" "/opt/rustwide/target/debug/deps/libserde-57ec1cdc03f25ebc.rlib" "/opt/rustwide/target/debug/deps/libcsv_core-8559fd0369d68c28.rlib" "/opt/rustwide/target/debug/deps/libarrow_string-f172c7841d5d2ccd.rlib" "/opt/rustwide/target/debug/deps/libregex-581984afdfca40eb.rlib" "/opt/rustwide/target/debug/deps/libregex_automata-adde40564f72f602.rlib" "/opt/rustwide/target/debug/deps/libaho_corasick-b7cbf506a5c4f18e.rlib" "/opt/rustwide/target/debug/deps/libregex_syntax-23edf140595a0079.rlib" "/opt/rustwide/target/debug/deps/libmemchr-412d53cbfea52259.rlib" "/opt/rustwide/target/debug/deps/libarrow_cast-813196ce5f3017f2.rlib" "/opt/rustwide/target/debug/deps/libatoi-9a09a577dc38b032.rlib" "/opt/rustwide/target/debug/deps/libryu-6e02dac7c3b6be75.rlib" "/opt/rustwide/target/debug/deps/libbase64-1e2a536fab485f9b.rlib" "/opt/rustwide/target/debug/deps/libcomfy_table-5f520f31fd6893d4.rlib" "/opt/rustwide/target/debug/deps/libunicode_width-25e9facf36bfb576.rlib" "/opt/rustwide/target/debug/deps/libstrum-bb5d02a617643483.rlib" "/opt/rustwide/target/debug/deps/liblexical_core-e3f06b91e6a5ac27.rlib" "/opt/rustwide/target/debug/deps/liblexical_write_float-a3f36917f440e343.rlib" "/opt/rustwide/target/debug/deps/liblexical_write_integer-1167e06cb23abc62.rlib" "/opt/rustwide/target/debug/deps/liblexical_parse_float-1310622e7044738a.rlib" "/opt/rustwide/target/debug/deps/liblexical_parse_integer-04460b5641b064b0.rlib" "/opt/rustwide/target/debug/deps/liblexical_util-7644bdd22885113e.rlib" "/opt/rustwide/target/debug/deps/libstatic_assertions-0ef270c4de502b0e.rlib" "/opt/rustwide/target/debug/deps/libarrow_arith-6545000b0a29cd83.rlib" "/opt/rustwide/target/debug/deps/libarrow_ord-ec7665dd984a93db.rlib" "/opt/rustwide/target/debug/deps/libarrow_select-fa77720583b326ef.rlib" "/opt/rustwide/target/debug/deps/libarrow_array-c80935cdac52a141.rlib" "/opt/rustwide/target/debug/deps/libchrono_tz-608570bb4b764c95.rlib" "/opt/rustwide/target/debug/deps/libphf-6a2e94325f58774a.rlib" "/opt/rustwide/target/debug/deps/libphf_shared-8b5079c5e6560fb2.rlib" "/opt/rustwide/target/debug/deps/libsiphasher-8c98df6e4615cbd6.rlib" "/opt/rustwide/target/debug/deps/libahash-021320c430aeff6b.rlib" "/opt/rustwide/target/debug/deps/libgetrandom-a0db36ae950a52bb.rlib" "/opt/rustwide/target/debug/deps/liblibc-ab537429a1f68abe.rlib" "/opt/rustwide/target/debug/deps/libonce_cell-e8dd356c4f9e5246.rlib" "/opt/rustwide/target/debug/deps/libzerocopy-7d07cba449ed1a54.rlib" "/opt/rustwide/target/debug/deps/libhashbrown-d84fbfd56281ed8b.rlib" "/opt/rustwide/target/debug/deps/libchrono-f8cefc1696539519.rlib" "/opt/rustwide/target/debug/deps/libiana_time_zone-aa61143ae82ec891.rlib" "/opt/rustwide/target/debug/deps/libarrow_data-d4498da70fbc4055.rlib" "/opt/rustwide/target/debug/deps/libarrow_schema-89ff48b40741f2ea.rlib" "/opt/rustwide/target/debug/deps/libarrow_buffer-774996aba07a0900.rlib" "/opt/rustwide/target/debug/deps/libbytes-d350a029aac7517f.rlib" "/opt/rustwide/target/debug/deps/libhalf-39cd303c4e5f4882.rlib" "/opt/rustwide/target/debug/deps/libcfg_if-a3e7e701fcd1f47b.rlib" "/opt/rustwide/target/debug/deps/libnum-804b662f6254df78.rlib" "/opt/rustwide/target/debug/deps/libnum_iter-dd95a32eda57f42f.rlib" "/opt/rustwide/target/debug/deps/libnum_rational-7b84e48f0d02e5e0.rlib" "/opt/rustwide/target/debug/deps/libnum_complex-19de4fa304b20374.rlib" "/opt/rustwide/target/debug/deps/libnum_bigint-583805d1fc4a1769.rlib" "/opt/rustwide/target/debug/deps/libnum_integer-12862cef27f15626.rlib" "/opt/rustwide/target/debug/deps/libnum_traits-5a7650217aba56d3.rlib" "/opt/rustwide/rustup-home/toolchains/beta-2024-12-08-x86_64-unknown-linux-gnu/lib/rustlib/x86_64-unknown-linux-gnu/lib/libstd-02dc84f49135b6b8.rlib" "/opt/rustwide/rustup-home/toolchains/beta-2024-12-08-x86_64-unknown-linux-gnu/lib/rustlib/x86_64-unknown-linux-gnu/lib/libpanic_unwind-a8f45b397fae3f81.rlib" "/opt/rustwide/rustup-home/toolchains/beta-2024-12-08-x86_64-unknown-linux-gnu/lib/rustlib/x86_64-unknown-linux-gnu/lib/libobject-089607133c180609.rlib" "/opt/rustwide/rustup-home/toolchains/beta-2024-12-08-x86_64-unknown-linux-gnu/lib/rustlib/x86_64-unknown-linux-gnu/lib/libmemchr-fc89f091bcd86cbb.rlib" "/opt/rustwide/rustup-home/toolchains/beta-2024-12-08-x86_64-unknown-linux-gnu/lib/rustlib/x86_64-unknown-linux-gnu/lib/libaddr2line-5a60949f01c7340c.rlib" "/opt/rustwide/rustup-home/toolchains/beta-2024-12-08-x86_64-unknown-linux-gnu/lib/rustlib/x86_64-unknown-linux-gnu/lib/libgimli-d29e6a55ca253c8c.rlib" "/opt/rustwide/rustup-home/toolchains/beta-2024-12-08-x86_64-unknown-linux-gnu/lib/rustlib/x86_64-unknown-linux-gnu/lib/librustc_demangle-273c078d5f65de7a.rlib" "/opt/rustwide/rustup-home/toolchains/beta-2024-12-08-x86_64-unknown-linux-gnu/lib/rustlib/x86_64-unknown-linux-gnu/lib/libstd_detect-413c950ffbdd4454.rlib" "/opt/rustwide/rustup-home/toolchains/beta-2024-12-08-x86_64-unknown-linux-gnu/lib/rustlib/x86_64-unknown-linux-gnu/lib/libhashbrown-1853c0976a1d88a6.rlib" "/opt/rustwide/rustup-home/toolchains/beta-2024-12-08-x86_64-unknown-linux-gnu/lib/rustlib/x86_64-unknown-linux-gnu/lib/librustc_std_workspace_alloc-ccb3384ddacb0f9e.rlib" "/opt/rustwide/rustup-home/toolchains/beta-2024-12-08-x86_64-unknown-linux-gnu/lib/rustlib/x86_64-unknown-linux-gnu/lib/libminiz_oxide-0b901dfb0ca849e0.rlib" "/opt/rustwide/rustup-home/toolchains/beta-2024-12-08-x86_64-unknown-linux-gnu/lib/rustlib/x86_64-unknown-linux-gnu/lib/libadler-eebeb8d7c64543ad.rlib" "/opt/rustwide/rustup-home/toolchains/beta-2024-12-08-x86_64-unknown-linux-gnu/lib/rustlib/x86_64-unknown-linux-gnu/lib/libunwind-4723ef81d6079867.rlib" "/opt/rustwide/rustup-home/toolchains/beta-2024-12-08-x86_64-unknown-linux-gnu/lib/rustlib/x86_64-unknown-linux-gnu/lib/libcfg_if-54442f8b422f5a54.rlib" "/opt/rustwide/rustup-home/toolchains/beta-2024-12-08-x86_64-unknown-linux-gnu/lib/rustlib/x86_64-unknown-linux-gnu/lib/liblibc-e0bbe034b5282553.rlib" "/opt/rustwide/rustup-home/toolchains/beta-2024-12-08-x86_64-unknown-linux-gnu/lib/rustlib/x86_64-unknown-linux-gnu/lib/liballoc-d0febb68c1c37b90.rlib" "/opt/rustwide/rustup-home/toolchains/beta-2024-12-08-x86_64-unknown-linux-gnu/lib/rustlib/x86_64-unknown-linux-gnu/lib/librustc_std_workspace_core-4cf833632aafa84c.rlib" "/opt/rustwide/rustup-home/toolchains/beta-2024-12-08-x86_64-unknown-linux-gnu/lib/rustlib/x86_64-unknown-linux-gnu/lib/libcore-65c2c6d2d6ae570b.rlib" "/opt/rustwide/rustup-home/toolchains/beta-2024-12-08-x86_64-unknown-linux-gnu/lib/rustlib/x86_64-unknown-linux-gnu/lib/libcompiler_builtins-97929cee0dcfe424.rlib" "-Wl,-Bdynamic" "-lgcc_s" "-lutil" "-lrt" "-lpthread" "-lm" "-ldl" "-lc" "-Wl,--eh-frame-hdr" "-Wl,-z,noexecstack" "-L" "/opt/rustwide/rustup-home/toolchains/beta-2024-12-08-x86_64-unknown-linux-gnu/lib/rustlib/x86_64-unknown-linux-gnu/lib" "-o" "/tmp/rustdoctestk7PxoH/rust_out" "-Wl,--gc-sections" "-pie" "-Wl,-z,relro,-z,now" "-nodefaultlibs"
[INFO] [stdout]   = note: collect2: fatal error: ld terminated with signal 9 [Killed]
[INFO] [stdout]           compilation terminated.
[INFO] [stdout]           
[INFO] [stdout] 
[INFO] [stdout] error: aborting due to 1 previous error
[INFO] [stdout] 
[INFO] [stdout] Couldn't compile the test.
[INFO] [stdout] ---- src/interval_arithmetic.rs - interval_arithmetic::satisfy_greater (line 1178) stdout ----
[INFO] [stdout] error: linking with `cc` failed: exit status: 1
[INFO] [stdout]   |
[INFO] [stdout]   = note: LC_ALL="C" PATH="/opt/rustwide/rustup-home/toolchains/beta-2024-12-08-x86_64-unknown-linux-gnu/lib/rustlib/x86_64-unknown-linux-gnu/bin:/opt/rustwide/cargo-home/bin:/usr/local/sbin:/usr/local/bin:/usr/sbin:/usr/bin:/sbin:/bin" VSLANG="1033" "cc" "-m64" "/tmp/rustclyLEC2/symbols.o" "/tmp/rustdoctest22hRlk/rust_out.rust_out.9242fac72db2cd11-cgu.0.rcgu.o" "/tmp/rustdoctest22hRlk/rust_out.2hl2tb9xdtge7mguxzn2q1kvi.rcgu.o" "-Wl,--as-needed" "-Wl,-Bstatic" "/opt/rustwide/target/debug/deps/libdatafusion_expr_common-120209ea3a6f7943.rlib" "/opt/rustwide/target/debug/deps/libitertools-83a8314232268e94.rlib" "/opt/rustwide/target/debug/deps/libeither-715c6002fba7ac68.rlib" "/opt/rustwide/target/debug/deps/libdatafusion_common-f5fb8653244823e5.rlib" "/opt/rustwide/target/debug/deps/libnum_cpus-3b8ac4e6865e8bb4.rlib" "/opt/rustwide/target/debug/deps/libhashbrown-e68faf0e69c8163e.rlib" "/opt/rustwide/target/debug/deps/liballocator_api2-9346df930c30ea4a.rlib" "/opt/rustwide/target/debug/deps/libtokio-41db9ac328d173a6.rlib" "/opt/rustwide/target/debug/deps/libpin_project_lite-7402bb5815a515fa.rlib" "/opt/rustwide/target/debug/deps/libsqlparser-4c93c73b1ead7a33.rlib" "/opt/rustwide/target/debug/deps/liblog-35c349e0e34201c2.rlib" "/opt/rustwide/target/debug/deps/libarrow-45d115f68ee3fd74.rlib" "/opt/rustwide/target/debug/deps/libarrow_row-b723536d6ebdb18f.rlib" "/opt/rustwide/target/debug/deps/libarrow_json-df6fbf2d02c07d7c.rlib" "/opt/rustwide/target/debug/deps/libserde_json-554bcf07aea5cddb.rlib" "/opt/rustwide/target/debug/deps/libindexmap-4adac39f4066dbcd.rlib" "/opt/rustwide/target/debug/deps/libequivalent-e4dc2e1acc32de2c.rlib" "/opt/rustwide/target/debug/deps/libarrow_ipc-b83c7817eb92b4e5.rlib" "/opt/rustwide/target/debug/deps/libflatbuffers-e191a72c47f0aace.rlib" "/opt/rustwide/target/debug/deps/libbitflags-85e13ed1e0c6d910.rlib" "/opt/rustwide/target/debug/deps/libarrow_csv-76e0de01915c0509.rlib" "/opt/rustwide/target/debug/deps/liblazy_static-34736fcc74b41a53.rlib" "/opt/rustwide/target/debug/deps/libcsv-01822be4d750ca0e.rlib" "/opt/rustwide/target/debug/deps/libitoa-87633a66effadcdd.rlib" "/opt/rustwide/target/debug/deps/libserde-57ec1cdc03f25ebc.rlib" "/opt/rustwide/target/debug/deps/libcsv_core-8559fd0369d68c28.rlib" "/opt/rustwide/target/debug/deps/libarrow_string-f172c7841d5d2ccd.rlib" "/opt/rustwide/target/debug/deps/libregex-581984afdfca40eb.rlib" "/opt/rustwide/target/debug/deps/libregex_automata-adde40564f72f602.rlib" "/opt/rustwide/target/debug/deps/libaho_corasick-b7cbf506a5c4f18e.rlib" "/opt/rustwide/target/debug/deps/libregex_syntax-23edf140595a0079.rlib" "/opt/rustwide/target/debug/deps/libmemchr-412d53cbfea52259.rlib" "/opt/rustwide/target/debug/deps/libarrow_cast-813196ce5f3017f2.rlib" "/opt/rustwide/target/debug/deps/libatoi-9a09a577dc38b032.rlib" "/opt/rustwide/target/debug/deps/libryu-6e02dac7c3b6be75.rlib" "/opt/rustwide/target/debug/deps/libbase64-1e2a536fab485f9b.rlib" "/opt/rustwide/target/debug/deps/libcomfy_table-5f520f31fd6893d4.rlib" "/opt/rustwide/target/debug/deps/libunicode_width-25e9facf36bfb576.rlib" "/opt/rustwide/target/debug/deps/libstrum-bb5d02a617643483.rlib" "/opt/rustwide/target/debug/deps/liblexical_core-e3f06b91e6a5ac27.rlib" "/opt/rustwide/target/debug/deps/liblexical_write_float-a3f36917f440e343.rlib" "/opt/rustwide/target/debug/deps/liblexical_write_integer-1167e06cb23abc62.rlib" "/opt/rustwide/target/debug/deps/liblexical_parse_float-1310622e7044738a.rlib" "/opt/rustwide/target/debug/deps/liblexical_parse_integer-04460b5641b064b0.rlib" "/opt/rustwide/target/debug/deps/liblexical_util-7644bdd22885113e.rlib" "/opt/rustwide/target/debug/deps/libstatic_assertions-0ef270c4de502b0e.rlib" "/opt/rustwide/target/debug/deps/libarrow_arith-6545000b0a29cd83.rlib" "/opt/rustwide/target/debug/deps/libarrow_ord-ec7665dd984a93db.rlib" "/opt/rustwide/target/debug/deps/libarrow_select-fa77720583b326ef.rlib" "/opt/rustwide/target/debug/deps/libarrow_array-c80935cdac52a141.rlib" "/opt/rustwide/target/debug/deps/libchrono_tz-608570bb4b764c95.rlib" "/opt/rustwide/target/debug/deps/libphf-6a2e94325f58774a.rlib" "/opt/rustwide/target/debug/deps/libphf_shared-8b5079c5e6560fb2.rlib" "/opt/rustwide/target/debug/deps/libsiphasher-8c98df6e4615cbd6.rlib" "/opt/rustwide/target/debug/deps/libahash-021320c430aeff6b.rlib" "/opt/rustwide/target/debug/deps/libgetrandom-a0db36ae950a52bb.rlib" "/opt/rustwide/target/debug/deps/liblibc-ab537429a1f68abe.rlib" "/opt/rustwide/target/debug/deps/libonce_cell-e8dd356c4f9e5246.rlib" "/opt/rustwide/target/debug/deps/libzerocopy-7d07cba449ed1a54.rlib" "/opt/rustwide/target/debug/deps/libhashbrown-d84fbfd56281ed8b.rlib" "/opt/rustwide/target/debug/deps/libchrono-f8cefc1696539519.rlib" "/opt/rustwide/target/debug/deps/libiana_time_zone-aa61143ae82ec891.rlib" "/opt/rustwide/target/debug/deps/libarrow_data-d4498da70fbc4055.rlib" "/opt/rustwide/target/debug/deps/libarrow_schema-89ff48b40741f2ea.rlib" "/opt/rustwide/target/debug/deps/libarrow_buffer-774996aba07a0900.rlib" "/opt/rustwide/target/debug/deps/libbytes-d350a029aac7517f.rlib" "/opt/rustwide/target/debug/deps/libhalf-39cd303c4e5f4882.rlib" "/opt/rustwide/target/debug/deps/libcfg_if-a3e7e701fcd1f47b.rlib" "/opt/rustwide/target/debug/deps/libnum-804b662f6254df78.rlib" "/opt/rustwide/target/debug/deps/libnum_iter-dd95a32eda57f42f.rlib" "/opt/rustwide/target/debug/deps/libnum_rational-7b84e48f0d02e5e0.rlib" "/opt/rustwide/target/debug/deps/libnum_complex-19de4fa304b20374.rlib" "/opt/rustwide/target/debug/deps/libnum_bigint-583805d1fc4a1769.rlib" "/opt/rustwide/target/debug/deps/libnum_integer-12862cef27f15626.rlib" "/opt/rustwide/target/debug/deps/libnum_traits-5a7650217aba56d3.rlib" "/opt/rustwide/rustup-home/toolchains/beta-2024-12-08-x86_64-unknown-linux-gnu/lib/rustlib/x86_64-unknown-linux-gnu/lib/libstd-02dc84f49135b6b8.rlib" "/opt/rustwide/rustup-home/toolchains/beta-2024-12-08-x86_64-unknown-linux-gnu/lib/rustlib/x86_64-unknown-linux-gnu/lib/libpanic_unwind-a8f45b397fae3f81.rlib" "/opt/rustwide/rustup-home/toolchains/beta-2024-12-08-x86_64-unknown-linux-gnu/lib/rustlib/x86_64-unknown-linux-gnu/lib/libobject-089607133c180609.rlib" "/opt/rustwide/rustup-home/toolchains/beta-2024-12-08-x86_64-unknown-linux-gnu/lib/rustlib/x86_64-unknown-linux-gnu/lib/libmemchr-fc89f091bcd86cbb.rlib" "/opt/rustwide/rustup-home/toolchains/beta-2024-12-08-x86_64-unknown-linux-gnu/lib/rustlib/x86_64-unknown-linux-gnu/lib/libaddr2line-5a60949f01c7340c.rlib" "/opt/rustwide/rustup-home/toolchains/beta-2024-12-08-x86_64-unknown-linux-gnu/lib/rustlib/x86_64-unknown-linux-gnu/lib/libgimli-d29e6a55ca253c8c.rlib" "/opt/rustwide/rustup-home/toolchains/beta-2024-12-08-x86_64-unknown-linux-gnu/lib/rustlib/x86_64-unknown-linux-gnu/lib/librustc_demangle-273c078d5f65de7a.rlib" "/opt/rustwide/rustup-home/toolchains/beta-2024-12-08-x86_64-unknown-linux-gnu/lib/rustlib/x86_64-unknown-linux-gnu/lib/libstd_detect-413c950ffbdd4454.rlib" "/opt/rustwide/rustup-home/toolchains/beta-2024-12-08-x86_64-unknown-linux-gnu/lib/rustlib/x86_64-unknown-linux-gnu/lib/libhashbrown-1853c0976a1d88a6.rlib" "/opt/rustwide/rustup-home/toolchains/beta-2024-12-08-x86_64-unknown-linux-gnu/lib/rustlib/x86_64-unknown-linux-gnu/lib/librustc_std_workspace_alloc-ccb3384ddacb0f9e.rlib" "/opt/rustwide/rustup-home/toolchains/beta-2024-12-08-x86_64-unknown-linux-gnu/lib/rustlib/x86_64-unknown-linux-gnu/lib/libminiz_oxide-0b901dfb0ca849e0.rlib" "/opt/rustwide/rustup-home/toolchains/beta-2024-12-08-x86_64-unknown-linux-gnu/lib/rustlib/x86_64-unknown-linux-gnu/lib/libadler-eebeb8d7c64543ad.rlib" "/opt/rustwide/rustup-home/toolchains/beta-2024-12-08-x86_64-unknown-linux-gnu/lib/rustlib/x86_64-unknown-linux-gnu/lib/libunwind-4723ef81d6079867.rlib" "/opt/rustwide/rustup-home/toolchains/beta-2024-12-08-x86_64-unknown-linux-gnu/lib/rustlib/x86_64-unknown-linux-gnu/lib/libcfg_if-54442f8b422f5a54.rlib" "/opt/rustwide/rustup-home/toolchains/beta-2024-12-08-x86_64-unknown-linux-gnu/lib/rustlib/x86_64-unknown-linux-gnu/lib/liblibc-e0bbe034b5282553.rlib" "/opt/rustwide/rustup-home/toolchains/beta-2024-12-08-x86_64-unknown-linux-gnu/lib/rustlib/x86_64-unknown-linux-gnu/lib/liballoc-d0febb68c1c37b90.rlib" "/opt/rustwide/rustup-home/toolchains/beta-2024-12-08-x86_64-unknown-linux-gnu/lib/rustlib/x86_64-unknown-linux-gnu/lib/librustc_std_workspace_core-4cf833632aafa84c.rlib" "/opt/rustwide/rustup-home/toolchains/beta-2024-12-08-x86_64-unknown-linux-gnu/lib/rustlib/x86_64-unknown-linux-gnu/lib/libcore-65c2c6d2d6ae570b.rlib" "/opt/rustwide/rustup-home/toolchains/beta-2024-12-08-x86_64-unknown-linux-gnu/lib/rustlib/x86_64-unknown-linux-gnu/lib/libcompiler_builtins-97929cee0dcfe424.rlib" "-Wl,-Bdynamic" "-lgcc_s" "-lutil" "-lrt" "-lpthread" "-lm" "-ldl" "-lc" "-Wl,--eh-frame-hdr" "-Wl,-z,noexecstack" "-L" "/opt/rustwide/rustup-home/toolchains/beta-2024-12-08-x86_64-unknown-linux-gnu/lib/rustlib/x86_64-unknown-linux-gnu/lib" "-o" "/tmp/rustdoctest22hRlk/rust_out" "-Wl,--gc-sections" "-pie" "-Wl,-z,relro,-z,now" "-nodefaultlibs"
[INFO] [stdout]   = note: collect2: fatal error: ld terminated with signal 9 [Killed]
[INFO] [stdout]           compilation terminated.
[INFO] [stdout]           
[INFO] [stdout] 
[INFO] [stdout] error: aborting due to 1 previous error
[INFO] [stdout] 
[INFO] [stdout] Couldn't compile the test.
[INFO] [stdout] 
[INFO] [stdout] failures:
[INFO] [stdout]     src/interval_arithmetic.rs - interval_arithmetic::NullableInterval (line 1552)
[INFO] [stdout]     src/interval_arithmetic.rs - interval_arithmetic::satisfy_greater (line 1178)
[INFO] [stdout]     src/signature.rs - signature::TypeSignature (line 76)
[INFO] [stdout] 
[INFO] [stdout] test result: FAILED. 2 passed; 3 failed; 0 ignored; 0 measured; 0 filtered out; finished in 14.59s
[INFO] [stdout] 
[INFO] [stderr] error: doctest failed, to rerun pass `--doc`
[INFO] running `Command { std: "docker" "inspect" "9d4341840cd4171fda1b636f3e1b3bb688078f223a796fdcefa7150d6150c7ce", kill_on_drop: false }`
[INFO] running `Command { std: "docker" "rm" "-f" "9d4341840cd4171fda1b636f3e1b3bb688078f223a796fdcefa7150d6150c7ce", kill_on_drop: false }`
[INFO] [stdout] 9d4341840cd4171fda1b636f3e1b3bb688078f223a796fdcefa7150d6150c7ce
