[INFO] fetching crate data_registry 1.0.0...
[INFO] testing data_registry-1.0.0 against 1.83.0 for beta-1.84.0-4-retry
[INFO] extracting crate data_registry 1.0.0 into /workspace/builds/worker-5-tc1/source
[INFO] validating manifest of crates.io crate data_registry 1.0.0 on toolchain 1.83.0
[INFO] running `Command { std: CARGO_HOME="/workspace/cargo-home" RUSTUP_HOME="/workspace/rustup-home" "/workspace/cargo-home/bin/cargo" "+1.83.0" "metadata" "--manifest-path" "Cargo.toml" "--no-deps", kill_on_drop: false }`
[INFO] started tweaking crates.io crate data_registry 1.0.0
[INFO] finished tweaking crates.io crate data_registry 1.0.0
[INFO] tweaked toml for crates.io crate data_registry 1.0.0 written to /workspace/builds/worker-5-tc1/source/Cargo.toml
[INFO] running `Command { std: CARGO_HOME="/workspace/cargo-home" RUSTUP_HOME="/workspace/rustup-home" "/workspace/cargo-home/bin/cargo" "+1.83.0" "generate-lockfile" "--manifest-path" "Cargo.toml", kill_on_drop: false }`
[INFO] [stderr]     Blocking waiting for file lock on package cache
[INFO] running `Command { std: CARGO_HOME="/workspace/cargo-home" RUSTUP_HOME="/workspace/rustup-home" "/workspace/cargo-home/bin/cargo" "+1.83.0" "fetch" "--manifest-path" "Cargo.toml", kill_on_drop: false }`
[INFO] [stderr]     Blocking waiting for file lock on package cache
[INFO] running `Command { std: "docker" "create" "-v" "/var/lib/crater-agent-workspace/builds/worker-5-tc1/target:/opt/rustwide/target:rw,Z" "-v" "/var/lib/crater-agent-workspace/builds/worker-5-tc1/source:/opt/rustwide/workdir:ro,Z" "-v" "/var/lib/crater-agent-workspace/cargo-home:/opt/rustwide/cargo-home:ro,Z" "-v" "/var/lib/crater-agent-workspace/rustup-home:/opt/rustwide/rustup-home:ro,Z" "-e" "SOURCE_DIR=/opt/rustwide/workdir" "-e" "CARGO_TARGET_DIR=/opt/rustwide/target" "-e" "CARGO_HOME=/opt/rustwide/cargo-home" "-e" "RUSTUP_HOME=/opt/rustwide/rustup-home" "-w" "/opt/rustwide/workdir" "-m" "1610612736" "--user" "0:0" "--network" "none" "ghcr.io/rust-lang/crates-build-env/linux@sha256:f3a9d4ad9d972b27faf3965f35b62e55ba32bbce8f20bc8fe909558a86702fde" "/opt/rustwide/cargo-home/bin/cargo" "+1.83.0" "metadata" "--no-deps" "--format-version=1", kill_on_drop: false }`
[INFO] [stdout] 3e981fd854d2de0db13cc3c17d2d90fe5be0dfbaf2682ab842aa90d17f36c52e
[INFO] running `Command { std: "docker" "start" "-a" "3e981fd854d2de0db13cc3c17d2d90fe5be0dfbaf2682ab842aa90d17f36c52e", kill_on_drop: false }`
[INFO] running `Command { std: "docker" "inspect" "3e981fd854d2de0db13cc3c17d2d90fe5be0dfbaf2682ab842aa90d17f36c52e", kill_on_drop: false }`
[INFO] running `Command { std: "docker" "rm" "-f" "3e981fd854d2de0db13cc3c17d2d90fe5be0dfbaf2682ab842aa90d17f36c52e", kill_on_drop: false }`
[INFO] [stdout] 3e981fd854d2de0db13cc3c17d2d90fe5be0dfbaf2682ab842aa90d17f36c52e
[INFO] running `Command { std: "docker" "create" "-v" "/var/lib/crater-agent-workspace/builds/worker-5-tc1/target:/opt/rustwide/target:rw,Z" "-v" "/var/lib/crater-agent-workspace/builds/worker-5-tc1/source:/opt/rustwide/workdir:ro,Z" "-v" "/var/lib/crater-agent-workspace/cargo-home:/opt/rustwide/cargo-home:ro,Z" "-v" "/var/lib/crater-agent-workspace/rustup-home:/opt/rustwide/rustup-home:ro,Z" "-e" "SOURCE_DIR=/opt/rustwide/workdir" "-e" "CARGO_TARGET_DIR=/opt/rustwide/target" "-e" "CARGO_INCREMENTAL=0" "-e" "RUST_BACKTRACE=full" "-e" "RUSTFLAGS=--cap-lints=warn" "-e" "RUSTDOCFLAGS=--cap-lints=warn" "-e" "CARGO_HOME=/opt/rustwide/cargo-home" "-e" "RUSTUP_HOME=/opt/rustwide/rustup-home" "-w" "/opt/rustwide/workdir" "-m" "1610612736" "--user" "0:0" "--network" "none" "ghcr.io/rust-lang/crates-build-env/linux@sha256:f3a9d4ad9d972b27faf3965f35b62e55ba32bbce8f20bc8fe909558a86702fde" "/opt/rustwide/cargo-home/bin/cargo" "+1.83.0" "build" "--frozen" "--message-format=json", kill_on_drop: false }`
[INFO] [stdout] 5669d8a3b591ef5d6426ebd577507a8a901f24837583d21597aa4945e5f12852
[INFO] running `Command { std: "docker" "start" "-a" "5669d8a3b591ef5d6426ebd577507a8a901f24837583d21597aa4945e5f12852", kill_on_drop: false }`
[INFO] [stderr]    Compiling data_registry v1.0.0 (/opt/rustwide/workdir)
[INFO] [stderr]     Finished `dev` profile [unoptimized + debuginfo] target(s) in 0.09s
[INFO] running `Command { std: "docker" "inspect" "5669d8a3b591ef5d6426ebd577507a8a901f24837583d21597aa4945e5f12852", kill_on_drop: false }`
[INFO] running `Command { std: "docker" "rm" "-f" "5669d8a3b591ef5d6426ebd577507a8a901f24837583d21597aa4945e5f12852", kill_on_drop: false }`
[INFO] [stdout] 5669d8a3b591ef5d6426ebd577507a8a901f24837583d21597aa4945e5f12852
[INFO] running `Command { std: "docker" "create" "-v" "/var/lib/crater-agent-workspace/builds/worker-5-tc1/target:/opt/rustwide/target:rw,Z" "-v" "/var/lib/crater-agent-workspace/builds/worker-5-tc1/source:/opt/rustwide/workdir:ro,Z" "-v" "/var/lib/crater-agent-workspace/cargo-home:/opt/rustwide/cargo-home:ro,Z" "-v" "/var/lib/crater-agent-workspace/rustup-home:/opt/rustwide/rustup-home:ro,Z" "-e" "SOURCE_DIR=/opt/rustwide/workdir" "-e" "CARGO_TARGET_DIR=/opt/rustwide/target" "-e" "CARGO_INCREMENTAL=0" "-e" "RUST_BACKTRACE=full" "-e" "RUSTFLAGS=--cap-lints=warn" "-e" "RUSTDOCFLAGS=--cap-lints=warn" "-e" "CARGO_HOME=/opt/rustwide/cargo-home" "-e" "RUSTUP_HOME=/opt/rustwide/rustup-home" "-w" "/opt/rustwide/workdir" "-m" "1610612736" "--user" "0:0" "--network" "none" "ghcr.io/rust-lang/crates-build-env/linux@sha256:f3a9d4ad9d972b27faf3965f35b62e55ba32bbce8f20bc8fe909558a86702fde" "/opt/rustwide/cargo-home/bin/cargo" "+1.83.0" "test" "--frozen" "--no-run" "--message-format=json", kill_on_drop: false }`
[INFO] [stdout] b944908379d37e789e584357b66ec3e8df99a561dd9c09e7e5ee6332303d32bf
[INFO] running `Command { std: "docker" "start" "-a" "b944908379d37e789e584357b66ec3e8df99a561dd9c09e7e5ee6332303d32bf", kill_on_drop: false }`
[INFO] [stderr]    Compiling data_registry v1.0.0 (/opt/rustwide/workdir)
[INFO] [stderr]     Finished `test` profile [unoptimized + debuginfo] target(s) in 0.42s
[INFO] running `Command { std: "docker" "inspect" "b944908379d37e789e584357b66ec3e8df99a561dd9c09e7e5ee6332303d32bf", kill_on_drop: false }`
[INFO] running `Command { std: "docker" "rm" "-f" "b944908379d37e789e584357b66ec3e8df99a561dd9c09e7e5ee6332303d32bf", kill_on_drop: false }`
[INFO] [stdout] b944908379d37e789e584357b66ec3e8df99a561dd9c09e7e5ee6332303d32bf
[INFO] running `Command { std: "docker" "create" "-v" "/var/lib/crater-agent-workspace/builds/worker-5-tc1/target:/opt/rustwide/target:rw,Z" "-v" "/var/lib/crater-agent-workspace/builds/worker-5-tc1/source:/opt/rustwide/workdir:ro,Z" "-v" "/var/lib/crater-agent-workspace/cargo-home:/opt/rustwide/cargo-home:ro,Z" "-v" "/var/lib/crater-agent-workspace/rustup-home:/opt/rustwide/rustup-home:ro,Z" "-e" "SOURCE_DIR=/opt/rustwide/workdir" "-e" "CARGO_TARGET_DIR=/opt/rustwide/target" "-e" "CARGO_INCREMENTAL=0" "-e" "RUST_BACKTRACE=full" "-e" "RUSTFLAGS=--cap-lints=warn" "-e" "RUSTDOCFLAGS=--cap-lints=warn" "-e" "CARGO_HOME=/opt/rustwide/cargo-home" "-e" "RUSTUP_HOME=/opt/rustwide/rustup-home" "-w" "/opt/rustwide/workdir" "-m" "1610612736" "--user" "0:0" "--network" "none" "ghcr.io/rust-lang/crates-build-env/linux@sha256:f3a9d4ad9d972b27faf3965f35b62e55ba32bbce8f20bc8fe909558a86702fde" "/opt/rustwide/cargo-home/bin/cargo" "+1.83.0" "test" "--frozen", kill_on_drop: false }`
[INFO] [stdout] 78817fdbcd3edec8fd8f1d9d89801d24fb14fc7e08f80919df656b12dbf151a3
[INFO] running `Command { std: "docker" "start" "-a" "78817fdbcd3edec8fd8f1d9d89801d24fb14fc7e08f80919df656b12dbf151a3", kill_on_drop: false }`
[INFO] [stderr]     Finished `test` profile [unoptimized + debuginfo] target(s) in 0.01s
[INFO] [stderr]      Running unittests src/lib.rs (/opt/rustwide/target/debug/deps/data_registry-aa3ba09cefc075fe)
[INFO] [stdout] 
[INFO] [stdout] running 0 tests
[INFO] [stdout] 
[INFO] [stdout] test result: ok. 0 passed; 0 failed; 0 ignored; 0 measured; 0 filtered out; finished in 0.00s
[INFO] [stdout] 
[INFO] [stderr]    Doc-tests data_registry
[INFO] [stdout] 
[INFO] [stdout] running 10 tests
[INFO] [stdout] test src/lib.rs - Registry (line 107) ... FAILED
[INFO] [stdout] test src/lib.rs - Registry<T>::with_capacity (line 194) ... FAILED
[INFO] [stdout] test src/lib.rs - (line 55) ... FAILED
[INFO] [stdout] test src/lib.rs - Registry (line 83) ... FAILED
[INFO] [stdout] test src/lib.rs - (line 38) ... FAILED
[INFO] [stdout] test src/lib.rs - Registry<T>::new (line 155) ... FAILED
[INFO] [stdout] test src/lib.rs - Registry<T>::capacity (line 235) ... FAILED
[INFO] [stdout] test src/lib.rs - (line 46) ... FAILED
[INFO] [stdout] test src/lib.rs - Registry (line 116) ... FAILED
[INFO] [stdout] test src/lib.rs - (line 32) ... FAILED
[INFO] [stdout] 
[INFO] [stdout] failures:
[INFO] [stdout] 
[INFO] [stdout] ---- src/lib.rs - Registry (line 107) stdout ----
[INFO] [stdout] error[E0433]: failed to resolve: use of undeclared type `Registry`
[INFO] [stdout]  --> src/lib.rs:108:11
[INFO] [stdout]   |
[INFO] [stdout] 3 | let reg = Registry::new();
[INFO] [stdout]   |           ^^^^^^^^ use of undeclared type `Registry`
[INFO] [stdout]   |
[INFO] [stdout] help: consider importing this struct
[INFO] [stdout]   |
[INFO] [stdout] 2 + use data_registry::Registry;
[INFO] [stdout]   |
[INFO] [stdout] 
[INFO] [stdout] error: aborting due to 1 previous error
[INFO] [stdout] 
[INFO] [stdout] For more information about this error, try `rustc --explain E0433`.
[INFO] [stdout] Couldn't compile the test.
[INFO] [stdout] ---- src/lib.rs - Registry<T>::with_capacity (line 194) stdout ----
[INFO] [stdout] error[E0433]: failed to resolve: use of undeclared type `Registry`
[INFO] [stdout]  --> src/lib.rs:195:20
[INFO] [stdout]   |
[INFO] [stdout] 3 | let mut registry = Registry::with_capacity(10);
[INFO] [stdout]   |                    ^^^^^^^^ use of undeclared type `Registry`
[INFO] [stdout]   |
[INFO] [stdout] help: consider importing this struct
[INFO] [stdout]   |
[INFO] [stdout] 2 + use data_registry::Registry;
[INFO] [stdout]   |
[INFO] [stdout] 
[INFO] [stdout] error[E0433]: failed to resolve: use of undeclared type `Registry`
[INFO] [stdout]   --> src/lib.rs:215:22
[INFO] [stdout]    |
[INFO] [stdout] 23 | let registry_units = Registry::<()>::with_capacity(10);
[INFO] [stdout]    |                      ^^^^^^^^ use of undeclared type `Registry`
[INFO] [stdout]    |
[INFO] [stdout] help: consider importing this struct
[INFO] [stdout]    |
[INFO] [stdout] 2  + use data_registry::Registry;
[INFO] [stdout]    |
[INFO] [stdout] 
[INFO] [stdout] error: aborting due to 2 previous errors
[INFO] [stdout] 
[INFO] [stdout] For more information about this error, try `rustc --explain E0433`.
[INFO] [stdout] Couldn't compile the test.
[INFO] [stdout] ---- src/lib.rs - (line 55) stdout ----
[INFO] [stdout] error[E0433]: failed to resolve: use of undeclared type `Registry`
[INFO] [stdout]  --> src/lib.rs:56:13
[INFO] [stdout]   |
[INFO] [stdout] 3 | let mut r = Registry::new();
[INFO] [stdout]   |             ^^^^^^^^ use of undeclared type `Registry`
[INFO] [stdout]   |
[INFO] [stdout] help: consider importing this struct
[INFO] [stdout]   |
[INFO] [stdout] 2 + use data_registry::Registry;
[INFO] [stdout]   |
[INFO] [stdout] 
[INFO] [stdout] error: aborting due to 1 previous error
[INFO] [stdout] 
[INFO] [stdout] For more information about this error, try `rustc --explain E0433`.
[INFO] [stdout] Couldn't compile the test.
[INFO] [stdout] ---- src/lib.rs - Registry (line 83) stdout ----
[INFO] [stdout] error[E0433]: failed to resolve: use of undeclared type `Registry`
[INFO] [stdout]  --> src/lib.rs:84:15
[INFO] [stdout]   |
[INFO] [stdout] 3 | let mut reg = Registry::new();
[INFO] [stdout]   |               ^^^^^^^^ use of undeclared type `Registry`
[INFO] [stdout]   |
[INFO] [stdout] help: consider importing this struct
[INFO] [stdout]   |
[INFO] [stdout] 2 + use data_registry::Registry;
[INFO] [stdout]   |
[INFO] [stdout] 
[INFO] [stdout] error[E0423]: expected value, found macro `vec`
[INFO] [stdout]   --> src/lib.rs:91:12
[INFO] [stdout]    |
[INFO] [stdout] 10 | assert_eq!(vec.remove(two), Some(2));
[INFO] [stdout]    |            ^^^ not a value
[INFO] [stdout] 
[INFO] [stdout] error: aborting due to 2 previous errors
[INFO] [stdout] 
[INFO] [stdout] Some errors have detailed explanations: E0423, E0433.
[INFO] [stdout] For more information about an error, try `rustc --explain E0423`.
[INFO] [stdout] Couldn't compile the test.
[INFO] [stdout] ---- src/lib.rs - (line 38) stdout ----
[INFO] [stdout] error[E0433]: failed to resolve: use of undeclared type `Registry`
[INFO] [stdout]  --> src/lib.rs:39:13
[INFO] [stdout]   |
[INFO] [stdout] 3 | let mut r = Registry::new();
[INFO] [stdout]   |             ^^^^^^^^ use of undeclared type `Registry`
[INFO] [stdout]   |
[INFO] [stdout] help: consider importing this struct
[INFO] [stdout]   |
[INFO] [stdout] 2 + use data_registry::Registry;
[INFO] [stdout]   |
[INFO] [stdout] 
[INFO] [stdout] error: aborting due to 1 previous error
[INFO] [stdout] 
[INFO] [stdout] For more information about this error, try `rustc --explain E0433`.
[INFO] [stdout] Couldn't compile the test.
[INFO] [stdout] ---- src/lib.rs - Registry<T>::new (line 155) stdout ----
[INFO] [stdout] error[E0412]: cannot find type `Registry` in this scope
[INFO] [stdout]  --> src/lib.rs:157:14
[INFO] [stdout]   |
[INFO] [stdout] 4 | let mut reg: Registry<i32> = Registry::new();
[INFO] [stdout]   |              ^^^^^^^^ not found in this scope
[INFO] [stdout]   |
[INFO] [stdout] help: consider importing this struct
[INFO] [stdout]   |
[INFO] [stdout] 3 + use data_registry::Registry;
[INFO] [stdout]   |
[INFO] [stdout] 
[INFO] [stdout] error[E0433]: failed to resolve: use of undeclared type `Registry`
[INFO] [stdout]  --> src/lib.rs:157:30
[INFO] [stdout]   |
[INFO] [stdout] 4 | let mut reg: Registry<i32> = Registry::new();
[INFO] [stdout]   |                              ^^^^^^^^ use of undeclared type `Registry`
[INFO] [stdout]   |
[INFO] [stdout] help: consider importing this struct
[INFO] [stdout]   |
[INFO] [stdout] 3 + use data_registry::Registry;
[INFO] [stdout]   |
[INFO] [stdout] 
[INFO] [stdout] error: aborting due to 2 previous errors
[INFO] [stdout] 
[INFO] [stdout] Some errors have detailed explanations: E0412, E0433.
[INFO] [stdout] For more information about an error, try `rustc --explain E0412`.
[INFO] [stdout] Couldn't compile the test.
[INFO] [stdout] ---- src/lib.rs - Registry<T>::capacity (line 235) stdout ----
[INFO] [stdout] error[E0412]: cannot find type `Registry` in this scope
[INFO] [stdout]  --> src/lib.rs:236:14
[INFO] [stdout]   |
[INFO] [stdout] 3 | let mut reg: Registry<i32> = Registry::with_capacity(10);
[INFO] [stdout]   |              ^^^^^^^^ not found in this scope
[INFO] [stdout]   |
[INFO] [stdout] help: consider importing this struct
[INFO] [stdout]   |
[INFO] [stdout] 2 + use data_registry::Registry;
[INFO] [stdout]   |
[INFO] [stdout] 
[INFO] [stdout] error[E0433]: failed to resolve: use of undeclared type `Registry`
[INFO] [stdout]  --> src/lib.rs:236:30
[INFO] [stdout]   |
[INFO] [stdout] 3 | let mut reg: Registry<i32> = Registry::with_capacity(10);
[INFO] [stdout]   |                              ^^^^^^^^ use of undeclared type `Registry`
[INFO] [stdout]   |
[INFO] [stdout] help: consider importing this struct
[INFO] [stdout]   |
[INFO] [stdout] 2 + use data_registry::Registry;
[INFO] [stdout]   |
[INFO] [stdout] 
[INFO] [stdout] error: aborting due to 2 previous errors
[INFO] [stdout] 
[INFO] [stdout] Some errors have detailed explanations: E0412, E0433.
[INFO] [stdout] For more information about an error, try `rustc --explain E0412`.
[INFO] [stdout] Couldn't compile the test.
[INFO] [stdout] ---- src/lib.rs - (line 46) stdout ----
[INFO] [stdout] error[E0433]: failed to resolve: use of undeclared type `Registry`
[INFO] [stdout]  --> src/lib.rs:47:13
[INFO] [stdout]   |
[INFO] [stdout] 3 | let mut r = Registry::new();
[INFO] [stdout]   |             ^^^^^^^^ use of undeclared type `Registry`
[INFO] [stdout]   |
[INFO] [stdout] help: consider importing this struct
[INFO] [stdout]   |
[INFO] [stdout] 2 + use data_registry::Registry;
[INFO] [stdout]   |
[INFO] [stdout] 
[INFO] [stdout] error: aborting due to 1 previous error
[INFO] [stdout] 
[INFO] [stdout] For more information about this error, try `rustc --explain E0433`.
[INFO] [stdout] Couldn't compile the test.
[INFO] [stdout] ---- src/lib.rs - Registry (line 116) stdout ----
[INFO] [stdout] error[E0433]: failed to resolve: use of undeclared type `Registry`
[INFO] [stdout]  --> src/lib.rs:117:11
[INFO] [stdout]   |
[INFO] [stdout] 3 | let reg = Registry::new();
[INFO] [stdout]   |           ^^^^^^^^ use of undeclared type `Registry`
[INFO] [stdout]   |
[INFO] [stdout] help: consider importing this struct
[INFO] [stdout]   |
[INFO] [stdout] 2 + use data_registry::Registry;
[INFO] [stdout]   |
[INFO] [stdout] 
[INFO] [stdout] error: aborting due to 1 previous error
[INFO] [stdout] 
[INFO] [stdout] For more information about this error, try `rustc --explain E0433`.
[INFO] [stdout] Couldn't compile the test.
[INFO] [stdout] ---- src/lib.rs - (line 32) stdout ----
[INFO] [stdout] error[E0412]: cannot find type `Registry` in this scope
[INFO] [stdout]  --> src/lib.rs:33:8
[INFO] [stdout]   |
[INFO] [stdout] 3 | let r: Registry<i32> = Registry::new();
[INFO] [stdout]   |        ^^^^^^^^ not found in this scope
[INFO] [stdout]   |
[INFO] [stdout] help: consider importing this struct
[INFO] [stdout]   |
[INFO] [stdout] 2 + use data_registry::Registry;
[INFO] [stdout]   |
[INFO] [stdout] 
[INFO] [stdout] error[E0433]: failed to resolve: use of undeclared type `Registry`
[INFO] [stdout]  --> src/lib.rs:33:24
[INFO] [stdout]   |
[INFO] [stdout] 3 | let r: Registry<i32> = Registry::new();
[INFO] [stdout]   |                        ^^^^^^^^ use of undeclared type `Registry`
[INFO] [stdout]   |
[INFO] [stdout] help: consider importing this struct
[INFO] [stdout]   |
[INFO] [stdout] 2 + use data_registry::Registry;
[INFO] [stdout]   |
[INFO] [stdout] 
[INFO] [stdout] error: aborting due to 2 previous errors
[INFO] [stdout] 
[INFO] [stdout] Some errors have detailed explanations: E0412, E0433.
[INFO] [stdout] For more information about an error, try `rustc --explain E0412`.
[INFO] [stdout] Couldn't compile the test.
[INFO] [stdout] 
[INFO] [stdout] failures:
[INFO] [stdout]     src/lib.rs - (line 32)
[INFO] [stdout]     src/lib.rs - (line 38)
[INFO] [stdout]     src/lib.rs - (line 46)
[INFO] [stdout]     src/lib.rs - (line 55)
[INFO] [stdout]     src/lib.rs - Registry (line 107)
[INFO] [stdout]     src/lib.rs - Registry (line 116)
[INFO] [stdout]     src/lib.rs - Registry (line 83)
[INFO] [stdout]     src/lib.rs - Registry<T>::capacity (line 235)
[INFO] [stdout]     src/lib.rs - Registry<T>::new (line 155)
[INFO] [stdout]     src/lib.rs - Registry<T>::with_capacity (line 194)
[INFO] [stdout] 
[INFO] [stdout] test result: FAILED. 0 passed; 10 failed; 0 ignored; 0 measured; 0 filtered out; finished in 0.25s
[INFO] [stdout] 
[INFO] [stderr] error: doctest failed, to rerun pass `--doc`
[INFO] running `Command { std: "docker" "inspect" "78817fdbcd3edec8fd8f1d9d89801d24fb14fc7e08f80919df656b12dbf151a3", kill_on_drop: false }`
[INFO] running `Command { std: "docker" "rm" "-f" "78817fdbcd3edec8fd8f1d9d89801d24fb14fc7e08f80919df656b12dbf151a3", kill_on_drop: false }`
[INFO] [stdout] 78817fdbcd3edec8fd8f1d9d89801d24fb14fc7e08f80919df656b12dbf151a3
