[INFO] fetching crate daniel_crate 0.1.1...
[INFO] testing daniel_crate-0.1.1 against beta-2024-12-08 for beta-1.84.0-4-retry
[INFO] extracting crate daniel_crate 0.1.1 into /workspace/builds/worker-4-tc2/source
[INFO] validating manifest of crates.io crate daniel_crate 0.1.1 on toolchain beta-2024-12-08
[INFO] running `Command { std: CARGO_HOME="/workspace/cargo-home" RUSTUP_HOME="/workspace/rustup-home" "/workspace/cargo-home/bin/cargo" "+beta-2024-12-08" "metadata" "--manifest-path" "Cargo.toml" "--no-deps", kill_on_drop: false }`
[INFO] started tweaking crates.io crate daniel_crate 0.1.1
[INFO] removed 0 missing examples
[INFO] removed 0 missing tests
[INFO] finished tweaking crates.io crate daniel_crate 0.1.1
[INFO] tweaked toml for crates.io crate daniel_crate 0.1.1 written to /workspace/builds/worker-4-tc2/source/Cargo.toml
[INFO] crate crates.io crate daniel_crate 0.1.1 already has a lockfile, it will not be regenerated
[INFO] running `Command { std: CARGO_HOME="/workspace/cargo-home" RUSTUP_HOME="/workspace/rustup-home" "/workspace/cargo-home/bin/cargo" "+beta-2024-12-08" "fetch" "--manifest-path" "Cargo.toml", kill_on_drop: false }`
[INFO] running `Command { std: "docker" "create" "-v" "/var/lib/crater-agent-workspace/builds/worker-4-tc2/target:/opt/rustwide/target:rw,Z" "-v" "/var/lib/crater-agent-workspace/builds/worker-4-tc2/source:/opt/rustwide/workdir:ro,Z" "-v" "/var/lib/crater-agent-workspace/cargo-home:/opt/rustwide/cargo-home:ro,Z" "-v" "/var/lib/crater-agent-workspace/rustup-home:/opt/rustwide/rustup-home:ro,Z" "-e" "SOURCE_DIR=/opt/rustwide/workdir" "-e" "CARGO_TARGET_DIR=/opt/rustwide/target" "-e" "CARGO_HOME=/opt/rustwide/cargo-home" "-e" "RUSTUP_HOME=/opt/rustwide/rustup-home" "-w" "/opt/rustwide/workdir" "-m" "1610612736" "--user" "0:0" "--network" "none" "ghcr.io/rust-lang/crates-build-env/linux@sha256:f3a9d4ad9d972b27faf3965f35b62e55ba32bbce8f20bc8fe909558a86702fde" "/opt/rustwide/cargo-home/bin/cargo" "+beta-2024-12-08" "metadata" "--no-deps" "--format-version=1", kill_on_drop: false }`
[INFO] [stdout] 1ead6101bf3a1dd231b7440f5cebe7564b63e8fe7749085f209f142516f096c1
[INFO] running `Command { std: "docker" "start" "-a" "1ead6101bf3a1dd231b7440f5cebe7564b63e8fe7749085f209f142516f096c1", kill_on_drop: false }`
[INFO] running `Command { std: "docker" "inspect" "1ead6101bf3a1dd231b7440f5cebe7564b63e8fe7749085f209f142516f096c1", kill_on_drop: false }`
[INFO] running `Command { std: "docker" "rm" "-f" "1ead6101bf3a1dd231b7440f5cebe7564b63e8fe7749085f209f142516f096c1", kill_on_drop: false }`
[INFO] [stdout] 1ead6101bf3a1dd231b7440f5cebe7564b63e8fe7749085f209f142516f096c1
[INFO] running `Command { std: "docker" "create" "-v" "/var/lib/crater-agent-workspace/builds/worker-4-tc2/target:/opt/rustwide/target:rw,Z" "-v" "/var/lib/crater-agent-workspace/builds/worker-4-tc2/source:/opt/rustwide/workdir:ro,Z" "-v" "/var/lib/crater-agent-workspace/cargo-home:/opt/rustwide/cargo-home:ro,Z" "-v" "/var/lib/crater-agent-workspace/rustup-home:/opt/rustwide/rustup-home:ro,Z" "-e" "SOURCE_DIR=/opt/rustwide/workdir" "-e" "CARGO_TARGET_DIR=/opt/rustwide/target" "-e" "CARGO_INCREMENTAL=0" "-e" "RUST_BACKTRACE=full" "-e" "RUSTFLAGS=--cap-lints=warn" "-e" "RUSTDOCFLAGS=--cap-lints=warn" "-e" "CARGO_HOME=/opt/rustwide/cargo-home" "-e" "RUSTUP_HOME=/opt/rustwide/rustup-home" "-w" "/opt/rustwide/workdir" "-m" "1610612736" "--user" "0:0" "--network" "none" "ghcr.io/rust-lang/crates-build-env/linux@sha256:f3a9d4ad9d972b27faf3965f35b62e55ba32bbce8f20bc8fe909558a86702fde" "/opt/rustwide/cargo-home/bin/cargo" "+beta-2024-12-08" "build" "--frozen" "--message-format=json", kill_on_drop: false }`
[INFO] [stdout] 53b80d8fab4778d24cdc7bdca1637d1c5c0a72a3c466e0134dfd6b45cde18494
[INFO] running `Command { std: "docker" "start" "-a" "53b80d8fab4778d24cdc7bdca1637d1c5c0a72a3c466e0134dfd6b45cde18494", kill_on_drop: false }`
[INFO] [stderr]    Compiling daniel_crate v0.1.1 (/opt/rustwide/workdir)
[INFO] [stderr]     Finished `dev` profile [unoptimized + debuginfo] target(s) in 0.39s
[INFO] running `Command { std: "docker" "inspect" "53b80d8fab4778d24cdc7bdca1637d1c5c0a72a3c466e0134dfd6b45cde18494", kill_on_drop: false }`
[INFO] running `Command { std: "docker" "rm" "-f" "53b80d8fab4778d24cdc7bdca1637d1c5c0a72a3c466e0134dfd6b45cde18494", kill_on_drop: false }`
[INFO] [stdout] 53b80d8fab4778d24cdc7bdca1637d1c5c0a72a3c466e0134dfd6b45cde18494
[INFO] running `Command { std: "docker" "create" "-v" "/var/lib/crater-agent-workspace/builds/worker-4-tc2/target:/opt/rustwide/target:rw,Z" "-v" "/var/lib/crater-agent-workspace/builds/worker-4-tc2/source:/opt/rustwide/workdir:ro,Z" "-v" "/var/lib/crater-agent-workspace/cargo-home:/opt/rustwide/cargo-home:ro,Z" "-v" "/var/lib/crater-agent-workspace/rustup-home:/opt/rustwide/rustup-home:ro,Z" "-e" "SOURCE_DIR=/opt/rustwide/workdir" "-e" "CARGO_TARGET_DIR=/opt/rustwide/target" "-e" "CARGO_INCREMENTAL=0" "-e" "RUST_BACKTRACE=full" "-e" "RUSTFLAGS=--cap-lints=warn" "-e" "RUSTDOCFLAGS=--cap-lints=warn" "-e" "CARGO_HOME=/opt/rustwide/cargo-home" "-e" "RUSTUP_HOME=/opt/rustwide/rustup-home" "-w" "/opt/rustwide/workdir" "-m" "1610612736" "--user" "0:0" "--network" "none" "ghcr.io/rust-lang/crates-build-env/linux@sha256:f3a9d4ad9d972b27faf3965f35b62e55ba32bbce8f20bc8fe909558a86702fde" "/opt/rustwide/cargo-home/bin/cargo" "+beta-2024-12-08" "test" "--frozen" "--no-run" "--message-format=json", kill_on_drop: false }`
[INFO] [stdout] e6697260a77dec7bb82ef74bc84b49b94f26a1635686ed1ec74c2bd643f6b3a9
[INFO] running `Command { std: "docker" "start" "-a" "e6697260a77dec7bb82ef74bc84b49b94f26a1635686ed1ec74c2bd643f6b3a9", kill_on_drop: false }`
[INFO] [stderr]    Compiling daniel_crate v0.1.1 (/opt/rustwide/workdir)
[INFO] [stdout] warning: unused import: `self`
[INFO] [stdout]  --> examples/main.rs:1:27
[INFO] [stdout]   |
[INFO] [stdout] 1 | use daniel_crate::utils::{self, add};
[INFO] [stdout]   |                           ^^^^
[INFO] [stdout]   |
[INFO] [stdout]   = note: `#[warn(unused_imports)]` on by default
[INFO] [stdout] 
[INFO] [stdout] 
[INFO] [stderr]     Finished `test` profile [unoptimized + debuginfo] target(s) in 0.65s
[INFO] running `Command { std: "docker" "inspect" "e6697260a77dec7bb82ef74bc84b49b94f26a1635686ed1ec74c2bd643f6b3a9", kill_on_drop: false }`
[INFO] running `Command { std: "docker" "rm" "-f" "e6697260a77dec7bb82ef74bc84b49b94f26a1635686ed1ec74c2bd643f6b3a9", kill_on_drop: false }`
[INFO] [stdout] e6697260a77dec7bb82ef74bc84b49b94f26a1635686ed1ec74c2bd643f6b3a9
[INFO] running `Command { std: "docker" "create" "-v" "/var/lib/crater-agent-workspace/builds/worker-4-tc2/target:/opt/rustwide/target:rw,Z" "-v" "/var/lib/crater-agent-workspace/builds/worker-4-tc2/source:/opt/rustwide/workdir:ro,Z" "-v" "/var/lib/crater-agent-workspace/cargo-home:/opt/rustwide/cargo-home:ro,Z" "-v" "/var/lib/crater-agent-workspace/rustup-home:/opt/rustwide/rustup-home:ro,Z" "-e" "SOURCE_DIR=/opt/rustwide/workdir" "-e" "CARGO_TARGET_DIR=/opt/rustwide/target" "-e" "CARGO_INCREMENTAL=0" "-e" "RUST_BACKTRACE=full" "-e" "RUSTFLAGS=--cap-lints=warn" "-e" "RUSTDOCFLAGS=--cap-lints=warn" "-e" "CARGO_HOME=/opt/rustwide/cargo-home" "-e" "RUSTUP_HOME=/opt/rustwide/rustup-home" "-w" "/opt/rustwide/workdir" "-m" "1610612736" "--user" "0:0" "--network" "none" "ghcr.io/rust-lang/crates-build-env/linux@sha256:f3a9d4ad9d972b27faf3965f35b62e55ba32bbce8f20bc8fe909558a86702fde" "/opt/rustwide/cargo-home/bin/cargo" "+beta-2024-12-08" "test" "--frozen", kill_on_drop: false }`
[INFO] [stdout] ae324cc568ac94f5f36b042b1f2c11ed4b0b65d46efdd425653fe615bd000ff0
[INFO] running `Command { std: "docker" "start" "-a" "ae324cc568ac94f5f36b042b1f2c11ed4b0b65d46efdd425653fe615bd000ff0", kill_on_drop: false }`
[INFO] [stderr] warning: unused import: `self`
[INFO] [stderr]  --> examples/main.rs:1:27
[INFO] [stderr]   |
[INFO] [stderr] 1 | use daniel_crate::utils::{self, add};
[INFO] [stderr]   |                           ^^^^
[INFO] [stderr]   |
[INFO] [stderr]   = note: `#[warn(unused_imports)]` on by default
[INFO] [stderr] 
[INFO] [stderr] warning: `daniel_crate` (example "main") generated 1 warning (run `cargo fix --example "main"` to apply 1 suggestion)
[INFO] [stderr]     Finished `test` profile [unoptimized + debuginfo] target(s) in 0.01s
[INFO] [stdout] 
[INFO] [stderr]      Running unittests src/lib.rs (/opt/rustwide/target/debug/deps/daniel_crate-32371fdcf3c07dc9)
[INFO] [stdout] running 2 tests
[INFO] [stdout] test tests::it_works ... ok
[INFO] [stdout] test tests::it_should_panic - should panic ... ok
[INFO] [stderr]      Running unittests src/main.rs (/opt/rustwide/target/debug/deps/daniel_crate-fbc34359cb15e4a0)
[INFO] [stdout] 
[INFO] [stdout] test result: ok. 2 passed; 0 failed; 0 ignored; 0 measured; 0 filtered out; finished in 0.02s
[INFO] [stdout] 
[INFO] [stdout] 
[INFO] [stdout] running 0 tests
[INFO] [stdout] 
[INFO] [stdout] test result: ok. 0 passed; 0 failed; 0 ignored; 0 measured; 0 filtered out; finished in 0.00s
[INFO] [stdout] 
[INFO] [stderr]      Running tests/a.rs (/opt/rustwide/target/debug/deps/a-c9726edd9400e5b1)
[INFO] [stdout] 
[INFO] [stdout] running 1 test
[INFO] [stdout] test feature ... ok
[INFO] [stdout] 
[INFO] [stdout] test result: ok. 1 passed; 0 failed; 0 ignored; 0 measured; 0 filtered out; finished in 0.00s
[INFO] [stdout] 
[INFO] [stderr]    Doc-tests daniel_crate
[INFO] [stdout] 
[INFO] [stdout] running 1 test
[INFO] [stdout] test src/lib.rs - utils::add (line 6) ... FAILED
[INFO] [stdout] 
[INFO] [stdout] failures:
[INFO] [stdout] 
[INFO] [stdout] ---- src/lib.rs - utils::add (line 6) stdout ----
[INFO] [stdout] error[E0433]: failed to resolve: use of undeclared crate or module `template_lib_crate`
[INFO] [stdout]  --> src/lib.rs:7:6
[INFO] [stdout]   |
[INFO] [stdout] 3 | use {template_lib_crate::utils::add};
[INFO] [stdout]   |      ^^^^^^^^^^^^^^^^^^ use of undeclared crate or module `template_lib_crate`
[INFO] [stdout] 
[INFO] [stdout] error: aborting due to 1 previous error
[INFO] [stdout] 
[INFO] [stdout] For more information about this error, try `rustc --explain E0433`.
[INFO] [stdout] Couldn't compile the test.
[INFO] [stdout] 
[INFO] [stdout] failures:
[INFO] [stdout]     src/lib.rs - utils::add (line 6)
[INFO] [stdout] 
[INFO] [stdout] test result: FAILED. 0 passed; 1 failed; 0 ignored; 0 measured; 0 filtered out; finished in 0.04s
[INFO] [stdout] 
[INFO] [stderr] error: doctest failed, to rerun pass `--doc`
[INFO] running `Command { std: "docker" "inspect" "ae324cc568ac94f5f36b042b1f2c11ed4b0b65d46efdd425653fe615bd000ff0", kill_on_drop: false }`
[INFO] running `Command { std: "docker" "rm" "-f" "ae324cc568ac94f5f36b042b1f2c11ed4b0b65d46efdd425653fe615bd000ff0", kill_on_drop: false }`
[INFO] [stdout] ae324cc568ac94f5f36b042b1f2c11ed4b0b65d46efdd425653fe615bd000ff0
