[INFO] fetching crate daml-lf 0.2.2...
[INFO] testing daml-lf-0.2.2 against beta-2024-12-08 for beta-1.84.0-4-retry
[INFO] extracting crate daml-lf 0.2.2 into /workspace/builds/worker-4-tc2/source
[INFO] validating manifest of crates.io crate daml-lf 0.2.2 on toolchain beta-2024-12-08
[INFO] running `Command { std: CARGO_HOME="/workspace/cargo-home" RUSTUP_HOME="/workspace/rustup-home" "/workspace/cargo-home/bin/cargo" "+beta-2024-12-08" "metadata" "--manifest-path" "Cargo.toml" "--no-deps", kill_on_drop: false }`
[INFO] started tweaking crates.io crate daml-lf 0.2.2
[INFO] finished tweaking crates.io crate daml-lf 0.2.2
[INFO] tweaked toml for crates.io crate daml-lf 0.2.2 written to /workspace/builds/worker-4-tc2/source/Cargo.toml
[INFO] running `Command { std: CARGO_HOME="/workspace/cargo-home" RUSTUP_HOME="/workspace/rustup-home" "/workspace/cargo-home/bin/cargo" "+beta-2024-12-08" "generate-lockfile" "--manifest-path" "Cargo.toml", kill_on_drop: false }`
[INFO] [stderr]     Updating crates.io index
[INFO] [stderr]      Locking 65 packages to latest compatible versions
[INFO] [stderr]       Adding bounded-static v0.2.1 (available: v0.8.0)
[INFO] [stderr]       Adding itertools v0.10.5 (available: v0.13.0)
[INFO] [stderr]       Adding prost v0.9.0 (available: v0.13.4)
[INFO] [stderr]       Adding prost-build v0.9.0 (available: v0.13.4)
[INFO] [stderr]       Adding prost-derive v0.9.0 (available: v0.13.4)
[INFO] [stderr]       Adding thiserror v1.0.69 (available: v2.0.7)
[INFO] [stderr]       Adding zip v0.5.13 (available: v2.2.1)
[INFO] running `Command { std: CARGO_HOME="/workspace/cargo-home" RUSTUP_HOME="/workspace/rustup-home" "/workspace/cargo-home/bin/cargo" "+beta-2024-12-08" "fetch" "--manifest-path" "Cargo.toml", kill_on_drop: false }`
[INFO] running `Command { std: "docker" "create" "-v" "/var/lib/crater-agent-workspace/builds/worker-4-tc2/target:/opt/rustwide/target:rw,Z" "-v" "/var/lib/crater-agent-workspace/builds/worker-4-tc2/source:/opt/rustwide/workdir:ro,Z" "-v" "/var/lib/crater-agent-workspace/cargo-home:/opt/rustwide/cargo-home:ro,Z" "-v" "/var/lib/crater-agent-workspace/rustup-home:/opt/rustwide/rustup-home:ro,Z" "-e" "SOURCE_DIR=/opt/rustwide/workdir" "-e" "CARGO_TARGET_DIR=/opt/rustwide/target" "-e" "CARGO_HOME=/opt/rustwide/cargo-home" "-e" "RUSTUP_HOME=/opt/rustwide/rustup-home" "-w" "/opt/rustwide/workdir" "-m" "1610612736" "--user" "0:0" "--network" "none" "ghcr.io/rust-lang/crates-build-env/linux@sha256:f3a9d4ad9d972b27faf3965f35b62e55ba32bbce8f20bc8fe909558a86702fde" "/opt/rustwide/cargo-home/bin/cargo" "+beta-2024-12-08" "metadata" "--no-deps" "--format-version=1", kill_on_drop: false }`
[INFO] [stdout] 6686f26d84a829c4e6da272f077a90300c5c817a53f444e4e0b48c439a48e684
[INFO] running `Command { std: "docker" "start" "-a" "6686f26d84a829c4e6da272f077a90300c5c817a53f444e4e0b48c439a48e684", kill_on_drop: false }`
[INFO] running `Command { std: "docker" "inspect" "6686f26d84a829c4e6da272f077a90300c5c817a53f444e4e0b48c439a48e684", kill_on_drop: false }`
[INFO] running `Command { std: "docker" "rm" "-f" "6686f26d84a829c4e6da272f077a90300c5c817a53f444e4e0b48c439a48e684", kill_on_drop: false }`
[INFO] [stdout] 6686f26d84a829c4e6da272f077a90300c5c817a53f444e4e0b48c439a48e684
[INFO] running `Command { std: "docker" "create" "-v" "/var/lib/crater-agent-workspace/builds/worker-4-tc2/target:/opt/rustwide/target:rw,Z" "-v" "/var/lib/crater-agent-workspace/builds/worker-4-tc2/source:/opt/rustwide/workdir:ro,Z" "-v" "/var/lib/crater-agent-workspace/cargo-home:/opt/rustwide/cargo-home:ro,Z" "-v" "/var/lib/crater-agent-workspace/rustup-home:/opt/rustwide/rustup-home:ro,Z" "-e" "SOURCE_DIR=/opt/rustwide/workdir" "-e" "CARGO_TARGET_DIR=/opt/rustwide/target" "-e" "CARGO_INCREMENTAL=0" "-e" "RUST_BACKTRACE=full" "-e" "RUSTFLAGS=--cap-lints=warn" "-e" "RUSTDOCFLAGS=--cap-lints=warn" "-e" "CARGO_HOME=/opt/rustwide/cargo-home" "-e" "RUSTUP_HOME=/opt/rustwide/rustup-home" "-w" "/opt/rustwide/workdir" "-m" "1610612736" "--user" "0:0" "--network" "none" "ghcr.io/rust-lang/crates-build-env/linux@sha256:f3a9d4ad9d972b27faf3965f35b62e55ba32bbce8f20bc8fe909558a86702fde" "/opt/rustwide/cargo-home/bin/cargo" "+beta-2024-12-08" "build" "--frozen" "--message-format=json", kill_on_drop: false }`
[INFO] [stdout] 4885428841cd16c06cda09e45b841b776433c942f0133b568fdd7c1e5ec99127
[INFO] running `Command { std: "docker" "start" "-a" "4885428841cd16c06cda09e45b841b776433c942f0133b568fdd7c1e5ec99127", kill_on_drop: false }`
[INFO] [stderr]    Compiling proc-macro2 v1.0.92
[INFO] [stderr]    Compiling unicode-ident v1.0.14
[INFO] [stderr]    Compiling syn v1.0.109
[INFO] [stderr]    Compiling either v1.13.0
[INFO] [stderr]    Compiling anyhow v1.0.94
[INFO] [stderr]    Compiling rustix v0.38.42
[INFO] [stderr]    Compiling linux-raw-sys v0.4.14
[INFO] [stderr]    Compiling bitflags v2.6.0
[INFO] [stderr]    Compiling cfg-if v1.0.0
[INFO] [stderr]    Compiling memchr v2.7.4
[INFO] [stderr]    Compiling home v0.5.9
[INFO] [stderr]    Compiling regex-syntax v0.8.5
[INFO] [stderr]    Compiling hashbrown v0.15.2
[INFO] [stderr]    Compiling equivalent v1.0.1
[INFO] [stderr]    Compiling bytes v1.9.0
[INFO] [stderr]    Compiling unicode-segmentation v1.12.0
[INFO] [stderr]    Compiling fastrand v2.3.0
[INFO] [stderr]    Compiling fixedbitset v0.4.2
[INFO] [stderr]    Compiling once_cell v1.20.2
[INFO] [stderr]    Compiling thiserror v1.0.69
[INFO] [stderr]    Compiling adler2 v2.0.0
[INFO] [stderr]    Compiling itertools v0.10.5
[INFO] [stderr]    Compiling log v0.4.22
[INFO] [stderr]    Compiling lazy_static v1.5.0
[INFO] [stderr]    Compiling multimap v0.8.3
[INFO] [stderr]    Compiling indexmap v2.7.0
[INFO] [stderr]    Compiling miniz_oxide v0.8.0
[INFO] [stderr]    Compiling crc32fast v1.4.2
[INFO] [stderr]    Compiling serde v1.0.216
[INFO] [stderr]    Compiling linked-hash-map v0.5.6
[INFO] [stderr]    Compiling byteorder v1.5.0
[INFO] [stderr]    Compiling aho-corasick v1.1.3
[INFO] [stderr]    Compiling heck v0.3.3
[INFO] [stderr]    Compiling yaml-rust v0.4.5
[INFO] [stderr]    Compiling flate2 v1.0.35
[INFO] [stderr]    Compiling quote v1.0.37
[INFO] [stderr]    Compiling petgraph v0.6.5
[INFO] [stderr]    Compiling syn v2.0.90
[INFO] [stderr]    Compiling which v4.4.2
[INFO] [stderr]    Compiling tempfile v3.14.0
[INFO] [stderr]    Compiling regex-automata v0.4.9
[INFO] [stderr]    Compiling prost-build v0.9.0
[INFO] [stderr]    Compiling thiserror-impl v1.0.69
[INFO] [stderr]    Compiling serde_derive v1.0.216
[INFO] [stderr]    Compiling zip v0.5.13
[INFO] [stderr]    Compiling regex v1.11.1
[INFO] [stderr]    Compiling prost-derive v0.9.0
[INFO] [stderr]    Compiling bounded-static-derive v0.2.1
[INFO] [stderr]    Compiling bounded-static v0.2.1
[INFO] [stderr]    Compiling prost v0.9.0
[INFO] [stderr]    Compiling prost-types v0.9.0
[INFO] [stderr]    Compiling daml-lf v0.2.2 (/opt/rustwide/workdir)
[INFO] [stdout] warning: method `contains` is never used
[INFO] [stdout]    --> src/dar.rs:229:8
[INFO] [stdout]     |
[INFO] [stdout] 227 | trait ZipArchiveEx<T> {
[INFO] [stdout]     |       ------------ method in this trait
[INFO] [stdout] 228 |     fn paths(&mut self) -> Vec<PathBuf>;
[INFO] [stdout] 229 |     fn contains(&mut self, path: &str) -> bool;
[INFO] [stdout]     |        ^^^^^^^^
[INFO] [stdout]     |
[INFO] [stdout]     = note: `#[warn(dead_code)]` on by default
[INFO] [stdout] 
[INFO] [stdout] 
[INFO] [stderr]     Finished `dev` profile [unoptimized + debuginfo] target(s) in 30.83s
[INFO] running `Command { std: "docker" "inspect" "4885428841cd16c06cda09e45b841b776433c942f0133b568fdd7c1e5ec99127", kill_on_drop: false }`
[INFO] running `Command { std: "docker" "rm" "-f" "4885428841cd16c06cda09e45b841b776433c942f0133b568fdd7c1e5ec99127", kill_on_drop: false }`
[INFO] [stdout] 4885428841cd16c06cda09e45b841b776433c942f0133b568fdd7c1e5ec99127
[INFO] running `Command { std: "docker" "create" "-v" "/var/lib/crater-agent-workspace/builds/worker-4-tc2/target:/opt/rustwide/target:rw,Z" "-v" "/var/lib/crater-agent-workspace/builds/worker-4-tc2/source:/opt/rustwide/workdir:ro,Z" "-v" "/var/lib/crater-agent-workspace/cargo-home:/opt/rustwide/cargo-home:ro,Z" "-v" "/var/lib/crater-agent-workspace/rustup-home:/opt/rustwide/rustup-home:ro,Z" "-e" "SOURCE_DIR=/opt/rustwide/workdir" "-e" "CARGO_TARGET_DIR=/opt/rustwide/target" "-e" "CARGO_INCREMENTAL=0" "-e" "RUST_BACKTRACE=full" "-e" "RUSTFLAGS=--cap-lints=warn" "-e" "RUSTDOCFLAGS=--cap-lints=warn" "-e" "CARGO_HOME=/opt/rustwide/cargo-home" "-e" "RUSTUP_HOME=/opt/rustwide/rustup-home" "-w" "/opt/rustwide/workdir" "-m" "1610612736" "--user" "0:0" "--network" "none" "ghcr.io/rust-lang/crates-build-env/linux@sha256:f3a9d4ad9d972b27faf3965f35b62e55ba32bbce8f20bc8fe909558a86702fde" "/opt/rustwide/cargo-home/bin/cargo" "+beta-2024-12-08" "test" "--frozen" "--no-run" "--message-format=json", kill_on_drop: false }`
[INFO] [stdout] be5a72fcd30364a2ececcd87024ae15f92bc2061ad6876615b92425c73dad796
[INFO] running `Command { std: "docker" "start" "-a" "be5a72fcd30364a2ececcd87024ae15f92bc2061ad6876615b92425c73dad796", kill_on_drop: false }`
[INFO] [stderr]    Compiling trim-margin v0.1.0
[INFO] [stdout] warning: method `contains` is never used
[INFO] [stdout]    --> src/dar.rs:229:8
[INFO] [stdout]     |
[INFO] [stdout] 227 | trait ZipArchiveEx<T> {
[INFO] [stdout]     |       ------------ method in this trait
[INFO] [stdout] 228 |     fn paths(&mut self) -> Vec<PathBuf>;
[INFO] [stdout] 229 |     fn contains(&mut self, path: &str) -> bool;
[INFO] [stdout]     |        ^^^^^^^^
[INFO] [stdout]     |
[INFO] [stdout]     = note: `#[warn(dead_code)]` on by default
[INFO] [stdout] 
[INFO] [stdout] 
[INFO] [stderr]    Compiling daml-lf v0.2.2 (/opt/rustwide/workdir)
[INFO] [stdout] warning: method `contains` is never used
[INFO] [stdout]    --> src/dar.rs:229:8
[INFO] [stdout]     |
[INFO] [stdout] 227 | trait ZipArchiveEx<T> {
[INFO] [stdout]     |       ------------ method in this trait
[INFO] [stdout] 228 |     fn paths(&mut self) -> Vec<PathBuf>;
[INFO] [stdout] 229 |     fn contains(&mut self, path: &str) -> bool;
[INFO] [stdout]     |        ^^^^^^^^
[INFO] [stdout]     |
[INFO] [stdout]     = note: `#[warn(dead_code)]` on by default
[INFO] [stdout] 
[INFO] [stdout] 
[INFO] [stderr]     Finished `test` profile [unoptimized + debuginfo] target(s) in 3.95s
[INFO] running `Command { std: "docker" "inspect" "be5a72fcd30364a2ececcd87024ae15f92bc2061ad6876615b92425c73dad796", kill_on_drop: false }`
[INFO] running `Command { std: "docker" "rm" "-f" "be5a72fcd30364a2ececcd87024ae15f92bc2061ad6876615b92425c73dad796", kill_on_drop: false }`
[INFO] [stdout] be5a72fcd30364a2ececcd87024ae15f92bc2061ad6876615b92425c73dad796
[INFO] running `Command { std: "docker" "create" "-v" "/var/lib/crater-agent-workspace/builds/worker-4-tc2/target:/opt/rustwide/target:rw,Z" "-v" "/var/lib/crater-agent-workspace/builds/worker-4-tc2/source:/opt/rustwide/workdir:ro,Z" "-v" "/var/lib/crater-agent-workspace/cargo-home:/opt/rustwide/cargo-home:ro,Z" "-v" "/var/lib/crater-agent-workspace/rustup-home:/opt/rustwide/rustup-home:ro,Z" "-e" "SOURCE_DIR=/opt/rustwide/workdir" "-e" "CARGO_TARGET_DIR=/opt/rustwide/target" "-e" "CARGO_INCREMENTAL=0" "-e" "RUST_BACKTRACE=full" "-e" "RUSTFLAGS=--cap-lints=warn" "-e" "RUSTDOCFLAGS=--cap-lints=warn" "-e" "CARGO_HOME=/opt/rustwide/cargo-home" "-e" "RUSTUP_HOME=/opt/rustwide/rustup-home" "-w" "/opt/rustwide/workdir" "-m" "1610612736" "--user" "0:0" "--network" "none" "ghcr.io/rust-lang/crates-build-env/linux@sha256:f3a9d4ad9d972b27faf3965f35b62e55ba32bbce8f20bc8fe909558a86702fde" "/opt/rustwide/cargo-home/bin/cargo" "+beta-2024-12-08" "test" "--frozen", kill_on_drop: false }`
[INFO] [stdout] 6abc36119808343ef25d3c59bb97e3ff44c5d31551143c445e13082f13070a4d
[INFO] running `Command { std: "docker" "start" "-a" "6abc36119808343ef25d3c59bb97e3ff44c5d31551143c445e13082f13070a4d", kill_on_drop: false }`
[INFO] [stderr] warning: method `contains` is never used
[INFO] [stderr]    --> src/dar.rs:229:8
[INFO] [stderr]     |
[INFO] [stderr] 227 | trait ZipArchiveEx<T> {
[INFO] [stderr]     |       ------------ method in this trait
[INFO] [stderr] 228 |     fn paths(&mut self) -> Vec<PathBuf>;
[INFO] [stderr] 229 |     fn contains(&mut self, path: &str) -> bool;
[INFO] [stderr]     |        ^^^^^^^^
[INFO] [stderr]     |
[INFO] [stderr]     = note: `#[warn(dead_code)]` on by default
[INFO] [stderr] 
[INFO] [stderr] warning: `daml-lf` (lib) generated 1 warning
[INFO] [stderr] warning: `daml-lf` (lib test) generated 1 warning (1 duplicate)
[INFO] [stderr]     Finished `test` profile [unoptimized + debuginfo] target(s) in 0.07s
[INFO] [stderr]      Running unittests src/lib.rs (/opt/rustwide/target/debug/deps/daml_lf-71083d6bb57950d8)
[INFO] [stdout] 
[INFO] [stdout] running 10 tests
[INFO] [stdout] test manifest::test::test_multiple_dalfs ... ok
[INFO] [stdout] test manifest::test::test_single_main_dalf ... ok
[INFO] [stdout] test manifest::test::test_invalid_format ... ok
[INFO] [stdout] test version::tests::test_display_version ... ok
[INFO] [stdout] test version::tests::test_minor_version_ordering ... ok
[INFO] [stdout] test version::tests::test_version_matches ... ok
[INFO] [stdout] test version::tests::test_version_ordering ... ok
[INFO] [stdout] test manifest::test::test_split_manifest_line ... ok
[INFO] [stdout] test manifest::test::test_split_dalfs ... ok
[INFO] [stdout] test manifest::test::test_split_all_dalf ... ok
[INFO] [stdout] 
[INFO] [stdout] test result: ok. 10 passed; 0 failed; 0 ignored; 0 measured; 0 filtered out; finished in 0.00s
[INFO] [stdout] 
[INFO] [stderr]      Running tests/integration_tests.rs (/opt/rustwide/target/debug/deps/integration_tests-f76c5d074533efe2)
[INFO] [stdout] 
[INFO] [stdout] running 13 tests
[INFO] [stdout] test test_dalf ... FAILED
[INFO] [stdout] test test_legacy_dar ... FAILED
[INFO] [stdout] test test_convert_dar ... ok
[INFO] [stdout] test test_daml_sdk_1_0_x ... ok
[INFO] [stdout] test test_daml_lf_1_8 ... ok
[INFO] [stdout] test test_apply_dalf ... ok
[INFO] [stdout] test test_daml_sdk_1_1_x ... ok
[INFO] [stdout] test test_apply_dar ... ok
[INFO] [stdout] test test_fat_dar ... ok
[INFO] [stdout] test test_apply_payload ... ok
[INFO] [stdout] test test_visitor ... ok
[INFO] [stdout] test test_daml_lf_1_7 ... ok
[INFO] [stdout] test test_daml_lf_1_6 ... ok
[INFO] [stdout] 
[INFO] [stdout] failures:
[INFO] [stdout] 
[INFO] [stdout] ---- test_dalf stdout ----
[INFO] [stdout] Error: IoError(Os { code: 2, kind: NotFound, message: "No such file or directory" })
[INFO] [stdout] 
[INFO] [stdout] ---- test_legacy_dar stdout ----
[INFO] [stdout] Error: IoError(Os { code: 2, kind: NotFound, message: "No such file or directory" })
[INFO] [stdout] 
[INFO] [stdout] 
[INFO] [stdout] failures:
[INFO] [stdout]     test_dalf
[INFO] [stdout]     test_legacy_dar
[INFO] [stdout] 
[INFO] [stdout] test result: FAILED. 11 passed; 2 failed; 0 ignored; 0 measured; 0 filtered out; finished in 1.79s
[INFO] [stdout] 
[INFO] [stderr] error: test failed, to rerun pass `--test integration_tests`
[INFO] running `Command { std: "docker" "inspect" "6abc36119808343ef25d3c59bb97e3ff44c5d31551143c445e13082f13070a4d", kill_on_drop: false }`
[INFO] running `Command { std: "docker" "rm" "-f" "6abc36119808343ef25d3c59bb97e3ff44c5d31551143c445e13082f13070a4d", kill_on_drop: false }`
[INFO] [stdout] 6abc36119808343ef25d3c59bb97e3ff44c5d31551143c445e13082f13070a4d
