[INFO] fetching crate damians_custom_datetime_parser 0.2.5...
[INFO] testing damians_custom_datetime_parser-0.2.5 against 1.83.0 for beta-1.84.0-4-retry
[INFO] extracting crate damians_custom_datetime_parser 0.2.5 into /workspace/builds/worker-0-tc1/source
[INFO] validating manifest of crates.io crate damians_custom_datetime_parser 0.2.5 on toolchain 1.83.0
[INFO] running `Command { std: CARGO_HOME="/workspace/cargo-home" RUSTUP_HOME="/workspace/rustup-home" "/workspace/cargo-home/bin/cargo" "+1.83.0" "metadata" "--manifest-path" "Cargo.toml" "--no-deps", kill_on_drop: false }`
[INFO] started tweaking crates.io crate damians_custom_datetime_parser 0.2.5
[INFO] removed 0 missing tests
[INFO] finished tweaking crates.io crate damians_custom_datetime_parser 0.2.5
[INFO] tweaked toml for crates.io crate damians_custom_datetime_parser 0.2.5 written to /workspace/builds/worker-0-tc1/source/Cargo.toml
[INFO] crate crates.io crate damians_custom_datetime_parser 0.2.5 already has a lockfile, it will not be regenerated
[INFO] running `Command { std: CARGO_HOME="/workspace/cargo-home" RUSTUP_HOME="/workspace/rustup-home" "/workspace/cargo-home/bin/cargo" "+1.83.0" "fetch" "--manifest-path" "Cargo.toml", kill_on_drop: false }`
[INFO] running `Command { std: "docker" "create" "-v" "/var/lib/crater-agent-workspace/builds/worker-0-tc1/target:/opt/rustwide/target:rw,Z" "-v" "/var/lib/crater-agent-workspace/builds/worker-0-tc1/source:/opt/rustwide/workdir:ro,Z" "-v" "/var/lib/crater-agent-workspace/cargo-home:/opt/rustwide/cargo-home:ro,Z" "-v" "/var/lib/crater-agent-workspace/rustup-home:/opt/rustwide/rustup-home:ro,Z" "-e" "SOURCE_DIR=/opt/rustwide/workdir" "-e" "CARGO_TARGET_DIR=/opt/rustwide/target" "-e" "CARGO_HOME=/opt/rustwide/cargo-home" "-e" "RUSTUP_HOME=/opt/rustwide/rustup-home" "-w" "/opt/rustwide/workdir" "-m" "1610612736" "--user" "0:0" "--network" "none" "ghcr.io/rust-lang/crates-build-env/linux@sha256:f3a9d4ad9d972b27faf3965f35b62e55ba32bbce8f20bc8fe909558a86702fde" "/opt/rustwide/cargo-home/bin/cargo" "+1.83.0" "metadata" "--no-deps" "--format-version=1", kill_on_drop: false }`
[INFO] [stdout] 87208ed5e84e2cccc92eb1b171697a1251948f3bd491d771ad1bfb440a2a6658
[INFO] running `Command { std: "docker" "start" "-a" "87208ed5e84e2cccc92eb1b171697a1251948f3bd491d771ad1bfb440a2a6658", kill_on_drop: false }`
[INFO] running `Command { std: "docker" "inspect" "87208ed5e84e2cccc92eb1b171697a1251948f3bd491d771ad1bfb440a2a6658", kill_on_drop: false }`
[INFO] running `Command { std: "docker" "rm" "-f" "87208ed5e84e2cccc92eb1b171697a1251948f3bd491d771ad1bfb440a2a6658", kill_on_drop: false }`
[INFO] [stdout] 87208ed5e84e2cccc92eb1b171697a1251948f3bd491d771ad1bfb440a2a6658
[INFO] running `Command { std: "docker" "create" "-v" "/var/lib/crater-agent-workspace/builds/worker-0-tc1/target:/opt/rustwide/target:rw,Z" "-v" "/var/lib/crater-agent-workspace/builds/worker-0-tc1/source:/opt/rustwide/workdir:ro,Z" "-v" "/var/lib/crater-agent-workspace/cargo-home:/opt/rustwide/cargo-home:ro,Z" "-v" "/var/lib/crater-agent-workspace/rustup-home:/opt/rustwide/rustup-home:ro,Z" "-e" "SOURCE_DIR=/opt/rustwide/workdir" "-e" "CARGO_TARGET_DIR=/opt/rustwide/target" "-e" "CARGO_INCREMENTAL=0" "-e" "RUST_BACKTRACE=full" "-e" "RUSTFLAGS=--cap-lints=warn" "-e" "RUSTDOCFLAGS=--cap-lints=warn" "-e" "CARGO_HOME=/opt/rustwide/cargo-home" "-e" "RUSTUP_HOME=/opt/rustwide/rustup-home" "-w" "/opt/rustwide/workdir" "-m" "1610612736" "--user" "0:0" "--network" "none" "ghcr.io/rust-lang/crates-build-env/linux@sha256:f3a9d4ad9d972b27faf3965f35b62e55ba32bbce8f20bc8fe909558a86702fde" "/opt/rustwide/cargo-home/bin/cargo" "+1.83.0" "build" "--frozen" "--message-format=json", kill_on_drop: false }`
[INFO] [stdout] 40d0a7206ef1e60c93619dab5ce34271b5f299334a974d5dabafb05294fb6948
[INFO] running `Command { std: "docker" "start" "-a" "40d0a7206ef1e60c93619dab5ce34271b5f299334a974d5dabafb05294fb6948", kill_on_drop: false }`
[INFO] [stderr]    Compiling proc-macro2 v1.0.89
[INFO] [stderr]    Compiling unicode-ident v1.0.13
[INFO] [stderr]    Compiling thiserror v1.0.69
[INFO] [stderr]    Compiling utf8parse v0.2.2
[INFO] [stderr]    Compiling memchr v2.7.4
[INFO] [stderr]    Compiling ucd-trie v0.1.7
[INFO] [stderr]    Compiling once_cell v1.20.2
[INFO] [stderr]    Compiling anstyle v1.0.10
[INFO] [stderr]    Compiling colorchoice v1.0.3
[INFO] [stderr]    Compiling anstyle-query v1.1.2
[INFO] [stderr]    Compiling is_terminal_polyfill v1.70.1
[INFO] [stderr]    Compiling thiserror v2.0.3
[INFO] [stderr]    Compiling strsim v0.11.1
[INFO] [stderr]    Compiling anyhow v1.0.93
[INFO] [stderr]    Compiling clap_lex v0.7.2
[INFO] [stderr]    Compiling anstyle-parse v0.2.6
[INFO] [stderr]    Compiling anstream v0.6.18
[INFO] [stderr]    Compiling clap_builder v4.5.20
[INFO] [stderr]    Compiling quote v1.0.37
[INFO] [stderr]    Compiling syn v2.0.87
[INFO] [stderr]    Compiling clap v4.5.20
[INFO] [stderr]    Compiling thiserror-impl v1.0.69
[INFO] [stderr]    Compiling thiserror-impl v2.0.3
[INFO] [stderr]    Compiling pest v2.7.14
[INFO] [stderr]    Compiling pest_meta v2.7.14
[INFO] [stderr]    Compiling pest_generator v2.7.14
[INFO] [stderr]    Compiling pest_derive v2.7.14
[INFO] [stderr]    Compiling damians_custom_datetime_parser v0.2.5 (/opt/rustwide/workdir)
[INFO] [stderr]     Finished `dev` profile [unoptimized + debuginfo] target(s) in 13.70s
[INFO] running `Command { std: "docker" "inspect" "40d0a7206ef1e60c93619dab5ce34271b5f299334a974d5dabafb05294fb6948", kill_on_drop: false }`
[INFO] running `Command { std: "docker" "rm" "-f" "40d0a7206ef1e60c93619dab5ce34271b5f299334a974d5dabafb05294fb6948", kill_on_drop: false }`
[INFO] [stdout] 40d0a7206ef1e60c93619dab5ce34271b5f299334a974d5dabafb05294fb6948
[INFO] running `Command { std: "docker" "create" "-v" "/var/lib/crater-agent-workspace/builds/worker-0-tc1/target:/opt/rustwide/target:rw,Z" "-v" "/var/lib/crater-agent-workspace/builds/worker-0-tc1/source:/opt/rustwide/workdir:ro,Z" "-v" "/var/lib/crater-agent-workspace/cargo-home:/opt/rustwide/cargo-home:ro,Z" "-v" "/var/lib/crater-agent-workspace/rustup-home:/opt/rustwide/rustup-home:ro,Z" "-e" "SOURCE_DIR=/opt/rustwide/workdir" "-e" "CARGO_TARGET_DIR=/opt/rustwide/target" "-e" "CARGO_INCREMENTAL=0" "-e" "RUST_BACKTRACE=full" "-e" "RUSTFLAGS=--cap-lints=warn" "-e" "RUSTDOCFLAGS=--cap-lints=warn" "-e" "CARGO_HOME=/opt/rustwide/cargo-home" "-e" "RUSTUP_HOME=/opt/rustwide/rustup-home" "-w" "/opt/rustwide/workdir" "-m" "1610612736" "--user" "0:0" "--network" "none" "ghcr.io/rust-lang/crates-build-env/linux@sha256:f3a9d4ad9d972b27faf3965f35b62e55ba32bbce8f20bc8fe909558a86702fde" "/opt/rustwide/cargo-home/bin/cargo" "+1.83.0" "test" "--frozen" "--no-run" "--message-format=json", kill_on_drop: false }`
[INFO] [stdout] 81d683ed0a83fb11b28222aa7e66149ed02e0153b3e28ceae724dd01d9c93d72
[INFO] running `Command { std: "docker" "start" "-a" "81d683ed0a83fb11b28222aa7e66149ed02e0153b3e28ceae724dd01d9c93d72", kill_on_drop: false }`
[INFO] [stderr]    Compiling damians_custom_datetime_parser v0.2.5 (/opt/rustwide/workdir)
[INFO] [stderr]     Finished `test` profile [unoptimized + debuginfo] target(s) in 0.92s
[INFO] running `Command { std: "docker" "inspect" "81d683ed0a83fb11b28222aa7e66149ed02e0153b3e28ceae724dd01d9c93d72", kill_on_drop: false }`
[INFO] running `Command { std: "docker" "rm" "-f" "81d683ed0a83fb11b28222aa7e66149ed02e0153b3e28ceae724dd01d9c93d72", kill_on_drop: false }`
[INFO] [stdout] 81d683ed0a83fb11b28222aa7e66149ed02e0153b3e28ceae724dd01d9c93d72
[INFO] running `Command { std: "docker" "create" "-v" "/var/lib/crater-agent-workspace/builds/worker-0-tc1/target:/opt/rustwide/target:rw,Z" "-v" "/var/lib/crater-agent-workspace/builds/worker-0-tc1/source:/opt/rustwide/workdir:ro,Z" "-v" "/var/lib/crater-agent-workspace/cargo-home:/opt/rustwide/cargo-home:ro,Z" "-v" "/var/lib/crater-agent-workspace/rustup-home:/opt/rustwide/rustup-home:ro,Z" "-e" "SOURCE_DIR=/opt/rustwide/workdir" "-e" "CARGO_TARGET_DIR=/opt/rustwide/target" "-e" "CARGO_INCREMENTAL=0" "-e" "RUST_BACKTRACE=full" "-e" "RUSTFLAGS=--cap-lints=warn" "-e" "RUSTDOCFLAGS=--cap-lints=warn" "-e" "CARGO_HOME=/opt/rustwide/cargo-home" "-e" "RUSTUP_HOME=/opt/rustwide/rustup-home" "-w" "/opt/rustwide/workdir" "-m" "1610612736" "--user" "0:0" "--network" "none" "ghcr.io/rust-lang/crates-build-env/linux@sha256:f3a9d4ad9d972b27faf3965f35b62e55ba32bbce8f20bc8fe909558a86702fde" "/opt/rustwide/cargo-home/bin/cargo" "+1.83.0" "test" "--frozen", kill_on_drop: false }`
[INFO] [stdout] 6676f2c936e7357e446459dc054401b0ae1c93e6bb24a75f6641045f46ce1912
[INFO] running `Command { std: "docker" "start" "-a" "6676f2c936e7357e446459dc054401b0ae1c93e6bb24a75f6641045f46ce1912", kill_on_drop: false }`
[INFO] [stderr]     Finished `test` profile [unoptimized + debuginfo] target(s) in 0.05s
[INFO] [stderr]      Running unittests src/lib.rs (/opt/rustwide/target/debug/deps/damians_custom_datetime_parser-6c77605fd65d71e0)
[INFO] [stdout] 
[INFO] [stdout] running 0 tests
[INFO] [stdout] 
[INFO] [stdout] test result: ok. 0 passed; 0 failed; 0 ignored; 0 measured; 0 filtered out; finished in 0.00s
[INFO] [stdout] 
[INFO] [stderr]      Running unittests src/main.rs (/opt/rustwide/target/debug/deps/damians_custom_datetime_parser-326319d93ecab198)
[INFO] [stdout] 
[INFO] [stdout] running 0 tests
[INFO] [stdout] 
[INFO] [stdout] test result: ok. 0 passed; 0 failed; 0 ignored; 0 measured; 0 filtered out; finished in 0.00s
[INFO] [stdout] 
[INFO] [stderr]      Running tests/parser_test.rs (/opt/rustwide/target/debug/deps/parser_test-2c08fa09022fc169)
[INFO] [stdout] 
[INFO] [stdout] running 25 tests
[INFO] [stdout] test extract_data_from_parsing_datetime_valid ... ok
[INFO] [stdout] test parse_date_invalid ... ok
[INFO] [stdout] test parse_date_valid ... ok
[INFO] [stdout] test parse_date_time_valid ... ok
[INFO] [stdout] test parse_digit_invalid ... ok
[INFO] [stdout] test parse_day_valid ... ok
[INFO] [stdout] test parse_day_invalid ... ok
[INFO] [stdout] test parse_hour_invalid ... ok
[INFO] [stdout] test parse_minute_valid ... ok
[INFO] [stdout] test parse_month_invalid ... ok
[INFO] [stdout] test parse_digit_valid ... ok
[INFO] [stdout] test parse_minute_invalid ... ok
[INFO] [stdout] test parse_hour_valid ... ok
[INFO] [stdout] test parse_month_valid ... ok
[INFO] [stdout] test parse_date_time_invalid ... ok
[INFO] [stdout] test parse_spaces_invalid ... ok
[INFO] [stdout] test parse_second_invalid ... ok
[INFO] [stdout] test parse_spaces_valid ... ok
[INFO] [stdout] test parse_time_invalid ... ok
[INFO] [stdout] test parse_timezone_valid ... ok
[INFO] [stdout] test parse_year_invalid ... ok
[INFO] [stdout] test parse_second_valid ... ok
[INFO] [stdout] test parse_year_valid ... ok
[INFO] [stdout] test parse_timezone_invalid ... ok
[INFO] [stdout] test parse_time_valid ... ok
[INFO] [stdout] 
[INFO] [stdout] test result: ok. 25 passed; 0 failed; 0 ignored; 0 measured; 0 filtered out; finished in 0.01s
[INFO] [stdout] 
[INFO] [stderr]    Doc-tests damians_custom_datetime_parser
[INFO] [stdout] 
[INFO] [stdout] running 7 tests
[INFO] [stdout] test src/../doc.md - (line 48) ... FAILED
[INFO] [stdout] test src/../doc.md - (line 66) ... FAILED
[INFO] [stdout] test src/../doc.md - (line 39) ... FAILED
[INFO] [stdout] test src/../doc.md - (line 16) ... FAILED
[INFO] [stdout] test src/../doc.md - (line 7) ... FAILED
[INFO] [stdout] test src/../doc.md - (line 57) ... FAILED
[INFO] [stdout] test src/../doc.md - (line 25) ... FAILED
[INFO] [stdout] 
[INFO] [stdout] failures:
[INFO] [stdout] 
[INFO] [stdout] ---- src/../doc.md - (line 48) stdout ----
[INFO] [stdout] error: expected one of `!`, `.`, `::`, `;`, `?`, `{`, `}`, or an operator, found `~`
[INFO] [stdout]  --> src/../doc.md:49:14
[INFO] [stdout]   |
[INFO] [stdout] 3 | date = { day ~ ("." | "/" | "-") ~ month ~ ("." | "/" | "-") ~ year }
[INFO] [stdout]   |              ^ expected one of 8 possible tokens
[INFO] [stdout] 
[INFO] [stdout] error[E0425]: cannot find value `date` in this scope
[INFO] [stdout]  --> src/../doc.md:49:1
[INFO] [stdout]   |
[INFO] [stdout] 3 | date = { day ~ ("." | "/" | "-") ~ month ~ ("." | "/" | "-") ~ year }
[INFO] [stdout]   | ^^^^
[INFO] [stdout]   |
[INFO] [stdout] help: you might have meant to introduce a new binding
[INFO] [stdout]   |
[INFO] [stdout] 3 | let date = { day ~ ("." | "/" | "-") ~ month ~ ("." | "/" | "-") ~ year }
[INFO] [stdout]   | +++
[INFO] [stdout] help: consider importing this unit variant
[INFO] [stdout]   |
[INFO] [stdout] 2 + use damians_custom_datetime_parser::Rule::date;
[INFO] [stdout]   |
[INFO] [stdout] 
[INFO] [stdout] error: aborting due to 2 previous errors
[INFO] [stdout] 
[INFO] [stdout] For more information about this error, try `rustc --explain E0425`.
[INFO] [stdout] Couldn't compile the test.
[INFO] [stdout] ---- src/../doc.md - (line 66) stdout ----
[INFO] [stdout] error: expected one of `!`, `.`, `::`, `;`, `?`, `{`, `}`, or an operator, found `~`
[INFO] [stdout]  --> src/../doc.md:67:19
[INFO] [stdout]   |
[INFO] [stdout] 3 | date_time = { SOI ~ date ~ spaces ~ time ~ (spaces ~ timezone)? ~ EOI }
[INFO] [stdout]   |                   ^ expected one of 8 possible tokens
[INFO] [stdout] 
[INFO] [stdout] error[E0425]: cannot find value `date_time` in this scope
[INFO] [stdout]  --> src/../doc.md:67:1
[INFO] [stdout]   |
[INFO] [stdout] 3 | date_time = { SOI ~ date ~ spaces ~ time ~ (spaces ~ timezone)? ~ EOI }
[INFO] [stdout]   | ^^^^^^^^^
[INFO] [stdout]   |
[INFO] [stdout] help: you might have meant to introduce a new binding
[INFO] [stdout]   |
[INFO] [stdout] 3 | let date_time = { SOI ~ date ~ spaces ~ time ~ (spaces ~ timezone)? ~ EOI }
[INFO] [stdout]   | +++
[INFO] [stdout] help: consider importing this unit variant
[INFO] [stdout]   |
[INFO] [stdout] 2 + use damians_custom_datetime_parser::Rule::date_time;
[INFO] [stdout]   |
[INFO] [stdout] 
[INFO] [stdout] error: aborting due to 2 previous errors
[INFO] [stdout] 
[INFO] [stdout] For more information about this error, try `rustc --explain E0425`.
[INFO] [stdout] Couldn't compile the test.
[INFO] [stdout] ---- src/../doc.md - (line 39) stdout ----
[INFO] [stdout] error: expected one of `!`, `.`, `::`, `;`, `?`, `{`, `}`, or an operator, found `~`
[INFO] [stdout]  --> src/../doc.md:40:15
[INFO] [stdout]   |
[INFO] [stdout] 3 | time = { hour ~ ":" ~ minute ~ ":" ~ second}
[INFO] [stdout]   |               ^ expected one of 8 possible tokens
[INFO] [stdout] 
[INFO] [stdout] error[E0425]: cannot find value `time` in this scope
[INFO] [stdout]  --> src/../doc.md:40:1
[INFO] [stdout]   |
[INFO] [stdout] 3 | time = { hour ~ ":" ~ minute ~ ":" ~ second}
[INFO] [stdout]   | ^^^^
[INFO] [stdout]   |
[INFO] [stdout] help: you might have meant to introduce a new binding
[INFO] [stdout]   |
[INFO] [stdout] 3 | let time = { hour ~ ":" ~ minute ~ ":" ~ second}
[INFO] [stdout]   | +++
[INFO] [stdout] help: consider importing this unit variant
[INFO] [stdout]   |
[INFO] [stdout] 2 + use damians_custom_datetime_parser::Rule::time;
[INFO] [stdout]   |
[INFO] [stdout] 
[INFO] [stdout] error: aborting due to 2 previous errors
[INFO] [stdout] 
[INFO] [stdout] For more information about this error, try `rustc --explain E0425`.
[INFO] [stdout] Couldn't compile the test.
[INFO] [stdout] ---- src/../doc.md - (line 16) stdout ----
[INFO] [stdout] error[E0425]: cannot find value `digit` in this scope
[INFO] [stdout]  --> src/../doc.md:17:1
[INFO] [stdout]   |
[INFO] [stdout] 3 | digit = { '0'..'9' }
[INFO] [stdout]   | ^^^^^
[INFO] [stdout]   |
[INFO] [stdout] help: you might have meant to introduce a new binding
[INFO] [stdout]   |
[INFO] [stdout] 3 | let digit = { '0'..'9' }
[INFO] [stdout]   | +++
[INFO] [stdout] help: consider importing this unit variant
[INFO] [stdout]   |
[INFO] [stdout] 2 + use damians_custom_datetime_parser::Rule::digit;
[INFO] [stdout]   |
[INFO] [stdout] 
[INFO] [stdout] error: aborting due to 1 previous error
[INFO] [stdout] 
[INFO] [stdout] For more information about this error, try `rustc --explain E0425`.
[INFO] [stdout] Couldn't compile the test.
[INFO] [stdout] ---- src/../doc.md - (line 7) stdout ----
[INFO] [stdout] error: expected expression, found `}`
[INFO] [stdout]  --> src/../doc.md:8:17
[INFO] [stdout]   |
[INFO] [stdout] 3 | spaces = { " "+ }
[INFO] [stdout]   |                 ^ expected expression
[INFO] [stdout] 
[INFO] [stdout] error[E0425]: cannot find value `spaces` in this scope
[INFO] [stdout]  --> src/../doc.md:8:1
[INFO] [stdout]   |
[INFO] [stdout] 3 | spaces = { " "+ }
[INFO] [stdout]   | ^^^^^^
[INFO] [stdout]   |
[INFO] [stdout] help: you might have meant to introduce a new binding
[INFO] [stdout]   |
[INFO] [stdout] 3 | let spaces = { " "+ }
[INFO] [stdout]   | +++
[INFO] [stdout] help: consider importing this unit variant
[INFO] [stdout]   |
[INFO] [stdout] 2 + use damians_custom_datetime_parser::Rule::spaces;
[INFO] [stdout]   |
[INFO] [stdout] 
[INFO] [stdout] error: aborting due to 2 previous errors
[INFO] [stdout] 
[INFO] [stdout] For more information about this error, try `rustc --explain E0425`.
[INFO] [stdout] Couldn't compile the test.
[INFO] [stdout] ---- src/../doc.md - (line 57) stdout ----
[INFO] [stdout] error: expected one of `.`, `;`, `?`, `}`, or an operator, found `~`
[INFO] [stdout]  --> src/../doc.md:58:26
[INFO] [stdout]   |
[INFO] [stdout] 3 | timezone = { ("+" | "-") ~ hour ~ ":" ~ minute }
[INFO] [stdout]   |                          ^ expected one of `.`, `;`, `?`, `}`, or an operator
[INFO] [stdout] 
[INFO] [stdout] error[E0425]: cannot find value `timezone` in this scope
[INFO] [stdout]  --> src/../doc.md:58:1
[INFO] [stdout]   |
[INFO] [stdout] 3 | timezone = { ("+" | "-") ~ hour ~ ":" ~ minute }
[INFO] [stdout]   | ^^^^^^^^
[INFO] [stdout]   |
[INFO] [stdout] help: you might have meant to introduce a new binding
[INFO] [stdout]   |
[INFO] [stdout] 3 | let timezone = { ("+" | "-") ~ hour ~ ":" ~ minute }
[INFO] [stdout]   | +++
[INFO] [stdout] help: consider importing this unit variant
[INFO] [stdout]   |
[INFO] [stdout] 2 + use damians_custom_datetime_parser::Rule::timezone;
[INFO] [stdout]   |
[INFO] [stdout] 
[INFO] [stdout] error: aborting due to 2 previous errors
[INFO] [stdout] 
[INFO] [stdout] For more information about this error, try `rustc --explain E0425`.
[INFO] [stdout] Couldn't compile the test.
[INFO] [stdout] ---- src/../doc.md - (line 25) stdout ----
[INFO] [stdout] error: expected one of `!`, `.`, `::`, `;`, `?`, `{`, `}`, or an operator, found `~`
[INFO] [stdout]  --> src/../doc.md:26:18
[INFO] [stdout]   |
[INFO] [stdout] 3 | second = { digit ~ digit }
[INFO] [stdout]   |                  ^ expected one of 8 possible tokens
[INFO] [stdout] 
[INFO] [stdout] error: expected `;`, found `minute`
[INFO] [stdout]  --> src/../doc.md:26:27
[INFO] [stdout]   |
[INFO] [stdout] 3 | second = { digit ~ digit }
[INFO] [stdout]   |                           ^ help: add `;` here
[INFO] [stdout] 4 | minute = { digit ~ digit }
[INFO] [stdout]   | ------ unexpected token
[INFO] [stdout] 
[INFO] [stdout] error: expected one of `!`, `.`, `::`, `;`, `?`, `{`, `}`, or an operator, found `~`
[INFO] [stdout]  --> src/../doc.md:27:18
[INFO] [stdout]   |
[INFO] [stdout] 4 | minute = { digit ~ digit }
[INFO] [stdout]   |                  ^ expected one of 8 possible tokens
[INFO] [stdout] 
[INFO] [stdout] error: expected `;`, found `hour`
[INFO] [stdout]  --> src/../doc.md:27:27
[INFO] [stdout]   |
[INFO] [stdout] 4 | minute = { digit ~ digit }
[INFO] [stdout]   |                           ^ help: add `;` here
[INFO] [stdout] 5 | hour = { digit ~ digit }
[INFO] [stdout]   | ---- unexpected token
[INFO] [stdout] 
[INFO] [stdout] error: expected one of `!`, `.`, `::`, `;`, `?`, `{`, `}`, or an operator, found `~`
[INFO] [stdout]  --> src/../doc.md:28:16
[INFO] [stdout]   |
[INFO] [stdout] 5 | hour = { digit ~ digit }
[INFO] [stdout]   |                ^ expected one of 8 possible tokens
[INFO] [stdout] 
[INFO] [stdout] error: expected `;`, found `day`
[INFO] [stdout]  --> src/../doc.md:28:25
[INFO] [stdout]   |
[INFO] [stdout] 5 | hour = { digit ~ digit }
[INFO] [stdout]   |                         ^ help: add `;` here
[INFO] [stdout] 6 | day = { digit ~ digit }
[INFO] [stdout]   | --- unexpected token
[INFO] [stdout] 
[INFO] [stdout] error: expected one of `!`, `.`, `::`, `;`, `?`, `{`, `}`, or an operator, found `~`
[INFO] [stdout]  --> src/../doc.md:29:15
[INFO] [stdout]   |
[INFO] [stdout] 6 | day = { digit ~ digit }
[INFO] [stdout]   |               ^ expected one of 8 possible tokens
[INFO] [stdout] 
[INFO] [stdout] error: expected `;`, found `month`
[INFO] [stdout]  --> src/../doc.md:29:24
[INFO] [stdout]   |
[INFO] [stdout] 6 | day = { digit ~ digit }
[INFO] [stdout]   |                        ^ help: add `;` here
[INFO] [stdout] 7 | month = { digit ~ digit }
[INFO] [stdout]   | ----- unexpected token
[INFO] [stdout] 
[INFO] [stdout] error: expected one of `!`, `.`, `::`, `;`, `?`, `{`, `}`, or an operator, found `~`
[INFO] [stdout]  --> src/../doc.md:30:17
[INFO] [stdout]   |
[INFO] [stdout] 7 | month = { digit ~ digit }
[INFO] [stdout]   |                 ^ expected one of 8 possible tokens
[INFO] [stdout] 
[INFO] [stdout] error: expected `;`, found `year`
[INFO] [stdout]  --> src/../doc.md:30:26
[INFO] [stdout]   |
[INFO] [stdout] 7 | month = { digit ~ digit }
[INFO] [stdout]   |                          ^ help: add `;` here
[INFO] [stdout] 8 | year = { digit ~ digit ~ digit ~ digit }
[INFO] [stdout]   | ---- unexpected token
[INFO] [stdout] 
[INFO] [stdout] error: expected one of `!`, `.`, `::`, `;`, `?`, `{`, `}`, or an operator, found `~`
[INFO] [stdout]  --> src/../doc.md:31:16
[INFO] [stdout]   |
[INFO] [stdout] 8 | year = { digit ~ digit ~ digit ~ digit }
[INFO] [stdout]   |                ^ expected one of 8 possible tokens
[INFO] [stdout] 
[INFO] [stdout] error[E0425]: cannot find value `year` in this scope
[INFO] [stdout]  --> src/../doc.md:31:1
[INFO] [stdout]   |
[INFO] [stdout] 8 | year = { digit ~ digit ~ digit ~ digit }
[INFO] [stdout]   | ^^^^
[INFO] [stdout]   |
[INFO] [stdout] help: you might have meant to introduce a new binding
[INFO] [stdout]   |
[INFO] [stdout] 8 | let year = { digit ~ digit ~ digit ~ digit }
[INFO] [stdout]   | +++
[INFO] [stdout] help: consider importing this unit variant
[INFO] [stdout]   |
[INFO] [stdout] 2 + use damians_custom_datetime_parser::Rule::year;
[INFO] [stdout]   |
[INFO] [stdout] 
[INFO] [stdout] error: aborting due to 12 previous errors
[INFO] [stdout] 
[INFO] [stdout] For more information about this error, try `rustc --explain E0425`.
[INFO] [stdout] Couldn't compile the test.
[INFO] [stdout] 
[INFO] [stdout] failures:
[INFO] [stdout]     src/../doc.md - (line 16)
[INFO] [stdout]     src/../doc.md - (line 25)
[INFO] [stdout]     src/../doc.md - (line 39)
[INFO] [stdout]     src/../doc.md - (line 48)
[INFO] [stdout]     src/../doc.md - (line 57)
[INFO] [stdout]     src/../doc.md - (line 66)
[INFO] [stdout]     src/../doc.md - (line 7)
[INFO] [stdout] 
[INFO] [stdout] test result: FAILED. 0 passed; 7 failed; 0 ignored; 0 measured; 0 filtered out; finished in 0.17s
[INFO] [stdout] 
[INFO] [stderr] error: doctest failed, to rerun pass `--doc`
[INFO] running `Command { std: "docker" "inspect" "6676f2c936e7357e446459dc054401b0ae1c93e6bb24a75f6641045f46ce1912", kill_on_drop: false }`
[INFO] running `Command { std: "docker" "rm" "-f" "6676f2c936e7357e446459dc054401b0ae1c93e6bb24a75f6641045f46ce1912", kill_on_drop: false }`
[INFO] [stdout] 6676f2c936e7357e446459dc054401b0ae1c93e6bb24a75f6641045f46ce1912
