[INFO] fetching crate daikin_altherma 0.0.2...
[INFO] testing daikin_altherma-0.0.2 against 1.83.0 for beta-1.84.0-4-retry
[INFO] extracting crate daikin_altherma 0.0.2 into /workspace/builds/worker-7-tc1/source
[INFO] validating manifest of crates.io crate daikin_altherma 0.0.2 on toolchain 1.83.0
[INFO] running `Command { std: CARGO_HOME="/workspace/cargo-home" RUSTUP_HOME="/workspace/rustup-home" "/workspace/cargo-home/bin/cargo" "+1.83.0" "metadata" "--manifest-path" "Cargo.toml" "--no-deps", kill_on_drop: false }`
[INFO] started tweaking crates.io crate daikin_altherma 0.0.2
[INFO] finished tweaking crates.io crate daikin_altherma 0.0.2
[INFO] tweaked toml for crates.io crate daikin_altherma 0.0.2 written to /workspace/builds/worker-7-tc1/source/Cargo.toml
[INFO] crate crates.io crate daikin_altherma 0.0.2 already has a lockfile, it will not be regenerated
[INFO] running `Command { std: CARGO_HOME="/workspace/cargo-home" RUSTUP_HOME="/workspace/rustup-home" "/workspace/cargo-home/bin/cargo" "+1.83.0" "fetch" "--manifest-path" "Cargo.toml", kill_on_drop: false }`
[INFO] running `Command { std: "docker" "create" "-v" "/var/lib/crater-agent-workspace/builds/worker-7-tc1/target:/opt/rustwide/target:rw,Z" "-v" "/var/lib/crater-agent-workspace/builds/worker-7-tc1/source:/opt/rustwide/workdir:ro,Z" "-v" "/var/lib/crater-agent-workspace/cargo-home:/opt/rustwide/cargo-home:ro,Z" "-v" "/var/lib/crater-agent-workspace/rustup-home:/opt/rustwide/rustup-home:ro,Z" "-e" "SOURCE_DIR=/opt/rustwide/workdir" "-e" "CARGO_TARGET_DIR=/opt/rustwide/target" "-e" "CARGO_HOME=/opt/rustwide/cargo-home" "-e" "RUSTUP_HOME=/opt/rustwide/rustup-home" "-w" "/opt/rustwide/workdir" "-m" "1610612736" "--user" "0:0" "--network" "none" "ghcr.io/rust-lang/crates-build-env/linux@sha256:f3a9d4ad9d972b27faf3965f35b62e55ba32bbce8f20bc8fe909558a86702fde" "/opt/rustwide/cargo-home/bin/cargo" "+1.83.0" "metadata" "--no-deps" "--format-version=1", kill_on_drop: false }`
[INFO] [stdout] 31fd1fe6e10cfe8c646a3c191f2bd4bd0da82a7a5ec5aa8ba9e7361ee5e761fb
[INFO] running `Command { std: "docker" "start" "-a" "31fd1fe6e10cfe8c646a3c191f2bd4bd0da82a7a5ec5aa8ba9e7361ee5e761fb", kill_on_drop: false }`
[INFO] running `Command { std: "docker" "inspect" "31fd1fe6e10cfe8c646a3c191f2bd4bd0da82a7a5ec5aa8ba9e7361ee5e761fb", kill_on_drop: false }`
[INFO] running `Command { std: "docker" "rm" "-f" "31fd1fe6e10cfe8c646a3c191f2bd4bd0da82a7a5ec5aa8ba9e7361ee5e761fb", kill_on_drop: false }`
[INFO] [stdout] 31fd1fe6e10cfe8c646a3c191f2bd4bd0da82a7a5ec5aa8ba9e7361ee5e761fb
[INFO] running `Command { std: "docker" "create" "-v" "/var/lib/crater-agent-workspace/builds/worker-7-tc1/target:/opt/rustwide/target:rw,Z" "-v" "/var/lib/crater-agent-workspace/builds/worker-7-tc1/source:/opt/rustwide/workdir:ro,Z" "-v" "/var/lib/crater-agent-workspace/cargo-home:/opt/rustwide/cargo-home:ro,Z" "-v" "/var/lib/crater-agent-workspace/rustup-home:/opt/rustwide/rustup-home:ro,Z" "-e" "SOURCE_DIR=/opt/rustwide/workdir" "-e" "CARGO_TARGET_DIR=/opt/rustwide/target" "-e" "CARGO_INCREMENTAL=0" "-e" "RUST_BACKTRACE=full" "-e" "RUSTFLAGS=--cap-lints=warn" "-e" "RUSTDOCFLAGS=--cap-lints=warn" "-e" "CARGO_HOME=/opt/rustwide/cargo-home" "-e" "RUSTUP_HOME=/opt/rustwide/rustup-home" "-w" "/opt/rustwide/workdir" "-m" "1610612736" "--user" "0:0" "--network" "none" "ghcr.io/rust-lang/crates-build-env/linux@sha256:f3a9d4ad9d972b27faf3965f35b62e55ba32bbce8f20bc8fe909558a86702fde" "/opt/rustwide/cargo-home/bin/cargo" "+1.83.0" "build" "--frozen" "--message-format=json", kill_on_drop: false }`
[INFO] [stdout] 18793a16493fd685cba848bdd7af09e0e07c54d00bb7901ad8eb119eb1d936db
[INFO] running `Command { std: "docker" "start" "-a" "18793a16493fd685cba848bdd7af09e0e07c54d00bb7901ad8eb119eb1d936db", kill_on_drop: false }`
[INFO] [stderr]    Compiling libc v0.2.153
[INFO] [stderr]    Compiling version_check v0.9.4
[INFO] [stderr]    Compiling typenum v1.17.0
[INFO] [stderr]    Compiling cfg-if v1.0.0
[INFO] [stderr]    Compiling proc-macro2 v1.0.78
[INFO] [stderr]    Compiling unicode-ident v1.0.12
[INFO] [stderr]    Compiling tinyvec_macros v0.1.1
[INFO] [stderr]    Compiling httparse v1.8.0
[INFO] [stderr]    Compiling itoa v1.0.10
[INFO] [stderr]    Compiling percent-encoding v2.3.1
[INFO] [stderr]    Compiling unicode-bidi v0.3.15
[INFO] [stderr]    Compiling thiserror v1.0.57
[INFO] [stderr]    Compiling serde v1.0.197
[INFO] [stderr]    Compiling ppv-lite86 v0.2.17
[INFO] [stderr]    Compiling serde_json v1.0.114
[INFO] [stderr]    Compiling cpufeatures v0.2.12
[INFO] [stderr]    Compiling tinyvec v1.6.0
[INFO] [stderr]    Compiling bytes v1.5.0
[INFO] [stderr]    Compiling fnv v1.0.7
[INFO] [stderr]    Compiling byteorder v1.5.0
[INFO] [stderr]    Compiling log v0.4.21
[INFO] [stderr]    Compiling form_urlencoded v1.2.1
[INFO] [stderr]    Compiling utf-8 v0.7.6
[INFO] [stderr]    Compiling generic-array v0.14.7
[INFO] [stderr]    Compiling ryu v1.0.17
[INFO] [stderr]    Compiling data-encoding v2.5.0
[INFO] [stderr]    Compiling http v1.0.0
[INFO] [stderr]    Compiling quote v1.0.35
[INFO] [stderr]    Compiling unicode-normalization v0.1.23
[INFO] [stderr]    Compiling syn v2.0.52
[INFO] [stderr]    Compiling idna v0.5.0
[INFO] [stderr]    Compiling getrandom v0.2.12
[INFO] [stderr]    Compiling rand_core v0.6.4
[INFO] [stderr]    Compiling uuid v1.7.0
[INFO] [stderr]    Compiling rand_chacha v0.3.1
[INFO] [stderr]    Compiling url v2.5.0
[INFO] [stderr]    Compiling block-buffer v0.10.4
[INFO] [stderr]    Compiling crypto-common v0.1.6
[INFO] [stderr]    Compiling rand v0.8.5
[INFO] [stderr]    Compiling digest v0.10.7
[INFO] [stderr]    Compiling sha1 v0.10.6
[INFO] [stderr]    Compiling thiserror-impl v1.0.57
[INFO] [stderr]    Compiling tungstenite v0.21.0
[INFO] [stderr]    Compiling daikin_altherma v0.0.2 (/opt/rustwide/workdir)
[INFO] [stderr]     Finished `dev` profile [unoptimized + debuginfo] target(s) in 13.60s
[INFO] running `Command { std: "docker" "inspect" "18793a16493fd685cba848bdd7af09e0e07c54d00bb7901ad8eb119eb1d936db", kill_on_drop: false }`
[INFO] running `Command { std: "docker" "rm" "-f" "18793a16493fd685cba848bdd7af09e0e07c54d00bb7901ad8eb119eb1d936db", kill_on_drop: false }`
[INFO] [stdout] 18793a16493fd685cba848bdd7af09e0e07c54d00bb7901ad8eb119eb1d936db
[INFO] running `Command { std: "docker" "create" "-v" "/var/lib/crater-agent-workspace/builds/worker-7-tc1/target:/opt/rustwide/target:rw,Z" "-v" "/var/lib/crater-agent-workspace/builds/worker-7-tc1/source:/opt/rustwide/workdir:ro,Z" "-v" "/var/lib/crater-agent-workspace/cargo-home:/opt/rustwide/cargo-home:ro,Z" "-v" "/var/lib/crater-agent-workspace/rustup-home:/opt/rustwide/rustup-home:ro,Z" "-e" "SOURCE_DIR=/opt/rustwide/workdir" "-e" "CARGO_TARGET_DIR=/opt/rustwide/target" "-e" "CARGO_INCREMENTAL=0" "-e" "RUST_BACKTRACE=full" "-e" "RUSTFLAGS=--cap-lints=warn" "-e" "RUSTDOCFLAGS=--cap-lints=warn" "-e" "CARGO_HOME=/opt/rustwide/cargo-home" "-e" "RUSTUP_HOME=/opt/rustwide/rustup-home" "-w" "/opt/rustwide/workdir" "-m" "1610612736" "--user" "0:0" "--network" "none" "ghcr.io/rust-lang/crates-build-env/linux@sha256:f3a9d4ad9d972b27faf3965f35b62e55ba32bbce8f20bc8fe909558a86702fde" "/opt/rustwide/cargo-home/bin/cargo" "+1.83.0" "test" "--frozen" "--no-run" "--message-format=json", kill_on_drop: false }`
[INFO] [stdout] 316cb33e53b8389f181b7bf725e81be7a05e54f605b1e45661862b5cb98074fb
[INFO] running `Command { std: "docker" "start" "-a" "316cb33e53b8389f181b7bf725e81be7a05e54f605b1e45661862b5cb98074fb", kill_on_drop: false }`
[INFO] [stderr]    Compiling daikin_altherma v0.0.2 (/opt/rustwide/workdir)
[INFO] [stdout] warning: unused `Result` that must be used
[INFO] [stdout]  --> examples/temperature.rs:7:5
[INFO] [stdout]   |
[INFO] [stdout] 7 |     a.set_heating_setpoint_temperature(20.0);
[INFO] [stdout]   |     ^^^^^^^^^^^^^^^^^^^^^^^^^^^^^^^^^^^^^^^^
[INFO] [stdout]   |
[INFO] [stdout]   = note: this `Result` may be an `Err` variant, which should be handled
[INFO] [stdout]   = note: `#[warn(unused_must_use)]` on by default
[INFO] [stdout] help: use `let _ = ...` to ignore the resulting value
[INFO] [stdout]   |
[INFO] [stdout] 7 |     let _ = a.set_heating_setpoint_temperature(20.0);
[INFO] [stdout]   |     +++++++
[INFO] [stdout] 
[INFO] [stdout] 
[INFO] [stdout] warning: unused `Result` that must be used
[INFO] [stdout]  --> examples/get_values.rs:8:5
[INFO] [stdout]   |
[INFO] [stdout] 8 |     a.set_tank_powerful(false);
[INFO] [stdout]   |     ^^^^^^^^^^^^^^^^^^^^^^^^^^
[INFO] [stdout]   |
[INFO] [stdout]   = note: this `Result` may be an `Err` variant, which should be handled
[INFO] [stdout]   = note: `#[warn(unused_must_use)]` on by default
[INFO] [stdout] help: use `let _ = ...` to ignore the resulting value
[INFO] [stdout]   |
[INFO] [stdout] 8 |     let _ = a.set_tank_powerful(false);
[INFO] [stdout]   |     +++++++
[INFO] [stdout] 
[INFO] [stdout] 
[INFO] [stderr]     Finished `test` profile [unoptimized + debuginfo] target(s) in 1.12s
[INFO] running `Command { std: "docker" "inspect" "316cb33e53b8389f181b7bf725e81be7a05e54f605b1e45661862b5cb98074fb", kill_on_drop: false }`
[INFO] running `Command { std: "docker" "rm" "-f" "316cb33e53b8389f181b7bf725e81be7a05e54f605b1e45661862b5cb98074fb", kill_on_drop: false }`
[INFO] [stdout] 316cb33e53b8389f181b7bf725e81be7a05e54f605b1e45661862b5cb98074fb
[INFO] running `Command { std: "docker" "create" "-v" "/var/lib/crater-agent-workspace/builds/worker-7-tc1/target:/opt/rustwide/target:rw,Z" "-v" "/var/lib/crater-agent-workspace/builds/worker-7-tc1/source:/opt/rustwide/workdir:ro,Z" "-v" "/var/lib/crater-agent-workspace/cargo-home:/opt/rustwide/cargo-home:ro,Z" "-v" "/var/lib/crater-agent-workspace/rustup-home:/opt/rustwide/rustup-home:ro,Z" "-e" "SOURCE_DIR=/opt/rustwide/workdir" "-e" "CARGO_TARGET_DIR=/opt/rustwide/target" "-e" "CARGO_INCREMENTAL=0" "-e" "RUST_BACKTRACE=full" "-e" "RUSTFLAGS=--cap-lints=warn" "-e" "RUSTDOCFLAGS=--cap-lints=warn" "-e" "CARGO_HOME=/opt/rustwide/cargo-home" "-e" "RUSTUP_HOME=/opt/rustwide/rustup-home" "-w" "/opt/rustwide/workdir" "-m" "1610612736" "--user" "0:0" "--network" "none" "ghcr.io/rust-lang/crates-build-env/linux@sha256:f3a9d4ad9d972b27faf3965f35b62e55ba32bbce8f20bc8fe909558a86702fde" "/opt/rustwide/cargo-home/bin/cargo" "+1.83.0" "test" "--frozen", kill_on_drop: false }`
[INFO] [stdout] aab03cc571537f1721ef6c332d83572b162c29b8af76561f7591cdfa6bd50bb8
[INFO] running `Command { std: "docker" "start" "-a" "aab03cc571537f1721ef6c332d83572b162c29b8af76561f7591cdfa6bd50bb8", kill_on_drop: false }`
[INFO] [stderr] warning: unused `Result` that must be used
[INFO] [stderr]  --> examples/get_values.rs:8:5
[INFO] [stderr]   |
[INFO] [stderr] 8 |     a.set_tank_powerful(false);
[INFO] [stderr]   |     ^^^^^^^^^^^^^^^^^^^^^^^^^^
[INFO] [stderr]   |
[INFO] [stderr]   = note: this `Result` may be an `Err` variant, which should be handled
[INFO] [stderr]   = note: `#[warn(unused_must_use)]` on by default
[INFO] [stderr] help: use `let _ = ...` to ignore the resulting value
[INFO] [stderr]   |
[INFO] [stderr] 8 |     let _ = a.set_tank_powerful(false);
[INFO] [stderr]   |     +++++++
[INFO] [stderr] 
[INFO] [stderr] warning: unused `Result` that must be used
[INFO] [stderr]  --> examples/temperature.rs:7:5
[INFO] [stderr]   |
[INFO] [stderr] 7 |     a.set_heating_setpoint_temperature(20.0);
[INFO] [stderr]   |     ^^^^^^^^^^^^^^^^^^^^^^^^^^^^^^^^^^^^^^^^
[INFO] [stderr]   |
[INFO] [stderr]   = note: this `Result` may be an `Err` variant, which should be handled
[INFO] [stderr]   = note: `#[warn(unused_must_use)]` on by default
[INFO] [stderr] help: use `let _ = ...` to ignore the resulting value
[INFO] [stderr]   |
[INFO] [stderr] 7 |     let _ = a.set_heating_setpoint_temperature(20.0);
[INFO] [stderr]   |     +++++++
[INFO] [stderr] 
[INFO] [stderr] warning: `daikin_altherma` (example "get_values") generated 1 warning
[INFO] [stderr] warning: `daikin_altherma` (example "temperature") generated 1 warning
[INFO] [stderr]     Finished `test` profile [unoptimized + debuginfo] target(s) in 0.06s
[INFO] [stderr]      Running unittests src/lib.rs (/opt/rustwide/target/debug/deps/daikin_altherma-7039ab8b7a6268a2)
[INFO] [stdout] 
[INFO] [stdout] running 0 tests
[INFO] [stdout] 
[INFO] [stdout] test result: ok. 0 passed; 0 failed; 0 ignored; 0 measured; 0 filtered out; finished in 0.00s
[INFO] [stdout] 
[INFO] [stderr]    Doc-tests daikin_altherma
[INFO] [stdout] 
[INFO] [stdout] running 1 test
[INFO] [stdout] test src/lib.rs - (line 12) ... FAILED
[INFO] [stdout] 
[INFO] [stdout] failures:
[INFO] [stdout] 
[INFO] [stdout] ---- src/lib.rs - (line 12) stdout ----
[INFO] [stdout] error[E0433]: failed to resolve: use of undeclared type `DaikinAlthermaClient`
[INFO] [stdout]  --> src/lib.rs:13:18
[INFO] [stdout]   |
[INFO] [stdout] 3 | let mut client = DaikinAlthermaClient::new("192.168.11.100".to_string()).unwrap();
[INFO] [stdout]   |                  ^^^^^^^^^^^^^^^^^^^^ use of undeclared type `DaikinAlthermaClient`
[INFO] [stdout]   |
[INFO] [stdout] help: consider importing this struct
[INFO] [stdout]   |
[INFO] [stdout] 2 + use daikin_altherma::DaikinAlthermaClient;
[INFO] [stdout]   |
[INFO] [stdout] 
[INFO] [stdout] error: aborting due to 1 previous error
[INFO] [stdout] 
[INFO] [stdout] For more information about this error, try `rustc --explain E0433`.
[INFO] [stdout] Couldn't compile the test.
[INFO] [stdout] 
[INFO] [stdout] failures:
[INFO] [stdout]     src/lib.rs - (line 12)
[INFO] [stdout] 
[INFO] [stdout] test result: FAILED. 0 passed; 1 failed; 0 ignored; 0 measured; 0 filtered out; finished in 0.09s
[INFO] [stdout] 
[INFO] [stderr] error: doctest failed, to rerun pass `--doc`
[INFO] running `Command { std: "docker" "inspect" "aab03cc571537f1721ef6c332d83572b162c29b8af76561f7591cdfa6bd50bb8", kill_on_drop: false }`
[INFO] running `Command { std: "docker" "rm" "-f" "aab03cc571537f1721ef6c332d83572b162c29b8af76561f7591cdfa6bd50bb8", kill_on_drop: false }`
[INFO] [stdout] aab03cc571537f1721ef6c332d83572b162c29b8af76561f7591cdfa6bd50bb8
