[INFO] fetching crate dach 0.3.0...
[INFO] testing dach-0.3.0 against 1.83.0 for beta-1.84.0-4-retry
[INFO] extracting crate dach 0.3.0 into /workspace/builds/worker-1-tc1/source
[INFO] validating manifest of crates.io crate dach 0.3.0 on toolchain 1.83.0
[INFO] running `Command { std: CARGO_HOME="/workspace/cargo-home" RUSTUP_HOME="/workspace/rustup-home" "/workspace/cargo-home/bin/cargo" "+1.83.0" "metadata" "--manifest-path" "Cargo.toml" "--no-deps", kill_on_drop: false }`
[INFO] started tweaking crates.io crate dach 0.3.0
[INFO] removed 0 missing tests
[INFO] finished tweaking crates.io crate dach 0.3.0
[INFO] tweaked toml for crates.io crate dach 0.3.0 written to /workspace/builds/worker-1-tc1/source/Cargo.toml
[INFO] running `Command { std: CARGO_HOME="/workspace/cargo-home" RUSTUP_HOME="/workspace/rustup-home" "/workspace/cargo-home/bin/cargo" "+1.83.0" "generate-lockfile" "--manifest-path" "Cargo.toml", kill_on_drop: false }`
[INFO] [stderr]     Updating crates.io index
[INFO] [stderr]      Locking 12 packages to latest compatible versions
[INFO] running `Command { std: CARGO_HOME="/workspace/cargo-home" RUSTUP_HOME="/workspace/rustup-home" "/workspace/cargo-home/bin/cargo" "+1.83.0" "fetch" "--manifest-path" "Cargo.toml", kill_on_drop: false }`
[INFO] [stderr]  Downloading crates ...
[INFO] [stderr]   Downloaded cyclic-poly-23 v0.3.1
[INFO] running `Command { std: "docker" "create" "-v" "/var/lib/crater-agent-workspace/builds/worker-1-tc1/target:/opt/rustwide/target:rw,Z" "-v" "/var/lib/crater-agent-workspace/builds/worker-1-tc1/source:/opt/rustwide/workdir:ro,Z" "-v" "/var/lib/crater-agent-workspace/cargo-home:/opt/rustwide/cargo-home:ro,Z" "-v" "/var/lib/crater-agent-workspace/rustup-home:/opt/rustwide/rustup-home:ro,Z" "-e" "SOURCE_DIR=/opt/rustwide/workdir" "-e" "CARGO_TARGET_DIR=/opt/rustwide/target" "-e" "CARGO_HOME=/opt/rustwide/cargo-home" "-e" "RUSTUP_HOME=/opt/rustwide/rustup-home" "-w" "/opt/rustwide/workdir" "-m" "1610612736" "--user" "0:0" "--network" "none" "ghcr.io/rust-lang/crates-build-env/linux@sha256:f3a9d4ad9d972b27faf3965f35b62e55ba32bbce8f20bc8fe909558a86702fde" "/opt/rustwide/cargo-home/bin/cargo" "+1.83.0" "metadata" "--no-deps" "--format-version=1", kill_on_drop: false }`
[INFO] [stdout] 16a230b8cf5861a10a0aca9cc2cff5fbaa0a5ee95676cc8006f4c1f9cb260301
[INFO] running `Command { std: "docker" "start" "-a" "16a230b8cf5861a10a0aca9cc2cff5fbaa0a5ee95676cc8006f4c1f9cb260301", kill_on_drop: false }`
[INFO] running `Command { std: "docker" "inspect" "16a230b8cf5861a10a0aca9cc2cff5fbaa0a5ee95676cc8006f4c1f9cb260301", kill_on_drop: false }`
[INFO] running `Command { std: "docker" "rm" "-f" "16a230b8cf5861a10a0aca9cc2cff5fbaa0a5ee95676cc8006f4c1f9cb260301", kill_on_drop: false }`
[INFO] [stdout] 16a230b8cf5861a10a0aca9cc2cff5fbaa0a5ee95676cc8006f4c1f9cb260301
[INFO] running `Command { std: "docker" "create" "-v" "/var/lib/crater-agent-workspace/builds/worker-1-tc1/target:/opt/rustwide/target:rw,Z" "-v" "/var/lib/crater-agent-workspace/builds/worker-1-tc1/source:/opt/rustwide/workdir:ro,Z" "-v" "/var/lib/crater-agent-workspace/cargo-home:/opt/rustwide/cargo-home:ro,Z" "-v" "/var/lib/crater-agent-workspace/rustup-home:/opt/rustwide/rustup-home:ro,Z" "-e" "SOURCE_DIR=/opt/rustwide/workdir" "-e" "CARGO_TARGET_DIR=/opt/rustwide/target" "-e" "CARGO_INCREMENTAL=0" "-e" "RUST_BACKTRACE=full" "-e" "RUSTFLAGS=--cap-lints=warn" "-e" "RUSTDOCFLAGS=--cap-lints=warn" "-e" "CARGO_HOME=/opt/rustwide/cargo-home" "-e" "RUSTUP_HOME=/opt/rustwide/rustup-home" "-w" "/opt/rustwide/workdir" "-m" "1610612736" "--user" "0:0" "--network" "none" "ghcr.io/rust-lang/crates-build-env/linux@sha256:f3a9d4ad9d972b27faf3965f35b62e55ba32bbce8f20bc8fe909558a86702fde" "/opt/rustwide/cargo-home/bin/cargo" "+1.83.0" "build" "--frozen" "--message-format=json", kill_on_drop: false }`
[INFO] [stdout] 87b94de0e3adfe033ab9d48d49112a1ac592c5c2638074f05261eb43cdd8af7c
[INFO] running `Command { std: "docker" "start" "-a" "87b94de0e3adfe033ab9d48d49112a1ac592c5c2638074f05261eb43cdd8af7c", kill_on_drop: false }`
[INFO] [stderr]    Compiling autocfg v1.4.0
[INFO] [stderr]    Compiling adler32 v1.2.0
[INFO] [stderr]    Compiling rustc-hash v2.1.0
[INFO] [stderr]    Compiling xxhash-rust v0.8.12
[INFO] [stderr]    Compiling num-traits v0.2.19
[INFO] [stderr]    Compiling cyclic-poly-23 v0.3.1
[INFO] [stderr]    Compiling dach v0.3.0 (/opt/rustwide/workdir)
[INFO] [stderr]     Finished `dev` profile [unoptimized + debuginfo] target(s) in 3.32s
[INFO] running `Command { std: "docker" "inspect" "87b94de0e3adfe033ab9d48d49112a1ac592c5c2638074f05261eb43cdd8af7c", kill_on_drop: false }`
[INFO] running `Command { std: "docker" "rm" "-f" "87b94de0e3adfe033ab9d48d49112a1ac592c5c2638074f05261eb43cdd8af7c", kill_on_drop: false }`
[INFO] [stdout] 87b94de0e3adfe033ab9d48d49112a1ac592c5c2638074f05261eb43cdd8af7c
[INFO] running `Command { std: "docker" "create" "-v" "/var/lib/crater-agent-workspace/builds/worker-1-tc1/target:/opt/rustwide/target:rw,Z" "-v" "/var/lib/crater-agent-workspace/builds/worker-1-tc1/source:/opt/rustwide/workdir:ro,Z" "-v" "/var/lib/crater-agent-workspace/cargo-home:/opt/rustwide/cargo-home:ro,Z" "-v" "/var/lib/crater-agent-workspace/rustup-home:/opt/rustwide/rustup-home:ro,Z" "-e" "SOURCE_DIR=/opt/rustwide/workdir" "-e" "CARGO_TARGET_DIR=/opt/rustwide/target" "-e" "CARGO_INCREMENTAL=0" "-e" "RUST_BACKTRACE=full" "-e" "RUSTFLAGS=--cap-lints=warn" "-e" "RUSTDOCFLAGS=--cap-lints=warn" "-e" "CARGO_HOME=/opt/rustwide/cargo-home" "-e" "RUSTUP_HOME=/opt/rustwide/rustup-home" "-w" "/opt/rustwide/workdir" "-m" "1610612736" "--user" "0:0" "--network" "none" "ghcr.io/rust-lang/crates-build-env/linux@sha256:f3a9d4ad9d972b27faf3965f35b62e55ba32bbce8f20bc8fe909558a86702fde" "/opt/rustwide/cargo-home/bin/cargo" "+1.83.0" "test" "--frozen" "--no-run" "--message-format=json", kill_on_drop: false }`
[INFO] [stdout] 44d0c9b8d8557775f926aef4c7c0c40e37a735cba2fed719c8bd1523a14483a9
[INFO] running `Command { std: "docker" "start" "-a" "44d0c9b8d8557775f926aef4c7c0c40e37a735cba2fed719c8bd1523a14483a9", kill_on_drop: false }`
[INFO] [stderr]    Compiling dach v0.3.0 (/opt/rustwide/workdir)
[INFO] [stderr]     Finished `test` profile [unoptimized + debuginfo] target(s) in 1.11s
[INFO] running `Command { std: "docker" "inspect" "44d0c9b8d8557775f926aef4c7c0c40e37a735cba2fed719c8bd1523a14483a9", kill_on_drop: false }`
[INFO] running `Command { std: "docker" "rm" "-f" "44d0c9b8d8557775f926aef4c7c0c40e37a735cba2fed719c8bd1523a14483a9", kill_on_drop: false }`
[INFO] [stdout] 44d0c9b8d8557775f926aef4c7c0c40e37a735cba2fed719c8bd1523a14483a9
[INFO] running `Command { std: "docker" "create" "-v" "/var/lib/crater-agent-workspace/builds/worker-1-tc1/target:/opt/rustwide/target:rw,Z" "-v" "/var/lib/crater-agent-workspace/builds/worker-1-tc1/source:/opt/rustwide/workdir:ro,Z" "-v" "/var/lib/crater-agent-workspace/cargo-home:/opt/rustwide/cargo-home:ro,Z" "-v" "/var/lib/crater-agent-workspace/rustup-home:/opt/rustwide/rustup-home:ro,Z" "-e" "SOURCE_DIR=/opt/rustwide/workdir" "-e" "CARGO_TARGET_DIR=/opt/rustwide/target" "-e" "CARGO_INCREMENTAL=0" "-e" "RUST_BACKTRACE=full" "-e" "RUSTFLAGS=--cap-lints=warn" "-e" "RUSTDOCFLAGS=--cap-lints=warn" "-e" "CARGO_HOME=/opt/rustwide/cargo-home" "-e" "RUSTUP_HOME=/opt/rustwide/rustup-home" "-w" "/opt/rustwide/workdir" "-m" "1610612736" "--user" "0:0" "--network" "none" "ghcr.io/rust-lang/crates-build-env/linux@sha256:f3a9d4ad9d972b27faf3965f35b62e55ba32bbce8f20bc8fe909558a86702fde" "/opt/rustwide/cargo-home/bin/cargo" "+1.83.0" "test" "--frozen", kill_on_drop: false }`
[INFO] [stdout] 25800dfbba007fe45ff342e4478cf3743790874bf24d7cf7119df812a3e5d8ca
[INFO] running `Command { std: "docker" "start" "-a" "25800dfbba007fe45ff342e4478cf3743790874bf24d7cf7119df812a3e5d8ca", kill_on_drop: false }`
[INFO] [stderr]     Finished `test` profile [unoptimized + debuginfo] target(s) in 0.02s
[INFO] [stderr]      Running unittests src/lib.rs (/opt/rustwide/target/debug/deps/dach-b8a3059f7030f2ce)
[INFO] [stdout] 
[INFO] [stdout] running 0 tests
[INFO] [stdout] 
[INFO] [stdout] test result: ok. 0 passed; 0 failed; 0 ignored; 0 measured; 0 filtered out; finished in 0.00s
[INFO] [stdout] 
[INFO] [stderr]      Running tests/lib.rs (/opt/rustwide/target/debug/deps/lib-01b822ab9ffc2c0a)
[INFO] [stdout] 
[INFO] [stdout] running 17 tests
[INFO] [stdout] test apply_adaptive_end_no_ends ... ok
[INFO] [stdout] test diff_segments_1 ... ok
[INFO] [stdout] test empty ... ok
[INFO] [stdout] test difference ... ok
[INFO] [stdout] test diff_segments_2 ... ok
[INFO] [stdout] test revert_1 ... ok
[INFO] [stdout] test raw_bytes ... ok
[INFO] [stdout] test revert_2 ... ok
[INFO] [stdout] test minify ... ok
[INFO] [stdout] test block_size_larger_than_input ... ok
[INFO] [stdout] test equal_blocks ... ok
[INFO] [stdout] test sync_2 ... ok
[INFO] [stdout] test sync_1 ... ok
[INFO] [stdout] test sync_3 ... ok
[INFO] [stdout] test parallel_consistency_difference_1 ... ok
[INFO] [stdout] test parallel_consistency_signature_1 ... ok
[INFO] [stdout] test parallel_consistency_difference_2 ... FAILED
[INFO] [stdout] 
[INFO] [stdout] failures:
[INFO] [stdout] 
[INFO] [stdout] ---- parallel_consistency_difference_2 stdout ----
[INFO] [stdout] Serial took 23857µs
[INFO] [stdout] Last seg target 992
[INFO] [stdout] Handle 0..512 got length 512
[INFO] [stdout] First diff parallel diff layout (parallel_block_size: 512, last_block_segment_length: 0): ["Lorem ", 5760..4..], block_size: 128, original_data_len: 0
[INFO] [stdout] Handle 512..1024 got length 512
[INFO] [stdout] Handle 1024..1536 got length 512
[INFO] [stdout] Handle 1536..2048 got length 512
[INFO] [stdout] Handle 2048..2560 got length 512
[INFO] [stdout] Handle 2560..3072 got length 512
[INFO] [stdout] Handle 3072..3584 got length 512
[INFO] [stdout] Handle 3584..4096 got length 512
[INFO] [stdout] Handle 4096..4608 got length 512
[INFO] [stdout] Handle 4608..5120 got length 512
[INFO] [stdout] Handle 5120..5632 got length 512
[INFO] [stdout] Handle 5632..6144 got length 512
[INFO] [stdout] Handle 6144..6656 got length 512
[INFO] [stdout] Handle 6656..7168 got length 512
[INFO] [stdout] Handle 7168..7680 got length 512
[INFO] [stdout] Handle 7680..8192 got length 512
[INFO] [stdout] Handle 8192..8704 got length 512
[INFO] [stdout] Handle 8704..9216 got length 512
[INFO] [stdout] Handle 9216..9728 got length 512
[INFO] [stdout] Handle 9728..10240 got length 512
[INFO] [stdout] Handle 10240..10752 got length 512
[INFO] [stdout] Handle 10752..11264 got length 512
[INFO] [stdout] Handle 11264..11776 got length 512
[INFO] [stdout] Handle 11776..12288 got length 512
[INFO] [stdout] Handle 12288..12800 got length 512
[INFO] [stdout] Handle 12800..13312 got length 512
[INFO] [stdout] Handle 13312..13824 got length 512
[INFO] [stdout] Handle 13824..14336 got length 512
[INFO] [stdout] Handle 14336..14848 got length 512
[INFO] [stdout] Handle 14848..15360 got length 512
[INFO] [stdout] Handle 15360..15872 got length 512
[INFO] [stdout] Handle 15872..16384 got length 512
[INFO] [stdout] Handle 16384..16896 got length 512
[INFO] [stdout] Handle 16896..17408 got length 512
[INFO] [stdout] Handle 17408..17920 got length 512
[INFO] [stdout] Handle 17920..18432 got length 512
[INFO] [stdout] Handle 18432..18944 got length 512
[INFO] [stdout] Handle 18944..19456 got length 512
[INFO] [stdout] Handle 19456..19968 got length 512
[INFO] [stdout] Handle 19968..20480 got length 512
[INFO] [stdout] Handle 20480..20992 got length 512
[INFO] [stdout] Handle 20992..21504 got length 512
[INFO] [stdout] Handle 21504..22016 got length 512
[INFO] [stdout] Handle 22016..22528 got length 512
[INFO] [stdout] Handle 22528..23040 got length 512
[INFO] [stdout] Handle 23040..23552 got length 512
[INFO] [stdout] Handle 23552..24064 got length 512
[INFO] [stdout] Handle 24064..24576 got length 512
[INFO] [stdout] Handle 24576..25088 got length 512
[INFO] [stdout] Handle 25600..26112 got length 512
[INFO] [stdout] Handle 26112..26624 got length 512
[INFO] [stdout] Handle 26624..27136 got length 512
[INFO] [stdout] Handle 27136..27648 got length 512
[INFO] [stdout] Handle 27648..28160 got length 512
[INFO] [stdout] Handle 28160..28672 got length 512
[INFO] [stdout] Handle 28672..29184 got length 512
[INFO] [stdout] Handle 29184..29696 got length 512
[INFO] [stdout] Handle 29696..30208 got length 512
[INFO] [stdout] Handle 30208..30720 got length 512
[INFO] [stdout] Handle 30720..31232 got length 512
[INFO] [stdout] Handle 31232..31744 got length 512
[INFO] [stdout] Handle 31744..32256 got length 512
[INFO] [stdout] Handle 32256..32768 got length 512
[INFO] [stdout] Handle 32768..33280 got length 512
[INFO] [stdout] Handle 33280..33792 got length 512
[INFO] [stdout] Handle 33792..34304 got length 512
[INFO] [stdout] Handle 34304..34816 got length 512
[INFO] [stdout] Handle 34816..35328 got length 512
[INFO] [stdout] Handle 35328..35840 got length 512
[INFO] [stdout] Handle 35840..36352 got length 512
[INFO] [stdout] Handle 36352..36864 got length 512
[INFO] [stdout] Handle 36864..37376 got length 512
[INFO] [stdout] Handle 37376..37888 got length 512
[INFO] [stdout] Handle 37888..38400 got length 512
[INFO] [stdout] Handle 38400..38912 got length 512
[INFO] [stdout] Handle 38912..39424 got length 512
[INFO] [stdout] Handle 39424..39936 got length 512
[INFO] [stdout] Handle 39936..40448 got length 512
[INFO] [stdout] Handle 40448..40960 got length 512
[INFO] [stdout] Handle 40960..41472 got length 512
[INFO] [stdout] Handle 41472..41984 got length 512
[INFO] [stdout] Handle 41984..42496 got length 512
[INFO] [stdout] Handle 42496..43008 got length 512
[INFO] [stdout] Handle 43008..43520 got length 512
[INFO] [stdout] Handle 43520..44032 got length 512
[INFO] [stdout] Handle 44032..44544 got length 512
[INFO] [stdout] Handle 44544..45056 got length 512
[INFO] [stdout] Handle 45056..45568 got length 512
[INFO] [stdout] Handle 45568..46080 got length 512
[INFO] [stdout] Handle 46080..46592 got length 512
[INFO] [stdout] Handle 46592..47104 got length 512
[INFO] [stdout] Handle 47104..47616 got length 512
[INFO] [stdout] Handle 47616..48128 got length 512
[INFO] [stdout] Handle 48128..48640 got length 512
[INFO] [stdout] Handle 48640..49152 got length 512
[INFO] [stdout] Handle 49152..49664 got length 512
[INFO] [stdout] Handle 49664..50176 got length 512
[INFO] [stdout] Handle 50176..50688 got length 512
[INFO] [stdout] Handle 50688..51200 got length 512
[INFO] [stdout] Handle 51200..51712 got length 512
[INFO] [stdout] Handle 51712..52224 got length 512
[INFO] [stdout] Handle 52224..52736 got length 512
[INFO] [stdout] Handle 52736..53248 got length 512
[INFO] [stdout] Handle 53248..53760 got length 512
[INFO] [stdout] Handle 53760..54272 got length 512
[INFO] [stdout] Handle 54272..54784 got length 512
[INFO] [stdout] Handle 54784..55296 got length 512
[INFO] [stdout] Handle 55296..55808 got length 512
[INFO] [stdout] Handle 55808..56320 got length 512
[INFO] [stdout] Handle 56320..56832 got length 512
[INFO] [stdout] Handle 56832..57344 got length 512
[INFO] [stdout] Handle 57344..57856 got length 512
[INFO] [stdout] Handle 57856..58368 got length 512
[INFO] [stdout] Handle 58368..58880 got length 512
[INFO] [stdout] Handle 58880..59392 got length 512
[INFO] [stdout] Handle 59392..59904 got length 512
[INFO] [stdout] Handle 59904..60416 got length 512
[INFO] [stdout] Handle 60416..60928 got length 512
[INFO] [stdout] Handle 60928..61440 got length 512
[INFO] [stdout] Handle 61440..61952 got length 512
[INFO] [stdout] Handle 61952..62464 got length 512
[INFO] [stdout] Handle 62464..62976 got length 512
[INFO] [stdout] Handle 62976..63488 got length 512
[INFO] [stdout] Handle 64000..64512 got length 512
[INFO] [stdout] Handle 64512..65024 got length 512
[INFO] [stdout] Handle 65536..66048 got length 512
[INFO] [stdout] Handle 66048..66560 got length 512
[INFO] [stdout] Handle 65024..65536 got length 512
[INFO] [stdout] Handle 66560..67072 got length 512
[INFO] [stdout] Handle 67072..67584 got length 512
[INFO] [stdout] Handle 67584..68096 got length 512
[INFO] [stdout] Handle 68096..68608 got length 512
[INFO] [stdout] Handle 68608..69120 got length 512
[INFO] [stdout] Handle 69120..69632 got length 512
[INFO] [stdout] Handle 70144..70656 got length 512
[INFO] [stdout] Handle 69632..70144 got length 512
[INFO] [stdout] Handle 70656..71168 got length 512
[INFO] [stdout] Handle 71168..71680 got length 512
[INFO] [stdout] Handle 71680..72192 got length 512
[INFO] [stdout] Handle 72192..72704 got length 512
[INFO] [stdout] Handle 73216..73728 got length 512
[INFO] [stdout] Handle 73728..74240 got length 512
[INFO] [stdout] Handle 72704..73216 got length 512
[INFO] [stdout] Handle 74240..74752 got length 512
[INFO] [stdout] Handle 75264..75776 got length 512
[INFO] [stdout] Handle 74752..75264 got length 512
[INFO] [stdout] Handle 75776..76288 got length 512
[INFO] [stdout] Handle 76800..77312 got length 512
[INFO] [stdout] Handle 76288..76800 got length 512
[INFO] [stdout] Handle 77312..77824 got length 512
[INFO] [stdout] Handle 77824..78336 got length 512
[INFO] [stdout] Handle 78336..78848 got length 512
[INFO] [stdout] Handle 78848..79360 got length 512
[INFO] [stdout] Handle 79360..79872 got length 512
[INFO] [stdout] Handle 79872..80384 got length 512
[INFO] [stdout] Handle 80384..80896 got length 512
[INFO] [stdout] Handle 80896..81408 got length 512
[INFO] [stdout] Handle 81408..18446744073709551615 got length 1006
[INFO] [stdout] Handle 25088..25600 got length 512
[INFO] [stdout] Handle 63488..64000 got length 512
[INFO] [stdout]  do tot 82400
[INFO] [stdout] Parallel took 25852µs
[INFO] [stdout] thread 'parallel_consistency_difference_2' panicked at tests/lib.rs:475:5:
[INFO] [stdout] assertion `left == right` failed
[INFO] [stdout]   left: 82400
[INFO] [stdout]  right: 81376
[INFO] [stdout] stack backtrace:
[INFO] [stdout]    0:     0x61b1860928ba - std::backtrace_rs::backtrace::libunwind::trace::h5a5b8284f2d0c266
[INFO] [stdout]                                at /rustc/90b35a6239c3d8bdabc530a6a0816f7ff89a0aaf/library/std/src/../../backtrace/src/backtrace/libunwind.rs:116:5
[INFO] [stdout]    1:     0x61b1860928ba - std::backtrace_rs::backtrace::trace_unsynchronized::h76d4f1c9b0b875e3
[INFO] [stdout]                                at /rustc/90b35a6239c3d8bdabc530a6a0816f7ff89a0aaf/library/std/src/../../backtrace/src/backtrace/mod.rs:66:5
[INFO] [stdout]    2:     0x61b1860928ba - std::sys::backtrace::_print_fmt::hc4546b8364a537c6
[INFO] [stdout]                                at /rustc/90b35a6239c3d8bdabc530a6a0816f7ff89a0aaf/library/std/src/sys/backtrace.rs:66:9
[INFO] [stdout]    3:     0x61b1860928ba - <std::sys::backtrace::BacktraceLock::print::DisplayBacktrace as core::fmt::Display>::fmt::h5b6bd5631a6d1f6b
[INFO] [stdout]                                at /rustc/90b35a6239c3d8bdabc530a6a0816f7ff89a0aaf/library/std/src/sys/backtrace.rs:39:26
[INFO] [stdout]    4:     0x61b1860b82a3 - core::fmt::rt::Argument::fmt::h270f6602a2b96f62
[INFO] [stdout]                                at /rustc/90b35a6239c3d8bdabc530a6a0816f7ff89a0aaf/library/core/src/fmt/rt.rs:177:76
[INFO] [stdout]    5:     0x61b1860b82a3 - core::fmt::write::h7550c97b06c86515
[INFO] [stdout]                                at /rustc/90b35a6239c3d8bdabc530a6a0816f7ff89a0aaf/library/core/src/fmt/mod.rs:1186:21
[INFO] [stdout]    6:     0x61b18608fa83 - std::io::Write::write_fmt::h509ff860e5956e5e
[INFO] [stdout]                                at /rustc/90b35a6239c3d8bdabc530a6a0816f7ff89a0aaf/library/std/src/io/mod.rs:1839:15
[INFO] [stdout]    7:     0x61b186092702 - std::sys::backtrace::BacktraceLock::print::h2395ccd2c84ba3aa
[INFO] [stdout]                                at /rustc/90b35a6239c3d8bdabc530a6a0816f7ff89a0aaf/library/std/src/sys/backtrace.rs:42:9
[INFO] [stdout]    8:     0x61b186093d1a - std::panicking::default_hook::{{closure}}::he19d4c7230e07961
[INFO] [stdout]                                at /rustc/90b35a6239c3d8bdabc530a6a0816f7ff89a0aaf/library/std/src/panicking.rs:268:22
[INFO] [stdout]    9:     0x61b186093b24 - std::panicking::default_hook::hf614597d3c67bbdb
[INFO] [stdout]                                at /rustc/90b35a6239c3d8bdabc530a6a0816f7ff89a0aaf/library/std/src/panicking.rs:292:9
[INFO] [stderr] error: test failed, to rerun pass `--test lib`
[INFO] [stdout]   10:     0x61b185ff65b9 - <alloc::boxed::Box<F,A> as core::ops::function::Fn<Args>>::call::h39b51ce4599c23d1
[INFO] [stdout]                                at /rustc/90b35a6239c3d8bdabc530a6a0816f7ff89a0aaf/library/alloc/src/boxed.rs:2468:9
[INFO] [stdout]   11:     0x61b185ff65b9 - test::test_main::{{closure}}::he977ae839a582784
[INFO] [stdout]                                at /rustc/90b35a6239c3d8bdabc530a6a0816f7ff89a0aaf/library/test/src/lib.rs:133:21
[INFO] [stdout]   12:     0x61b1860943b8 - <alloc::boxed::Box<F,A> as core::ops::function::Fn<Args>>::call::h9455091b6b06f9fb
[INFO] [stdout]                                at /rustc/90b35a6239c3d8bdabc530a6a0816f7ff89a0aaf/library/alloc/src/boxed.rs:2468:9
[INFO] [stdout]   13:     0x61b1860943b8 - std::panicking::rust_panic_with_hook::h8942133a8b252070
[INFO] [stdout]                                at /rustc/90b35a6239c3d8bdabc530a6a0816f7ff89a0aaf/library/std/src/panicking.rs:809:13
[INFO] [stdout]   14:     0x61b18609417a - std::panicking::begin_panic_handler::{{closure}}::hb5f5963570096b29
[INFO] [stdout]                                at /rustc/90b35a6239c3d8bdabc530a6a0816f7ff89a0aaf/library/std/src/panicking.rs:674:13
[INFO] [stdout]   15:     0x61b186092d99 - std::sys::backtrace::__rust_end_short_backtrace::h6208cedc1922feda
[INFO] [stdout]                                at /rustc/90b35a6239c3d8bdabc530a6a0816f7ff89a0aaf/library/std/src/sys/backtrace.rs:170:18
[INFO] [stdout]   16:     0x61b186093e0c - rust_begin_unwind
[INFO] [stdout]                                at /rustc/90b35a6239c3d8bdabc530a6a0816f7ff89a0aaf/library/std/src/panicking.rs:665:5
[INFO] [stdout]   17:     0x61b185facaa0 - core::panicking::panic_fmt::h0c3082644d1bf418
[INFO] [stdout]                                at /rustc/90b35a6239c3d8bdabc530a6a0816f7ff89a0aaf/library/core/src/panicking.rs:74:14
[INFO] [stdout]   18:     0x61b185facea4 - core::panicking::assert_failed_inner::h2ddf1fcc067fa858
[INFO] [stdout]   19:     0x61b18605edea - core::panicking::assert_failed::hfbccc42afae0dc1d
[INFO] [stdout]                                at /rustc/90b35a6239c3d8bdabc530a6a0816f7ff89a0aaf/library/core/src/panicking.rs:367:5
[INFO] [stdout]   20:     0x61b185fbd626 - lib::parallel_consistency_difference_2::hbbed834fae797901
[INFO] [stdout]                                at /opt/rustwide/workdir/tests/lib.rs:475:5
[INFO] [stdout]   21:     0x61b185fbcef7 - lib::parallel_consistency_difference_2::{{closure}}::h036613a0ed7fc63e
[INFO] [stdout]                                at /opt/rustwide/workdir/tests/lib.rs:451:39
[INFO] [stdout]   22:     0x61b185fb5c66 - core::ops::function::FnOnce::call_once::h20ef5811be1b6970
[INFO] [stdout]                                at /rustc/90b35a6239c3d8bdabc530a6a0816f7ff89a0aaf/library/core/src/ops/function.rs:250:5
[INFO] [stdout]   23:     0x61b185ffaf7b - core::ops::function::FnOnce::call_once::h109cf8051a59b34e
[INFO] [stdout]                                at /rustc/90b35a6239c3d8bdabc530a6a0816f7ff89a0aaf/library/core/src/ops/function.rs:250:5
[INFO] [stdout]   24:     0x61b185ffaf7b - test::__rust_begin_short_backtrace::hf4fff89d377446ba
[INFO] [stdout]                                at /rustc/90b35a6239c3d8bdabc530a6a0816f7ff89a0aaf/library/test/src/lib.rs:621:18
[INFO] [stdout]   25:     0x61b185ffa7b7 - test::run_test_in_process::{{closure}}::h0e39181dd7ee5a43
[INFO] [stdout]                                at /rustc/90b35a6239c3d8bdabc530a6a0816f7ff89a0aaf/library/test/src/lib.rs:644:60
[INFO] [stdout]   26:     0x61b185ffa7b7 - <core::panic::unwind_safe::AssertUnwindSafe<F> as core::ops::function::FnOnce<()>>::call_once::hc5a66a30f0bdfd1f
[INFO] [stdout]                                at /rustc/90b35a6239c3d8bdabc530a6a0816f7ff89a0aaf/library/core/src/panic/unwind_safe.rs:272:9
[INFO] [stdout]   27:     0x61b185ffa7b7 - std::panicking::try::do_call::h873b7cf639554a5e
[INFO] [stdout]                                at /rustc/90b35a6239c3d8bdabc530a6a0816f7ff89a0aaf/library/std/src/panicking.rs:557:40
[INFO] [stdout]   28:     0x61b185ffa7b7 - std::panicking::try::hdb19862fad9c8bd1
[INFO] [stdout]                                at /rustc/90b35a6239c3d8bdabc530a6a0816f7ff89a0aaf/library/std/src/panicking.rs:520:19
[INFO] [stdout]   29:     0x61b185ffa7b7 - std::panic::catch_unwind::h281fe732d236d260
[INFO] [stdout]                                at /rustc/90b35a6239c3d8bdabc530a6a0816f7ff89a0aaf/library/std/src/panic.rs:358:14
[INFO] [stdout]   30:     0x61b185ffa7b7 - test::run_test_in_process::h949b6df8457ed338
[INFO] [stdout]                                at /rustc/90b35a6239c3d8bdabc530a6a0816f7ff89a0aaf/library/test/src/lib.rs:644:27
[INFO] [stdout]   31:     0x61b185ffa7b7 - test::run_test::{{closure}}::h52c556a6d4740e10
[INFO] [stdout]                                at /rustc/90b35a6239c3d8bdabc530a6a0816f7ff89a0aaf/library/test/src/lib.rs:565:43
[INFO] [stdout]   32:     0x61b185fbfa94 - test::run_test::{{closure}}::h4237f6381c45ccb9
[INFO] [stdout]                                at /rustc/90b35a6239c3d8bdabc530a6a0816f7ff89a0aaf/library/test/src/lib.rs:595:41
[INFO] [stdout]   33:     0x61b185fbfa94 - std::sys::backtrace::__rust_begin_short_backtrace::h505c97a579eca628
[INFO] [stdout]                                at /rustc/90b35a6239c3d8bdabc530a6a0816f7ff89a0aaf/library/std/src/sys/backtrace.rs:154:18
[INFO] [stdout]   34:     0x61b185fc315e - std::thread::Builder::spawn_unchecked_::{{closure}}::{{closure}}::h9e86b2e2bc107ea3
[INFO] [stdout]                                at /rustc/90b35a6239c3d8bdabc530a6a0816f7ff89a0aaf/library/std/src/thread/mod.rs:538:17
[INFO] [stdout]   35:     0x61b185fc315e - <core::panic::unwind_safe::AssertUnwindSafe<F> as core::ops::function::FnOnce<()>>::call_once::h8b06ddb275ff4a25
[INFO] [stdout]                                at /rustc/90b35a6239c3d8bdabc530a6a0816f7ff89a0aaf/library/core/src/panic/unwind_safe.rs:272:9
[INFO] [stdout]   36:     0x61b185fc315e - std::panicking::try::do_call::hb26ecd7cd9a9355d
[INFO] [stdout]                                at /rustc/90b35a6239c3d8bdabc530a6a0816f7ff89a0aaf/library/std/src/panicking.rs:557:40
[INFO] [stdout]   37:     0x61b185fc315e - std::panicking::try::h8ddeca9d705f9069
[INFO] [stdout]                                at /rustc/90b35a6239c3d8bdabc530a6a0816f7ff89a0aaf/library/std/src/panicking.rs:520:19
[INFO] [stdout]   38:     0x61b185fc315e - std::panic::catch_unwind::h49e1c33078844c46
[INFO] [stdout]                                at /rustc/90b35a6239c3d8bdabc530a6a0816f7ff89a0aaf/library/std/src/panic.rs:358:14
[INFO] [stdout]   39:     0x61b185fc315e - std::thread::Builder::spawn_unchecked_::{{closure}}::h6073db6ff56ad35d
[INFO] [stdout]                                at /rustc/90b35a6239c3d8bdabc530a6a0816f7ff89a0aaf/library/std/src/thread/mod.rs:537:30
[INFO] [stdout]   40:     0x61b185fc315e - core::ops::function::FnOnce::call_once{{vtable.shim}}::h2c5a5f3779c774f1
[INFO] [stdout]                                at /rustc/90b35a6239c3d8bdabc530a6a0816f7ff89a0aaf/library/core/src/ops/function.rs:250:5
[INFO] [stdout]   41:     0x61b18609810b - <alloc::boxed::Box<F,A> as core::ops::function::FnOnce<Args>>::call_once::hf75717d9f28faebf
[INFO] [stdout]                                at /rustc/90b35a6239c3d8bdabc530a6a0816f7ff89a0aaf/library/alloc/src/boxed.rs:2454:9
[INFO] [stdout]   42:     0x61b18609810b - <alloc::boxed::Box<F,A> as core::ops::function::FnOnce<Args>>::call_once::h7bd883a5f3c5f3c1
[INFO] [stdout]                                at /rustc/90b35a6239c3d8bdabc530a6a0816f7ff89a0aaf/library/alloc/src/boxed.rs:2454:9
[INFO] [stdout]   43:     0x61b18609810b - std::sys::pal::unix::thread::Thread::new::thread_start::hcc78f3943333fa94
[INFO] [stdout]                                at /rustc/90b35a6239c3d8bdabc530a6a0816f7ff89a0aaf/library/std/src/sys/pal/unix/thread.rs:105:17
[INFO] [stdout]   44:     0x7a40f3620ac3 - <unknown>
[INFO] [stdout]   45:     0x7a40f36b1a04 - clone
[INFO] [stdout]   46:                0x0 - <unknown>
[INFO] [stdout] 
[INFO] [stdout] 
[INFO] [stdout] failures:
[INFO] [stdout]     parallel_consistency_difference_2
[INFO] [stdout] 
[INFO] [stdout] test result: FAILED. 16 passed; 1 failed; 0 ignored; 0 measured; 0 filtered out; finished in 0.12s
[INFO] [stdout] 
[INFO] running `Command { std: "docker" "inspect" "25800dfbba007fe45ff342e4478cf3743790874bf24d7cf7119df812a3e5d8ca", kill_on_drop: false }`
[INFO] running `Command { std: "docker" "rm" "-f" "25800dfbba007fe45ff342e4478cf3743790874bf24d7cf7119df812a3e5d8ca", kill_on_drop: false }`
[INFO] [stdout] 25800dfbba007fe45ff342e4478cf3743790874bf24d7cf7119df812a3e5d8ca
