[INFO] fetching crate cygnixy-plugin-interface 0.1.3...
[INFO] testing cygnixy-plugin-interface-0.1.3 against beta-2024-12-08 for beta-1.84.0-4-retry
[INFO] extracting crate cygnixy-plugin-interface 0.1.3 into /workspace/builds/worker-2-tc2/source
[INFO] validating manifest of crates.io crate cygnixy-plugin-interface 0.1.3 on toolchain beta-2024-12-08
[INFO] running `Command { std: CARGO_HOME="/workspace/cargo-home" RUSTUP_HOME="/workspace/rustup-home" "/workspace/cargo-home/bin/cargo" "+beta-2024-12-08" "metadata" "--manifest-path" "Cargo.toml" "--no-deps", kill_on_drop: false }`
[INFO] started tweaking crates.io crate cygnixy-plugin-interface 0.1.3
[INFO] finished tweaking crates.io crate cygnixy-plugin-interface 0.1.3
[INFO] tweaked toml for crates.io crate cygnixy-plugin-interface 0.1.3 written to /workspace/builds/worker-2-tc2/source/Cargo.toml
[INFO] running `Command { std: CARGO_HOME="/workspace/cargo-home" RUSTUP_HOME="/workspace/rustup-home" "/workspace/cargo-home/bin/cargo" "+beta-2024-12-08" "generate-lockfile" "--manifest-path" "Cargo.toml", kill_on_drop: false }`
[INFO] [stderr]     Updating crates.io index
[INFO] [stderr]      Locking 56 packages to latest compatible versions
[INFO] running `Command { std: CARGO_HOME="/workspace/cargo-home" RUSTUP_HOME="/workspace/rustup-home" "/workspace/cargo-home/bin/cargo" "+beta-2024-12-08" "fetch" "--manifest-path" "Cargo.toml", kill_on_drop: false }`
[INFO] running `Command { std: "docker" "create" "-v" "/var/lib/crater-agent-workspace/builds/worker-2-tc2/target:/opt/rustwide/target:rw,Z" "-v" "/var/lib/crater-agent-workspace/builds/worker-2-tc2/source:/opt/rustwide/workdir:ro,Z" "-v" "/var/lib/crater-agent-workspace/cargo-home:/opt/rustwide/cargo-home:ro,Z" "-v" "/var/lib/crater-agent-workspace/rustup-home:/opt/rustwide/rustup-home:ro,Z" "-e" "SOURCE_DIR=/opt/rustwide/workdir" "-e" "CARGO_TARGET_DIR=/opt/rustwide/target" "-e" "CARGO_HOME=/opt/rustwide/cargo-home" "-e" "RUSTUP_HOME=/opt/rustwide/rustup-home" "-w" "/opt/rustwide/workdir" "-m" "1610612736" "--user" "0:0" "--network" "none" "ghcr.io/rust-lang/crates-build-env/linux@sha256:f3a9d4ad9d972b27faf3965f35b62e55ba32bbce8f20bc8fe909558a86702fde" "/opt/rustwide/cargo-home/bin/cargo" "+beta-2024-12-08" "metadata" "--no-deps" "--format-version=1", kill_on_drop: false }`
[INFO] [stdout] c4711b7ed53963888e535e104c1338e84bbb943e99d3cee3b3df0b8e39f9ae82
[INFO] running `Command { std: "docker" "start" "-a" "c4711b7ed53963888e535e104c1338e84bbb943e99d3cee3b3df0b8e39f9ae82", kill_on_drop: false }`
[INFO] running `Command { std: "docker" "inspect" "c4711b7ed53963888e535e104c1338e84bbb943e99d3cee3b3df0b8e39f9ae82", kill_on_drop: false }`
[INFO] running `Command { std: "docker" "rm" "-f" "c4711b7ed53963888e535e104c1338e84bbb943e99d3cee3b3df0b8e39f9ae82", kill_on_drop: false }`
[INFO] [stdout] c4711b7ed53963888e535e104c1338e84bbb943e99d3cee3b3df0b8e39f9ae82
[INFO] running `Command { std: "docker" "create" "-v" "/var/lib/crater-agent-workspace/builds/worker-2-tc2/target:/opt/rustwide/target:rw,Z" "-v" "/var/lib/crater-agent-workspace/builds/worker-2-tc2/source:/opt/rustwide/workdir:ro,Z" "-v" "/var/lib/crater-agent-workspace/cargo-home:/opt/rustwide/cargo-home:ro,Z" "-v" "/var/lib/crater-agent-workspace/rustup-home:/opt/rustwide/rustup-home:ro,Z" "-e" "SOURCE_DIR=/opt/rustwide/workdir" "-e" "CARGO_TARGET_DIR=/opt/rustwide/target" "-e" "CARGO_INCREMENTAL=0" "-e" "RUST_BACKTRACE=full" "-e" "RUSTFLAGS=--cap-lints=warn" "-e" "RUSTDOCFLAGS=--cap-lints=warn" "-e" "CARGO_HOME=/opt/rustwide/cargo-home" "-e" "RUSTUP_HOME=/opt/rustwide/rustup-home" "-w" "/opt/rustwide/workdir" "-m" "1610612736" "--user" "0:0" "--network" "none" "ghcr.io/rust-lang/crates-build-env/linux@sha256:f3a9d4ad9d972b27faf3965f35b62e55ba32bbce8f20bc8fe909558a86702fde" "/opt/rustwide/cargo-home/bin/cargo" "+beta-2024-12-08" "build" "--frozen" "--message-format=json", kill_on_drop: false }`
[INFO] [stdout] 609e36e74fdf1fe4ba06fe4b165170cf12192119bad2658e0dbbbdf7fc4ae359
[INFO] running `Command { std: "docker" "start" "-a" "609e36e74fdf1fe4ba06fe4b165170cf12192119bad2658e0dbbbdf7fc4ae359", kill_on_drop: false }`
[INFO] [stderr]    Compiling autocfg v1.4.0
[INFO] [stderr]    Compiling rustix v0.38.42
[INFO] [stderr]    Compiling shlex v1.3.0
[INFO] [stderr]    Compiling bitflags v2.6.0
[INFO] [stderr]    Compiling linux-raw-sys v0.4.14
[INFO] [stderr]    Compiling cfg-if v1.0.0
[INFO] [stderr]    Compiling either v1.13.0
[INFO] [stderr]    Compiling home v0.5.9
[INFO] [stderr]    Compiling proc-macro2 v1.0.92
[INFO] [stderr]    Compiling libc v0.2.168
[INFO] [stderr]    Compiling unicode-ident v1.0.14
[INFO] [stderr]    Compiling serde v1.0.216
[INFO] [stderr]    Compiling typeid v1.0.2
[INFO] [stderr]    Compiling parking_lot_core v0.9.10
[INFO] [stderr]    Compiling pkg-config v0.3.31
[INFO] [stderr]    Compiling scopeguard v1.2.0
[INFO] [stderr]    Compiling smallvec v1.13.2
[INFO] [stderr]    Compiling memchr v2.7.4
[INFO] [stderr]    Compiling once_cell v1.20.2
[INFO] [stderr]    Compiling cc v1.2.4
[INFO] [stderr]    Compiling libloading v0.8.6
[INFO] [stderr]    Compiling pin-project-lite v0.2.15
[INFO] [stderr]    Compiling rustc-hash v2.1.0
[INFO] [stderr]    Compiling tracing-core v0.1.33
[INFO] [stderr]    Compiling bstr v1.11.1
[INFO] [stderr]    Compiling num-traits v0.2.19
[INFO] [stderr]    Compiling lock_api v0.4.12
[INFO] [stderr]    Compiling luau0-src v0.11.2+luau653
[INFO] [stderr]    Compiling lua-src v547.0.0
[INFO] [stderr]    Compiling quote v1.0.37
[INFO] [stderr]    Compiling syn v2.0.90
[INFO] [stderr]    Compiling ordered-float v2.10.1
[INFO] [stderr]    Compiling parking_lot v0.12.3
[INFO] [stderr]    Compiling which v6.0.3
[INFO] [stderr]    Compiling luajit-src v210.5.11+97813fb
[INFO] [stderr]    Compiling mlua-sys v0.6.6
[INFO] [stderr]    Compiling serde-value v0.7.0
[INFO] [stderr]    Compiling erased-serde v0.4.5
[INFO] [stderr]    Compiling tracing-attributes v0.1.28
[INFO] [stderr]    Compiling tracing v0.1.41
[INFO] [stderr]    Compiling mlua v0.10.2
[INFO] [stderr]    Compiling cygnixy-plugin-interface v0.1.3 (/opt/rustwide/workdir)
[INFO] [stderr]     Finished `dev` profile [unoptimized + debuginfo] target(s) in 45.30s
[INFO] running `Command { std: "docker" "inspect" "609e36e74fdf1fe4ba06fe4b165170cf12192119bad2658e0dbbbdf7fc4ae359", kill_on_drop: false }`
[INFO] running `Command { std: "docker" "rm" "-f" "609e36e74fdf1fe4ba06fe4b165170cf12192119bad2658e0dbbbdf7fc4ae359", kill_on_drop: false }`
[INFO] [stdout] 609e36e74fdf1fe4ba06fe4b165170cf12192119bad2658e0dbbbdf7fc4ae359
[INFO] running `Command { std: "docker" "create" "-v" "/var/lib/crater-agent-workspace/builds/worker-2-tc2/target:/opt/rustwide/target:rw,Z" "-v" "/var/lib/crater-agent-workspace/builds/worker-2-tc2/source:/opt/rustwide/workdir:ro,Z" "-v" "/var/lib/crater-agent-workspace/cargo-home:/opt/rustwide/cargo-home:ro,Z" "-v" "/var/lib/crater-agent-workspace/rustup-home:/opt/rustwide/rustup-home:ro,Z" "-e" "SOURCE_DIR=/opt/rustwide/workdir" "-e" "CARGO_TARGET_DIR=/opt/rustwide/target" "-e" "CARGO_INCREMENTAL=0" "-e" "RUST_BACKTRACE=full" "-e" "RUSTFLAGS=--cap-lints=warn" "-e" "RUSTDOCFLAGS=--cap-lints=warn" "-e" "CARGO_HOME=/opt/rustwide/cargo-home" "-e" "RUSTUP_HOME=/opt/rustwide/rustup-home" "-w" "/opt/rustwide/workdir" "-m" "1610612736" "--user" "0:0" "--network" "none" "ghcr.io/rust-lang/crates-build-env/linux@sha256:f3a9d4ad9d972b27faf3965f35b62e55ba32bbce8f20bc8fe909558a86702fde" "/opt/rustwide/cargo-home/bin/cargo" "+beta-2024-12-08" "test" "--frozen" "--no-run" "--message-format=json", kill_on_drop: false }`
[INFO] [stdout] 3116ad828fb94a309a1f8aabe25156d43f51e40eb17d8034692877e9871a16b1
[INFO] running `Command { std: "docker" "start" "-a" "3116ad828fb94a309a1f8aabe25156d43f51e40eb17d8034692877e9871a16b1", kill_on_drop: false }`
[INFO] [stderr]    Compiling cygnixy-plugin-interface v0.1.3 (/opt/rustwide/workdir)
[INFO] [stderr]     Finished `test` profile [unoptimized + debuginfo] target(s) in 0.57s
[INFO] running `Command { std: "docker" "inspect" "3116ad828fb94a309a1f8aabe25156d43f51e40eb17d8034692877e9871a16b1", kill_on_drop: false }`
[INFO] running `Command { std: "docker" "rm" "-f" "3116ad828fb94a309a1f8aabe25156d43f51e40eb17d8034692877e9871a16b1", kill_on_drop: false }`
[INFO] [stdout] 3116ad828fb94a309a1f8aabe25156d43f51e40eb17d8034692877e9871a16b1
[INFO] running `Command { std: "docker" "create" "-v" "/var/lib/crater-agent-workspace/builds/worker-2-tc2/target:/opt/rustwide/target:rw,Z" "-v" "/var/lib/crater-agent-workspace/builds/worker-2-tc2/source:/opt/rustwide/workdir:ro,Z" "-v" "/var/lib/crater-agent-workspace/cargo-home:/opt/rustwide/cargo-home:ro,Z" "-v" "/var/lib/crater-agent-workspace/rustup-home:/opt/rustwide/rustup-home:ro,Z" "-e" "SOURCE_DIR=/opt/rustwide/workdir" "-e" "CARGO_TARGET_DIR=/opt/rustwide/target" "-e" "CARGO_INCREMENTAL=0" "-e" "RUST_BACKTRACE=full" "-e" "RUSTFLAGS=--cap-lints=warn" "-e" "RUSTDOCFLAGS=--cap-lints=warn" "-e" "CARGO_HOME=/opt/rustwide/cargo-home" "-e" "RUSTUP_HOME=/opt/rustwide/rustup-home" "-w" "/opt/rustwide/workdir" "-m" "1610612736" "--user" "0:0" "--network" "none" "ghcr.io/rust-lang/crates-build-env/linux@sha256:f3a9d4ad9d972b27faf3965f35b62e55ba32bbce8f20bc8fe909558a86702fde" "/opt/rustwide/cargo-home/bin/cargo" "+beta-2024-12-08" "test" "--frozen", kill_on_drop: false }`
[INFO] [stdout] 74a9c2560f2d61c40abddf9f530420b5eef11008f5e5baa551fb855eab2f6749
[INFO] running `Command { std: "docker" "start" "-a" "74a9c2560f2d61c40abddf9f530420b5eef11008f5e5baa551fb855eab2f6749", kill_on_drop: false }`
[INFO] [stderr]     Finished `test` profile [unoptimized + debuginfo] target(s) in 0.06s
[INFO] [stderr]      Running unittests src/lib.rs (/opt/rustwide/target/debug/deps/cygnixy_plugin_interface-22c4b264c2aaeb67)
[INFO] [stdout] 
[INFO] [stdout] running 0 tests
[INFO] [stdout] 
[INFO] [stdout] test result: ok. 0 passed; 0 failed; 0 ignored; 0 measured; 0 filtered out; finished in 0.00s
[INFO] [stdout] 
[INFO] [stderr]    Doc-tests cygnixy_plugin_interface
[INFO] [stdout] 
[INFO] [stdout] running 2 tests
[INFO] [stdout] test src/lib.rs - export_plugin (line 199) ... FAILED
[INFO] [stdout] test src/lib.rs - PluginManager::register_plugin_instance (line 137) ... FAILED
[INFO] [stdout] 
[INFO] [stdout] failures:
[INFO] [stdout] 
[INFO] [stdout] ---- src/lib.rs - export_plugin (line 199) stdout ----
[INFO] [stdout] error: cannot find macro `export_plugin` in this scope
[INFO] [stdout]  --> src/lib.rs:200:1
[INFO] [stdout]   |
[INFO] [stdout] 3 | export_plugin!(MyPlugin);
[INFO] [stdout]   | ^^^^^^^^^^^^^
[INFO] [stdout]   |
[INFO] [stdout] help: consider importing this macro
[INFO] [stdout]   |
[INFO] [stdout] 2 + use cygnixy_plugin_interface::export_plugin;
[INFO] [stdout]   |
[INFO] [stdout] 
[INFO] [stdout] error: aborting due to 1 previous error
[INFO] [stdout] 
[INFO] [stdout] Couldn't compile the test.
[INFO] [stdout] ---- src/lib.rs - PluginManager::register_plugin_instance (line 137) stdout ----
[INFO] [stdout] error[E0405]: cannot find trait `PluginLua` in this scope
[INFO] [stdout]  --> src/lib.rs:138:21
[INFO] [stdout]   |
[INFO] [stdout] 3 | let plugin: Box<dyn PluginLua> = Box::new(MyPlugin::new());
[INFO] [stdout]   |                     ^^^^^^^^^ not found in this scope
[INFO] [stdout]   |
[INFO] [stdout] help: consider importing this trait
[INFO] [stdout]   |
[INFO] [stdout] 2 + use cygnixy_plugin_interface::PluginLua;
[INFO] [stdout]   |
[INFO] [stdout] 
[INFO] [stdout] error[E0425]: cannot find value `plugin_manager` in this scope
[INFO] [stdout]  --> src/lib.rs:139:1
[INFO] [stdout]   |
[INFO] [stdout] 4 | plugin_manager.register_plugin_instance(plugin)?;
[INFO] [stdout]   | ^^^^^^^^^^^^^^ not found in this scope
[INFO] [stdout] 
[INFO] [stdout] error[E0433]: failed to resolve: use of undeclared type `MyPlugin`
[INFO] [stdout]  --> src/lib.rs:138:43
[INFO] [stdout]   |
[INFO] [stdout] 3 | let plugin: Box<dyn PluginLua> = Box::new(MyPlugin::new());
[INFO] [stdout]   |                                           ^^^^^^^^ use of undeclared type `MyPlugin`
[INFO] [stdout] 
[INFO] [stdout] error: aborting due to 3 previous errors
[INFO] [stdout] 
[INFO] [stdout] Some errors have detailed explanations: E0405, E0425, E0433.
[INFO] [stdout] For more information about an error, try `rustc --explain E0405`.
[INFO] [stdout] Couldn't compile the test.
[INFO] [stdout] 
[INFO] [stdout] failures:
[INFO] [stdout]     src/lib.rs - PluginManager::register_plugin_instance (line 137)
[INFO] [stdout]     src/lib.rs - export_plugin (line 199)
[INFO] [stdout] 
[INFO] [stdout] test result: FAILED. 0 passed; 2 failed; 0 ignored; 0 measured; 0 filtered out; finished in 0.15s
[INFO] [stdout] 
[INFO] [stderr] error: doctest failed, to rerun pass `--doc`
[INFO] running `Command { std: "docker" "inspect" "74a9c2560f2d61c40abddf9f530420b5eef11008f5e5baa551fb855eab2f6749", kill_on_drop: false }`
[INFO] running `Command { std: "docker" "rm" "-f" "74a9c2560f2d61c40abddf9f530420b5eef11008f5e5baa551fb855eab2f6749", kill_on_drop: false }`
[INFO] [stdout] 74a9c2560f2d61c40abddf9f530420b5eef11008f5e5baa551fb855eab2f6749
