[INFO] fetching crate cxl_rs 0.0.5...
[INFO] testing cxl_rs-0.0.5 against 1.83.0 for beta-1.84.0-4-retry
[INFO] extracting crate cxl_rs 0.0.5 into /workspace/builds/worker-1-tc1/source
[INFO] validating manifest of crates.io crate cxl_rs 0.0.5 on toolchain 1.83.0
[INFO] running `Command { std: CARGO_HOME="/workspace/cargo-home" RUSTUP_HOME="/workspace/rustup-home" "/workspace/cargo-home/bin/cargo" "+1.83.0" "metadata" "--manifest-path" "Cargo.toml" "--no-deps", kill_on_drop: false }`
[INFO] started tweaking crates.io crate cxl_rs 0.0.5
[INFO] finished tweaking crates.io crate cxl_rs 0.0.5
[INFO] tweaked toml for crates.io crate cxl_rs 0.0.5 written to /workspace/builds/worker-1-tc1/source/Cargo.toml
[INFO] running `Command { std: CARGO_HOME="/workspace/cargo-home" RUSTUP_HOME="/workspace/rustup-home" "/workspace/cargo-home/bin/cargo" "+1.83.0" "generate-lockfile" "--manifest-path" "Cargo.toml", kill_on_drop: false }`
[INFO] [stderr]     Updating crates.io index
[INFO] [stderr]      Locking 22 packages to latest compatible versions
[INFO] [stderr]       Adding bitflags v1.2.1 (available: v1.3.2)
[INFO] [stderr]       Adding fletcher v0.1.0 (available: v1.0.0)
[INFO] [stderr]       Adding nix v0.20.2 (available: v0.29.0)
[INFO] [stderr]       Adding uuid v0.8.2 (available: v1.11.0)
[INFO] running `Command { std: CARGO_HOME="/workspace/cargo-home" RUSTUP_HOME="/workspace/rustup-home" "/workspace/cargo-home/bin/cargo" "+1.83.0" "fetch" "--manifest-path" "Cargo.toml", kill_on_drop: false }`
[INFO] [stderr]  Downloading crates ...
[INFO] [stderr]   Downloaded fletcher v0.1.0
[INFO] running `Command { std: "docker" "create" "-v" "/var/lib/crater-agent-workspace/builds/worker-1-tc1/target:/opt/rustwide/target:rw,Z" "-v" "/var/lib/crater-agent-workspace/builds/worker-1-tc1/source:/opt/rustwide/workdir:ro,Z" "-v" "/var/lib/crater-agent-workspace/cargo-home:/opt/rustwide/cargo-home:ro,Z" "-v" "/var/lib/crater-agent-workspace/rustup-home:/opt/rustwide/rustup-home:ro,Z" "-e" "SOURCE_DIR=/opt/rustwide/workdir" "-e" "CARGO_TARGET_DIR=/opt/rustwide/target" "-e" "CARGO_HOME=/opt/rustwide/cargo-home" "-e" "RUSTUP_HOME=/opt/rustwide/rustup-home" "-w" "/opt/rustwide/workdir" "-m" "1610612736" "--user" "0:0" "--network" "none" "ghcr.io/rust-lang/crates-build-env/linux@sha256:f3a9d4ad9d972b27faf3965f35b62e55ba32bbce8f20bc8fe909558a86702fde" "/opt/rustwide/cargo-home/bin/cargo" "+1.83.0" "metadata" "--no-deps" "--format-version=1", kill_on_drop: false }`
[INFO] [stdout] d08412e2fd8eb8ea1f7d6aecb28fc069e896868490e79dccca883a75b1516c1f
[INFO] running `Command { std: "docker" "start" "-a" "d08412e2fd8eb8ea1f7d6aecb28fc069e896868490e79dccca883a75b1516c1f", kill_on_drop: false }`
[INFO] running `Command { std: "docker" "inspect" "d08412e2fd8eb8ea1f7d6aecb28fc069e896868490e79dccca883a75b1516c1f", kill_on_drop: false }`
[INFO] running `Command { std: "docker" "rm" "-f" "d08412e2fd8eb8ea1f7d6aecb28fc069e896868490e79dccca883a75b1516c1f", kill_on_drop: false }`
[INFO] [stdout] d08412e2fd8eb8ea1f7d6aecb28fc069e896868490e79dccca883a75b1516c1f
[INFO] running `Command { std: "docker" "create" "-v" "/var/lib/crater-agent-workspace/builds/worker-1-tc1/target:/opt/rustwide/target:rw,Z" "-v" "/var/lib/crater-agent-workspace/builds/worker-1-tc1/source:/opt/rustwide/workdir:ro,Z" "-v" "/var/lib/crater-agent-workspace/cargo-home:/opt/rustwide/cargo-home:ro,Z" "-v" "/var/lib/crater-agent-workspace/rustup-home:/opt/rustwide/rustup-home:ro,Z" "-e" "SOURCE_DIR=/opt/rustwide/workdir" "-e" "CARGO_TARGET_DIR=/opt/rustwide/target" "-e" "CARGO_INCREMENTAL=0" "-e" "RUST_BACKTRACE=full" "-e" "RUSTFLAGS=--cap-lints=warn" "-e" "RUSTDOCFLAGS=--cap-lints=warn" "-e" "CARGO_HOME=/opt/rustwide/cargo-home" "-e" "RUSTUP_HOME=/opt/rustwide/rustup-home" "-w" "/opt/rustwide/workdir" "-m" "1610612736" "--user" "0:0" "--network" "none" "ghcr.io/rust-lang/crates-build-env/linux@sha256:f3a9d4ad9d972b27faf3965f35b62e55ba32bbce8f20bc8fe909558a86702fde" "/opt/rustwide/cargo-home/bin/cargo" "+1.83.0" "build" "--frozen" "--message-format=json", kill_on_drop: false }`
[INFO] [stdout] 456fbfd7d18218603dd051263b782ca3cd1c23fd120abdf1bc36c089c6374442
[INFO] running `Command { std: "docker" "start" "-a" "456fbfd7d18218603dd051263b782ca3cd1c23fd120abdf1bc36c089c6374442", kill_on_drop: false }`
[INFO] [stderr]    Compiling proc-macro2 v1.0.92
[INFO] [stderr]    Compiling unicode-ident v1.0.14
[INFO] [stderr]    Compiling libc v0.2.168
[INFO] [stderr]    Compiling autocfg v1.4.0
[INFO] [stderr]    Compiling cfg-if v1.0.0
[INFO] [stderr]    Compiling bitflags v1.2.1
[INFO] [stderr]    Compiling serde v1.0.216
[INFO] [stderr]    Compiling serde_json v1.0.133
[INFO] [stderr]    Compiling itoa v1.0.14
[INFO] [stderr]    Compiling ryu v1.0.18
[INFO] [stderr]    Compiling memchr v2.7.4
[INFO] [stderr]    Compiling fletcher v0.1.0
[INFO] [stderr]    Compiling memoffset v0.6.5
[INFO] [stderr]    Compiling quote v1.0.37
[INFO] [stderr]    Compiling syn v2.0.90
[INFO] [stderr]    Compiling getrandom v0.2.15
[INFO] [stderr]    Compiling nix v0.20.2
[INFO] [stderr]    Compiling uuid v0.8.2
[INFO] [stderr]    Compiling serde_derive v1.0.216
[INFO] [stderr]    Compiling cxl_rs v0.0.5 (/opt/rustwide/workdir)
[INFO] [stdout] warning: field `sysfs_path` is never read
[INFO] [stdout]   --> src/lib.rs:19:5
[INFO] [stdout]    |
[INFO] [stdout] 17 | pub struct Memdev {
[INFO] [stdout]    |            ------ field in this struct
[INFO] [stdout] 18 |     #[serde(skip_serializing)]
[INFO] [stdout] 19 |     sysfs_path: PathBuf,
[INFO] [stdout]    |     ^^^^^^^^^^
[INFO] [stdout]    |
[INFO] [stdout]    = note: `Memdev` has a derived impl for the trait `Debug`, but this is intentionally ignored during dead code analysis
[INFO] [stdout]    = note: `#[warn(dead_code)]` on by default
[INFO] [stdout] 
[INFO] [stdout] 
[INFO] [stderr]     Finished `dev` profile [unoptimized + debuginfo] target(s) in 23.67s
[INFO] running `Command { std: "docker" "inspect" "456fbfd7d18218603dd051263b782ca3cd1c23fd120abdf1bc36c089c6374442", kill_on_drop: false }`
[INFO] running `Command { std: "docker" "rm" "-f" "456fbfd7d18218603dd051263b782ca3cd1c23fd120abdf1bc36c089c6374442", kill_on_drop: false }`
[INFO] [stdout] 456fbfd7d18218603dd051263b782ca3cd1c23fd120abdf1bc36c089c6374442
[INFO] running `Command { std: "docker" "create" "-v" "/var/lib/crater-agent-workspace/builds/worker-1-tc1/target:/opt/rustwide/target:rw,Z" "-v" "/var/lib/crater-agent-workspace/builds/worker-1-tc1/source:/opt/rustwide/workdir:ro,Z" "-v" "/var/lib/crater-agent-workspace/cargo-home:/opt/rustwide/cargo-home:ro,Z" "-v" "/var/lib/crater-agent-workspace/rustup-home:/opt/rustwide/rustup-home:ro,Z" "-e" "SOURCE_DIR=/opt/rustwide/workdir" "-e" "CARGO_TARGET_DIR=/opt/rustwide/target" "-e" "CARGO_INCREMENTAL=0" "-e" "RUST_BACKTRACE=full" "-e" "RUSTFLAGS=--cap-lints=warn" "-e" "RUSTDOCFLAGS=--cap-lints=warn" "-e" "CARGO_HOME=/opt/rustwide/cargo-home" "-e" "RUSTUP_HOME=/opt/rustwide/rustup-home" "-w" "/opt/rustwide/workdir" "-m" "1610612736" "--user" "0:0" "--network" "none" "ghcr.io/rust-lang/crates-build-env/linux@sha256:f3a9d4ad9d972b27faf3965f35b62e55ba32bbce8f20bc8fe909558a86702fde" "/opt/rustwide/cargo-home/bin/cargo" "+1.83.0" "test" "--frozen" "--no-run" "--message-format=json", kill_on_drop: false }`
[INFO] [stdout] 63fa3b0b3ac69a1696277225ea454e9990101a0df7cfc8f8c87d18c2f74a891e
[INFO] running `Command { std: "docker" "start" "-a" "63fa3b0b3ac69a1696277225ea454e9990101a0df7cfc8f8c87d18c2f74a891e", kill_on_drop: false }`
[INFO] [stdout] warning: field `sysfs_path` is never read
[INFO] [stdout]   --> src/lib.rs:19:5
[INFO] [stdout]    |
[INFO] [stdout] 17 | pub struct Memdev {
[INFO] [stdout]    |            ------ field in this struct
[INFO] [stdout] 18 |     #[serde(skip_serializing)]
[INFO] [stdout] 19 |     sysfs_path: PathBuf,
[INFO] [stdout]    |     ^^^^^^^^^^
[INFO] [stdout]    |
[INFO] [stdout]    = note: `Memdev` has a derived impl for the trait `Debug`, but this is intentionally ignored during dead code analysis
[INFO] [stdout]    = note: `#[warn(dead_code)]` on by default
[INFO] [stdout] 
[INFO] [stdout] 
[INFO] [stderr]    Compiling cxl_rs v0.0.5 (/opt/rustwide/workdir)
[INFO] [stdout] warning: field `sysfs_path` is never read
[INFO] [stdout]   --> src/lib.rs:19:5
[INFO] [stdout]    |
[INFO] [stdout] 17 | pub struct Memdev {
[INFO] [stdout]    |            ------ field in this struct
[INFO] [stdout] 18 |     #[serde(skip_serializing)]
[INFO] [stdout] 19 |     sysfs_path: PathBuf,
[INFO] [stdout]    |     ^^^^^^^^^^
[INFO] [stdout]    |
[INFO] [stdout]    = note: `Memdev` has a derived impl for the trait `Debug`, but this is intentionally ignored during dead code analysis
[INFO] [stdout]    = note: `#[warn(dead_code)]` on by default
[INFO] [stdout] 
[INFO] [stdout] 
[INFO] [stdout] warning: dereferencing a null pointer
[INFO] [stdout]   --> src/query/query_bindings.rs:36:19
[INFO] [stdout]    |
[INFO] [stdout] 36 |         unsafe { &(*(::std::ptr::null::<__kernel_fd_set>())).fds_bits as *const _ as usize },
[INFO] [stdout]    |                   ^^^^^^^^^^^^^^^^^^^^^^^^^^^^^^^^^^^^^^^^^^ this code causes undefined behavior when executed
[INFO] [stdout]    |
[INFO] [stdout]    = note: `#[warn(deref_nullptr)]` on by default
[INFO] [stdout] 
[INFO] [stdout] 
[INFO] [stdout] warning: dereferencing a null pointer
[INFO] [stdout]   --> src/query/query_bindings.rs:86:19
[INFO] [stdout]    |
[INFO] [stdout] 86 |         unsafe { &(*(::std::ptr::null::<__kernel_fsid_t>())).val as *const _ as usize },
[INFO] [stdout]    |                   ^^^^^^^^^^^^^^^^^^^^^^^^^^^^^^^^^^^^^^^^^^ this code causes undefined behavior when executed
[INFO] [stdout] 
[INFO] [stdout] 
[INFO] [stdout] warning: dereferencing a null pointer
[INFO] [stdout]    --> src/query/query_bindings.rs:145:19
[INFO] [stdout]     |
[INFO] [stdout] 145 |         unsafe { &(*(::std::ptr::null::<_bindgen_ty_2>())).name as *const _ as usize },
[INFO] [stdout]     |                   ^^^^^^^^^^^^^^^^^^^^^^^^^^^^^^^^^^^^^^^^ this code causes undefined behavior when executed
[INFO] [stdout] 
[INFO] [stdout] 
[INFO] [stdout] warning: dereferencing a null pointer
[INFO] [stdout]    --> src/query/query_bindings.rs:196:19
[INFO] [stdout]     |
[INFO] [stdout] 196 |         unsafe { &(*(::std::ptr::null::<cxl_command_info>())).id as *const _ as usize },
[INFO] [stdout]     |                   ^^^^^^^^^^^^^^^^^^^^^^^^^^^^^^^^^^^^^^^^^^^ this code causes undefined behavior when executed
[INFO] [stdout] 
[INFO] [stdout] 
[INFO] [stdout] warning: dereferencing a null pointer
[INFO] [stdout]    --> src/query/query_bindings.rs:206:19
[INFO] [stdout]     |
[INFO] [stdout] 206 |         unsafe { &(*(::std::ptr::null::<cxl_command_info>())).flags as *const _ as usize },
[INFO] [stdout]     |                   ^^^^^^^^^^^^^^^^^^^^^^^^^^^^^^^^^^^^^^^^^^^ this code causes undefined behavior when executed
[INFO] [stdout] 
[INFO] [stdout] 
[INFO] [stdout] warning: dereferencing a null pointer
[INFO] [stdout]    --> src/query/query_bindings.rs:216:19
[INFO] [stdout]     |
[INFO] [stdout] 216 |         unsafe { &(*(::std::ptr::null::<cxl_command_info>())).size_in as *const _ as usize },
[INFO] [stdout]     |                   ^^^^^^^^^^^^^^^^^^^^^^^^^^^^^^^^^^^^^^^^^^^ this code causes undefined behavior when executed
[INFO] [stdout] 
[INFO] [stdout] 
[INFO] [stdout] warning: dereferencing a null pointer
[INFO] [stdout]    --> src/query/query_bindings.rs:226:19
[INFO] [stdout]     |
[INFO] [stdout] 226 |         unsafe { &(*(::std::ptr::null::<cxl_command_info>())).size_out as *const _ as usize },
[INFO] [stdout]     |                   ^^^^^^^^^^^^^^^^^^^^^^^^^^^^^^^^^^^^^^^^^^^ this code causes undefined behavior when executed
[INFO] [stdout] 
[INFO] [stdout] 
[INFO] [stdout] warning: dereferencing a null pointer
[INFO] [stdout]    --> src/query/query_bindings.rs:278:14
[INFO] [stdout]     |
[INFO] [stdout] 278 |             &(*(::std::ptr::null::<cxl_mem_query_commands<[cxl_command_info; 0]>>())).n_commands
[INFO] [stdout]     |              ^^^^^^^^^^^^^^^^^^^^^^^^^^^^^^^^^^^^^^^^^^^^^^^^^^^^^^^^^^^^^^^^^^^^^^^^ this code causes undefined behavior when executed
[INFO] [stdout] 
[INFO] [stdout] 
[INFO] [stdout] warning: dereferencing a null pointer
[INFO] [stdout]    --> src/query/query_bindings.rs:291:14
[INFO] [stdout]     |
[INFO] [stdout] 291 |             &(*(::std::ptr::null::<cxl_mem_query_commands<[cxl_command_info; 0]>>())).rsvd
[INFO] [stdout]     |              ^^^^^^^^^^^^^^^^^^^^^^^^^^^^^^^^^^^^^^^^^^^^^^^^^^^^^^^^^^^^^^^^^^^^^^^^ this code causes undefined behavior when executed
[INFO] [stdout] 
[INFO] [stdout] 
[INFO] [stdout] warning: dereferencing a null pointer
[INFO] [stdout]   --> src/send/send_bindings.rs:35:19
[INFO] [stdout]    |
[INFO] [stdout] 35 |         unsafe { &(*(::std::ptr::null::<__kernel_fd_set>())).fds_bits as *const _ as usize },
[INFO] [stdout]    |                   ^^^^^^^^^^^^^^^^^^^^^^^^^^^^^^^^^^^^^^^^^^ this code causes undefined behavior when executed
[INFO] [stdout] 
[INFO] [stdout] 
[INFO] [stdout] warning: dereferencing a null pointer
[INFO] [stdout]   --> src/send/send_bindings.rs:85:19
[INFO] [stdout]    |
[INFO] [stdout] 85 |         unsafe { &(*(::std::ptr::null::<__kernel_fsid_t>())).val as *const _ as usize },
[INFO] [stdout]    |                   ^^^^^^^^^^^^^^^^^^^^^^^^^^^^^^^^^^^^^^^^^^ this code causes undefined behavior when executed
[INFO] [stdout] 
[INFO] [stdout] 
[INFO] [stdout] warning: dereferencing a null pointer
[INFO] [stdout]    --> src/send/send_bindings.rs:194:14
[INFO] [stdout]     |
[INFO] [stdout] 194 |             &(*(::std::ptr::null::<cxl_send_command__bindgen_ty_1__bindgen_ty_1>())).opcode
[INFO] [stdout]     |              ^^^^^^^^^^^^^^^^^^^^^^^^^^^^^^^^^^^^^^^^^^^^^^^^^^^^^^^^^^^^^^^^^^^^^^^ this code causes undefined behavior when executed
[INFO] [stdout] 
[INFO] [stdout] 
[INFO] [stdout] warning: dereferencing a null pointer
[INFO] [stdout]    --> src/send/send_bindings.rs:207:14
[INFO] [stdout]     |
[INFO] [stdout] 207 |             &(*(::std::ptr::null::<cxl_send_command__bindgen_ty_1__bindgen_ty_1>())).rsvd
[INFO] [stdout]     |              ^^^^^^^^^^^^^^^^^^^^^^^^^^^^^^^^^^^^^^^^^^^^^^^^^^^^^^^^^^^^^^^^^^^^^^^ this code causes undefined behavior when executed
[INFO] [stdout] 
[INFO] [stdout] 
[INFO] [stdout] warning: dereferencing a null pointer
[INFO] [stdout]    --> src/send/send_bindings.rs:233:14
[INFO] [stdout]     |
[INFO] [stdout] 233 |             &(*(::std::ptr::null::<cxl_send_command__bindgen_ty_1>())).raw as *const _ as usize
[INFO] [stdout]     |              ^^^^^^^^^^^^^^^^^^^^^^^^^^^^^^^^^^^^^^^^^^^^^^^^^^^^^^^^^ this code causes undefined behavior when executed
[INFO] [stdout] 
[INFO] [stdout] 
[INFO] [stdout] warning: dereferencing a null pointer
[INFO] [stdout]    --> src/send/send_bindings.rs:245:14
[INFO] [stdout]     |
[INFO] [stdout] 245 |             &(*(::std::ptr::null::<cxl_send_command__bindgen_ty_1>())).rsvd as *const _ as usize
[INFO] [stdout]     |              ^^^^^^^^^^^^^^^^^^^^^^^^^^^^^^^^^^^^^^^^^^^^^^^^^^^^^^^^^ this code causes undefined behavior when executed
[INFO] [stdout] 
[INFO] [stdout] 
[INFO] [stdout] warning: dereferencing a null pointer
[INFO] [stdout]    --> src/send/send_bindings.rs:277:14
[INFO] [stdout]     |
[INFO] [stdout] 277 |             &(*(::std::ptr::null::<cxl_send_command__bindgen_ty_2>())).size as *const _ as usize
[INFO] [stdout]     |              ^^^^^^^^^^^^^^^^^^^^^^^^^^^^^^^^^^^^^^^^^^^^^^^^^^^^^^^^^ this code causes undefined behavior when executed
[INFO] [stdout] 
[INFO] [stdout] 
[INFO] [stdout] warning: dereferencing a null pointer
[INFO] [stdout]    --> src/send/send_bindings.rs:289:14
[INFO] [stdout]     |
[INFO] [stdout] 289 |             &(*(::std::ptr::null::<cxl_send_command__bindgen_ty_2>())).rsvd as *const _ as usize
[INFO] [stdout]     |              ^^^^^^^^^^^^^^^^^^^^^^^^^^^^^^^^^^^^^^^^^^^^^^^^^^^^^^^^^ this code causes undefined behavior when executed
[INFO] [stdout] 
[INFO] [stdout] 
[INFO] [stdout] warning: dereferencing a null pointer
[INFO] [stdout]    --> src/send/send_bindings.rs:301:14
[INFO] [stdout]     |
[INFO] [stdout] 301 |             &(*(::std::ptr::null::<cxl_send_command__bindgen_ty_2>())).payload as *const _ as usize
[INFO] [stdout]     |              ^^^^^^^^^^^^^^^^^^^^^^^^^^^^^^^^^^^^^^^^^^^^^^^^^^^^^^^^^ this code causes undefined behavior when executed
[INFO] [stdout] 
[INFO] [stdout] 
[INFO] [stdout] warning: dereferencing a null pointer
[INFO] [stdout]    --> src/send/send_bindings.rs:333:14
[INFO] [stdout]     |
[INFO] [stdout] 333 |             &(*(::std::ptr::null::<cxl_send_command__bindgen_ty_3>())).size as *const _ as usize
[INFO] [stdout]     |              ^^^^^^^^^^^^^^^^^^^^^^^^^^^^^^^^^^^^^^^^^^^^^^^^^^^^^^^^^ this code causes undefined behavior when executed
[INFO] [stdout] 
[INFO] [stdout] 
[INFO] [stdout] warning: dereferencing a null pointer
[INFO] [stdout]    --> src/send/send_bindings.rs:345:14
[INFO] [stdout]     |
[INFO] [stdout] 345 |             &(*(::std::ptr::null::<cxl_send_command__bindgen_ty_3>())).rsvd as *const _ as usize
[INFO] [stdout]     |              ^^^^^^^^^^^^^^^^^^^^^^^^^^^^^^^^^^^^^^^^^^^^^^^^^^^^^^^^^ this code causes undefined behavior when executed
[INFO] [stdout] 
[INFO] [stdout] 
[INFO] [stdout] warning: dereferencing a null pointer
[INFO] [stdout]    --> src/send/send_bindings.rs:357:14
[INFO] [stdout]     |
[INFO] [stdout] 357 |             &(*(::std::ptr::null::<cxl_send_command__bindgen_ty_3>())).payload as *const _ as usize
[INFO] [stdout]     |              ^^^^^^^^^^^^^^^^^^^^^^^^^^^^^^^^^^^^^^^^^^^^^^^^^^^^^^^^^ this code causes undefined behavior when executed
[INFO] [stdout] 
[INFO] [stdout] 
[INFO] [stdout] warning: dereferencing a null pointer
[INFO] [stdout]    --> src/send/send_bindings.rs:381:19
[INFO] [stdout]     |
[INFO] [stdout] 381 |         unsafe { &(*(::std::ptr::null::<cxl_send_command>())).id as *const _ as usize },
[INFO] [stdout]     |                   ^^^^^^^^^^^^^^^^^^^^^^^^^^^^^^^^^^^^^^^^^^^ this code causes undefined behavior when executed
[INFO] [stdout] 
[INFO] [stdout] 
[INFO] [stdout] warning: dereferencing a null pointer
[INFO] [stdout]    --> src/send/send_bindings.rs:391:19
[INFO] [stdout]     |
[INFO] [stdout] 391 |         unsafe { &(*(::std::ptr::null::<cxl_send_command>())).flags as *const _ as usize },
[INFO] [stdout]     |                   ^^^^^^^^^^^^^^^^^^^^^^^^^^^^^^^^^^^^^^^^^^^ this code causes undefined behavior when executed
[INFO] [stdout] 
[INFO] [stdout] 
[INFO] [stdout] warning: dereferencing a null pointer
[INFO] [stdout]    --> src/send/send_bindings.rs:401:19
[INFO] [stdout]     |
[INFO] [stdout] 401 |         unsafe { &(*(::std::ptr::null::<cxl_send_command>())).retval as *const _ as usize },
[INFO] [stdout]     |                   ^^^^^^^^^^^^^^^^^^^^^^^^^^^^^^^^^^^^^^^^^^^ this code causes undefined behavior when executed
[INFO] [stdout] 
[INFO] [stdout] 
[INFO] [stdout] warning: dereferencing a null pointer
[INFO] [stdout]    --> src/send/send_bindings.rs:411:19
[INFO] [stdout]     |
[INFO] [stdout] 411 |         unsafe { &(*(::std::ptr::null::<cxl_send_command>())).in_ as *const _ as usize },
[INFO] [stdout]     |                   ^^^^^^^^^^^^^^^^^^^^^^^^^^^^^^^^^^^^^^^^^^^ this code causes undefined behavior when executed
[INFO] [stdout] 
[INFO] [stdout] 
[INFO] [stdout] warning: dereferencing a null pointer
[INFO] [stdout]    --> src/send/send_bindings.rs:421:19
[INFO] [stdout]     |
[INFO] [stdout] 421 |         unsafe { &(*(::std::ptr::null::<cxl_send_command>())).out as *const _ as usize },
[INFO] [stdout]     |                   ^^^^^^^^^^^^^^^^^^^^^^^^^^^^^^^^^^^^^^^^^^^ this code causes undefined behavior when executed
[INFO] [stdout] 
[INFO] [stdout] 
[INFO] [stderr]     Finished `test` profile [unoptimized + debuginfo] target(s) in 1.33s
[INFO] running `Command { std: "docker" "inspect" "63fa3b0b3ac69a1696277225ea454e9990101a0df7cfc8f8c87d18c2f74a891e", kill_on_drop: false }`
[INFO] running `Command { std: "docker" "rm" "-f" "63fa3b0b3ac69a1696277225ea454e9990101a0df7cfc8f8c87d18c2f74a891e", kill_on_drop: false }`
[INFO] [stdout] 63fa3b0b3ac69a1696277225ea454e9990101a0df7cfc8f8c87d18c2f74a891e
[INFO] running `Command { std: "docker" "create" "-v" "/var/lib/crater-agent-workspace/builds/worker-1-tc1/target:/opt/rustwide/target:rw,Z" "-v" "/var/lib/crater-agent-workspace/builds/worker-1-tc1/source:/opt/rustwide/workdir:ro,Z" "-v" "/var/lib/crater-agent-workspace/cargo-home:/opt/rustwide/cargo-home:ro,Z" "-v" "/var/lib/crater-agent-workspace/rustup-home:/opt/rustwide/rustup-home:ro,Z" "-e" "SOURCE_DIR=/opt/rustwide/workdir" "-e" "CARGO_TARGET_DIR=/opt/rustwide/target" "-e" "CARGO_INCREMENTAL=0" "-e" "RUST_BACKTRACE=full" "-e" "RUSTFLAGS=--cap-lints=warn" "-e" "RUSTDOCFLAGS=--cap-lints=warn" "-e" "CARGO_HOME=/opt/rustwide/cargo-home" "-e" "RUSTUP_HOME=/opt/rustwide/rustup-home" "-w" "/opt/rustwide/workdir" "-m" "1610612736" "--user" "0:0" "--network" "none" "ghcr.io/rust-lang/crates-build-env/linux@sha256:f3a9d4ad9d972b27faf3965f35b62e55ba32bbce8f20bc8fe909558a86702fde" "/opt/rustwide/cargo-home/bin/cargo" "+1.83.0" "test" "--frozen", kill_on_drop: false }`
[INFO] [stdout] d7ea3fcbf15190f1f56e5abc8c8c3ff05e0b8cd133b2443a192830577fd7943a
[INFO] running `Command { std: "docker" "start" "-a" "d7ea3fcbf15190f1f56e5abc8c8c3ff05e0b8cd133b2443a192830577fd7943a", kill_on_drop: false }`
[INFO] [stderr] warning: field `sysfs_path` is never read
[INFO] [stderr]   --> src/lib.rs:19:5
[INFO] [stderr]    |
[INFO] [stderr] 17 | pub struct Memdev {
[INFO] [stderr]    |            ------ field in this struct
[INFO] [stderr] 18 |     #[serde(skip_serializing)]
[INFO] [stderr] 19 |     sysfs_path: PathBuf,
[INFO] [stderr]    |     ^^^^^^^^^^
[INFO] [stderr]    |
[INFO] [stderr]    = note: `Memdev` has a derived impl for the trait `Debug`, but this is intentionally ignored during dead code analysis
[INFO] [stderr]    = note: `#[warn(dead_code)]` on by default
[INFO] [stderr] 
[INFO] [stderr] warning: `cxl_rs` (lib) generated 1 warning
[INFO] [stderr] warning: dereferencing a null pointer
[INFO] [stderr]   --> src/query/query_bindings.rs:36:19
[INFO] [stderr]    |
[INFO] [stderr] 36 |         unsafe { &(*(::std::ptr::null::<__kernel_fd_set>())).fds_bits as *const _ as usize },
[INFO] [stderr]    |                   ^^^^^^^^^^^^^^^^^^^^^^^^^^^^^^^^^^^^^^^^^^ this code causes undefined behavior when executed
[INFO] [stderr]    |
[INFO] [stderr]    = note: `#[warn(deref_nullptr)]` on by default
[INFO] [stderr] 
[INFO] [stderr] warning: dereferencing a null pointer
[INFO] [stderr]   --> src/query/query_bindings.rs:86:19
[INFO] [stderr]    |
[INFO] [stderr] 86 |         unsafe { &(*(::std::ptr::null::<__kernel_fsid_t>())).val as *const _ as usize },
[INFO] [stderr]    |                   ^^^^^^^^^^^^^^^^^^^^^^^^^^^^^^^^^^^^^^^^^^ this code causes undefined behavior when executed
[INFO] [stderr] 
[INFO] [stderr] warning: dereferencing a null pointer
[INFO] [stderr]    --> src/query/query_bindings.rs:145:19
[INFO] [stderr]     |
[INFO] [stderr] 145 |         unsafe { &(*(::std::ptr::null::<_bindgen_ty_2>())).name as *const _ as usize },
[INFO] [stdout] 
[INFO] [stderr]     |                   ^^^^^^^^^^^^^^^^^^^^^^^^^^^^^^^^^^^^^^^^ this code causes undefined behavior when executed
[INFO] [stdout] running 21 tests
[INFO] [stderr] 
[INFO] [stderr] warning: dereferencing a null pointer
[INFO] [stderr]    --> src/query/query_bindings.rs:196:19
[INFO] [stderr]     |
[INFO] [stderr] 196 |         unsafe { &(*(::std::ptr::null::<cxl_command_info>())).id as *const _ as usize },
[INFO] [stderr]     |                   ^^^^^^^^^^^^^^^^^^^^^^^^^^^^^^^^^^^^^^^^^^^ this code causes undefined behavior when executed
[INFO] [stderr] 
[INFO] [stderr] warning: dereferencing a null pointer
[INFO] [stderr]    --> src/query/query_bindings.rs:206:19
[INFO] [stderr]     |
[INFO] [stderr] 206 |         unsafe { &(*(::std::ptr::null::<cxl_command_info>())).flags as *const _ as usize },
[INFO] [stderr]     |                   ^^^^^^^^^^^^^^^^^^^^^^^^^^^^^^^^^^^^^^^^^^^ this code causes undefined behavior when executed
[INFO] [stderr] 
[INFO] [stderr] warning: dereferencing a null pointer
[INFO] [stderr]    --> src/query/query_bindings.rs:216:19
[INFO] [stderr]     |
[INFO] [stderr] 216 |         unsafe { &(*(::std::ptr::null::<cxl_command_info>())).size_in as *const _ as usize },
[INFO] [stderr]     |                   ^^^^^^^^^^^^^^^^^^^^^^^^^^^^^^^^^^^^^^^^^^^ this code causes undefined behavior when executed
[INFO] [stderr] 
[INFO] [stderr] warning: dereferencing a null pointer
[INFO] [stderr]    --> src/query/query_bindings.rs:226:19
[INFO] [stderr]     |
[INFO] [stderr] 226 |         unsafe { &(*(::std::ptr::null::<cxl_command_info>())).size_out as *const _ as usize },
[INFO] [stderr]     |                   ^^^^^^^^^^^^^^^^^^^^^^^^^^^^^^^^^^^^^^^^^^^ this code causes undefined behavior when executed
[INFO] [stderr] 
[INFO] [stderr] warning: dereferencing a null pointer
[INFO] [stderr]    --> src/query/query_bindings.rs:278:14
[INFO] [stderr]     |
[INFO] [stderr] 278 |             &(*(::std::ptr::null::<cxl_mem_query_commands<[cxl_command_info; 0]>>())).n_commands
[INFO] [stderr]     |              ^^^^^^^^^^^^^^^^^^^^^^^^^^^^^^^^^^^^^^^^^^^^^^^^^^^^^^^^^^^^^^^^^^^^^^^^ this code causes undefined behavior when executed
[INFO] [stderr] 
[INFO] [stderr] warning: dereferencing a null pointer
[INFO] [stderr]    --> src/query/query_bindings.rs:291:14
[INFO] [stderr]     |
[INFO] [stderr] 291 |             &(*(::std::ptr::null::<cxl_mem_query_commands<[cxl_command_info; 0]>>())).rsvd
[INFO] [stderr]     |              ^^^^^^^^^^^^^^^^^^^^^^^^^^^^^^^^^^^^^^^^^^^^^^^^^^^^^^^^^^^^^^^^^^^^^^^^ this code causes undefined behavior when executed
[INFO] [stderr] 
[INFO] [stderr] warning: dereferencing a null pointer
[INFO] [stderr]   --> src/send/send_bindings.rs:35:19
[INFO] [stderr]    |
[INFO] [stderr] 35 |         unsafe { &(*(::std::ptr::null::<__kernel_fd_set>())).fds_bits as *const _ as usize },
[INFO] [stderr]    |                   ^^^^^^^^^^^^^^^^^^^^^^^^^^^^^^^^^^^^^^^^^^ this code causes undefined behavior when executed
[INFO] [stderr] 
[INFO] [stderr] warning: dereferencing a null pointer
[INFO] [stderr]   --> src/send/send_bindings.rs:85:19
[INFO] [stderr]    |
[INFO] [stderr] 85 |         unsafe { &(*(::std::ptr::null::<__kernel_fsid_t>())).val as *const _ as usize },
[INFO] [stderr]    |                   ^^^^^^^^^^^^^^^^^^^^^^^^^^^^^^^^^^^^^^^^^^ this code causes undefined behavior when executed
[INFO] [stderr] 
[INFO] [stderr] warning: dereferencing a null pointer
[INFO] [stderr]    --> src/send/send_bindings.rs:194:14
[INFO] [stderr]     |
[INFO] [stderr] 194 |             &(*(::std::ptr::null::<cxl_send_command__bindgen_ty_1__bindgen_ty_1>())).opcode
[INFO] [stderr]     |              ^^^^^^^^^^^^^^^^^^^^^^^^^^^^^^^^^^^^^^^^^^^^^^^^^^^^^^^^^^^^^^^^^^^^^^^ this code causes undefined behavior when executed
[INFO] [stderr] 
[INFO] [stderr] warning: dereferencing a null pointer
[INFO] [stderr]    --> src/send/send_bindings.rs:207:14
[INFO] [stderr]     |
[INFO] [stderr] 207 |             &(*(::std::ptr::null::<cxl_send_command__bindgen_ty_1__bindgen_ty_1>())).rsvd
[INFO] [stderr]     |              ^^^^^^^^^^^^^^^^^^^^^^^^^^^^^^^^^^^^^^^^^^^^^^^^^^^^^^^^^^^^^^^^^^^^^^^ this code causes undefined behavior when executed
[INFO] [stderr] 
[INFO] [stderr] warning: dereferencing a null pointer
[INFO] [stderr]    --> src/send/send_bindings.rs:233:14
[INFO] [stderr]     |
[INFO] [stderr] 233 |             &(*(::std::ptr::null::<cxl_send_command__bindgen_ty_1>())).raw as *const _ as usize
[INFO] [stderr]     |              ^^^^^^^^^^^^^^^^^^^^^^^^^^^^^^^^^^^^^^^^^^^^^^^^^^^^^^^^^ this code causes undefined behavior when executed
[INFO] [stderr] 
[INFO] [stderr] warning: dereferencing a null pointer
[INFO] [stderr]    --> src/send/send_bindings.rs:245:14
[INFO] [stderr]     |
[INFO] [stderr] 245 |             &(*(::std::ptr::null::<cxl_send_command__bindgen_ty_1>())).rsvd as *const _ as usize
[INFO] [stderr]     |              ^^^^^^^^^^^^^^^^^^^^^^^^^^^^^^^^^^^^^^^^^^^^^^^^^^^^^^^^^ this code causes undefined behavior when executed
[INFO] [stderr] 
[INFO] [stderr] warning: dereferencing a null pointer
[INFO] [stderr]    --> src/send/send_bindings.rs:277:14
[INFO] [stderr]     |
[INFO] [stderr] 277 |             &(*(::std::ptr::null::<cxl_send_command__bindgen_ty_2>())).size as *const _ as usize
[INFO] [stderr]     |              ^^^^^^^^^^^^^^^^^^^^^^^^^^^^^^^^^^^^^^^^^^^^^^^^^^^^^^^^^ this code causes undefined behavior when executed
[INFO] [stderr] 
[INFO] [stderr] warning: dereferencing a null pointer
[INFO] [stderr]    --> src/send/send_bindings.rs:289:14
[INFO] [stderr]     |
[INFO] [stderr] 289 |             &(*(::std::ptr::null::<cxl_send_command__bindgen_ty_2>())).rsvd as *const _ as usize
[INFO] [stderr]     |              ^^^^^^^^^^^^^^^^^^^^^^^^^^^^^^^^^^^^^^^^^^^^^^^^^^^^^^^^^ this code causes undefined behavior when executed
[INFO] [stderr] 
[INFO] [stderr] warning: dereferencing a null pointer
[INFO] [stderr]    --> src/send/send_bindings.rs:301:14
[INFO] [stderr]     |
[INFO] [stderr] 301 |             &(*(::std::ptr::null::<cxl_send_command__bindgen_ty_2>())).payload as *const _ as usize
[INFO] [stderr]     |              ^^^^^^^^^^^^^^^^^^^^^^^^^^^^^^^^^^^^^^^^^^^^^^^^^^^^^^^^^ this code causes undefined behavior when executed
[INFO] [stderr] 
[INFO] [stderr] warning: dereferencing a null pointer
[INFO] [stderr]    --> src/send/send_bindings.rs:333:14
[INFO] [stderr]     |
[INFO] [stderr] 333 |             &(*(::std::ptr::null::<cxl_send_command__bindgen_ty_3>())).size as *const _ as usize
[INFO] [stderr]     |              ^^^^^^^^^^^^^^^^^^^^^^^^^^^^^^^^^^^^^^^^^^^^^^^^^^^^^^^^^ this code causes undefined behavior when executed
[INFO] [stderr] 
[INFO] [stderr] warning: dereferencing a null pointer
[INFO] [stderr]    --> src/send/send_bindings.rs:345:14
[INFO] [stderr]     |
[INFO] [stderr] 345 |             &(*(::std::ptr::null::<cxl_send_command__bindgen_ty_3>())).rsvd as *const _ as usize
[INFO] [stderr]     |              ^^^^^^^^^^^^^^^^^^^^^^^^^^^^^^^^^^^^^^^^^^^^^^^^^^^^^^^^^ this code causes undefined behavior when executed
[INFO] [stderr] 
[INFO] [stderr] warning: dereferencing a null pointer
[INFO] [stderr]    --> src/send/send_bindings.rs:357:14
[INFO] [stderr]     |
[INFO] [stderr] 357 |             &(*(::std::ptr::null::<cxl_send_command__bindgen_ty_3>())).payload as *const _ as usize
[INFO] [stderr]     |              ^^^^^^^^^^^^^^^^^^^^^^^^^^^^^^^^^^^^^^^^^^^^^^^^^^^^^^^^^ this code causes undefined behavior when executed
[INFO] [stderr] 
[INFO] [stderr] warning: dereferencing a null pointer
[INFO] [stderr]    --> src/send/send_bindings.rs:381:19
[INFO] [stderr]     |
[INFO] [stderr] 381 |         unsafe { &(*(::std::ptr::null::<cxl_send_command>())).id as *const _ as usize },
[INFO] [stderr]     |                   ^^^^^^^^^^^^^^^^^^^^^^^^^^^^^^^^^^^^^^^^^^^ this code causes undefined behavior when executed
[INFO] [stderr] 
[INFO] [stderr] warning: dereferencing a null pointer
[INFO] [stderr]    --> src/send/send_bindings.rs:391:19
[INFO] [stderr]     |
[INFO] [stderr] 391 |         unsafe { &(*(::std::ptr::null::<cxl_send_command>())).flags as *const _ as usize },
[INFO] [stderr]     |                   ^^^^^^^^^^^^^^^^^^^^^^^^^^^^^^^^^^^^^^^^^^^ this code causes undefined behavior when executed
[INFO] [stderr] 
[INFO] [stderr] warning: dereferencing a null pointer
[INFO] [stderr]    --> src/send/send_bindings.rs:401:19
[INFO] [stderr]     |
[INFO] [stderr] 401 |         unsafe { &(*(::std::ptr::null::<cxl_send_command>())).retval as *const _ as usize },
[INFO] [stderr]     |                   ^^^^^^^^^^^^^^^^^^^^^^^^^^^^^^^^^^^^^^^^^^^ this code causes undefined behavior when executed
[INFO] [stderr] 
[INFO] [stderr] warning: dereferencing a null pointer
[INFO] [stderr]    --> src/send/send_bindings.rs:411:19
[INFO] [stderr]     |
[INFO] [stderr] 411 |         unsafe { &(*(::std::ptr::null::<cxl_send_command>())).in_ as *const _ as usize },
[INFO] [stderr]     |                   ^^^^^^^^^^^^^^^^^^^^^^^^^^^^^^^^^^^^^^^^^^^ this code causes undefined behavior when executed
[INFO] [stderr] 
[INFO] [stderr] warning: dereferencing a null pointer
[INFO] [stderr]    --> src/send/send_bindings.rs:421:19
[INFO] [stderr]     |
[INFO] [stderr] 421 |         unsafe { &(*(::std::ptr::null::<cxl_send_command>())).out as *const _ as usize },
[INFO] [stderr]     |                   ^^^^^^^^^^^^^^^^^^^^^^^^^^^^^^^^^^^^^^^^^^^ this code causes undefined behavior when executed
[INFO] [stderr] 
[INFO] [stderr] warning: `cxl_rs` (lib test) generated 27 warnings (1 duplicate)
[INFO] [stderr]     Finished `test` profile [unoptimized + debuginfo] target(s) in 0.04s
[INFO] [stderr]      Running unittests src/lib.rs (/opt/rustwide/target/debug/deps/cxl_rs-be41b33f8880757f)
[INFO] [stdout] test lsa::region_label::region_test_layout ... ok
[INFO] [stdout] test lsa::label_index_block::lbi_test_layout ... ok
[INFO] [stdout] test lsa::namespace_label::namespace_test_layout ... ok
[INFO] [stdout] test query::query_bindings::bindgen_test_layout___kernel_fd_set ... ok
[INFO] [stdout] test send::identify_test_layout ... ok
[INFO] [stdout] test send::send_bindings::bindgen_test_layout___kernel_fsid_t ... ok
[INFO] [stdout] test lsa::region_label::region_label_test_layout ... ok
[INFO] [stdout] test send::send_bindings::bindgen_test_layout_cxl_send_command__bindgen_ty_1 ... ok
[INFO] [stdout] test send::send_bindings::bindgen_test_layout_cxl_send_command__bindgen_ty_1__bindgen_ty_1 ... ok
[INFO] [stdout] test send::send_bindings::bindgen_test_layout_cxl_send_command__bindgen_ty_2 ... ok
[INFO] [stdout] test sysfs::tests::bad_node ... ok
[INFO] [stdout] test query::query_bindings::bindgen_test_layout_cxl_command_info ... ok
[INFO] [stdout] test query::query_bindings::bindgen_test_layout_cxl_mem_query_commands ... ok
[INFO] [stdout] test query::query_bindings::bindgen_test_layout__bindgen_ty_2 ... ok
[INFO] [stdout] test query::query_bindings::bindgen_test_layout___kernel_fsid_t ... ok
[INFO] [stdout] test send::send_bindings::bindgen_test_layout___kernel_fd_set ... ok
[INFO] [stdout] test send::send_bindings::bindgen_test_layout_cxl_send_command ... ok
[INFO] [stdout] test send::send_bindings::bindgen_test_layout_cxl_send_command__bindgen_ty_3 ... ok
[INFO] [stdout] test tests::no_devices ... ok
[INFO] [stdout] test sysfs::tests::u64_node ... ok
[INFO] [stdout] test sysfs::tests::hex_node ... FAILED
[INFO] [stdout] 
[INFO] [stdout] failures:
[INFO] [stdout] 
[INFO] [stdout] ---- sysfs::tests::hex_node stdout ----
[INFO] [stdout] thread 'sysfs::tests::hex_node' panicked at src/sysfs/mod.rs:55:9:
[INFO] [stdout] assertion `left == right` failed
[INFO] [stdout]   left: 0
[INFO] [stdout]  right: 527
[INFO] [stdout] stack backtrace:
[INFO] [stdout]    0:     0x5a4b27f3f3ba - std::backtrace_rs::backtrace::libunwind::trace::h5a5b8284f2d0c266
[INFO] [stdout]                                at /rustc/90b35a6239c3d8bdabc530a6a0816f7ff89a0aaf/library/std/src/../../backtrace/src/backtrace/libunwind.rs:116:5
[INFO] [stdout]    1:     0x5a4b27f3f3ba - std::backtrace_rs::backtrace::trace_unsynchronized::h76d4f1c9b0b875e3
[INFO] [stdout]                                at /rustc/90b35a6239c3d8bdabc530a6a0816f7ff89a0aaf/library/std/src/../../backtrace/src/backtrace/mod.rs:66:5
[INFO] [stdout]    2:     0x5a4b27f3f3ba - std::sys::backtrace::_print_fmt::hc4546b8364a537c6
[INFO] [stdout]                                at /rustc/90b35a6239c3d8bdabc530a6a0816f7ff89a0aaf/library/std/src/sys/backtrace.rs:66:9
[INFO] [stdout]    3:     0x5a4b27f3f3ba - <std::sys::backtrace::BacktraceLock::print::DisplayBacktrace as core::fmt::Display>::fmt::h5b6bd5631a6d1f6b
[INFO] [stdout]                                at /rustc/90b35a6239c3d8bdabc530a6a0816f7ff89a0aaf/library/std/src/sys/backtrace.rs:39:26
[INFO] [stdout]    4:     0x5a4b27f64c23 - core::fmt::rt::Argument::fmt::h270f6602a2b96f62
[INFO] [stdout]                                at /rustc/90b35a6239c3d8bdabc530a6a0816f7ff89a0aaf/library/core/src/fmt/rt.rs:177:76
[INFO] [stdout]    5:     0x5a4b27f64c23 - core::fmt::write::h7550c97b06c86515
[INFO] [stdout]                                at /rustc/90b35a6239c3d8bdabc530a6a0816f7ff89a0aaf/library/core/src/fmt/mod.rs:1186:21
[INFO] [stdout]    6:     0x5a4b27f3c383 - std::io::Write::write_fmt::h509ff860e5956e5e
[INFO] [stdout]                                at /rustc/90b35a6239c3d8bdabc530a6a0816f7ff89a0aaf/library/std/src/io/mod.rs:1839:15
[INFO] [stdout]    7:     0x5a4b27f3f202 - std::sys::backtrace::BacktraceLock::print::h2395ccd2c84ba3aa
[INFO] [stdout]                                at /rustc/90b35a6239c3d8bdabc530a6a0816f7ff89a0aaf/library/std/src/sys/backtrace.rs:42:9
[INFO] [stdout]    8:     0x5a4b27f4081a - std::panicking::default_hook::{{closure}}::he19d4c7230e07961
[INFO] [stdout]                                at /rustc/90b35a6239c3d8bdabc530a6a0816f7ff89a0aaf/library/std/src/panicking.rs:268:22
[INFO] [stdout]    9:     0x5a4b27f40624 - std::panicking::default_hook::hf614597d3c67bbdb
[INFO] [stdout]                                at /rustc/90b35a6239c3d8bdabc530a6a0816f7ff89a0aaf/library/std/src/panicking.rs:292:9
[INFO] [stdout]   10:     0x5a4b27f0a3c9 - <alloc::boxed::Box<F,A> as core::ops::function::Fn<Args>>::call::h39b51ce4599c23d1
[INFO] [stdout]                                at /rustc/90b35a6239c3d8bdabc530a6a0816f7ff89a0aaf/library/alloc/src/boxed.rs:2468:9
[INFO] [stdout]   11:     0x5a4b27f0a3c9 - test::test_main::{{closure}}::he977ae839a582784
[INFO] [stdout]                                at /rustc/90b35a6239c3d8bdabc530a6a0816f7ff89a0aaf/library/test/src/lib.rs:133:21
[INFO] [stdout]   12:     0x5a4b27f40eb8 - <alloc::boxed::Box<F,A> as core::ops::function::Fn<Args>>::call::h9455091b6b06f9fb
[INFO] [stdout]                                at /rustc/90b35a6239c3d8bdabc530a6a0816f7ff89a0aaf/library/alloc/src/boxed.rs:2468:9
[INFO] [stdout]   13:     0x5a4b27f40eb8 - std::panicking::rust_panic_with_hook::h8942133a8b252070
[INFO] [stdout]                                at /rustc/90b35a6239c3d8bdabc530a6a0816f7ff89a0aaf/library/std/src/panicking.rs:809:13
[INFO] [stdout]   14:     0x5a4b27f40c7a - std::panicking::begin_panic_handler::{{closure}}::hb5f5963570096b29
[INFO] [stdout]                                at /rustc/90b35a6239c3d8bdabc530a6a0816f7ff89a0aaf/library/std/src/panicking.rs:674:13
[INFO] [stdout]   15:     0x5a4b27f3f899 - std::sys::backtrace::__rust_end_short_backtrace::h6208cedc1922feda
[INFO] [stdout]                                at /rustc/90b35a6239c3d8bdabc530a6a0816f7ff89a0aaf/library/std/src/sys/backtrace.rs:170:18
[INFO] [stdout]   16:     0x5a4b27f4090c - rust_begin_unwind
[INFO] [stdout]                                at /rustc/90b35a6239c3d8bdabc530a6a0816f7ff89a0aaf/library/std/src/panicking.rs:665:5
[INFO] [stdout]   17:     0x5a4b27ec8ae0 - core::panicking::panic_fmt::h0c3082644d1bf418
[INFO] [stdout]                                at /rustc/90b35a6239c3d8bdabc530a6a0816f7ff89a0aaf/library/core/src/panicking.rs:74:14
[INFO] [stdout]   18:     0x5a4b27ec8e0b - core::panicking::assert_failed_inner::h2ddf1fcc067fa858
[INFO] [stdout]   19:     0x5a4b27ec88a3 - core::panicking::assert_failed::he996b0f85b093fc8
[INFO] [stdout]   20:     0x5a4b27ed1de3 - cxl_rs::sysfs::tests::hex_node::hd6b85f1636e90545
[INFO] [stdout]                                at /opt/rustwide/workdir/src/sysfs/mod.rs:55:9
[INFO] [stdout]   21:     0x5a4b27ed1cc7 - cxl_rs::sysfs::tests::hex_node::{{closure}}::h47655881736011eb
[INFO] [stdout]                                at /opt/rustwide/workdir/src/sysfs/mod.rs:54:18
[INFO] [stdout]   22:     0x5a4b27eca486 - core::ops::function::FnOnce::call_once::h542a6041554b62b9
[INFO] [stdout]                                at /rustc/90b35a6239c3d8bdabc530a6a0816f7ff89a0aaf/library/core/src/ops/function.rs:250:5
[INFO] [stdout]   23:     0x5a4b27f0ed8b - core::ops::function::FnOnce::call_once::h109cf8051a59b34e
[INFO] [stdout]                                at /rustc/90b35a6239c3d8bdabc530a6a0816f7ff89a0aaf/library/core/src/ops/function.rs:250:5
[INFO] [stdout]   24:     0x5a4b27f0ed8b - test::__rust_begin_short_backtrace::hf4fff89d377446ba
[INFO] [stdout]                                at /rustc/90b35a6239c3d8bdabc530a6a0816f7ff89a0aaf/library/test/src/lib.rs:621:18
[INFO] [stdout]   25:     0x5a4b27f0e5c7 - test::run_test_in_process::{{closure}}::h0e39181dd7ee5a43
[INFO] [stdout]                                at /rustc/90b35a6239c3d8bdabc530a6a0816f7ff89a0aaf/library/test/src/lib.rs:644:60
[INFO] [stdout]   26:     0x5a4b27f0e5c7 - <core::panic::unwind_safe::AssertUnwindSafe<F> as core::ops::function::FnOnce<()>>::call_once::hc5a66a30f0bdfd1f
[INFO] [stdout]                                at /rustc/90b35a6239c3d8bdabc530a6a0816f7ff89a0aaf/library/core/src/panic/unwind_safe.rs:272:9
[INFO] [stdout]   27:     0x5a4b27f0e5c7 - std::panicking::try::do_call::h873b7cf639554a5e
[INFO] [stdout]                                at /rustc/90b35a6239c3d8bdabc530a6a0816f7ff89a0aaf/library/std/src/panicking.rs:557:40
[INFO] [stdout]   28:     0x5a4b27f0e5c7 - std::panicking::try::hdb19862fad9c8bd1
[INFO] [stdout]                                at /rustc/90b35a6239c3d8bdabc530a6a0816f7ff89a0aaf/library/std/src/panicking.rs:520:19
[INFO] [stdout]   29:     0x5a4b27f0e5c7 - std::panic::catch_unwind::h281fe732d236d260
[INFO] [stdout]                                at /rustc/90b35a6239c3d8bdabc530a6a0816f7ff89a0aaf/library/std/src/panic.rs:358:14
[INFO] [stdout]   30:     0x5a4b27f0e5c7 - test::run_test_in_process::h949b6df8457ed338
[INFO] [stdout]                                at /rustc/90b35a6239c3d8bdabc530a6a0816f7ff89a0aaf/library/test/src/lib.rs:644:27
[INFO] [stdout]   31:     0x5a4b27f0e5c7 - test::run_test::{{closure}}::h52c556a6d4740e10
[INFO] [stdout]                                at /rustc/90b35a6239c3d8bdabc530a6a0816f7ff89a0aaf/library/test/src/lib.rs:565:43
[INFO] [stdout]   32:     0x5a4b27ed38a4 - test::run_test::{{closure}}::h4237f6381c45ccb9
[INFO] [stdout]                                at /rustc/90b35a6239c3d8bdabc530a6a0816f7ff89a0aaf/library/test/src/lib.rs:595:41
[INFO] [stdout]   33:     0x5a4b27ed38a4 - std::sys::backtrace::__rust_begin_short_backtrace::h505c97a579eca628
[INFO] [stdout]                                at /rustc/90b35a6239c3d8bdabc530a6a0816f7ff89a0aaf/library/std/src/sys/backtrace.rs:154:18
[INFO] [stdout]   34:     0x5a4b27ed6f6e - std::thread::Builder::spawn_unchecked_::{{closure}}::{{closure}}::h9e86b2e2bc107ea3
[INFO] [stdout]                                at /rustc/90b35a6239c3d8bdabc530a6a0816f7ff89a0aaf/library/std/src/thread/mod.rs:538:17
[INFO] [stdout]   35:     0x5a4b27ed6f6e - <core::panic::unwind_safe::AssertUnwindSafe<F> as core::ops::function::FnOnce<()>>::call_once::h8b06ddb275ff4a25
[INFO] [stdout]                                at /rustc/90b35a6239c3d8bdabc530a6a0816f7ff89a0aaf/library/core/src/panic/unwind_safe.rs:272:9
[INFO] [stdout]   36:     0x5a4b27ed6f6e - std::panicking::try::do_call::hb26ecd7cd9a9355d
[INFO] [stdout]                                at /rustc/90b35a6239c3d8bdabc530a6a0816f7ff89a0aaf/library/std/src/panicking.rs:557:40
[INFO] [stdout]   37:     0x5a4b27ed6f6e - std::panicking::try::h8ddeca9d705f9069
[INFO] [stdout]                                at /rustc/90b35a6239c3d8bdabc530a6a0816f7ff89a0aaf/library/std/src/panicking.rs:520:19
[INFO] [stdout]   38:     0x5a4b27ed6f6e - std::panic::catch_unwind::h49e1c33078844c46
[INFO] [stdout]                                at /rustc/90b35a6239c3d8bdabc530a6a0816f7ff89a0aaf/library/std/src/panic.rs:358:14
[INFO] [stdout]   39:     0x5a4b27ed6f6e - std::thread::Builder::spawn_unchecked_::{{closure}}::h6073db6ff56ad35d
[INFO] [stdout]                                at /rustc/90b35a6239c3d8bdabc530a6a0816f7ff89a0aaf/library/std/src/thread/mod.rs:537:30
[INFO] [stdout]   40:     0x5a4b27ed6f6e - core::ops::function::FnOnce::call_once{{vtable.shim}}::h2c5a5f3779c774f1
[INFO] [stdout]                                at /rustc/90b35a6239c3d8bdabc530a6a0816f7ff89a0aaf/library/core/src/ops/function.rs:250:5
[INFO] [stdout]   41:     0x5a4b27f4504b - <alloc::boxed::Box<F,A> as core::ops::function::FnOnce<Args>>::call_once::hf75717d9f28faebf
[INFO] [stdout]                                at /rustc/90b35a6239c3d8bdabc530a6a0816f7ff89a0aaf/library/alloc/src/boxed.rs:2454:9
[INFO] [stdout]   42:     0x5a4b27f4504b - <alloc::boxed::Box<F,A> as core::ops::function::FnOnce<Args>>::call_once::h7bd883a5f3c5f3c1
[INFO] [stdout]                                at /rustc/90b35a6239c3d8bdabc530a6a0816f7ff89a0aaf/library/alloc/src/boxed.rs:2454:9
[INFO] [stdout]   43:     0x5a4b27f4504b - std::sys::pal::unix::thread::Thread::new::thread_start::hcc78f3943333fa94
[INFO] [stdout]                                at /rustc/90b35a6239c3d8bdabc530a6a0816f7ff89a0aaf/library/std/src/sys/pal/unix/thread.rs:105:17
[INFO] [stdout]   44:     0x7c2953d66ac3 - <unknown>
[INFO] [stdout]   45:     0x7c2953df7a04 - clone
[INFO] [stdout]   46:                0x0 - <unknown>
[INFO] [stdout] 
[INFO] [stdout] 
[INFO] [stdout] failures:
[INFO] [stdout]     sysfs::tests::hex_node
[INFO] [stdout] 
[INFO] [stdout] test result: FAILED. 20 passed; 1 failed; 0 ignored; 0 measured; 0 filtered out; finished in 0.04s
[INFO] [stdout] 
[INFO] [stderr] error: test failed, to rerun pass `--lib`
[INFO] running `Command { std: "docker" "inspect" "d7ea3fcbf15190f1f56e5abc8c8c3ff05e0b8cd133b2443a192830577fd7943a", kill_on_drop: false }`
[INFO] running `Command { std: "docker" "rm" "-f" "d7ea3fcbf15190f1f56e5abc8c8c3ff05e0b8cd133b2443a192830577fd7943a", kill_on_drop: false }`
[INFO] [stdout] d7ea3fcbf15190f1f56e5abc8c8c3ff05e0b8cd133b2443a192830577fd7943a
