[INFO] fetching crate cursive_core 0.4.6...
[INFO] testing cursive_core-0.4.6 against beta-2024-12-08 for beta-1.84.0-4-retry
[INFO] extracting crate cursive_core 0.4.6 into /workspace/builds/worker-4-tc2/source
[INFO] validating manifest of crates.io crate cursive_core 0.4.6 on toolchain beta-2024-12-08
[INFO] running `Command { std: CARGO_HOME="/workspace/cargo-home" RUSTUP_HOME="/workspace/rustup-home" "/workspace/cargo-home/bin/cargo" "+beta-2024-12-08" "metadata" "--manifest-path" "Cargo.toml" "--no-deps", kill_on_drop: false }`
[INFO] started tweaking crates.io crate cursive_core 0.4.6
[INFO] finished tweaking crates.io crate cursive_core 0.4.6
[INFO] tweaked toml for crates.io crate cursive_core 0.4.6 written to /workspace/builds/worker-4-tc2/source/Cargo.toml
[INFO] running `Command { std: CARGO_HOME="/workspace/cargo-home" RUSTUP_HOME="/workspace/rustup-home" "/workspace/cargo-home/bin/cargo" "+beta-2024-12-08" "generate-lockfile" "--manifest-path" "Cargo.toml", kill_on_drop: false }`
[INFO] [stderr]     Updating crates.io index
[INFO] [stderr]      Locking 92 packages to latest compatible versions
[INFO] [stderr]       Adding pulldown-cmark v0.11.3 (available: v0.12.2)
[INFO] [stderr]       Adding unicode-width v0.1.14 (available: v0.2.0)
[INFO] running `Command { std: CARGO_HOME="/workspace/cargo-home" RUSTUP_HOME="/workspace/rustup-home" "/workspace/cargo-home/bin/cargo" "+beta-2024-12-08" "fetch" "--manifest-path" "Cargo.toml", kill_on_drop: false }`
[INFO] running `Command { std: "docker" "create" "-v" "/var/lib/crater-agent-workspace/builds/worker-4-tc2/target:/opt/rustwide/target:rw,Z" "-v" "/var/lib/crater-agent-workspace/builds/worker-4-tc2/source:/opt/rustwide/workdir:ro,Z" "-v" "/var/lib/crater-agent-workspace/cargo-home:/opt/rustwide/cargo-home:ro,Z" "-v" "/var/lib/crater-agent-workspace/rustup-home:/opt/rustwide/rustup-home:ro,Z" "-e" "SOURCE_DIR=/opt/rustwide/workdir" "-e" "CARGO_TARGET_DIR=/opt/rustwide/target" "-e" "CARGO_HOME=/opt/rustwide/cargo-home" "-e" "RUSTUP_HOME=/opt/rustwide/rustup-home" "-w" "/opt/rustwide/workdir" "-m" "1610612736" "--user" "0:0" "--network" "none" "ghcr.io/rust-lang/crates-build-env/linux@sha256:f3a9d4ad9d972b27faf3965f35b62e55ba32bbce8f20bc8fe909558a86702fde" "/opt/rustwide/cargo-home/bin/cargo" "+beta-2024-12-08" "metadata" "--no-deps" "--format-version=1", kill_on_drop: false }`
[INFO] [stdout] ea3696538c28b20cda54642366f4272839e5980d2a349c7aa8b069251718b442
[INFO] running `Command { std: "docker" "start" "-a" "ea3696538c28b20cda54642366f4272839e5980d2a349c7aa8b069251718b442", kill_on_drop: false }`
[INFO] running `Command { std: "docker" "inspect" "ea3696538c28b20cda54642366f4272839e5980d2a349c7aa8b069251718b442", kill_on_drop: false }`
[INFO] running `Command { std: "docker" "rm" "-f" "ea3696538c28b20cda54642366f4272839e5980d2a349c7aa8b069251718b442", kill_on_drop: false }`
[INFO] [stdout] ea3696538c28b20cda54642366f4272839e5980d2a349c7aa8b069251718b442
[INFO] running `Command { std: "docker" "create" "-v" "/var/lib/crater-agent-workspace/builds/worker-4-tc2/target:/opt/rustwide/target:rw,Z" "-v" "/var/lib/crater-agent-workspace/builds/worker-4-tc2/source:/opt/rustwide/workdir:ro,Z" "-v" "/var/lib/crater-agent-workspace/cargo-home:/opt/rustwide/cargo-home:ro,Z" "-v" "/var/lib/crater-agent-workspace/rustup-home:/opt/rustwide/rustup-home:ro,Z" "-e" "SOURCE_DIR=/opt/rustwide/workdir" "-e" "CARGO_TARGET_DIR=/opt/rustwide/target" "-e" "CARGO_INCREMENTAL=0" "-e" "RUST_BACKTRACE=full" "-e" "RUSTFLAGS=--cap-lints=warn" "-e" "RUSTDOCFLAGS=--cap-lints=warn" "-e" "CARGO_HOME=/opt/rustwide/cargo-home" "-e" "RUSTUP_HOME=/opt/rustwide/rustup-home" "-w" "/opt/rustwide/workdir" "-m" "1610612736" "--user" "0:0" "--network" "none" "ghcr.io/rust-lang/crates-build-env/linux@sha256:f3a9d4ad9d972b27faf3965f35b62e55ba32bbce8f20bc8fe909558a86702fde" "/opt/rustwide/cargo-home/bin/cargo" "+beta-2024-12-08" "build" "--frozen" "--message-format=json", kill_on_drop: false }`
[INFO] [stdout] 1ccc9f6117f3c09ee15a2cec140abdd81e4e2e50c798bfd449d1dfe6c6bf6246
[INFO] running `Command { std: "docker" "start" "-a" "1ccc9f6117f3c09ee15a2cec140abdd81e4e2e50c798bfd449d1dfe6c6bf6246", kill_on_drop: false }`
[INFO] [stderr]    Compiling autocfg v1.4.0
[INFO] [stderr]    Compiling libc v0.2.168
[INFO] [stderr]    Compiling fnv v1.0.7
[INFO] [stderr]    Compiling ident_case v1.0.1
[INFO] [stderr]    Compiling rustversion v1.0.18
[INFO] [stderr]    Compiling serde v1.0.216
[INFO] [stderr]    Compiling crossbeam-utils v0.8.20
[INFO] [stderr]    Compiling itoa v1.0.14
[INFO] [stderr]    Compiling version_check v0.9.5
[INFO] [stderr]    Compiling parking_lot_core v0.9.10
[INFO] [stderr]    Compiling scopeguard v1.2.0
[INFO] [stderr]    Compiling serde_json v1.0.133
[INFO] [stderr]    Compiling powerfmt v0.2.0
[INFO] [stderr]    Compiling smallvec v1.13.2
[INFO] [stderr]    Compiling ryu v1.0.18
[INFO] [stderr]    Compiling syn v2.0.90
[INFO] [stderr]    Compiling num-conv v0.1.0
[INFO] [stderr]    Compiling zerocopy v0.7.35
[INFO] [stderr]    Compiling static_assertions v1.1.0
[INFO] [stderr]    Compiling num_threads v0.1.7
[INFO] [stderr]    Compiling once_cell v1.20.2
[INFO] [stderr]    Compiling memchr v2.7.4
[INFO] [stderr]    Compiling time-core v0.1.2
[INFO] [stderr]    Compiling cursive-macros v0.1.0
[INFO] [stderr]    Compiling unicode-segmentation v1.12.0
[INFO] [stderr]    Compiling log v0.4.22
[INFO] [stderr]    Compiling xi-unicode v0.3.0
[INFO] [stderr]    Compiling deranged v0.3.11
[INFO] [stderr]    Compiling unicode-width v0.1.14
[INFO] [stderr]    Compiling lazy_static v1.5.0
[INFO] [stderr]    Compiling ahash v0.8.11
[INFO] [stderr]    Compiling num-traits v0.2.19
[INFO] [stderr]    Compiling lock_api v0.4.12
[INFO] [stderr]    Compiling crossbeam-channel v0.5.13
[INFO] [stderr]    Compiling castaway v0.2.3
[INFO] [stderr]    Compiling compact_str v0.8.0
[INFO] [stderr]    Compiling num-integer v0.1.46
[INFO] [stderr]    Compiling num-complex v0.4.6
[INFO] [stderr]    Compiling getrandom v0.2.15
[INFO] [stderr]    Compiling time v0.3.37
[INFO] [stderr]    Compiling num-iter v0.1.45
[INFO] [stderr]    Compiling num-rational v0.4.2
[INFO] [stderr]    Compiling parking_lot v0.12.3
[INFO] [stderr]    Compiling darling_core v0.20.10
[INFO] [stderr]    Compiling num v0.4.3
[INFO] [stderr]    Compiling enum-map-derive v0.17.0
[INFO] [stderr]    Compiling enum-map v2.7.3
[INFO] [stderr]    Compiling darling_macro v0.20.10
[INFO] [stderr]    Compiling darling v0.20.10
[INFO] [stderr]    Compiling enumset_derive v0.10.0
[INFO] [stderr]    Compiling enumset v1.1.5
[INFO] [stderr]    Compiling cursive_core v0.4.6 (/opt/rustwide/workdir)
[INFO] [stdout] warning: elided lifetime has a name
[INFO] [stdout]    --> src/views/fixed_layout.rs:164:42
[INFO] [stdout]     |
[INFO] [stdout] 161 |     fn iter_mut<'a>(
[INFO] [stdout]     |                 -- lifetime `'a` declared here
[INFO] [stdout] ...
[INFO] [stdout] 164 |     ) -> Box<dyn Iterator<Item = (usize, &mut Child)> + 'a> {
[INFO] [stdout]     |                                          ^ this elided lifetime gets resolved as `'a`
[INFO] [stdout]     |
[INFO] [stdout]     = note: `#[warn(elided_named_lifetimes)]` on by default
[INFO] [stdout] 
[INFO] [stdout] 
[INFO] [stdout] warning: elided lifetime has a name
[INFO] [stdout]    --> src/views/linear_layout.rs:341:42
[INFO] [stdout]     |
[INFO] [stdout] 337 |     fn iter_mut<'a>(
[INFO] [stdout]     |                 -- lifetime `'a` declared here
[INFO] [stdout] ...
[INFO] [stdout] 341 |     ) -> Box<dyn Iterator<Item = (usize, &mut Child)> + 'a> {
[INFO] [stdout]     |                                          ^ this elided lifetime gets resolved as `'a`
[INFO] [stdout] 
[INFO] [stdout] 
[INFO] [stdout] warning: elided lifetime has a name
[INFO] [stdout]    --> src/views/list_view.rs:181:42
[INFO] [stdout]     |
[INFO] [stdout] 177 |     fn iter_mut<'a>(
[INFO] [stdout]     |                 -- lifetime `'a` declared here
[INFO] [stdout] ...
[INFO] [stdout] 181 |     ) -> Box<dyn Iterator<Item = (usize, &mut ListChild)> + 'a> {
[INFO] [stdout]     |                                          ^ this elided lifetime gets resolved as `'a`
[INFO] [stdout] 
[INFO] [stdout] 
[INFO] [stderr]     Finished `dev` profile [unoptimized + debuginfo] target(s) in 20.43s
[INFO] running `Command { std: "docker" "inspect" "1ccc9f6117f3c09ee15a2cec140abdd81e4e2e50c798bfd449d1dfe6c6bf6246", kill_on_drop: false }`
[INFO] running `Command { std: "docker" "rm" "-f" "1ccc9f6117f3c09ee15a2cec140abdd81e4e2e50c798bfd449d1dfe6c6bf6246", kill_on_drop: false }`
[INFO] [stdout] 1ccc9f6117f3c09ee15a2cec140abdd81e4e2e50c798bfd449d1dfe6c6bf6246
[INFO] running `Command { std: "docker" "create" "-v" "/var/lib/crater-agent-workspace/builds/worker-4-tc2/target:/opt/rustwide/target:rw,Z" "-v" "/var/lib/crater-agent-workspace/builds/worker-4-tc2/source:/opt/rustwide/workdir:ro,Z" "-v" "/var/lib/crater-agent-workspace/cargo-home:/opt/rustwide/cargo-home:ro,Z" "-v" "/var/lib/crater-agent-workspace/rustup-home:/opt/rustwide/rustup-home:ro,Z" "-e" "SOURCE_DIR=/opt/rustwide/workdir" "-e" "CARGO_TARGET_DIR=/opt/rustwide/target" "-e" "CARGO_INCREMENTAL=0" "-e" "RUST_BACKTRACE=full" "-e" "RUSTFLAGS=--cap-lints=warn" "-e" "RUSTDOCFLAGS=--cap-lints=warn" "-e" "CARGO_HOME=/opt/rustwide/cargo-home" "-e" "RUSTUP_HOME=/opt/rustwide/rustup-home" "-w" "/opt/rustwide/workdir" "-m" "1610612736" "--user" "0:0" "--network" "none" "ghcr.io/rust-lang/crates-build-env/linux@sha256:f3a9d4ad9d972b27faf3965f35b62e55ba32bbce8f20bc8fe909558a86702fde" "/opt/rustwide/cargo-home/bin/cargo" "+beta-2024-12-08" "test" "--frozen" "--no-run" "--message-format=json", kill_on_drop: false }`
[INFO] [stdout] 21c805ec59261fbe6f47090dd03522f28e9c1a305806a7561cd43a779f3bfc53
[INFO] running `Command { std: "docker" "start" "-a" "21c805ec59261fbe6f47090dd03522f28e9c1a305806a7561cd43a779f3bfc53", kill_on_drop: false }`
[INFO] [stderr]    Compiling serde v1.0.216
[INFO] [stderr]    Compiling equivalent v1.0.1
[INFO] [stderr]    Compiling hashbrown v0.15.2
[INFO] [stderr]    Compiling unsafe-libyaml v0.2.11
[INFO] [stderr]    Compiling indexmap v2.7.0
[INFO] [stderr]    Compiling serde_json v1.0.133
[INFO] [stderr]    Compiling serde_yaml v0.9.34+deprecated
[INFO] [stderr]    Compiling cursive_core v0.4.6 (/opt/rustwide/workdir)
[INFO] [stdout] warning: elided lifetime has a name
[INFO] [stdout]    --> src/views/fixed_layout.rs:164:42
[INFO] [stdout]     |
[INFO] [stdout] 161 |     fn iter_mut<'a>(
[INFO] [stdout]     |                 -- lifetime `'a` declared here
[INFO] [stdout] ...
[INFO] [stdout] 164 |     ) -> Box<dyn Iterator<Item = (usize, &mut Child)> + 'a> {
[INFO] [stdout]     |                                          ^ this elided lifetime gets resolved as `'a`
[INFO] [stdout]     |
[INFO] [stdout]     = note: `#[warn(elided_named_lifetimes)]` on by default
[INFO] [stdout] 
[INFO] [stdout] 
[INFO] [stdout] warning: elided lifetime has a name
[INFO] [stdout]    --> src/views/linear_layout.rs:341:42
[INFO] [stdout]     |
[INFO] [stdout] 337 |     fn iter_mut<'a>(
[INFO] [stdout]     |                 -- lifetime `'a` declared here
[INFO] [stdout] ...
[INFO] [stdout] 341 |     ) -> Box<dyn Iterator<Item = (usize, &mut Child)> + 'a> {
[INFO] [stdout]     |                                          ^ this elided lifetime gets resolved as `'a`
[INFO] [stdout] 
[INFO] [stdout] 
[INFO] [stdout] warning: elided lifetime has a name
[INFO] [stdout]    --> src/views/list_view.rs:181:42
[INFO] [stdout]     |
[INFO] [stdout] 177 |     fn iter_mut<'a>(
[INFO] [stdout]     |                 -- lifetime `'a` declared here
[INFO] [stdout] ...
[INFO] [stdout] 181 |     ) -> Box<dyn Iterator<Item = (usize, &mut ListChild)> + 'a> {
[INFO] [stdout]     |                                          ^ this elided lifetime gets resolved as `'a`
[INFO] [stdout] 
[INFO] [stdout] 
[INFO] [stdout] warning: elided lifetime has a name
[INFO] [stdout]    --> src/views/fixed_layout.rs:164:42
[INFO] [stdout]     |
[INFO] [stdout] 161 |     fn iter_mut<'a>(
[INFO] [stdout]     |                 -- lifetime `'a` declared here
[INFO] [stdout] ...
[INFO] [stdout] 164 |     ) -> Box<dyn Iterator<Item = (usize, &mut Child)> + 'a> {
[INFO] [stdout]     |                                          ^ this elided lifetime gets resolved as `'a`
[INFO] [stdout]     |
[INFO] [stdout]     = note: `#[warn(elided_named_lifetimes)]` on by default
[INFO] [stdout] 
[INFO] [stdout] 
[INFO] [stdout] warning: elided lifetime has a name
[INFO] [stdout]    --> src/views/linear_layout.rs:341:42
[INFO] [stdout]     |
[INFO] [stdout] 337 |     fn iter_mut<'a>(
[INFO] [stdout]     |                 -- lifetime `'a` declared here
[INFO] [stdout] ...
[INFO] [stdout] 341 |     ) -> Box<dyn Iterator<Item = (usize, &mut Child)> + 'a> {
[INFO] [stdout]     |                                          ^ this elided lifetime gets resolved as `'a`
[INFO] [stdout] 
[INFO] [stdout] 
[INFO] [stdout] warning: elided lifetime has a name
[INFO] [stdout]    --> src/views/list_view.rs:181:42
[INFO] [stdout]     |
[INFO] [stdout] 177 |     fn iter_mut<'a>(
[INFO] [stdout]     |                 -- lifetime `'a` declared here
[INFO] [stdout] ...
[INFO] [stdout] 181 |     ) -> Box<dyn Iterator<Item = (usize, &mut ListChild)> + 'a> {
[INFO] [stdout]     |                                          ^ this elided lifetime gets resolved as `'a`
[INFO] [stdout] 
[INFO] [stdout] 
[INFO] [stderr]     Finished `test` profile [unoptimized + debuginfo] target(s) in 13.72s
[INFO] running `Command { std: "docker" "inspect" "21c805ec59261fbe6f47090dd03522f28e9c1a305806a7561cd43a779f3bfc53", kill_on_drop: false }`
[INFO] running `Command { std: "docker" "rm" "-f" "21c805ec59261fbe6f47090dd03522f28e9c1a305806a7561cd43a779f3bfc53", kill_on_drop: false }`
[INFO] [stdout] 21c805ec59261fbe6f47090dd03522f28e9c1a305806a7561cd43a779f3bfc53
[INFO] running `Command { std: "docker" "create" "-v" "/var/lib/crater-agent-workspace/builds/worker-4-tc2/target:/opt/rustwide/target:rw,Z" "-v" "/var/lib/crater-agent-workspace/builds/worker-4-tc2/source:/opt/rustwide/workdir:ro,Z" "-v" "/var/lib/crater-agent-workspace/cargo-home:/opt/rustwide/cargo-home:ro,Z" "-v" "/var/lib/crater-agent-workspace/rustup-home:/opt/rustwide/rustup-home:ro,Z" "-e" "SOURCE_DIR=/opt/rustwide/workdir" "-e" "CARGO_TARGET_DIR=/opt/rustwide/target" "-e" "CARGO_INCREMENTAL=0" "-e" "RUST_BACKTRACE=full" "-e" "RUSTFLAGS=--cap-lints=warn" "-e" "RUSTDOCFLAGS=--cap-lints=warn" "-e" "CARGO_HOME=/opt/rustwide/cargo-home" "-e" "RUSTUP_HOME=/opt/rustwide/rustup-home" "-w" "/opt/rustwide/workdir" "-m" "1610612736" "--user" "0:0" "--network" "none" "ghcr.io/rust-lang/crates-build-env/linux@sha256:f3a9d4ad9d972b27faf3965f35b62e55ba32bbce8f20bc8fe909558a86702fde" "/opt/rustwide/cargo-home/bin/cargo" "+beta-2024-12-08" "test" "--frozen", kill_on_drop: false }`
[INFO] [stdout] 4a86970faf6852019ffd45ac80e7e52750155e7a009e6705d1171939a161a3ce
[INFO] running `Command { std: "docker" "start" "-a" "4a86970faf6852019ffd45ac80e7e52750155e7a009e6705d1171939a161a3ce", kill_on_drop: false }`
[INFO] [stderr] warning: elided lifetime has a name
[INFO] [stderr]    --> src/views/fixed_layout.rs:164:42
[INFO] [stderr]     |
[INFO] [stderr] 161 |     fn iter_mut<'a>(
[INFO] [stderr]     |                 -- lifetime `'a` declared here
[INFO] [stderr] ...
[INFO] [stderr] 164 |     ) -> Box<dyn Iterator<Item = (usize, &mut Child)> + 'a> {
[INFO] [stderr]     |                                          ^ this elided lifetime gets resolved as `'a`
[INFO] [stderr]     |
[INFO] [stderr]     = note: `#[warn(elided_named_lifetimes)]` on by default
[INFO] [stderr] 
[INFO] [stderr] warning: elided lifetime has a name
[INFO] [stderr]    --> src/views/linear_layout.rs:341:42
[INFO] [stderr]     |
[INFO] [stderr] 337 |     fn iter_mut<'a>(
[INFO] [stderr]     |                 -- lifetime `'a` declared here
[INFO] [stderr] ...
[INFO] [stderr] 341 |     ) -> Box<dyn Iterator<Item = (usize, &mut Child)> + 'a> {
[INFO] [stderr]     |                                          ^ this elided lifetime gets resolved as `'a`
[INFO] [stderr] 
[INFO] [stderr] warning: elided lifetime has a name
[INFO] [stderr]    --> src/views/list_view.rs:181:42
[INFO] [stderr]     |
[INFO] [stderr] 177 |     fn iter_mut<'a>(
[INFO] [stderr]     |                 -- lifetime `'a` declared here
[INFO] [stderr] ...
[INFO] [stderr] 181 |     ) -> Box<dyn Iterator<Item = (usize, &mut ListChild)> + 'a> {
[INFO] [stderr]     |                                          ^ this elided lifetime gets resolved as `'a`
[INFO] [stderr] 
[INFO] [stderr] warning: `cursive_core` (lib) generated 3 warnings
[INFO] [stderr] warning: `cursive_core` (lib test) generated 3 warnings (3 duplicates)
[INFO] [stderr]     Finished `test` profile [unoptimized + debuginfo] target(s) in 0.07s
[INFO] [stderr]      Running unittests src/lib.rs (/opt/rustwide/target/debug/deps/cursive_core-1d2dbcaef63fefea)
[INFO] [stdout] 
[INFO] [stdout] running 58 tests
[INFO] [stdout] test builder::resolvable::tests::test_no_config ... ok
[INFO] [stdout] test builder::resolvable::tests::test_floats ... ok
[INFO] [stdout] test builder::resolvable::tests::test_option ... ok
[INFO] [stdout] test builder::resolvable::tests::test_box ... ok
[INFO] [stdout] test builder::resolvable::tests::test_rect ... ok
[INFO] [stdout] test builder::resolvable::tests::test_arc ... ok
[INFO] [stdout] test builder::resolvable::tests::test_align ... ok
[INFO] [stdout] test builder::resolvable::tests::test_strings ... ok
[INFO] [stdout] test builder::resolvable::tests::test_rgb ... ok
[INFO] [stdout] test builder::resolvable::tests::test_styled_string ... ok
[INFO] [stdout] test builder::resolvable::tests::test_integers ... ok
[INFO] [stdout] test menu::tests::test_styled_label_delimiter ... ok
[INFO] [stdout] test menu::tests::test_styled_label_leaf ... ok
[INFO] [stdout] test style::color::tests::test_low_res ... ok
[INFO] [stdout] test menu::tests::test_styled_label_subtree ... ok
[INFO] [stdout] test utils::immutify::tests::immut3_loop ... ok
[INFO] [stdout] test utils::lines::simple::tests::test_lines ... ok
[INFO] [stdout] test builder::resolvable::tests::test_vec ... ok
[INFO] [stdout] test builder::resolvable::tests::test_borderstyle ... ok
[INFO] [stdout] test builder::resolvable::tests::test_colors ... ok
[INFO] [stdout] test builder::resolvable::tests::test_directions ... ok
[INFO] [stdout] test builder::resolvable::tests::test_xy ... ok
[INFO] [stdout] test style::color::tests::test_parse ... ok
[INFO] [stdout] test utils::lines::spans::tests::test_line_breaks ... ok
[INFO] [stdout] test utils::lines::spans::tests::test_next_line_char ... ok
[INFO] [stdout] test utils::lines::spans::tests::test_replacement_char_has_width_1 ... ok
[INFO] [stdout] test utils::markup::cursup::tests::escape ... ok
[INFO] [stdout] test utils::lines::spans::tests::test_control_chars_have_width_0_or_1 ... ok
[INFO] [stdout] test utils::markup::cursup::tests::empty_string ... ok
[INFO] [stdout] test utils::lines::simple::tests::test_prefix ... ok
[INFO] [stdout] test utils::markup::cursup::tests::failed_candidates ... ok
[INFO] [stdout] test utils::markup::cursup::tests::hex_color ... ok
[INFO] [stdout] test utils::markup::cursup::tests::inherit_parent ... ok
[INFO] [stdout] test utils::markup::cursup::tests::plain ... ok
[INFO] [stdout] test utils::markup::cursup::tests::invalid_span_as_plain_text ... ok
[INFO] [stdout] test utils::span::tests::test_spanned_str_width ... ok
[INFO] [stdout] test vec::tests::test_from ... ok
[INFO] [stdout] test utils::markup::gradient::tests::simple ... ok
[INFO] [stdout] test views::edit_view::tests::ctrl_key_events ... ok
[INFO] [stdout] test views::resized_view::tests::full_screen ... ok
[INFO] [stdout] test views::resized_view::tests::min_size ... ok
[INFO] [stdout] test views::resized_view::tests::test_get_inner ... ok
[INFO] [stdout] test views::resized_view::tests::test_restricted ... ok
[INFO] [stdout] test views::select_view::tests::select_view_sorting ... ok
[INFO] [stdout] test views::select_view::tests::select_view_sorting_by_key ... ok
[INFO] [stdout] test view::position::tests::test_center ... ok
[INFO] [stdout] test style::color::tests::test_256_colors ... ok
[INFO] [stdout] test views::resized_view::tests::test_get_inner_mut ... ok
[INFO] [stdout] test views::resized_view::tests::max_size ... ok
[INFO] [stdout] test utils::markup::cursup::tests::single_span ... ok
[INFO] [stdout] test utils::markup::cursup::tests::simple ... ok
[INFO] [stdout] test utils::markup::cursup::tests::span_and_plain ... ok
[INFO] [stdout] test utils::markup::cursup::tests::nested ... ok
[INFO] [stdout] test views::select_view::tests::select_view_sorting_orderable_items ... ok
[INFO] [stdout] test views::select_view::tests::select_view_sorting_with_comparator ... ok
[INFO] [stdout] test views::stack_view::tests::get ... ok
[INFO] [stdout] test views::stack_view::tests::move_layer_works ... ok
[INFO] [stdout] test views::stack_view::tests::pop_add ... ok
[INFO] [stdout] 
[INFO] [stdout] test result: ok. 58 passed; 0 failed; 0 ignored; 0 measured; 0 filtered out; finished in 0.02s
[INFO] [stdout] 
[INFO] [stderr]    Doc-tests cursive_core
[INFO] [stdout] 
[INFO] [stdout] running 144 tests
[INFO] [stdout] test src/direction.rs - direction::Orientation::get_mut (line 88) ... ok
[INFO] [stdout] test src/cursive_root.rs - cursive_root::Cursive::add_global_callback (line 630) ... FAILED
[INFO] [stdout] test src/printer.rs - printer::Printer<'a,'b>::print (line 155) ... ok
[INFO] [stdout] test src/logger.rs - logger::CursiveLogger (line 17) ... FAILED
[INFO] [stdout] test src/printer.rs - printer::Printer<'a,'b>::print_box (line 516) ... ok
[INFO] [stdout] test src/style/color_style.rs - style::color_style::ColorStyle::front (line 54) ... FAILED
[INFO] [stdout] test src/printer.rs - printer::Printer<'a,'b>::with_style (line 441) ... ok
[INFO] [stdout] test src/cursive_root.rs - cursive_root::Cursive::find_name (line 568) ... FAILED
[INFO] [stdout] test src/cursive_root.rs - cursive_root::Cursive::toggle_debug_console (line 263) ... FAILED
[INFO] [stdout] test src/theme.rs - theme (line 26) ... ignored
[INFO] [stdout] test src/cursive_root.rs - cursive_root::Cursive::call_on (line 500) ... FAILED
[INFO] [stdout] test src/direction.rs - direction::Orientation::make_vec (line 127) ... ok
[INFO] [stdout] test src/cursive_root.rs - cursive_root::Cursive::cb_sink (line 294) ... ok
[INFO] [stdout] test src/logger.rs - logger::CursiveLogger (line 25) ... ok
[INFO] [stdout] test src/cursive_root.rs - cursive_root::Cursive::clear_global_callbacks (line 726) ... ok
[INFO] [stdout] test src/utils/reader.rs - utils::reader::ProgressReader (line 11) - compile ... ok
[INFO] [stdout] test src/cursive_root.rs - cursive_root::Cursive::call_on_name (line 530) ... ok
[INFO] [stdout] test src/cursive_root.rs - cursive_root::Cursive::add_layer (line 762) ... ok
[INFO] [stdout] test src/cursive_root.rs - cursive_root::Cursive::take_user_data (line 186) ... ok
[INFO] [stdout] test src/event.rs - event::EventTrigger::has_tag (line 80) ... ok
[INFO] [stdout] test src/traits.rs - traits (line 7) ... ok
[INFO] [stdout] test src/cursive_root.rs - cursive_root::Cursive::find_name (line 584) ... ok
[INFO] [stdout] test src/cursive_root.rs - cursive_root::Cursive::menubar (line 326) ... ok
[INFO] [stdout] test src/vec.rs - vec::XY<T>::add (line 498) ... ok
[INFO] [stdout] test src/vec.rs - vec::XY<T>::div (line 532) ... ok
[INFO] [stdout] test src/vec.rs - vec::XY<T>::keep_y (line 372) ... ok
[INFO] [stdout] test src/vec.rs - vec::XY<T>::div (line 583) ... ok
[INFO] [stdout] test src/vec.rs - vec::XY<T>::keep_x (line 358) ... ok
[INFO] [stdout] test src/style/color_style.rs - style::color_style::ColorStyle::back (line 73) ... ok
[INFO] [stdout] test src/style/color_style.rs - style::color_style::ColorStyle::invert (line 95) ... ok
[INFO] [stdout] test src/vec.rs - vec::XY<T>::fits_in (line 218) ... ok
[INFO] [stdout] test src/style/palette.rs - style::palette::Palette (line 23) ... ok
[INFO] [stdout] test src/vec.rs - vec::XY<T>::sub (line 517) ... ok
[INFO] [stdout] test src/style/color_style.rs - style::color_style::ColorStyle::new (line 25) ... ok
[INFO] [stdout] test src/vec.rs - vec::XY<T>::mul (line 565) ... ok
[INFO] [stdout] test src/utils/markup/cursup.rs - utils::markup::cursup (line 10) ... ok
[INFO] [stdout] test src/utils/immutify.rs - utils::immutify::immut1 (line 57) ... ok
[INFO] [stdout] test src/utils/lines/simple/mod.rs - utils::lines::simple::prefix (line 41) ... ok
[INFO] [stdout] test src/vec.rs - vec::XY<T>::from (line 406) ... FAILED
[INFO] [stdout] test src/vec.rs - vec::XY<T>::min (line 281) ... ok
[INFO] [stdout] test src/vec.rs - vec::XY<usize>::checked_sub (line 164) ... ok
[INFO] [stdout] test src/vec.rs - vec::XY<isize>::from (line 423) ... ok
[INFO] [stdout] test src/vec.rs - vec::XY<usize>::mul (line 547) ... ok
[INFO] [stdout] test src/vec.rs - vec::XY<T>::zero (line 388) ... ok
[INFO] [stdout] test src/vec.rs - vec::XY<usize>::from (line 452) ... ok
[INFO] [stdout] test src/vec.rs - vec::XY<usize>::div_up (line 142) ... ok
[INFO] [stdout] test src/vec.rs - vec::XY<usize>::from (line 465) ... ok
[INFO] [stdout] test src/view/scroll/mod.rs - view::scroll::on_event (line 63) ... ok
[INFO] [stdout] test src/vec.rs - vec::XY<T>::fits (line 238) ... ok
[INFO] [stdout] test src/vec.rs - vec::XY<T>::max (line 266) ... ok
[INFO] [stdout] test src/view/view_wrapper.rs - view::view_wrapper::inner_getters (line 200) ... ok
[INFO] [stdout] test src/view/scroll_base.rs - view::scroll_base::ScrollBase::draw (line 218) ... ok
[INFO] [stdout] test src/view/view_wrapper.rs - view::view_wrapper::wrap_impl (line 151) ... ok
[INFO] [stdout] test src/vec.rs - vec::XY<usize>::saturating_add (line 103) ... ok
[INFO] [stdout] test src/vec.rs - vec::XY<usize>::from (line 478) ... ok
[INFO] [stdout] test src/vec.rs - vec::XY<usize>::signed (line 183) ... ok
[INFO] [stdout] test src/vec.rs - vec::XY<usize>::max_value (line 70) ... ok
[INFO] [stdout] test src/vec.rs - vec::XY<usize>::from (line 439) ... ok
[INFO] [stdout] test src/vec.rs - vec::XY<usize>::saturating_sub (line 85) ... ok
[INFO] [stdout] test src/views/dialog.rs - views::dialog::Dialog (line 86) ... ok
[INFO] [stdout] test src/view/any.rs - view::any::AnyView::as_boxed_any (line 20) ... ok
[INFO] [stdout] test src/views/dialog.rs - views::dialog::Dialog::title (line 357) ... FAILED
[INFO] [stdout] test src/view/nameable.rs - view::nameable::Nameable::with_name (line 16) ... FAILED
[INFO] [stdout] test src/views/edit_view.rs - views::edit_view::EditView (line 33) ... FAILED
[INFO] [stdout] test src/views/dialog.rs - views::dialog::Dialog::content (line 151) ... FAILED
[INFO] [stdout] test src/views/button.rs - views::button::Button::set_label (line 102) ... ok
[INFO] [stdout] test src/views/button.rs - views::button::Button (line 18) ... ok
[INFO] [stdout] test src/views/button.rs - views::button::Button::new_raw (line 53) ... ok
[INFO] [stdout] test src/views/dialog.rs - views::dialog::Dialog::get_content (line 167) ... ok
[INFO] [stdout] test src/views/button.rs - views::button::Button::label (line 87) ... ok
[INFO] [stdout] test src/views/dialog.rs - views::dialog::Dialog::info (line 232) ... ok
[INFO] [stdout] test src/views/canvas.rs - views::canvas::Canvas (line 26) ... ok
[INFO] [stdout] test src/views/dialog.rs - views::dialog::Dialog::into_content (line 187) ... ok
[INFO] [stdout] test src/views/mod.rs - views::impl_enabled (line 7) ... ok
[INFO] [stdout] test src/views/checkbox.rs - views::checkbox::Checkbox (line 16) ... ok
[INFO] [stdout] test src/views/checkbox.rs - views::checkbox::Checkbox::is_checked (line 89) ... ok
[INFO] [stdout] test src/views/progress_bar.rs - views::progress_bar::ProgressBar::with_label (line 134) ... ok
[INFO] [stdout] test src/views/dialog.rs - views::dialog::Dialog::padding (line 399) ... FAILED
[INFO] [stdout] test src/views/dialog.rs - views::dialog::Dialog::dismiss_button (line 339) ... FAILED
[INFO] [stdout] test src/views/dialog.rs - views::dialog::Dialog::text (line 217) ... FAILED
[INFO] [stdout] test src/views/edit_view.rs - views::edit_view::EditView::on_edit (line 265) ... ok
[INFO] [stdout] test src/views/linear_layout.rs - views::linear_layout::LinearLayout (line 17) ... ok
[INFO] [stdout] test src/views/edit_view.rs - views::edit_view::EditView::on_submit (line 341) ... ok
[INFO] [stdout] test src/views/on_layout_view.rs - views::on_layout_view::OnLayoutView<V>::new (line 16) ... ok
[INFO] [stdout] test src/views/on_event_view.rs - views::on_event_view::OnEventView<T>::on_event_inner (line 164) ... ok
[INFO] [stdout] test src/views/padded_view.rs - views::padded_view::PaddedView (line 15) ... ok
[INFO] [stdout] test src/views/edit_view.rs - views::edit_view::EditView::filler (line 183) ... ok
[INFO] [stdout] test src/views/fixed_layout.rs - views::fixed_layout::FixedLayout (line 15) ... ok
[INFO] [stdout] test src/views/enableable_view.rs - views::enableable_view::EnableableView (line 11) ... ok
[INFO] [stdout] test src/views/on_event_view.rs - views::on_event_view::OnEventView<T>::on_event (line 95) ... FAILED
[INFO] [stdout] test src/views/on_event_view.rs - views::on_event_view::OnEventView (line 34) ... ok
[INFO] [stdout] test src/views/progress_bar.rs - views::progress_bar::ProgressBar (line 25) ... ok
[INFO] [stdout] test src/views/select_view.rs - views::select_view::SelectView<String>::with_all_str (line 939) ... ok
[INFO] [stdout] test src/views/select_view.rs - views::select_view::SelectView<T>::get_item (line 361) ... ok
[INFO] [stdout] test src/views/select_view.rs - views::select_view::SelectView<String>::add_all_str (line 918) ... ok
[INFO] [stdout] test src/views/resized_view.rs - views::resized_view::ResizedView (line 18) ... ok
[INFO] [stdout] test src/views/select_view.rs - views::select_view::SelectView<String>::item_str (line 886) ... ok
[INFO] [stdout] test src/views/select_view.rs - views::select_view::SelectView<T>::select_up (line 660) ... ok
[INFO] [stdout] test src/views/select_view.rs - views::select_view::SelectView<T>::align (line 291) ... ok
[INFO] [stdout] test src/views/select_view.rs - views::select_view::SelectView<T>::is_empty (line 554) ... ok
[INFO] [stdout] test src/xy.rs - xy::XY<Option<T>>::unwrap_or (line 455) ... ok
[INFO] [stdout] test src/xy.rs - xy::XY<Option<T>>::both (line 468) ... ok
[INFO] [stdout] test src/views/select_view.rs - views::select_view::SelectView<T>::with_all (line 494) ... ok
[INFO] [stdout] test src/views/select_view.rs - views::select_view::SelectView<T>::len (line 536) ... ok
[INFO] [stdout] test src/views/select_view.rs - views::select_view::SelectView (line 28) ... FAILED
[INFO] [stdout] test src/xy.rs - xy::XY<T>::both_from (line 436) ... ok
[INFO] [stdout] test src/xy.rs - xy::XY<T>::fold (line 65) ... ok
[INFO] [stdout] test src/xy.rs - xy::XY<T>::get (line 232) ... ok
[INFO] [stdout] test src/views/text_area.rs - views::text_area::TextArea (line 24) ... ok
[INFO] [stdout] test src/views/text_view.rs - views::text_view::TextView::new_with_content (line 244) ... ok
[INFO] [stdout] test src/views/select_view.rs - views::select_view::SelectView<T>::on_submit (line 261) ... ok
[INFO] [stdout] test src/views/select_view.rs - views::select_view::SelectView<T>::item (line 464) ... ok
[INFO] [stdout] test src/views/select_view.rs - views::select_view::SelectView<T>::add_item (line 346) ... ok
[INFO] [stdout] test src/xy.rs - xy::XY<T>::get_mut (line 250) ... ok
[INFO] [stdout] test src/xy.rs - xy::XY<T>::iter (line 218) ... ok
[INFO] [stdout] test src/views/text_view.rs - views::text_view::TextView (line 173) ... ok
[INFO] [stdout] test src/views/text_view.rs - views::text_view::TextView::cursup (line 226) ... ok
[INFO] [stdout] test src/views/slider_view.rs - views::slider_view::SliderView (line 16) ... ok
[INFO] [stdout] test src/views/text_view.rs - views::text_view::TextContent (line 25) ... ok
[INFO] [stdout] test src/xy.rs - xy::XY<T>::as_ref (line 192) ... ok
[INFO] [stdout] test src/xy.rs - xy::XY<T>::map_y (line 160) ... ok
[INFO] [stdout] test src/views/stack_view.rs - views::stack_view::StackView::find_layer_from_name (line 422) ... ok
[INFO] [stdout] test src/views/select_view.rs - views::select_view::SelectView<T>::on_select (line 203) ... ok
[INFO] [stdout] test src/xy.rs - xy::XY<T>::swap (line 51) ... ok
[INFO] [stdout] test src/xy.rs - xy::XY<T>::set_axis_from (line 419) ... ok
[INFO] [stdout] test src/xy.rs - xy::XY<T>::pair (line 177) ... ok
[INFO] [stdout] test src/xy.rs - xy::XY<T>::with_axis_from (line 400) ... ok
[INFO] [stdout] test src/xy.rs - xy::XY<T>::map_x (line 143) ... ok
[INFO] [stdout] test src/xy.rs - xy::XY<T>::keep (line 364) ... ok
[INFO] [stdout] test src/xy.rs - xy::XY<T>::run_if (line 125) ... ok
[INFO] [stdout] test src/xy.rs - xy::XY<T>::map (line 84) ... FAILED
[INFO] [stdout] test src/xy.rs - xy::XY<bool>::both (line 507) ... ok
[INFO] [stdout] test src/xy.rs - xy::XY<T>::zip (line 269) ... ok
[INFO] [stdout] test src/xy.rs - xy::XY<bool>::any (line 490) ... ok
[INFO] [stdout] test src/xy.rs - xy::XY<bool>::and (line 558) ... ok
[INFO] [stdout] test src/xy.rs - xy::XY<T>::zip3 (line 284) ... ok
[INFO] [stdout] test src/xy.rs - xy::XY<T>::zip5 (line 320) ... ok
[INFO] [stdout] test src/xy.rs - xy::XY<T>::with_axis (line 382) ... ok
[INFO] [stdout] test src/xy.rs - xy::XY<T>::zip4 (line 300) ... ok
[INFO] [stdout] test src/xy.rs - xy::XY<T>::zip_map (line 346) ... ok
[INFO] [stdout] test src/xy.rs - xy::XY<bool>::select_or (line 540) ... ok
[INFO] [stdout] test src/xy.rs - xy::XY<T>::map_if (line 104) ... ok
[INFO] [stdout] test src/xy.rs - xy::XY<bool>::or (line 573) ... ok
[INFO] [stdout] test src/xy.rs - xy::XY<bool>::select (line 523) ... ok
[INFO] [stdout] 
[INFO] [stdout] failures:
[INFO] [stdout] 
[INFO] [stdout] ---- src/cursive_root.rs - cursive_root::Cursive::add_global_callback (line 630) stdout ----
[INFO] [stdout] error: linking with `cc` failed: exit status: 1
[INFO] [stdout]   |
[INFO] [stdout]   = note: LC_ALL="C" PATH="/opt/rustwide/rustup-home/toolchains/beta-2024-12-08-x86_64-unknown-linux-gnu/lib/rustlib/x86_64-unknown-linux-gnu/bin:/opt/rustwide/cargo-home/bin:/usr/local/sbin:/usr/local/bin:/usr/sbin:/usr/bin:/sbin:/bin" VSLANG="1033" "cc" "-m64" "/tmp/rustcO09ZbJ/symbols.o" "/tmp/rustdoctestyRKoRH/rust_out.rust_out.9242fac72db2cd11-cgu.0.rcgu.o" "/tmp/rustdoctestyRKoRH/rust_out.2hl2tb9xdtge7mguxzn2q1kvi.rcgu.o" "-Wl,--as-needed" "-Wl,-Bstatic" "/opt/rustwide/target/debug/deps/libcursive_core-373f366b23729885.rlib" "/opt/rustwide/target/debug/deps/libcompact_str-7eb94887c3827165.rlib" "/opt/rustwide/target/debug/deps/libstatic_assertions-0ef270c4de502b0e.rlib" "/opt/rustwide/target/debug/deps/libcastaway-f3aeff81a610b72b.rlib" "/opt/rustwide/target/debug/deps/libnum-e6aebebef7c4a5c6.rlib" "/opt/rustwide/target/debug/deps/libnum_iter-7e76828d3588f871.rlib" "/opt/rustwide/target/debug/deps/libnum_rational-17ecc3d0979f2469.rlib" "/opt/rustwide/target/debug/deps/libnum_integer-f516243c021a5055.rlib" "/opt/rustwide/target/debug/deps/libnum_complex-04ee1f8b50fcfd2d.rlib" "/opt/rustwide/target/debug/deps/libnum_traits-de3d38f117f82dea.rlib" "/opt/rustwide/target/debug/deps/libenum_map-a59edb5a2afb7e3c.rlib" "/opt/rustwide/target/debug/deps/liblazy_static-34736fcc74b41a53.rlib" "/opt/rustwide/target/debug/deps/libparking_lot-abef767bd4787e4a.rlib" "/opt/rustwide/target/debug/deps/libparking_lot_core-9bfdf4c2c848bcf0.rlib" "/opt/rustwide/target/debug/deps/libsmallvec-cae3008cdb7d5db1.rlib" "/opt/rustwide/target/debug/deps/liblock_api-f13c52455762fa47.rlib" "/opt/rustwide/target/debug/deps/libscopeguard-f937485db0060aca.rlib" "/opt/rustwide/target/debug/deps/libxi_unicode-f639012217d5a261.rlib" "/opt/rustwide/target/debug/deps/libunicode_width-678b846d5dec6380.rlib" "/opt/rustwide/target/debug/deps/libunicode_segmentation-cb39aac4d70fdcf2.rlib" "/opt/rustwide/target/debug/deps/libserde_json-95159f5ab3d4ea7e.rlib" "/opt/rustwide/target/debug/deps/libmemchr-d6cb21f6c03ed32f.rlib" "/opt/rustwide/target/debug/deps/libryu-6e02dac7c3b6be75.rlib" "/opt/rustwide/target/debug/deps/libserde-57ec1cdc03f25ebc.rlib" "/opt/rustwide/target/debug/deps/libtime-df35143d2ced3f7a.rlib" "/opt/rustwide/target/debug/deps/libnum_threads-3ec4c6a90389312d.rlib" "/opt/rustwide/target/debug/deps/libitoa-87633a66effadcdd.rlib" "/opt/rustwide/target/debug/deps/libtime_core-f368596cca30f67d.rlib" "/opt/rustwide/target/debug/deps/libnum_conv-a312b8300ce88506.rlib" "/opt/rustwide/target/debug/deps/libderanged-7c3aacebfed7a85e.rlib" "/opt/rustwide/target/debug/deps/libpowerfmt-a584063b8a4e44a4.rlib" "/opt/rustwide/target/debug/deps/liblog-35c349e0e34201c2.rlib" "/opt/rustwide/target/debug/deps/libenumset-9c3d7d910fd87d05.rlib" "/opt/rustwide/target/debug/deps/libcrossbeam_channel-15bcda920dd2a2b8.rlib" "/opt/rustwide/target/debug/deps/libcrossbeam_utils-922404919385f485.rlib" "/opt/rustwide/target/debug/deps/libahash-49a4118d27315fc5.rlib" "/opt/rustwide/target/debug/deps/libgetrandom-a0db36ae950a52bb.rlib" "/opt/rustwide/target/debug/deps/liblibc-ab537429a1f68abe.rlib" "/opt/rustwide/target/debug/deps/libonce_cell-e8dd356c4f9e5246.rlib" "/opt/rustwide/target/debug/deps/libcfg_if-a3e7e701fcd1f47b.rlib" "/opt/rustwide/target/debug/deps/libzerocopy-7d07cba449ed1a54.rlib" "/opt/rustwide/rustup-home/toolchains/beta-2024-12-08-x86_64-unknown-linux-gnu/lib/rustlib/x86_64-unknown-linux-gnu/lib/libstd-02dc84f49135b6b8.rlib" "/opt/rustwide/rustup-home/toolchains/beta-2024-12-08-x86_64-unknown-linux-gnu/lib/rustlib/x86_64-unknown-linux-gnu/lib/libpanic_unwind-a8f45b397fae3f81.rlib" "/opt/rustwide/rustup-home/toolchains/beta-2024-12-08-x86_64-unknown-linux-gnu/lib/rustlib/x86_64-unknown-linux-gnu/lib/libobject-089607133c180609.rlib" "/opt/rustwide/rustup-home/toolchains/beta-2024-12-08-x86_64-unknown-linux-gnu/lib/rustlib/x86_64-unknown-linux-gnu/lib/libmemchr-fc89f091bcd86cbb.rlib" "/opt/rustwide/rustup-home/toolchains/beta-2024-12-08-x86_64-unknown-linux-gnu/lib/rustlib/x86_64-unknown-linux-gnu/lib/libaddr2line-5a60949f01c7340c.rlib" "/opt/rustwide/rustup-home/toolchains/beta-2024-12-08-x86_64-unknown-linux-gnu/lib/rustlib/x86_64-unknown-linux-gnu/lib/libgimli-d29e6a55ca253c8c.rlib" "/opt/rustwide/rustup-home/toolchains/beta-2024-12-08-x86_64-unknown-linux-gnu/lib/rustlib/x86_64-unknown-linux-gnu/lib/librustc_demangle-273c078d5f65de7a.rlib" "/opt/rustwide/rustup-home/toolchains/beta-2024-12-08-x86_64-unknown-linux-gnu/lib/rustlib/x86_64-unknown-linux-gnu/lib/libstd_detect-413c950ffbdd4454.rlib" "/opt/rustwide/rustup-home/toolchains/beta-2024-12-08-x86_64-unknown-linux-gnu/lib/rustlib/x86_64-unknown-linux-gnu/lib/libhashbrown-1853c0976a1d88a6.rlib" "/opt/rustwide/rustup-home/toolchains/beta-2024-12-08-x86_64-unknown-linux-gnu/lib/rustlib/x86_64-unknown-linux-gnu/lib/librustc_std_workspace_alloc-ccb3384ddacb0f9e.rlib" "/opt/rustwide/rustup-home/toolchains/beta-2024-12-08-x86_64-unknown-linux-gnu/lib/rustlib/x86_64-unknown-linux-gnu/lib/libminiz_oxide-0b901dfb0ca849e0.rlib" "/opt/rustwide/rustup-home/toolchains/beta-2024-12-08-x86_64-unknown-linux-gnu/lib/rustlib/x86_64-unknown-linux-gnu/lib/libadler-eebeb8d7c64543ad.rlib" "/opt/rustwide/rustup-home/toolchains/beta-2024-12-08-x86_64-unknown-linux-gnu/lib/rustlib/x86_64-unknown-linux-gnu/lib/libunwind-4723ef81d6079867.rlib" "/opt/rustwide/rustup-home/toolchains/beta-2024-12-08-x86_64-unknown-linux-gnu/lib/rustlib/x86_64-unknown-linux-gnu/lib/libcfg_if-54442f8b422f5a54.rlib" "/opt/rustwide/rustup-home/toolchains/beta-2024-12-08-x86_64-unknown-linux-gnu/lib/rustlib/x86_64-unknown-linux-gnu/lib/liblibc-e0bbe034b5282553.rlib" "/opt/rustwide/rustup-home/toolchains/beta-2024-12-08-x86_64-unknown-linux-gnu/lib/rustlib/x86_64-unknown-linux-gnu/lib/liballoc-d0febb68c1c37b90.rlib" "/opt/rustwide/rustup-home/toolchains/beta-2024-12-08-x86_64-unknown-linux-gnu/lib/rustlib/x86_64-unknown-linux-gnu/lib/librustc_std_workspace_core-4cf833632aafa84c.rlib" "/opt/rustwide/rustup-home/toolchains/beta-2024-12-08-x86_64-unknown-linux-gnu/lib/rustlib/x86_64-unknown-linux-gnu/lib/libcore-65c2c6d2d6ae570b.rlib" "/opt/rustwide/rustup-home/toolchains/beta-2024-12-08-x86_64-unknown-linux-gnu/lib/rustlib/x86_64-unknown-linux-gnu/lib/libcompiler_builtins-97929cee0dcfe424.rlib" "-Wl,-Bdynamic" "-lgcc_s" "-lutil" "-lrt" "-lpthread" "-lm" "-ldl" "-lc" "-Wl,--eh-frame-hdr" "-Wl,-z,noexecstack" "-L" "/opt/rustwide/rustup-home/toolchains/beta-2024-12-08-x86_64-unknown-linux-gnu/lib/rustlib/x86_64-unknown-linux-gnu/lib" "-o" "/tmp/rustdoctestyRKoRH/rust_out" "-Wl,--gc-sections" "-pie" "-Wl,-z,relro,-z,now" "-nodefaultlibs"
[INFO] [stdout]   = note: collect2: fatal error: ld terminated with signal 9 [Killed]
[INFO] [stdout]           compilation terminated.
[INFO] [stdout]           
[INFO] [stdout] 
[INFO] [stdout] error: aborting due to 1 previous error
[INFO] [stdout] 
[INFO] [stdout] Couldn't compile the test.
[INFO] [stdout] ---- src/logger.rs - logger::CursiveLogger (line 17) stdout ----
[INFO] [stdout] error: linking with `cc` failed: exit status: 1
[INFO] [stdout]   |
[INFO] [stdout]   = note: LC_ALL="C" PATH="/opt/rustwide/rustup-home/toolchains/beta-2024-12-08-x86_64-unknown-linux-gnu/lib/rustlib/x86_64-unknown-linux-gnu/bin:/opt/rustwide/cargo-home/bin:/usr/local/sbin:/usr/local/bin:/usr/sbin:/usr/bin:/sbin:/bin" VSLANG="1033" "cc" "-m64" "/tmp/rustcwehhDw/symbols.o" "/tmp/rustdoctest5W33ai/rust_out.rust_out.9242fac72db2cd11-cgu.0.rcgu.o" "/tmp/rustdoctest5W33ai/rust_out.2hl2tb9xdtge7mguxzn2q1kvi.rcgu.o" "-Wl,--as-needed" "-Wl,-Bstatic" "/opt/rustwide/target/debug/deps/libcursive_core-373f366b23729885.rlib" "/opt/rustwide/target/debug/deps/libcompact_str-7eb94887c3827165.rlib" "/opt/rustwide/target/debug/deps/libstatic_assertions-0ef270c4de502b0e.rlib" "/opt/rustwide/target/debug/deps/libcastaway-f3aeff81a610b72b.rlib" "/opt/rustwide/target/debug/deps/libnum-e6aebebef7c4a5c6.rlib" "/opt/rustwide/target/debug/deps/libnum_iter-7e76828d3588f871.rlib" "/opt/rustwide/target/debug/deps/libnum_rational-17ecc3d0979f2469.rlib" "/opt/rustwide/target/debug/deps/libnum_integer-f516243c021a5055.rlib" "/opt/rustwide/target/debug/deps/libnum_complex-04ee1f8b50fcfd2d.rlib" "/opt/rustwide/target/debug/deps/libnum_traits-de3d38f117f82dea.rlib" "/opt/rustwide/target/debug/deps/libenum_map-a59edb5a2afb7e3c.rlib" "/opt/rustwide/target/debug/deps/liblazy_static-34736fcc74b41a53.rlib" "/opt/rustwide/target/debug/deps/libparking_lot-abef767bd4787e4a.rlib" "/opt/rustwide/target/debug/deps/libparking_lot_core-9bfdf4c2c848bcf0.rlib" "/opt/rustwide/target/debug/deps/libsmallvec-cae3008cdb7d5db1.rlib" "/opt/rustwide/target/debug/deps/liblock_api-f13c52455762fa47.rlib" "/opt/rustwide/target/debug/deps/libscopeguard-f937485db0060aca.rlib" "/opt/rustwide/target/debug/deps/libxi_unicode-f639012217d5a261.rlib" "/opt/rustwide/target/debug/deps/libunicode_width-678b846d5dec6380.rlib" "/opt/rustwide/target/debug/deps/libunicode_segmentation-cb39aac4d70fdcf2.rlib" "/opt/rustwide/target/debug/deps/libserde_json-95159f5ab3d4ea7e.rlib" "/opt/rustwide/target/debug/deps/libmemchr-d6cb21f6c03ed32f.rlib" "/opt/rustwide/target/debug/deps/libryu-6e02dac7c3b6be75.rlib" "/opt/rustwide/target/debug/deps/libserde-57ec1cdc03f25ebc.rlib" "/opt/rustwide/target/debug/deps/libtime-df35143d2ced3f7a.rlib" "/opt/rustwide/target/debug/deps/libnum_threads-3ec4c6a90389312d.rlib" "/opt/rustwide/target/debug/deps/libitoa-87633a66effadcdd.rlib" "/opt/rustwide/target/debug/deps/libtime_core-f368596cca30f67d.rlib" "/opt/rustwide/target/debug/deps/libnum_conv-a312b8300ce88506.rlib" "/opt/rustwide/target/debug/deps/libderanged-7c3aacebfed7a85e.rlib" "/opt/rustwide/target/debug/deps/libpowerfmt-a584063b8a4e44a4.rlib" "/opt/rustwide/target/debug/deps/liblog-35c349e0e34201c2.rlib" "/opt/rustwide/target/debug/deps/libenumset-9c3d7d910fd87d05.rlib" "/opt/rustwide/target/debug/deps/libcrossbeam_channel-15bcda920dd2a2b8.rlib" "/opt/rustwide/target/debug/deps/libcrossbeam_utils-922404919385f485.rlib" "/opt/rustwide/target/debug/deps/libahash-49a4118d27315fc5.rlib" "/opt/rustwide/target/debug/deps/libgetrandom-a0db36ae950a52bb.rlib" "/opt/rustwide/target/debug/deps/liblibc-ab537429a1f68abe.rlib" "/opt/rustwide/target/debug/deps/libonce_cell-e8dd356c4f9e5246.rlib" "/opt/rustwide/target/debug/deps/libcfg_if-a3e7e701fcd1f47b.rlib" "/opt/rustwide/target/debug/deps/libzerocopy-7d07cba449ed1a54.rlib" "/opt/rustwide/rustup-home/toolchains/beta-2024-12-08-x86_64-unknown-linux-gnu/lib/rustlib/x86_64-unknown-linux-gnu/lib/libstd-02dc84f49135b6b8.rlib" "/opt/rustwide/rustup-home/toolchains/beta-2024-12-08-x86_64-unknown-linux-gnu/lib/rustlib/x86_64-unknown-linux-gnu/lib/libpanic_unwind-a8f45b397fae3f81.rlib" "/opt/rustwide/rustup-home/toolchains/beta-2024-12-08-x86_64-unknown-linux-gnu/lib/rustlib/x86_64-unknown-linux-gnu/lib/libobject-089607133c180609.rlib" "/opt/rustwide/rustup-home/toolchains/beta-2024-12-08-x86_64-unknown-linux-gnu/lib/rustlib/x86_64-unknown-linux-gnu/lib/libmemchr-fc89f091bcd86cbb.rlib" "/opt/rustwide/rustup-home/toolchains/beta-2024-12-08-x86_64-unknown-linux-gnu/lib/rustlib/x86_64-unknown-linux-gnu/lib/libaddr2line-5a60949f01c7340c.rlib" "/opt/rustwide/rustup-home/toolchains/beta-2024-12-08-x86_64-unknown-linux-gnu/lib/rustlib/x86_64-unknown-linux-gnu/lib/libgimli-d29e6a55ca253c8c.rlib" "/opt/rustwide/rustup-home/toolchains/beta-2024-12-08-x86_64-unknown-linux-gnu/lib/rustlib/x86_64-unknown-linux-gnu/lib/librustc_demangle-273c078d5f65de7a.rlib" "/opt/rustwide/rustup-home/toolchains/beta-2024-12-08-x86_64-unknown-linux-gnu/lib/rustlib/x86_64-unknown-linux-gnu/lib/libstd_detect-413c950ffbdd4454.rlib" "/opt/rustwide/rustup-home/toolchains/beta-2024-12-08-x86_64-unknown-linux-gnu/lib/rustlib/x86_64-unknown-linux-gnu/lib/libhashbrown-1853c0976a1d88a6.rlib" "/opt/rustwide/rustup-home/toolchains/beta-2024-12-08-x86_64-unknown-linux-gnu/lib/rustlib/x86_64-unknown-linux-gnu/lib/librustc_std_workspace_alloc-ccb3384ddacb0f9e.rlib" "/opt/rustwide/rustup-home/toolchains/beta-2024-12-08-x86_64-unknown-linux-gnu/lib/rustlib/x86_64-unknown-linux-gnu/lib/libminiz_oxide-0b901dfb0ca849e0.rlib" "/opt/rustwide/rustup-home/toolchains/beta-2024-12-08-x86_64-unknown-linux-gnu/lib/rustlib/x86_64-unknown-linux-gnu/lib/libadler-eebeb8d7c64543ad.rlib" "/opt/rustwide/rustup-home/toolchains/beta-2024-12-08-x86_64-unknown-linux-gnu/lib/rustlib/x86_64-unknown-linux-gnu/lib/libunwind-4723ef81d6079867.rlib" "/opt/rustwide/rustup-home/toolchains/beta-2024-12-08-x86_64-unknown-linux-gnu/lib/rustlib/x86_64-unknown-linux-gnu/lib/libcfg_if-54442f8b422f5a54.rlib" "/opt/rustwide/rustup-home/toolchains/beta-2024-12-08-x86_64-unknown-linux-gnu/lib/rustlib/x86_64-unknown-linux-gnu/lib/liblibc-e0bbe034b5282553.rlib" "/opt/rustwide/rustup-home/toolchains/beta-2024-12-08-x86_64-unknown-linux-gnu/lib/rustlib/x86_64-unknown-linux-gnu/lib/liballoc-d0febb68c1c37b90.rlib" "/opt/rustwide/rustup-home/toolchains/beta-2024-12-08-x86_64-unknown-linux-gnu/lib/rustlib/x86_64-unknown-linux-gnu/lib/librustc_std_workspace_core-4cf833632aafa84c.rlib" "/opt/rustwide/rustup-home/toolchains/beta-2024-12-08-x86_64-unknown-linux-gnu/lib/rustlib/x86_64-unknown-linux-gnu/lib/libcore-65c2c6d2d6ae570b.rlib" "/opt/rustwide/rustup-home/toolchains/beta-2024-12-08-x86_64-unknown-linux-gnu/lib/rustlib/x86_64-unknown-linux-gnu/lib/libcompiler_builtins-97929cee0dcfe424.rlib" "-Wl,-Bdynamic" "-lgcc_s" "-lutil" "-lrt" "-lpthread" "-lm" "-ldl" "-lc" "-Wl,--eh-frame-hdr" "-Wl,-z,noexecstack" "-L" "/opt/rustwide/rustup-home/toolchains/beta-2024-12-08-x86_64-unknown-linux-gnu/lib/rustlib/x86_64-unknown-linux-gnu/lib" "-o" "/tmp/rustdoctest5W33ai/rust_out" "-Wl,--gc-sections" "-pie" "-Wl,-z,relro,-z,now" "-nodefaultlibs"
[INFO] [stdout]   = note: collect2: fatal error: ld terminated with signal 9 [Killed]
[INFO] [stdout]           compilation terminated.
[INFO] [stdout]           
[INFO] [stdout] 
[INFO] [stdout] error: aborting due to 1 previous error
[INFO] [stdout] 
[INFO] [stdout] Couldn't compile the test.
[INFO] [stdout] ---- src/style/color_style.rs - style::color_style::ColorStyle::front (line 54) stdout ----
[INFO] [stdout] Couldn't compile the test.
[INFO] [stdout] ---- src/cursive_root.rs - cursive_root::Cursive::find_name (line 568) stdout ----
[INFO] [stdout] error: linking with `cc` failed: exit status: 1
[INFO] [stdout]   |
[INFO] [stdout]   = note: LC_ALL="C" PATH="/opt/rustwide/rustup-home/toolchains/beta-2024-12-08-x86_64-unknown-linux-gnu/lib/rustlib/x86_64-unknown-linux-gnu/bin:/opt/rustwide/cargo-home/bin:/usr/local/sbin:/usr/local/bin:/usr/sbin:/usr/bin:/sbin:/bin" VSLANG="1033" "cc" "-m64" "/tmp/rustcEiUu9G/symbols.o" "/tmp/rustdoctestuWqtzs/rust_out.rust_out.9242fac72db2cd11-cgu.0.rcgu.o" "/tmp/rustdoctestuWqtzs/rust_out.2hl2tb9xdtge7mguxzn2q1kvi.rcgu.o" "-Wl,--as-needed" "-Wl,-Bstatic" "/opt/rustwide/target/debug/deps/libcursive_core-373f366b23729885.rlib" "/opt/rustwide/target/debug/deps/libcompact_str-7eb94887c3827165.rlib" "/opt/rustwide/target/debug/deps/libstatic_assertions-0ef270c4de502b0e.rlib" "/opt/rustwide/target/debug/deps/libcastaway-f3aeff81a610b72b.rlib" "/opt/rustwide/target/debug/deps/libnum-e6aebebef7c4a5c6.rlib" "/opt/rustwide/target/debug/deps/libnum_iter-7e76828d3588f871.rlib" "/opt/rustwide/target/debug/deps/libnum_rational-17ecc3d0979f2469.rlib" "/opt/rustwide/target/debug/deps/libnum_integer-f516243c021a5055.rlib" "/opt/rustwide/target/debug/deps/libnum_complex-04ee1f8b50fcfd2d.rlib" "/opt/rustwide/target/debug/deps/libnum_traits-de3d38f117f82dea.rlib" "/opt/rustwide/target/debug/deps/libenum_map-a59edb5a2afb7e3c.rlib" "/opt/rustwide/target/debug/deps/liblazy_static-34736fcc74b41a53.rlib" "/opt/rustwide/target/debug/deps/libparking_lot-abef767bd4787e4a.rlib" "/opt/rustwide/target/debug/deps/libparking_lot_core-9bfdf4c2c848bcf0.rlib" "/opt/rustwide/target/debug/deps/libsmallvec-cae3008cdb7d5db1.rlib" "/opt/rustwide/target/debug/deps/liblock_api-f13c52455762fa47.rlib" "/opt/rustwide/target/debug/deps/libscopeguard-f937485db0060aca.rlib" "/opt/rustwide/target/debug/deps/libxi_unicode-f639012217d5a261.rlib" "/opt/rustwide/target/debug/deps/libunicode_width-678b846d5dec6380.rlib" "/opt/rustwide/target/debug/deps/libunicode_segmentation-cb39aac4d70fdcf2.rlib" "/opt/rustwide/target/debug/deps/libserde_json-95159f5ab3d4ea7e.rlib" "/opt/rustwide/target/debug/deps/libmemchr-d6cb21f6c03ed32f.rlib" "/opt/rustwide/target/debug/deps/libryu-6e02dac7c3b6be75.rlib" "/opt/rustwide/target/debug/deps/libserde-57ec1cdc03f25ebc.rlib" "/opt/rustwide/target/debug/deps/libtime-df35143d2ced3f7a.rlib" "/opt/rustwide/target/debug/deps/libnum_threads-3ec4c6a90389312d.rlib" "/opt/rustwide/target/debug/deps/libitoa-87633a66effadcdd.rlib" "/opt/rustwide/target/debug/deps/libtime_core-f368596cca30f67d.rlib" "/opt/rustwide/target/debug/deps/libnum_conv-a312b8300ce88506.rlib" "/opt/rustwide/target/debug/deps/libderanged-7c3aacebfed7a85e.rlib" "/opt/rustwide/target/debug/deps/libpowerfmt-a584063b8a4e44a4.rlib" "/opt/rustwide/target/debug/deps/liblog-35c349e0e34201c2.rlib" "/opt/rustwide/target/debug/deps/libenumset-9c3d7d910fd87d05.rlib" "/opt/rustwide/target/debug/deps/libcrossbeam_channel-15bcda920dd2a2b8.rlib" "/opt/rustwide/target/debug/deps/libcrossbeam_utils-922404919385f485.rlib" "/opt/rustwide/target/debug/deps/libahash-49a4118d27315fc5.rlib" "/opt/rustwide/target/debug/deps/libgetrandom-a0db36ae950a52bb.rlib" "/opt/rustwide/target/debug/deps/liblibc-ab537429a1f68abe.rlib" "/opt/rustwide/target/debug/deps/libonce_cell-e8dd356c4f9e5246.rlib" "/opt/rustwide/target/debug/deps/libcfg_if-a3e7e701fcd1f47b.rlib" "/opt/rustwide/target/debug/deps/libzerocopy-7d07cba449ed1a54.rlib" "/opt/rustwide/rustup-home/toolchains/beta-2024-12-08-x86_64-unknown-linux-gnu/lib/rustlib/x86_64-unknown-linux-gnu/lib/libstd-02dc84f49135b6b8.rlib" "/opt/rustwide/rustup-home/toolchains/beta-2024-12-08-x86_64-unknown-linux-gnu/lib/rustlib/x86_64-unknown-linux-gnu/lib/libpanic_unwind-a8f45b397fae3f81.rlib" "/opt/rustwide/rustup-home/toolchains/beta-2024-12-08-x86_64-unknown-linux-gnu/lib/rustlib/x86_64-unknown-linux-gnu/lib/libobject-089607133c180609.rlib" "/opt/rustwide/rustup-home/toolchains/beta-2024-12-08-x86_64-unknown-linux-gnu/lib/rustlib/x86_64-unknown-linux-gnu/lib/libmemchr-fc89f091bcd86cbb.rlib" "/opt/rustwide/rustup-home/toolchains/beta-2024-12-08-x86_64-unknown-linux-gnu/lib/rustlib/x86_64-unknown-linux-gnu/lib/libaddr2line-5a60949f01c7340c.rlib" "/opt/rustwide/rustup-home/toolchains/beta-2024-12-08-x86_64-unknown-linux-gnu/lib/rustlib/x86_64-unknown-linux-gnu/lib/libgimli-d29e6a55ca253c8c.rlib" "/opt/rustwide/rustup-home/toolchains/beta-2024-12-08-x86_64-unknown-linux-gnu/lib/rustlib/x86_64-unknown-linux-gnu/lib/librustc_demangle-273c078d5f65de7a.rlib" "/opt/rustwide/rustup-home/toolchains/beta-2024-12-08-x86_64-unknown-linux-gnu/lib/rustlib/x86_64-unknown-linux-gnu/lib/libstd_detect-413c950ffbdd4454.rlib" "/opt/rustwide/rustup-home/toolchains/beta-2024-12-08-x86_64-unknown-linux-gnu/lib/rustlib/x86_64-unknown-linux-gnu/lib/libhashbrown-1853c0976a1d88a6.rlib" "/opt/rustwide/rustup-home/toolchains/beta-2024-12-08-x86_64-unknown-linux-gnu/lib/rustlib/x86_64-unknown-linux-gnu/lib/librustc_std_workspace_alloc-ccb3384ddacb0f9e.rlib" "/opt/rustwide/rustup-home/toolchains/beta-2024-12-08-x86_64-unknown-linux-gnu/lib/rustlib/x86_64-unknown-linux-gnu/lib/libminiz_oxide-0b901dfb0ca849e0.rlib" "/opt/rustwide/rustup-home/toolchains/beta-2024-12-08-x86_64-unknown-linux-gnu/lib/rustlib/x86_64-unknown-linux-gnu/lib/libadler-eebeb8d7c64543ad.rlib" "/opt/rustwide/rustup-home/toolchains/beta-2024-12-08-x86_64-unknown-linux-gnu/lib/rustlib/x86_64-unknown-linux-gnu/lib/libunwind-4723ef81d6079867.rlib" "/opt/rustwide/rustup-home/toolchains/beta-2024-12-08-x86_64-unknown-linux-gnu/lib/rustlib/x86_64-unknown-linux-gnu/lib/libcfg_if-54442f8b422f5a54.rlib" "/opt/rustwide/rustup-home/toolchains/beta-2024-12-08-x86_64-unknown-linux-gnu/lib/rustlib/x86_64-unknown-linux-gnu/lib/liblibc-e0bbe034b5282553.rlib" "/opt/rustwide/rustup-home/toolchains/beta-2024-12-08-x86_64-unknown-linux-gnu/lib/rustlib/x86_64-unknown-linux-gnu/lib/liballoc-d0febb68c1c37b90.rlib" "/opt/rustwide/rustup-home/toolchains/beta-2024-12-08-x86_64-unknown-linux-gnu/lib/rustlib/x86_64-unknown-linux-gnu/lib/librustc_std_workspace_core-4cf833632aafa84c.rlib" "/opt/rustwide/rustup-home/toolchains/beta-2024-12-08-x86_64-unknown-linux-gnu/lib/rustlib/x86_64-unknown-linux-gnu/lib/libcore-65c2c6d2d6ae570b.rlib" "/opt/rustwide/rustup-home/toolchains/beta-2024-12-08-x86_64-unknown-linux-gnu/lib/rustlib/x86_64-unknown-linux-gnu/lib/libcompiler_builtins-97929cee0dcfe424.rlib" "-Wl,-Bdynamic" "-lgcc_s" "-lutil" "-lrt" "-lpthread" "-lm" "-ldl" "-lc" "-Wl,--eh-frame-hdr" "-Wl,-z,noexecstack" "-L" "/opt/rustwide/rustup-home/toolchains/beta-2024-12-08-x86_64-unknown-linux-gnu/lib/rustlib/x86_64-unknown-linux-gnu/lib" "-o" "/tmp/rustdoctestuWqtzs/rust_out" "-Wl,--gc-sections" "-pie" "-Wl,-z,relro,-z,now" "-nodefaultlibs"
[INFO] [stdout]   = note: collect2: fatal error: ld terminated with signal 9 [Killed]
[INFO] [stdout]           compilation terminated.
[INFO] [stdout]           
[INFO] [stdout] 
[INFO] [stdout] error: aborting due to 1 previous error
[INFO] [stdout] 
[INFO] [stdout] Couldn't compile the test.
[INFO] [stdout] ---- src/cursive_root.rs - cursive_root::Cursive::toggle_debug_console (line 263) stdout ----
[INFO] [stdout] error: linking with `cc` failed: exit status: 1
[INFO] [stdout]   |
[INFO] [stdout]   = note: LC_ALL="C" PATH="/opt/rustwide/rustup-home/toolchains/beta-2024-12-08-x86_64-unknown-linux-gnu/lib/rustlib/x86_64-unknown-linux-gnu/bin:/opt/rustwide/cargo-home/bin:/usr/local/sbin:/usr/local/bin:/usr/sbin:/usr/bin:/sbin:/bin" VSLANG="1033" "cc" "-m64" "/tmp/rustcTiDPcy/symbols.o" "/tmp/rustdoctestCHqWwW/rust_out.rust_out.9242fac72db2cd11-cgu.0.rcgu.o" "/tmp/rustdoctestCHqWwW/rust_out.2hl2tb9xdtge7mguxzn2q1kvi.rcgu.o" "-Wl,--as-needed" "-Wl,-Bstatic" "/opt/rustwide/target/debug/deps/libcursive_core-373f366b23729885.rlib" "/opt/rustwide/target/debug/deps/libcompact_str-7eb94887c3827165.rlib" "/opt/rustwide/target/debug/deps/libstatic_assertions-0ef270c4de502b0e.rlib" "/opt/rustwide/target/debug/deps/libcastaway-f3aeff81a610b72b.rlib" "/opt/rustwide/target/debug/deps/libnum-e6aebebef7c4a5c6.rlib" "/opt/rustwide/target/debug/deps/libnum_iter-7e76828d3588f871.rlib" "/opt/rustwide/target/debug/deps/libnum_rational-17ecc3d0979f2469.rlib" "/opt/rustwide/target/debug/deps/libnum_integer-f516243c021a5055.rlib" "/opt/rustwide/target/debug/deps/libnum_complex-04ee1f8b50fcfd2d.rlib" "/opt/rustwide/target/debug/deps/libnum_traits-de3d38f117f82dea.rlib" "/opt/rustwide/target/debug/deps/libenum_map-a59edb5a2afb7e3c.rlib" "/opt/rustwide/target/debug/deps/liblazy_static-34736fcc74b41a53.rlib" "/opt/rustwide/target/debug/deps/libparking_lot-abef767bd4787e4a.rlib" "/opt/rustwide/target/debug/deps/libparking_lot_core-9bfdf4c2c848bcf0.rlib" "/opt/rustwide/target/debug/deps/libsmallvec-cae3008cdb7d5db1.rlib" "/opt/rustwide/target/debug/deps/liblock_api-f13c52455762fa47.rlib" "/opt/rustwide/target/debug/deps/libscopeguard-f937485db0060aca.rlib" "/opt/rustwide/target/debug/deps/libxi_unicode-f639012217d5a261.rlib" "/opt/rustwide/target/debug/deps/libunicode_width-678b846d5dec6380.rlib" "/opt/rustwide/target/debug/deps/libunicode_segmentation-cb39aac4d70fdcf2.rlib" "/opt/rustwide/target/debug/deps/libserde_json-95159f5ab3d4ea7e.rlib" "/opt/rustwide/target/debug/deps/libmemchr-d6cb21f6c03ed32f.rlib" "/opt/rustwide/target/debug/deps/libryu-6e02dac7c3b6be75.rlib" "/opt/rustwide/target/debug/deps/libserde-57ec1cdc03f25ebc.rlib" "/opt/rustwide/target/debug/deps/libtime-df35143d2ced3f7a.rlib" "/opt/rustwide/target/debug/deps/libnum_threads-3ec4c6a90389312d.rlib" "/opt/rustwide/target/debug/deps/libitoa-87633a66effadcdd.rlib" "/opt/rustwide/target/debug/deps/libtime_core-f368596cca30f67d.rlib" "/opt/rustwide/target/debug/deps/libnum_conv-a312b8300ce88506.rlib" "/opt/rustwide/target/debug/deps/libderanged-7c3aacebfed7a85e.rlib" "/opt/rustwide/target/debug/deps/libpowerfmt-a584063b8a4e44a4.rlib" "/opt/rustwide/target/debug/deps/liblog-35c349e0e34201c2.rlib" "/opt/rustwide/target/debug/deps/libenumset-9c3d7d910fd87d05.rlib" "/opt/rustwide/target/debug/deps/libcrossbeam_channel-15bcda920dd2a2b8.rlib" "/opt/rustwide/target/debug/deps/libcrossbeam_utils-922404919385f485.rlib" "/opt/rustwide/target/debug/deps/libahash-49a4118d27315fc5.rlib" "/opt/rustwide/target/debug/deps/libgetrandom-a0db36ae950a52bb.rlib" "/opt/rustwide/target/debug/deps/liblibc-ab537429a1f68abe.rlib" "/opt/rustwide/target/debug/deps/libonce_cell-e8dd356c4f9e5246.rlib" "/opt/rustwide/target/debug/deps/libcfg_if-a3e7e701fcd1f47b.rlib" "/opt/rustwide/target/debug/deps/libzerocopy-7d07cba449ed1a54.rlib" "/opt/rustwide/rustup-home/toolchains/beta-2024-12-08-x86_64-unknown-linux-gnu/lib/rustlib/x86_64-unknown-linux-gnu/lib/libstd-02dc84f49135b6b8.rlib" "/opt/rustwide/rustup-home/toolchains/beta-2024-12-08-x86_64-unknown-linux-gnu/lib/rustlib/x86_64-unknown-linux-gnu/lib/libpanic_unwind-a8f45b397fae3f81.rlib" "/opt/rustwide/rustup-home/toolchains/beta-2024-12-08-x86_64-unknown-linux-gnu/lib/rustlib/x86_64-unknown-linux-gnu/lib/libobject-089607133c180609.rlib" "/opt/rustwide/rustup-home/toolchains/beta-2024-12-08-x86_64-unknown-linux-gnu/lib/rustlib/x86_64-unknown-linux-gnu/lib/libmemchr-fc89f091bcd86cbb.rlib" "/opt/rustwide/rustup-home/toolchains/beta-2024-12-08-x86_64-unknown-linux-gnu/lib/rustlib/x86_64-unknown-linux-gnu/lib/libaddr2line-5a60949f01c7340c.rlib" "/opt/rustwide/rustup-home/toolchains/beta-2024-12-08-x86_64-unknown-linux-gnu/lib/rustlib/x86_64-unknown-linux-gnu/lib/libgimli-d29e6a55ca253c8c.rlib" "/opt/rustwide/rustup-home/toolchains/beta-2024-12-08-x86_64-unknown-linux-gnu/lib/rustlib/x86_64-unknown-linux-gnu/lib/librustc_demangle-273c078d5f65de7a.rlib" "/opt/rustwide/rustup-home/toolchains/beta-2024-12-08-x86_64-unknown-linux-gnu/lib/rustlib/x86_64-unknown-linux-gnu/lib/libstd_detect-413c950ffbdd4454.rlib" "/opt/rustwide/rustup-home/toolchains/beta-2024-12-08-x86_64-unknown-linux-gnu/lib/rustlib/x86_64-unknown-linux-gnu/lib/libhashbrown-1853c0976a1d88a6.rlib" "/opt/rustwide/rustup-home/toolchains/beta-2024-12-08-x86_64-unknown-linux-gnu/lib/rustlib/x86_64-unknown-linux-gnu/lib/librustc_std_workspace_alloc-ccb3384ddacb0f9e.rlib" "/opt/rustwide/rustup-home/toolchains/beta-2024-12-08-x86_64-unknown-linux-gnu/lib/rustlib/x86_64-unknown-linux-gnu/lib/libminiz_oxide-0b901dfb0ca849e0.rlib" "/opt/rustwide/rustup-home/toolchains/beta-2024-12-08-x86_64-unknown-linux-gnu/lib/rustlib/x86_64-unknown-linux-gnu/lib/libadler-eebeb8d7c64543ad.rlib" "/opt/rustwide/rustup-home/toolchains/beta-2024-12-08-x86_64-unknown-linux-gnu/lib/rustlib/x86_64-unknown-linux-gnu/lib/libunwind-4723ef81d6079867.rlib" "/opt/rustwide/rustup-home/toolchains/beta-2024-12-08-x86_64-unknown-linux-gnu/lib/rustlib/x86_64-unknown-linux-gnu/lib/libcfg_if-54442f8b422f5a54.rlib" "/opt/rustwide/rustup-home/toolchains/beta-2024-12-08-x86_64-unknown-linux-gnu/lib/rustlib/x86_64-unknown-linux-gnu/lib/liblibc-e0bbe034b5282553.rlib" "/opt/rustwide/rustup-home/toolchains/beta-2024-12-08-x86_64-unknown-linux-gnu/lib/rustlib/x86_64-unknown-linux-gnu/lib/liballoc-d0febb68c1c37b90.rlib" "/opt/rustwide/rustup-home/toolchains/beta-2024-12-08-x86_64-unknown-linux-gnu/lib/rustlib/x86_64-unknown-linux-gnu/lib/librustc_std_workspace_core-4cf833632aafa84c.rlib" "/opt/rustwide/rustup-home/toolchains/beta-2024-12-08-x86_64-unknown-linux-gnu/lib/rustlib/x86_64-unknown-linux-gnu/lib/libcore-65c2c6d2d6ae570b.rlib" "/opt/rustwide/rustup-home/toolchains/beta-2024-12-08-x86_64-unknown-linux-gnu/lib/rustlib/x86_64-unknown-linux-gnu/lib/libcompiler_builtins-97929cee0dcfe424.rlib" "-Wl,-Bdynamic" "-lgcc_s" "-lutil" "-lrt" "-lpthread" "-lm" "-ldl" "-lc" "-Wl,--eh-frame-hdr" "-Wl,-z,noexecstack" "-L" "/opt/rustwide/rustup-home/toolchains/beta-2024-12-08-x86_64-unknown-linux-gnu/lib/rustlib/x86_64-unknown-linux-gnu/lib" "-o" "/tmp/rustdoctestCHqWwW/rust_out" "-Wl,--gc-sections" "-pie" "-Wl,-z,relro,-z,now" "-nodefaultlibs"
[INFO] [stdout]   = note: collect2: fatal error: ld terminated with signal 9 [Killed]
[INFO] [stdout]           compilation terminated.
[INFO] [stdout]           
[INFO] [stdout] 
[INFO] [stdout] error: aborting due to 1 previous error
[INFO] [stdout] 
[INFO] [stdout] Couldn't compile the test.
[INFO] [stdout] ---- src/cursive_root.rs - cursive_root::Cursive::call_on (line 500) stdout ----
[INFO] [stdout] error: linking with `cc` failed: exit status: 1
[INFO] [stdout]   |
[INFO] [stdout]   = note: LC_ALL="C" PATH="/opt/rustwide/rustup-home/toolchains/beta-2024-12-08-x86_64-unknown-linux-gnu/lib/rustlib/x86_64-unknown-linux-gnu/bin:/opt/rustwide/cargo-home/bin:/usr/local/sbin:/usr/local/bin:/usr/sbin:/usr/bin:/sbin:/bin" VSLANG="1033" "cc" "-m64" "/tmp/rustcE3V67J/symbols.o" "/tmp/rustdoctestQVnurP/rust_out.rust_out.9242fac72db2cd11-cgu.0.rcgu.o" "/tmp/rustdoctestQVnurP/rust_out.2hl2tb9xdtge7mguxzn2q1kvi.rcgu.o" "-Wl,--as-needed" "-Wl,-Bstatic" "/opt/rustwide/target/debug/deps/libcursive_core-373f366b23729885.rlib" "/opt/rustwide/target/debug/deps/libcompact_str-7eb94887c3827165.rlib" "/opt/rustwide/target/debug/deps/libstatic_assertions-0ef270c4de502b0e.rlib" "/opt/rustwide/target/debug/deps/libcastaway-f3aeff81a610b72b.rlib" "/opt/rustwide/target/debug/deps/libnum-e6aebebef7c4a5c6.rlib" "/opt/rustwide/target/debug/deps/libnum_iter-7e76828d3588f871.rlib" "/opt/rustwide/target/debug/deps/libnum_rational-17ecc3d0979f2469.rlib" "/opt/rustwide/target/debug/deps/libnum_integer-f516243c021a5055.rlib" "/opt/rustwide/target/debug/deps/libnum_complex-04ee1f8b50fcfd2d.rlib" "/opt/rustwide/target/debug/deps/libnum_traits-de3d38f117f82dea.rlib" "/opt/rustwide/target/debug/deps/libenum_map-a59edb5a2afb7e3c.rlib" "/opt/rustwide/target/debug/deps/liblazy_static-34736fcc74b41a53.rlib" "/opt/rustwide/target/debug/deps/libparking_lot-abef767bd4787e4a.rlib" "/opt/rustwide/target/debug/deps/libparking_lot_core-9bfdf4c2c848bcf0.rlib" "/opt/rustwide/target/debug/deps/libsmallvec-cae3008cdb7d5db1.rlib" "/opt/rustwide/target/debug/deps/liblock_api-f13c52455762fa47.rlib" "/opt/rustwide/target/debug/deps/libscopeguard-f937485db0060aca.rlib" "/opt/rustwide/target/debug/deps/libxi_unicode-f639012217d5a261.rlib" "/opt/rustwide/target/debug/deps/libunicode_width-678b846d5dec6380.rlib" "/opt/rustwide/target/debug/deps/libunicode_segmentation-cb39aac4d70fdcf2.rlib" "/opt/rustwide/target/debug/deps/libserde_json-95159f5ab3d4ea7e.rlib" "/opt/rustwide/target/debug/deps/libmemchr-d6cb21f6c03ed32f.rlib" "/opt/rustwide/target/debug/deps/libryu-6e02dac7c3b6be75.rlib" "/opt/rustwide/target/debug/deps/libserde-57ec1cdc03f25ebc.rlib" "/opt/rustwide/target/debug/deps/libtime-df35143d2ced3f7a.rlib" "/opt/rustwide/target/debug/deps/libnum_threads-3ec4c6a90389312d.rlib" "/opt/rustwide/target/debug/deps/libitoa-87633a66effadcdd.rlib" "/opt/rustwide/target/debug/deps/libtime_core-f368596cca30f67d.rlib" "/opt/rustwide/target/debug/deps/libnum_conv-a312b8300ce88506.rlib" "/opt/rustwide/target/debug/deps/libderanged-7c3aacebfed7a85e.rlib" "/opt/rustwide/target/debug/deps/libpowerfmt-a584063b8a4e44a4.rlib" "/opt/rustwide/target/debug/deps/liblog-35c349e0e34201c2.rlib" "/opt/rustwide/target/debug/deps/libenumset-9c3d7d910fd87d05.rlib" "/opt/rustwide/target/debug/deps/libcrossbeam_channel-15bcda920dd2a2b8.rlib" "/opt/rustwide/target/debug/deps/libcrossbeam_utils-922404919385f485.rlib" "/opt/rustwide/target/debug/deps/libahash-49a4118d27315fc5.rlib" "/opt/rustwide/target/debug/deps/libgetrandom-a0db36ae950a52bb.rlib" "/opt/rustwide/target/debug/deps/liblibc-ab537429a1f68abe.rlib" "/opt/rustwide/target/debug/deps/libonce_cell-e8dd356c4f9e5246.rlib" "/opt/rustwide/target/debug/deps/libcfg_if-a3e7e701fcd1f47b.rlib" "/opt/rustwide/target/debug/deps/libzerocopy-7d07cba449ed1a54.rlib" "/opt/rustwide/rustup-home/toolchains/beta-2024-12-08-x86_64-unknown-linux-gnu/lib/rustlib/x86_64-unknown-linux-gnu/lib/libstd-02dc84f49135b6b8.rlib" "/opt/rustwide/rustup-home/toolchains/beta-2024-12-08-x86_64-unknown-linux-gnu/lib/rustlib/x86_64-unknown-linux-gnu/lib/libpanic_unwind-a8f45b397fae3f81.rlib" "/opt/rustwide/rustup-home/toolchains/beta-2024-12-08-x86_64-unknown-linux-gnu/lib/rustlib/x86_64-unknown-linux-gnu/lib/libobject-089607133c180609.rlib" "/opt/rustwide/rustup-home/toolchains/beta-2024-12-08-x86_64-unknown-linux-gnu/lib/rustlib/x86_64-unknown-linux-gnu/lib/libmemchr-fc89f091bcd86cbb.rlib" "/opt/rustwide/rustup-home/toolchains/beta-2024-12-08-x86_64-unknown-linux-gnu/lib/rustlib/x86_64-unknown-linux-gnu/lib/libaddr2line-5a60949f01c7340c.rlib" "/opt/rustwide/rustup-home/toolchains/beta-2024-12-08-x86_64-unknown-linux-gnu/lib/rustlib/x86_64-unknown-linux-gnu/lib/libgimli-d29e6a55ca253c8c.rlib" "/opt/rustwide/rustup-home/toolchains/beta-2024-12-08-x86_64-unknown-linux-gnu/lib/rustlib/x86_64-unknown-linux-gnu/lib/librustc_demangle-273c078d5f65de7a.rlib" "/opt/rustwide/rustup-home/toolchains/beta-2024-12-08-x86_64-unknown-linux-gnu/lib/rustlib/x86_64-unknown-linux-gnu/lib/libstd_detect-413c950ffbdd4454.rlib" "/opt/rustwide/rustup-home/toolchains/beta-2024-12-08-x86_64-unknown-linux-gnu/lib/rustlib/x86_64-unknown-linux-gnu/lib/libhashbrown-1853c0976a1d88a6.rlib" "/opt/rustwide/rustup-home/toolchains/beta-2024-12-08-x86_64-unknown-linux-gnu/lib/rustlib/x86_64-unknown-linux-gnu/lib/librustc_std_workspace_alloc-ccb3384ddacb0f9e.rlib" "/opt/rustwide/rustup-home/toolchains/beta-2024-12-08-x86_64-unknown-linux-gnu/lib/rustlib/x86_64-unknown-linux-gnu/lib/libminiz_oxide-0b901dfb0ca849e0.rlib" "/opt/rustwide/rustup-home/toolchains/beta-2024-12-08-x86_64-unknown-linux-gnu/lib/rustlib/x86_64-unknown-linux-gnu/lib/libadler-eebeb8d7c64543ad.rlib" "/opt/rustwide/rustup-home/toolchains/beta-2024-12-08-x86_64-unknown-linux-gnu/lib/rustlib/x86_64-unknown-linux-gnu/lib/libunwind-4723ef81d6079867.rlib" "/opt/rustwide/rustup-home/toolchains/beta-2024-12-08-x86_64-unknown-linux-gnu/lib/rustlib/x86_64-unknown-linux-gnu/lib/libcfg_if-54442f8b422f5a54.rlib" "/opt/rustwide/rustup-home/toolchains/beta-2024-12-08-x86_64-unknown-linux-gnu/lib/rustlib/x86_64-unknown-linux-gnu/lib/liblibc-e0bbe034b5282553.rlib" "/opt/rustwide/rustup-home/toolchains/beta-2024-12-08-x86_64-unknown-linux-gnu/lib/rustlib/x86_64-unknown-linux-gnu/lib/liballoc-d0febb68c1c37b90.rlib" "/opt/rustwide/rustup-home/toolchains/beta-2024-12-08-x86_64-unknown-linux-gnu/lib/rustlib/x86_64-unknown-linux-gnu/lib/librustc_std_workspace_core-4cf833632aafa84c.rlib" "/opt/rustwide/rustup-home/toolchains/beta-2024-12-08-x86_64-unknown-linux-gnu/lib/rustlib/x86_64-unknown-linux-gnu/lib/libcore-65c2c6d2d6ae570b.rlib" "/opt/rustwide/rustup-home/toolchains/beta-2024-12-08-x86_64-unknown-linux-gnu/lib/rustlib/x86_64-unknown-linux-gnu/lib/libcompiler_builtins-97929cee0dcfe424.rlib" "-Wl,-Bdynamic" "-lgcc_s" "-lutil" "-lrt" "-lpthread" "-lm" "-ldl" "-lc" "-Wl,--eh-frame-hdr" "-Wl,-z,noexecstack" "-L" "/opt/rustwide/rustup-home/toolchains/beta-2024-12-08-x86_64-unknown-linux-gnu/lib/rustlib/x86_64-unknown-linux-gnu/lib" "-o" "/tmp/rustdoctestQVnurP/rust_out" "-Wl,--gc-sections" "-pie" "-Wl,-z,relro,-z,now" "-nodefaultlibs"
[INFO] [stdout]   = note: collect2: fatal error: ld terminated with signal 9 [Killed]
[INFO] [stdout]           compilation terminated.
[INFO] [stdout]           
[INFO] [stdout] 
[INFO] [stdout] error: aborting due to 1 previous error
[INFO] [stdout] 
[INFO] [stdout] Couldn't compile the test.
[INFO] [stdout] ---- src/vec.rs - vec::XY<T>::from (line 406) stdout ----
[INFO] [stdout] error: linking with `cc` failed: exit status: 1
[INFO] [stdout]   |
[INFO] [stdout]   = note: LC_ALL="C" PATH="/opt/rustwide/rustup-home/toolchains/beta-2024-12-08-x86_64-unknown-linux-gnu/lib/rustlib/x86_64-unknown-linux-gnu/bin:/opt/rustwide/cargo-home/bin:/usr/local/sbin:/usr/local/bin:/usr/sbin:/usr/bin:/sbin:/bin" VSLANG="1033" "cc" "-m64" "/tmp/rustcu5WnC6/symbols.o" "/tmp/rustdoctestvqn9kq/rust_out.rust_out.9242fac72db2cd11-cgu.0.rcgu.o" "/tmp/rustdoctestvqn9kq/rust_out.2hl2tb9xdtge7mguxzn2q1kvi.rcgu.o" "-Wl,--as-needed" "-Wl,-Bstatic" "/opt/rustwide/target/debug/deps/libcursive_core-373f366b23729885.rlib" "/opt/rustwide/target/debug/deps/libcompact_str-7eb94887c3827165.rlib" "/opt/rustwide/target/debug/deps/libstatic_assertions-0ef270c4de502b0e.rlib" "/opt/rustwide/target/debug/deps/libcastaway-f3aeff81a610b72b.rlib" "/opt/rustwide/target/debug/deps/libnum-e6aebebef7c4a5c6.rlib" "/opt/rustwide/target/debug/deps/libnum_iter-7e76828d3588f871.rlib" "/opt/rustwide/target/debug/deps/libnum_rational-17ecc3d0979f2469.rlib" "/opt/rustwide/target/debug/deps/libnum_integer-f516243c021a5055.rlib" "/opt/rustwide/target/debug/deps/libnum_complex-04ee1f8b50fcfd2d.rlib" "/opt/rustwide/target/debug/deps/libnum_traits-de3d38f117f82dea.rlib" "/opt/rustwide/target/debug/deps/libenum_map-a59edb5a2afb7e3c.rlib" "/opt/rustwide/target/debug/deps/liblazy_static-34736fcc74b41a53.rlib" "/opt/rustwide/target/debug/deps/libparking_lot-abef767bd4787e4a.rlib" "/opt/rustwide/target/debug/deps/libparking_lot_core-9bfdf4c2c848bcf0.rlib" "/opt/rustwide/target/debug/deps/libsmallvec-cae3008cdb7d5db1.rlib" "/opt/rustwide/target/debug/deps/liblock_api-f13c52455762fa47.rlib" "/opt/rustwide/target/debug/deps/libscopeguard-f937485db0060aca.rlib" "/opt/rustwide/target/debug/deps/libxi_unicode-f639012217d5a261.rlib" "/opt/rustwide/target/debug/deps/libunicode_width-678b846d5dec6380.rlib" "/opt/rustwide/target/debug/deps/libunicode_segmentation-cb39aac4d70fdcf2.rlib" "/opt/rustwide/target/debug/deps/libserde_json-95159f5ab3d4ea7e.rlib" "/opt/rustwide/target/debug/deps/libmemchr-d6cb21f6c03ed32f.rlib" "/opt/rustwide/target/debug/deps/libryu-6e02dac7c3b6be75.rlib" "/opt/rustwide/target/debug/deps/libserde-57ec1cdc03f25ebc.rlib" "/opt/rustwide/target/debug/deps/libtime-df35143d2ced3f7a.rlib" "/opt/rustwide/target/debug/deps/libnum_threads-3ec4c6a90389312d.rlib" "/opt/rustwide/target/debug/deps/libitoa-87633a66effadcdd.rlib" "/opt/rustwide/target/debug/deps/libtime_core-f368596cca30f67d.rlib" "/opt/rustwide/target/debug/deps/libnum_conv-a312b8300ce88506.rlib" "/opt/rustwide/target/debug/deps/libderanged-7c3aacebfed7a85e.rlib" "/opt/rustwide/target/debug/deps/libpowerfmt-a584063b8a4e44a4.rlib" "/opt/rustwide/target/debug/deps/liblog-35c349e0e34201c2.rlib" "/opt/rustwide/target/debug/deps/libenumset-9c3d7d910fd87d05.rlib" "/opt/rustwide/target/debug/deps/libcrossbeam_channel-15bcda920dd2a2b8.rlib" "/opt/rustwide/target/debug/deps/libcrossbeam_utils-922404919385f485.rlib" "/opt/rustwide/target/debug/deps/libahash-49a4118d27315fc5.rlib" "/opt/rustwide/target/debug/deps/libgetrandom-a0db36ae950a52bb.rlib" "/opt/rustwide/target/debug/deps/liblibc-ab537429a1f68abe.rlib" "/opt/rustwide/target/debug/deps/libonce_cell-e8dd356c4f9e5246.rlib" "/opt/rustwide/target/debug/deps/libcfg_if-a3e7e701fcd1f47b.rlib" "/opt/rustwide/target/debug/deps/libzerocopy-7d07cba449ed1a54.rlib" "/opt/rustwide/rustup-home/toolchains/beta-2024-12-08-x86_64-unknown-linux-gnu/lib/rustlib/x86_64-unknown-linux-gnu/lib/libstd-02dc84f49135b6b8.rlib" "/opt/rustwide/rustup-home/toolchains/beta-2024-12-08-x86_64-unknown-linux-gnu/lib/rustlib/x86_64-unknown-linux-gnu/lib/libpanic_unwind-a8f45b397fae3f81.rlib" "/opt/rustwide/rustup-home/toolchains/beta-2024-12-08-x86_64-unknown-linux-gnu/lib/rustlib/x86_64-unknown-linux-gnu/lib/libobject-089607133c180609.rlib" "/opt/rustwide/rustup-home/toolchains/beta-2024-12-08-x86_64-unknown-linux-gnu/lib/rustlib/x86_64-unknown-linux-gnu/lib/libmemchr-fc89f091bcd86cbb.rlib" "/opt/rustwide/rustup-home/toolchains/beta-2024-12-08-x86_64-unknown-linux-gnu/lib/rustlib/x86_64-unknown-linux-gnu/lib/libaddr2line-5a60949f01c7340c.rlib" "/opt/rustwide/rustup-home/toolchains/beta-2024-12-08-x86_64-unknown-linux-gnu/lib/rustlib/x86_64-unknown-linux-gnu/lib/libgimli-d29e6a55ca253c8c.rlib" "/opt/rustwide/rustup-home/toolchains/beta-2024-12-08-x86_64-unknown-linux-gnu/lib/rustlib/x86_64-unknown-linux-gnu/lib/librustc_demangle-273c078d5f65de7a.rlib" "/opt/rustwide/rustup-home/toolchains/beta-2024-12-08-x86_64-unknown-linux-gnu/lib/rustlib/x86_64-unknown-linux-gnu/lib/libstd_detect-413c950ffbdd4454.rlib" "/opt/rustwide/rustup-home/toolchains/beta-2024-12-08-x86_64-unknown-linux-gnu/lib/rustlib/x86_64-unknown-linux-gnu/lib/libhashbrown-1853c0976a1d88a6.rlib" "/opt/rustwide/rustup-home/toolchains/beta-2024-12-08-x86_64-unknown-linux-gnu/lib/rustlib/x86_64-unknown-linux-gnu/lib/librustc_std_workspace_alloc-ccb3384ddacb0f9e.rlib" "/opt/rustwide/rustup-home/toolchains/beta-2024-12-08-x86_64-unknown-linux-gnu/lib/rustlib/x86_64-unknown-linux-gnu/lib/libminiz_oxide-0b901dfb0ca849e0.rlib" "/opt/rustwide/rustup-home/toolchains/beta-2024-12-08-x86_64-unknown-linux-gnu/lib/rustlib/x86_64-unknown-linux-gnu/lib/libadler-eebeb8d7c64543ad.rlib" "/opt/rustwide/rustup-home/toolchains/beta-2024-12-08-x86_64-unknown-linux-gnu/lib/rustlib/x86_64-unknown-linux-gnu/lib/libunwind-4723ef81d6079867.rlib" "/opt/rustwide/rustup-home/toolchains/beta-2024-12-08-x86_64-unknown-linux-gnu/lib/rustlib/x86_64-unknown-linux-gnu/lib/libcfg_if-54442f8b422f5a54.rlib" "/opt/rustwide/rustup-home/toolchains/beta-2024-12-08-x86_64-unknown-linux-gnu/lib/rustlib/x86_64-unknown-linux-gnu/lib/liblibc-e0bbe034b5282553.rlib" "/opt/rustwide/rustup-home/toolchains/beta-2024-12-08-x86_64-unknown-linux-gnu/lib/rustlib/x86_64-unknown-linux-gnu/lib/liballoc-d0febb68c1c37b90.rlib" "/opt/rustwide/rustup-home/toolchains/beta-2024-12-08-x86_64-unknown-linux-gnu/lib/rustlib/x86_64-unknown-linux-gnu/lib/librustc_std_workspace_core-4cf833632aafa84c.rlib" "/opt/rustwide/rustup-home/toolchains/beta-2024-12-08-x86_64-unknown-linux-gnu/lib/rustlib/x86_64-unknown-linux-gnu/lib/libcore-65c2c6d2d6ae570b.rlib" "/opt/rustwide/rustup-home/toolchains/beta-2024-12-08-x86_64-unknown-linux-gnu/lib/rustlib/x86_64-unknown-linux-gnu/lib/libcompiler_builtins-97929cee0dcfe424.rlib" "-Wl,-Bdynamic" "-lgcc_s" "-lutil" "-lrt" "-lpthread" "-lm" "-ldl" "-lc" "-Wl,--eh-frame-hdr" "-Wl,-z,noexecstack" "-L" "/opt/rustwide/rustup-home/toolchains/beta-2024-12-08-x86_64-unknown-linux-gnu/lib/rustlib/x86_64-unknown-linux-gnu/lib" "-o" "/tmp/rustdoctestvqn9kq/rust_out" "-Wl,--gc-sections" "-pie" "-Wl,-z,relro,-z,now" "-nodefaultlibs"
[INFO] [stdout]   = note: collect2: fatal error: ld terminated with signal 9 [Killed]
[INFO] [stdout]           compilation terminated.
[INFO] [stdout]           
[INFO] [stdout] 
[INFO] [stdout] error: aborting due to 1 previous error
[INFO] [stdout] 
[INFO] [stdout] Couldn't compile the test.
[INFO] [stdout] ---- src/views/dialog.rs - views::dialog::Dialog::title (line 357) stdout ----
[INFO] [stdout] Couldn't compile the test.
[INFO] [stdout] ---- src/view/nameable.rs - view::nameable::Nameable::with_name (line 16) stdout ----
[INFO] [stdout] error: linking with `cc` failed: exit status: 1
[INFO] [stdout]   |
[INFO] [stdout]   = note: LC_ALL="C" PATH="/opt/rustwide/rustup-home/toolchains/beta-2024-12-08-x86_64-unknown-linux-gnu/lib/rustlib/x86_64-unknown-linux-gnu/bin:/opt/rustwide/cargo-home/bin:/usr/local/sbin:/usr/local/bin:/usr/sbin:/usr/bin:/sbin:/bin" VSLANG="1033" "cc" "-m64" "/tmp/rustc7FbEL6/symbols.o" "/tmp/rustdoctestQnUQ8r/rust_out.rust_out.9242fac72db2cd11-cgu.0.rcgu.o" "/tmp/rustdoctestQnUQ8r/rust_out.2hl2tb9xdtge7mguxzn2q1kvi.rcgu.o" "-Wl,--as-needed" "-Wl,-Bstatic" "/opt/rustwide/target/debug/deps/libcursive_core-373f366b23729885.rlib" "/opt/rustwide/target/debug/deps/libcompact_str-7eb94887c3827165.rlib" "/opt/rustwide/target/debug/deps/libstatic_assertions-0ef270c4de502b0e.rlib" "/opt/rustwide/target/debug/deps/libcastaway-f3aeff81a610b72b.rlib" "/opt/rustwide/target/debug/deps/libnum-e6aebebef7c4a5c6.rlib" "/opt/rustwide/target/debug/deps/libnum_iter-7e76828d3588f871.rlib" "/opt/rustwide/target/debug/deps/libnum_rational-17ecc3d0979f2469.rlib" "/opt/rustwide/target/debug/deps/libnum_integer-f516243c021a5055.rlib" "/opt/rustwide/target/debug/deps/libnum_complex-04ee1f8b50fcfd2d.rlib" "/opt/rustwide/target/debug/deps/libnum_traits-de3d38f117f82dea.rlib" "/opt/rustwide/target/debug/deps/libenum_map-a59edb5a2afb7e3c.rlib" "/opt/rustwide/target/debug/deps/liblazy_static-34736fcc74b41a53.rlib" "/opt/rustwide/target/debug/deps/libparking_lot-abef767bd4787e4a.rlib" "/opt/rustwide/target/debug/deps/libparking_lot_core-9bfdf4c2c848bcf0.rlib" "/opt/rustwide/target/debug/deps/libsmallvec-cae3008cdb7d5db1.rlib" "/opt/rustwide/target/debug/deps/liblock_api-f13c52455762fa47.rlib" "/opt/rustwide/target/debug/deps/libscopeguard-f937485db0060aca.rlib" "/opt/rustwide/target/debug/deps/libxi_unicode-f639012217d5a261.rlib" "/opt/rustwide/target/debug/deps/libunicode_width-678b846d5dec6380.rlib" "/opt/rustwide/target/debug/deps/libunicode_segmentation-cb39aac4d70fdcf2.rlib" "/opt/rustwide/target/debug/deps/libserde_json-95159f5ab3d4ea7e.rlib" "/opt/rustwide/target/debug/deps/libmemchr-d6cb21f6c03ed32f.rlib" "/opt/rustwide/target/debug/deps/libryu-6e02dac7c3b6be75.rlib" "/opt/rustwide/target/debug/deps/libserde-57ec1cdc03f25ebc.rlib" "/opt/rustwide/target/debug/deps/libtime-df35143d2ced3f7a.rlib" "/opt/rustwide/target/debug/deps/libnum_threads-3ec4c6a90389312d.rlib" "/opt/rustwide/target/debug/deps/libitoa-87633a66effadcdd.rlib" "/opt/rustwide/target/debug/deps/libtime_core-f368596cca30f67d.rlib" "/opt/rustwide/target/debug/deps/libnum_conv-a312b8300ce88506.rlib" "/opt/rustwide/target/debug/deps/libderanged-7c3aacebfed7a85e.rlib" "/opt/rustwide/target/debug/deps/libpowerfmt-a584063b8a4e44a4.rlib" "/opt/rustwide/target/debug/deps/liblog-35c349e0e34201c2.rlib" "/opt/rustwide/target/debug/deps/libenumset-9c3d7d910fd87d05.rlib" "/opt/rustwide/target/debug/deps/libcrossbeam_channel-15bcda920dd2a2b8.rlib" "/opt/rustwide/target/debug/deps/libcrossbeam_utils-922404919385f485.rlib" "/opt/rustwide/target/debug/deps/libahash-49a4118d27315fc5.rlib" "/opt/rustwide/target/debug/deps/libgetrandom-a0db36ae950a52bb.rlib" "/opt/rustwide/target/debug/deps/liblibc-ab537429a1f68abe.rlib" "/opt/rustwide/target/debug/deps/libonce_cell-e8dd356c4f9e5246.rlib" "/opt/rustwide/target/debug/deps/libcfg_if-a3e7e701fcd1f47b.rlib" "/opt/rustwide/target/debug/deps/libzerocopy-7d07cba449ed1a54.rlib" "/opt/rustwide/rustup-home/toolchains/beta-2024-12-08-x86_64-unknown-linux-gnu/lib/rustlib/x86_64-unknown-linux-gnu/lib/libstd-02dc84f49135b6b8.rlib" "/opt/rustwide/rustup-home/toolchains/beta-2024-12-08-x86_64-unknown-linux-gnu/lib/rustlib/x86_64-unknown-linux-gnu/lib/libpanic_unwind-a8f45b397fae3f81.rlib" "/opt/rustwide/rustup-home/toolchains/beta-2024-12-08-x86_64-unknown-linux-gnu/lib/rustlib/x86_64-unknown-linux-gnu/lib/libobject-089607133c180609.rlib" "/opt/rustwide/rustup-home/toolchains/beta-2024-12-08-x86_64-unknown-linux-gnu/lib/rustlib/x86_64-unknown-linux-gnu/lib/libmemchr-fc89f091bcd86cbb.rlib" "/opt/rustwide/rustup-home/toolchains/beta-2024-12-08-x86_64-unknown-linux-gnu/lib/rustlib/x86_64-unknown-linux-gnu/lib/libaddr2line-5a60949f01c7340c.rlib" "/opt/rustwide/rustup-home/toolchains/beta-2024-12-08-x86_64-unknown-linux-gnu/lib/rustlib/x86_64-unknown-linux-gnu/lib/libgimli-d29e6a55ca253c8c.rlib" "/opt/rustwide/rustup-home/toolchains/beta-2024-12-08-x86_64-unknown-linux-gnu/lib/rustlib/x86_64-unknown-linux-gnu/lib/librustc_demangle-273c078d5f65de7a.rlib" "/opt/rustwide/rustup-home/toolchains/beta-2024-12-08-x86_64-unknown-linux-gnu/lib/rustlib/x86_64-unknown-linux-gnu/lib/libstd_detect-413c950ffbdd4454.rlib" "/opt/rustwide/rustup-home/toolchains/beta-2024-12-08-x86_64-unknown-linux-gnu/lib/rustlib/x86_64-unknown-linux-gnu/lib/libhashbrown-1853c0976a1d88a6.rlib" "/opt/rustwide/rustup-home/toolchains/beta-2024-12-08-x86_64-unknown-linux-gnu/lib/rustlib/x86_64-unknown-linux-gnu/lib/librustc_std_workspace_alloc-ccb3384ddacb0f9e.rlib" "/opt/rustwide/rustup-home/toolchains/beta-2024-12-08-x86_64-unknown-linux-gnu/lib/rustlib/x86_64-unknown-linux-gnu/lib/libminiz_oxide-0b901dfb0ca849e0.rlib" "/opt/rustwide/rustup-home/toolchains/beta-2024-12-08-x86_64-unknown-linux-gnu/lib/rustlib/x86_64-unknown-linux-gnu/lib/libadler-eebeb8d7c64543ad.rlib" "/opt/rustwide/rustup-home/toolchains/beta-2024-12-08-x86_64-unknown-linux-gnu/lib/rustlib/x86_64-unknown-linux-gnu/lib/libunwind-4723ef81d6079867.rlib" "/opt/rustwide/rustup-home/toolchains/beta-2024-12-08-x86_64-unknown-linux-gnu/lib/rustlib/x86_64-unknown-linux-gnu/lib/libcfg_if-54442f8b422f5a54.rlib" "/opt/rustwide/rustup-home/toolchains/beta-2024-12-08-x86_64-unknown-linux-gnu/lib/rustlib/x86_64-unknown-linux-gnu/lib/liblibc-e0bbe034b5282553.rlib" "/opt/rustwide/rustup-home/toolchains/beta-2024-12-08-x86_64-unknown-linux-gnu/lib/rustlib/x86_64-unknown-linux-gnu/lib/liballoc-d0febb68c1c37b90.rlib" "/opt/rustwide/rustup-home/toolchains/beta-2024-12-08-x86_64-unknown-linux-gnu/lib/rustlib/x86_64-unknown-linux-gnu/lib/librustc_std_workspace_core-4cf833632aafa84c.rlib" "/opt/rustwide/rustup-home/toolchains/beta-2024-12-08-x86_64-unknown-linux-gnu/lib/rustlib/x86_64-unknown-linux-gnu/lib/libcore-65c2c6d2d6ae570b.rlib" "/opt/rustwide/rustup-home/toolchains/beta-2024-12-08-x86_64-unknown-linux-gnu/lib/rustlib/x86_64-unknown-linux-gnu/lib/libcompiler_builtins-97929cee0dcfe424.rlib" "-Wl,-Bdynamic" "-lgcc_s" "-lutil" "-lrt" "-lpthread" "-lm" "-ldl" "-lc" "-Wl,--eh-frame-hdr" "-Wl,-z,noexecstack" "-L" "/opt/rustwide/rustup-home/toolchains/beta-2024-12-08-x86_64-unknown-linux-gnu/lib/rustlib/x86_64-unknown-linux-gnu/lib" "-o" "/tmp/rustdoctestQnUQ8r/rust_out" "-Wl,--gc-sections" "-pie" "-Wl,-z,relro,-z,now" "-nodefaultlibs"
[INFO] [stdout]   = note: collect2: fatal error: ld terminated with signal 9 [Killed]
[INFO] [stdout]           compilation terminated.
[INFO] [stdout]           
[INFO] [stdout] 
[INFO] [stdout] error: aborting due to 1 previous error
[INFO] [stdout] 
[INFO] [stdout] Couldn't compile the test.
[INFO] [stdout] ---- src/views/edit_view.rs - views::edit_view::EditView (line 33) stdout ----
[INFO] [stdout] Couldn't compile the test.
[INFO] [stdout] ---- src/views/dialog.rs - views::dialog::Dialog::content (line 151) stdout ----
[INFO] [stdout] error: linking with `cc` failed: exit status: 1
[INFO] [stdout]   |
[INFO] [stdout]   = note: LC_ALL="C" PATH="/opt/rustwide/rustup-home/toolchains/beta-2024-12-08-x86_64-unknown-linux-gnu/lib/rustlib/x86_64-unknown-linux-gnu/bin:/opt/rustwide/cargo-home/bin:/usr/local/sbin:/usr/local/bin:/usr/sbin:/usr/bin:/sbin:/bin" VSLANG="1033" "cc" "-m64" "/tmp/rustcM69u8f/symbols.o" "/tmp/rustdoctestuuHnVT/rust_out.rust_out.9242fac72db2cd11-cgu.0.rcgu.o" "/tmp/rustdoctestuuHnVT/rust_out.2hl2tb9xdtge7mguxzn2q1kvi.rcgu.o" "-Wl,--as-needed" "-Wl,-Bstatic" "/opt/rustwide/target/debug/deps/libcursive_core-373f366b23729885.rlib" "/opt/rustwide/target/debug/deps/libcompact_str-7eb94887c3827165.rlib" "/opt/rustwide/target/debug/deps/libstatic_assertions-0ef270c4de502b0e.rlib" "/opt/rustwide/target/debug/deps/libcastaway-f3aeff81a610b72b.rlib" "/opt/rustwide/target/debug/deps/libnum-e6aebebef7c4a5c6.rlib" "/opt/rustwide/target/debug/deps/libnum_iter-7e76828d3588f871.rlib" "/opt/rustwide/target/debug/deps/libnum_rational-17ecc3d0979f2469.rlib" "/opt/rustwide/target/debug/deps/libnum_integer-f516243c021a5055.rlib" "/opt/rustwide/target/debug/deps/libnum_complex-04ee1f8b50fcfd2d.rlib" "/opt/rustwide/target/debug/deps/libnum_traits-de3d38f117f82dea.rlib" "/opt/rustwide/target/debug/deps/libenum_map-a59edb5a2afb7e3c.rlib" "/opt/rustwide/target/debug/deps/liblazy_static-34736fcc74b41a53.rlib" "/opt/rustwide/target/debug/deps/libparking_lot-abef767bd4787e4a.rlib" "/opt/rustwide/target/debug/deps/libparking_lot_core-9bfdf4c2c848bcf0.rlib" "/opt/rustwide/target/debug/deps/libsmallvec-cae3008cdb7d5db1.rlib" "/opt/rustwide/target/debug/deps/liblock_api-f13c52455762fa47.rlib" "/opt/rustwide/target/debug/deps/libscopeguard-f937485db0060aca.rlib" "/opt/rustwide/target/debug/deps/libxi_unicode-f639012217d5a261.rlib" "/opt/rustwide/target/debug/deps/libunicode_width-678b846d5dec6380.rlib" "/opt/rustwide/target/debug/deps/libunicode_segmentation-cb39aac4d70fdcf2.rlib" "/opt/rustwide/target/debug/deps/libserde_json-95159f5ab3d4ea7e.rlib" "/opt/rustwide/target/debug/deps/libmemchr-d6cb21f6c03ed32f.rlib" "/opt/rustwide/target/debug/deps/libryu-6e02dac7c3b6be75.rlib" "/opt/rustwide/target/debug/deps/libserde-57ec1cdc03f25ebc.rlib" "/opt/rustwide/target/debug/deps/libtime-df35143d2ced3f7a.rlib" "/opt/rustwide/target/debug/deps/libnum_threads-3ec4c6a90389312d.rlib" "/opt/rustwide/target/debug/deps/libitoa-87633a66effadcdd.rlib" "/opt/rustwide/target/debug/deps/libtime_core-f368596cca30f67d.rlib" "/opt/rustwide/target/debug/deps/libnum_conv-a312b8300ce88506.rlib" "/opt/rustwide/target/debug/deps/libderanged-7c3aacebfed7a85e.rlib" "/opt/rustwide/target/debug/deps/libpowerfmt-a584063b8a4e44a4.rlib" "/opt/rustwide/target/debug/deps/liblog-35c349e0e34201c2.rlib" "/opt/rustwide/target/debug/deps/libenumset-9c3d7d910fd87d05.rlib" "/opt/rustwide/target/debug/deps/libcrossbeam_channel-15bcda920dd2a2b8.rlib" "/opt/rustwide/target/debug/deps/libcrossbeam_utils-922404919385f485.rlib" "/opt/rustwide/target/debug/deps/libahash-49a4118d27315fc5.rlib" "/opt/rustwide/target/debug/deps/libgetrandom-a0db36ae950a52bb.rlib" "/opt/rustwide/target/debug/deps/liblibc-ab537429a1f68abe.rlib" "/opt/rustwide/target/debug/deps/libonce_cell-e8dd356c4f9e5246.rlib" "/opt/rustwide/target/debug/deps/libcfg_if-a3e7e701fcd1f47b.rlib" "/opt/rustwide/target/debug/deps/libzerocopy-7d07cba449ed1a54.rlib" "/opt/rustwide/rustup-home/toolchains/beta-2024-12-08-x86_64-unknown-linux-gnu/lib/rustlib/x86_64-unknown-linux-gnu/lib/libstd-02dc84f49135b6b8.rlib" "/opt/rustwide/rustup-home/toolchains/beta-2024-12-08-x86_64-unknown-linux-gnu/lib/rustlib/x86_64-unknown-linux-gnu/lib/libpanic_unwind-a8f45b397fae3f81.rlib" "/opt/rustwide/rustup-home/toolchains/beta-2024-12-08-x86_64-unknown-linux-gnu/lib/rustlib/x86_64-unknown-linux-gnu/lib/libobject-089607133c180609.rlib" "/opt/rustwide/rustup-home/toolchains/beta-2024-12-08-x86_64-unknown-linux-gnu/lib/rustlib/x86_64-unknown-linux-gnu/lib/libmemchr-fc89f091bcd86cbb.rlib" "/opt/rustwide/rustup-home/toolchains/beta-2024-12-08-x86_64-unknown-linux-gnu/lib/rustlib/x86_64-unknown-linux-gnu/lib/libaddr2line-5a60949f01c7340c.rlib" "/opt/rustwide/rustup-home/toolchains/beta-2024-12-08-x86_64-unknown-linux-gnu/lib/rustlib/x86_64-unknown-linux-gnu/lib/libgimli-d29e6a55ca253c8c.rlib" "/opt/rustwide/rustup-home/toolchains/beta-2024-12-08-x86_64-unknown-linux-gnu/lib/rustlib/x86_64-unknown-linux-gnu/lib/librustc_demangle-273c078d5f65de7a.rlib" "/opt/rustwide/rustup-home/toolchains/beta-2024-12-08-x86_64-unknown-linux-gnu/lib/rustlib/x86_64-unknown-linux-gnu/lib/libstd_detect-413c950ffbdd4454.rlib" "/opt/rustwide/rustup-home/toolchains/beta-2024-12-08-x86_64-unknown-linux-gnu/lib/rustlib/x86_64-unknown-linux-gnu/lib/libhashbrown-1853c0976a1d88a6.rlib" "/opt/rustwide/rustup-home/toolchains/beta-2024-12-08-x86_64-unknown-linux-gnu/lib/rustlib/x86_64-unknown-linux-gnu/lib/librustc_std_workspace_alloc-ccb3384ddacb0f9e.rlib" "/opt/rustwide/rustup-home/toolchains/beta-2024-12-08-x86_64-unknown-linux-gnu/lib/rustlib/x86_64-unknown-linux-gnu/lib/libminiz_oxide-0b901dfb0ca849e0.rlib" "/opt/rustwide/rustup-home/toolchains/beta-2024-12-08-x86_64-unknown-linux-gnu/lib/rustlib/x86_64-unknown-linux-gnu/lib/libadler-eebeb8d7c64543ad.rlib" "/opt/rustwide/rustup-home/toolchains/beta-2024-12-08-x86_64-unknown-linux-gnu/lib/rustlib/x86_64-unknown-linux-gnu/lib/libunwind-4723ef81d6079867.rlib" "/opt/rustwide/rustup-home/toolchains/beta-2024-12-08-x86_64-unknown-linux-gnu/lib/rustlib/x86_64-unknown-linux-gnu/lib/libcfg_if-54442f8b422f5a54.rlib" "/opt/rustwide/rustup-home/toolchains/beta-2024-12-08-x86_64-unknown-linux-gnu/lib/rustlib/x86_64-unknown-linux-gnu/lib/liblibc-e0bbe034b5282553.rlib" "/opt/rustwide/rustup-home/toolchains/beta-2024-12-08-x86_64-unknown-linux-gnu/lib/rustlib/x86_64-unknown-linux-gnu/lib/liballoc-d0febb68c1c37b90.rlib" "/opt/rustwide/rustup-home/toolchains/beta-2024-12-08-x86_64-unknown-linux-gnu/lib/rustlib/x86_64-unknown-linux-gnu/lib/librustc_std_workspace_core-4cf833632aafa84c.rlib" "/opt/rustwide/rustup-home/toolchains/beta-2024-12-08-x86_64-unknown-linux-gnu/lib/rustlib/x86_64-unknown-linux-gnu/lib/libcore-65c2c6d2d6ae570b.rlib" "/opt/rustwide/rustup-home/toolchains/beta-2024-12-08-x86_64-unknown-linux-gnu/lib/rustlib/x86_64-unknown-linux-gnu/lib/libcompiler_builtins-97929cee0dcfe424.rlib" "-Wl,-Bdynamic" "-lgcc_s" "-lutil" "-lrt" "-lpthread" "-lm" "-ldl" "-lc" "-Wl,--eh-frame-hdr" "-Wl,-z,noexecstack" "-L" "/opt/rustwide/rustup-home/toolchains/beta-2024-12-08-x86_64-unknown-linux-gnu/lib/rustlib/x86_64-unknown-linux-gnu/lib" "-o" "/tmp/rustdoctestuuHnVT/rust_out" "-Wl,--gc-sections" "-pie" "-Wl,-z,relro,-z,now" "-nodefaultlibs"
[INFO] [stdout]   = note: collect2: fatal error: ld terminated with signal 9 [Killed]
[INFO] [stdout]           compilation terminated.
[INFO] [stdout]           
[INFO] [stdout] 
[INFO] [stdout] error: aborting due to 1 previous error
[INFO] [stdout] 
[INFO] [stdout] Couldn't compile the test.
[INFO] [stdout] ---- src/views/dialog.rs - views::dialog::Dialog::padding (line 399) stdout ----
[INFO] [stdout] error: linking with `cc` failed: exit status: 1
[INFO] [stdout]   |
[INFO] [stdout]   = note: LC_ALL="C" PATH="/opt/rustwide/rustup-home/toolchains/beta-2024-12-08-x86_64-unknown-linux-gnu/lib/rustlib/x86_64-unknown-linux-gnu/bin:/opt/rustwide/cargo-home/bin:/usr/local/sbin:/usr/local/bin:/usr/sbin:/usr/bin:/sbin:/bin" VSLANG="1033" "cc" "-m64" "/tmp/rustcfhv6e7/symbols.o" "/tmp/rustdoctestwtHuBG/rust_out.rust_out.9242fac72db2cd11-cgu.0.rcgu.o" "/tmp/rustdoctestwtHuBG/rust_out.2hl2tb9xdtge7mguxzn2q1kvi.rcgu.o" "-Wl,--as-needed" "-Wl,-Bstatic" "/opt/rustwide/target/debug/deps/libcursive_core-373f366b23729885.rlib" "/opt/rustwide/target/debug/deps/libcompact_str-7eb94887c3827165.rlib" "/opt/rustwide/target/debug/deps/libstatic_assertions-0ef270c4de502b0e.rlib" "/opt/rustwide/target/debug/deps/libcastaway-f3aeff81a610b72b.rlib" "/opt/rustwide/target/debug/deps/libnum-e6aebebef7c4a5c6.rlib" "/opt/rustwide/target/debug/deps/libnum_iter-7e76828d3588f871.rlib" "/opt/rustwide/target/debug/deps/libnum_rational-17ecc3d0979f2469.rlib" "/opt/rustwide/target/debug/deps/libnum_integer-f516243c021a5055.rlib" "/opt/rustwide/target/debug/deps/libnum_complex-04ee1f8b50fcfd2d.rlib" "/opt/rustwide/target/debug/deps/libnum_traits-de3d38f117f82dea.rlib" "/opt/rustwide/target/debug/deps/libenum_map-a59edb5a2afb7e3c.rlib" "/opt/rustwide/target/debug/deps/liblazy_static-34736fcc74b41a53.rlib" "/opt/rustwide/target/debug/deps/libparking_lot-abef767bd4787e4a.rlib" "/opt/rustwide/target/debug/deps/libparking_lot_core-9bfdf4c2c848bcf0.rlib" "/opt/rustwide/target/debug/deps/libsmallvec-cae3008cdb7d5db1.rlib" "/opt/rustwide/target/debug/deps/liblock_api-f13c52455762fa47.rlib" "/opt/rustwide/target/debug/deps/libscopeguard-f937485db0060aca.rlib" "/opt/rustwide/target/debug/deps/libxi_unicode-f639012217d5a261.rlib" "/opt/rustwide/target/debug/deps/libunicode_width-678b846d5dec6380.rlib" "/opt/rustwide/target/debug/deps/libunicode_segmentation-cb39aac4d70fdcf2.rlib" "/opt/rustwide/target/debug/deps/libserde_json-95159f5ab3d4ea7e.rlib" "/opt/rustwide/target/debug/deps/libmemchr-d6cb21f6c03ed32f.rlib" "/opt/rustwide/target/debug/deps/libryu-6e02dac7c3b6be75.rlib" "/opt/rustwide/target/debug/deps/libserde-57ec1cdc03f25ebc.rlib" "/opt/rustwide/target/debug/deps/libtime-df35143d2ced3f7a.rlib" "/opt/rustwide/target/debug/deps/libnum_threads-3ec4c6a90389312d.rlib" "/opt/rustwide/target/debug/deps/libitoa-87633a66effadcdd.rlib" "/opt/rustwide/target/debug/deps/libtime_core-f368596cca30f67d.rlib" "/opt/rustwide/target/debug/deps/libnum_conv-a312b8300ce88506.rlib" "/opt/rustwide/target/debug/deps/libderanged-7c3aacebfed7a85e.rlib" "/opt/rustwide/target/debug/deps/libpowerfmt-a584063b8a4e44a4.rlib" "/opt/rustwide/target/debug/deps/liblog-35c349e0e34201c2.rlib" "/opt/rustwide/target/debug/deps/libenumset-9c3d7d910fd87d05.rlib" "/opt/rustwide/target/debug/deps/libcrossbeam_channel-15bcda920dd2a2b8.rlib" "/opt/rustwide/target/debug/deps/libcrossbeam_utils-922404919385f485.rlib" "/opt/rustwide/target/debug/deps/libahash-49a4118d27315fc5.rlib" "/opt/rustwide/target/debug/deps/libgetrandom-a0db36ae950a52bb.rlib" "/opt/rustwide/target/debug/deps/liblibc-ab537429a1f68abe.rlib" "/opt/rustwide/target/debug/deps/libonce_cell-e8dd356c4f9e5246.rlib" "/opt/rustwide/target/debug/deps/libcfg_if-a3e7e701fcd1f47b.rlib" "/opt/rustwide/target/debug/deps/libzerocopy-7d07cba449ed1a54.rlib" "/opt/rustwide/rustup-home/toolchains/beta-2024-12-08-x86_64-unknown-linux-gnu/lib/rustlib/x86_64-unknown-linux-gnu/lib/libstd-02dc84f49135b6b8.rlib" "/opt/rustwide/rustup-home/toolchains/beta-2024-12-08-x86_64-unknown-linux-gnu/lib/rustlib/x86_64-unknown-linux-gnu/lib/libpanic_unwind-a8f45b397fae3f81.rlib" "/opt/rustwide/rustup-home/toolchains/beta-2024-12-08-x86_64-unknown-linux-gnu/lib/rustlib/x86_64-unknown-linux-gnu/lib/libobject-089607133c180609.rlib" "/opt/rustwide/rustup-home/toolchains/beta-2024-12-08-x86_64-unknown-linux-gnu/lib/rustlib/x86_64-unknown-linux-gnu/lib/libmemchr-fc89f091bcd86cbb.rlib" "/opt/rustwide/rustup-home/toolchains/beta-2024-12-08-x86_64-unknown-linux-gnu/lib/rustlib/x86_64-unknown-linux-gnu/lib/libaddr2line-5a60949f01c7340c.rlib" "/opt/rustwide/rustup-home/toolchains/beta-2024-12-08-x86_64-unknown-linux-gnu/lib/rustlib/x86_64-unknown-linux-gnu/lib/libgimli-d29e6a55ca253c8c.rlib" "/opt/rustwide/rustup-home/toolchains/beta-2024-12-08-x86_64-unknown-linux-gnu/lib/rustlib/x86_64-unknown-linux-gnu/lib/librustc_demangle-273c078d5f65de7a.rlib" "/opt/rustwide/rustup-home/toolchains/beta-2024-12-08-x86_64-unknown-linux-gnu/lib/rustlib/x86_64-unknown-linux-gnu/lib/libstd_detect-413c950ffbdd4454.rlib" "/opt/rustwide/rustup-home/toolchains/beta-2024-12-08-x86_64-unknown-linux-gnu/lib/rustlib/x86_64-unknown-linux-gnu/lib/libhashbrown-1853c0976a1d88a6.rlib" "/opt/rustwide/rustup-home/toolchains/beta-2024-12-08-x86_64-unknown-linux-gnu/lib/rustlib/x86_64-unknown-linux-gnu/lib/librustc_std_workspace_alloc-ccb3384ddacb0f9e.rlib" "/opt/rustwide/rustup-home/toolchains/beta-2024-12-08-x86_64-unknown-linux-gnu/lib/rustlib/x86_64-unknown-linux-gnu/lib/libminiz_oxide-0b901dfb0ca849e0.rlib" "/opt/rustwide/rustup-home/toolchains/beta-2024-12-08-x86_64-unknown-linux-gnu/lib/rustlib/x86_64-unknown-linux-gnu/lib/libadler-eebeb8d7c64543ad.rlib" "/opt/rustwide/rustup-home/toolchains/beta-2024-12-08-x86_64-unknown-linux-gnu/lib/rustlib/x86_64-unknown-linux-gnu/lib/libunwind-4723ef81d6079867.rlib" "/opt/rustwide/rustup-home/toolchains/beta-2024-12-08-x86_64-unknown-linux-gnu/lib/rustlib/x86_64-unknown-linux-gnu/lib/libcfg_if-54442f8b422f5a54.rlib" "/opt/rustwide/rustup-home/toolchains/beta-2024-12-08-x86_64-unknown-linux-gnu/lib/rustlib/x86_64-unknown-linux-gnu/lib/liblibc-e0bbe034b5282553.rlib" "/opt/rustwide/rustup-home/toolchains/beta-2024-12-08-x86_64-unknown-linux-gnu/lib/rustlib/x86_64-unknown-linux-gnu/lib/liballoc-d0febb68c1c37b90.rlib" "/opt/rustwide/rustup-home/toolchains/beta-2024-12-08-x86_64-unknown-linux-gnu/lib/rustlib/x86_64-unknown-linux-gnu/lib/librustc_std_workspace_core-4cf833632aafa84c.rlib" "/opt/rustwide/rustup-home/toolchains/beta-2024-12-08-x86_64-unknown-linux-gnu/lib/rustlib/x86_64-unknown-linux-gnu/lib/libcore-65c2c6d2d6ae570b.rlib" "/opt/rustwide/rustup-home/toolchains/beta-2024-12-08-x86_64-unknown-linux-gnu/lib/rustlib/x86_64-unknown-linux-gnu/lib/libcompiler_builtins-97929cee0dcfe424.rlib" "-Wl,-Bdynamic" "-lgcc_s" "-lutil" "-lrt" "-lpthread" "-lm" "-ldl" "-lc" "-Wl,--eh-frame-hdr" "-Wl,-z,noexecstack" "-L" "/opt/rustwide/rustup-home/toolchains/beta-2024-12-08-x86_64-unknown-linux-gnu/lib/rustlib/x86_64-unknown-linux-gnu/lib" "-o" "/tmp/rustdoctestwtHuBG/rust_out" "-Wl,--gc-sections" "-pie" "-Wl,-z,relro,-z,now" "-nodefaultlibs"
[INFO] [stdout]   = note: collect2: fatal error: ld terminated with signal 9 [Killed]
[INFO] [stdout]           compilation terminated.
[INFO] [stdout]           
[INFO] [stdout] 
[INFO] [stdout] error: aborting due to 1 previous error
[INFO] [stdout] 
[INFO] [stdout] Couldn't compile the test.
[INFO] [stdout] ---- src/views/dialog.rs - views::dialog::Dialog::dismiss_button (line 339) stdout ----
[INFO] [stdout] error: linking with `cc` failed: exit status: 1
[INFO] [stdout]   |
[INFO] [stdout]   = note: LC_ALL="C" PATH="/opt/rustwide/rustup-home/toolchains/beta-2024-12-08-x86_64-unknown-linux-gnu/lib/rustlib/x86_64-unknown-linux-gnu/bin:/opt/rustwide/cargo-home/bin:/usr/local/sbin:/usr/local/bin:/usr/sbin:/usr/bin:/sbin:/bin" VSLANG="1033" "cc" "-m64" "/tmp/rustcLrtpOy/symbols.o" "/tmp/rustdoctestS0Kwjc/rust_out.rust_out.9242fac72db2cd11-cgu.0.rcgu.o" "/tmp/rustdoctestS0Kwjc/rust_out.2hl2tb9xdtge7mguxzn2q1kvi.rcgu.o" "-Wl,--as-needed" "-Wl,-Bstatic" "/opt/rustwide/target/debug/deps/libcursive_core-373f366b23729885.rlib" "/opt/rustwide/target/debug/deps/libcompact_str-7eb94887c3827165.rlib" "/opt/rustwide/target/debug/deps/libstatic_assertions-0ef270c4de502b0e.rlib" "/opt/rustwide/target/debug/deps/libcastaway-f3aeff81a610b72b.rlib" "/opt/rustwide/target/debug/deps/libnum-e6aebebef7c4a5c6.rlib" "/opt/rustwide/target/debug/deps/libnum_iter-7e76828d3588f871.rlib" "/opt/rustwide/target/debug/deps/libnum_rational-17ecc3d0979f2469.rlib" "/opt/rustwide/target/debug/deps/libnum_integer-f516243c021a5055.rlib" "/opt/rustwide/target/debug/deps/libnum_complex-04ee1f8b50fcfd2d.rlib" "/opt/rustwide/target/debug/deps/libnum_traits-de3d38f117f82dea.rlib" "/opt/rustwide/target/debug/deps/libenum_map-a59edb5a2afb7e3c.rlib" "/opt/rustwide/target/debug/deps/liblazy_static-34736fcc74b41a53.rlib" "/opt/rustwide/target/debug/deps/libparking_lot-abef767bd4787e4a.rlib" "/opt/rustwide/target/debug/deps/libparking_lot_core-9bfdf4c2c848bcf0.rlib" "/opt/rustwide/target/debug/deps/libsmallvec-cae3008cdb7d5db1.rlib" "/opt/rustwide/target/debug/deps/liblock_api-f13c52455762fa47.rlib" "/opt/rustwide/target/debug/deps/libscopeguard-f937485db0060aca.rlib" "/opt/rustwide/target/debug/deps/libxi_unicode-f639012217d5a261.rlib" "/opt/rustwide/target/debug/deps/libunicode_width-678b846d5dec6380.rlib" "/opt/rustwide/target/debug/deps/libunicode_segmentation-cb39aac4d70fdcf2.rlib" "/opt/rustwide/target/debug/deps/libserde_json-95159f5ab3d4ea7e.rlib" "/opt/rustwide/target/debug/deps/libmemchr-d6cb21f6c03ed32f.rlib" "/opt/rustwide/target/debug/deps/libryu-6e02dac7c3b6be75.rlib" "/opt/rustwide/target/debug/deps/libserde-57ec1cdc03f25ebc.rlib" "/opt/rustwide/target/debug/deps/libtime-df35143d2ced3f7a.rlib" "/opt/rustwide/target/debug/deps/libnum_threads-3ec4c6a90389312d.rlib" "/opt/rustwide/target/debug/deps/libitoa-87633a66effadcdd.rlib" "/opt/rustwide/target/debug/deps/libtime_core-f368596cca30f67d.rlib" "/opt/rustwide/target/debug/deps/libnum_conv-a312b8300ce88506.rlib" "/opt/rustwide/target/debug/deps/libderanged-7c3aacebfed7a85e.rlib" "/opt/rustwide/target/debug/deps/libpowerfmt-a584063b8a4e44a4.rlib" "/opt/rustwide/target/debug/deps/liblog-35c349e0e34201c2.rlib" "/opt/rustwide/target/debug/deps/libenumset-9c3d7d910fd87d05.rlib" "/opt/rustwide/target/debug/deps/libcrossbeam_channel-15bcda920dd2a2b8.rlib" "/opt/rustwide/target/debug/deps/libcrossbeam_utils-922404919385f485.rlib" "/opt/rustwide/target/debug/deps/libahash-49a4118d27315fc5.rlib" "/opt/rustwide/target/debug/deps/libgetrandom-a0db36ae950a52bb.rlib" "/opt/rustwide/target/debug/deps/liblibc-ab537429a1f68abe.rlib" "/opt/rustwide/target/debug/deps/libonce_cell-e8dd356c4f9e5246.rlib" "/opt/rustwide/target/debug/deps/libcfg_if-a3e7e701fcd1f47b.rlib" "/opt/rustwide/target/debug/deps/libzerocopy-7d07cba449ed1a54.rlib" "/opt/rustwide/rustup-home/toolchains/beta-2024-12-08-x86_64-unknown-linux-gnu/lib/rustlib/x86_64-unknown-linux-gnu/lib/libstd-02dc84f49135b6b8.rlib" "/opt/rustwide/rustup-home/toolchains/beta-2024-12-08-x86_64-unknown-linux-gnu/lib/rustlib/x86_64-unknown-linux-gnu/lib/libpanic_unwind-a8f45b397fae3f81.rlib" "/opt/rustwide/rustup-home/toolchains/beta-2024-12-08-x86_64-unknown-linux-gnu/lib/rustlib/x86_64-unknown-linux-gnu/lib/libobject-089607133c180609.rlib" "/opt/rustwide/rustup-home/toolchains/beta-2024-12-08-x86_64-unknown-linux-gnu/lib/rustlib/x86_64-unknown-linux-gnu/lib/libmemchr-fc89f091bcd86cbb.rlib" "/opt/rustwide/rustup-home/toolchains/beta-2024-12-08-x86_64-unknown-linux-gnu/lib/rustlib/x86_64-unknown-linux-gnu/lib/libaddr2line-5a60949f01c7340c.rlib" "/opt/rustwide/rustup-home/toolchains/beta-2024-12-08-x86_64-unknown-linux-gnu/lib/rustlib/x86_64-unknown-linux-gnu/lib/libgimli-d29e6a55ca253c8c.rlib" "/opt/rustwide/rustup-home/toolchains/beta-2024-12-08-x86_64-unknown-linux-gnu/lib/rustlib/x86_64-unknown-linux-gnu/lib/librustc_demangle-273c078d5f65de7a.rlib" "/opt/rustwide/rustup-home/toolchains/beta-2024-12-08-x86_64-unknown-linux-gnu/lib/rustlib/x86_64-unknown-linux-gnu/lib/libstd_detect-413c950ffbdd4454.rlib" "/opt/rustwide/rustup-home/toolchains/beta-2024-12-08-x86_64-unknown-linux-gnu/lib/rustlib/x86_64-unknown-linux-gnu/lib/libhashbrown-1853c0976a1d88a6.rlib" "/opt/rustwide/rustup-home/toolchains/beta-2024-12-08-x86_64-unknown-linux-gnu/lib/rustlib/x86_64-unknown-linux-gnu/lib/librustc_std_workspace_alloc-ccb3384ddacb0f9e.rlib" "/opt/rustwide/rustup-home/toolchains/beta-2024-12-08-x86_64-unknown-linux-gnu/lib/rustlib/x86_64-unknown-linux-gnu/lib/libminiz_oxide-0b901dfb0ca849e0.rlib" "/opt/rustwide/rustup-home/toolchains/beta-2024-12-08-x86_64-unknown-linux-gnu/lib/rustlib/x86_64-unknown-linux-gnu/lib/libadler-eebeb8d7c64543ad.rlib" "/opt/rustwide/rustup-home/toolchains/beta-2024-12-08-x86_64-unknown-linux-gnu/lib/rustlib/x86_64-unknown-linux-gnu/lib/libunwind-4723ef81d6079867.rlib" "/opt/rustwide/rustup-home/toolchains/beta-2024-12-08-x86_64-unknown-linux-gnu/lib/rustlib/x86_64-unknown-linux-gnu/lib/libcfg_if-54442f8b422f5a54.rlib" "/opt/rustwide/rustup-home/toolchains/beta-2024-12-08-x86_64-unknown-linux-gnu/lib/rustlib/x86_64-unknown-linux-gnu/lib/liblibc-e0bbe034b5282553.rlib" "/opt/rustwide/rustup-home/toolchains/beta-2024-12-08-x86_64-unknown-linux-gnu/lib/rustlib/x86_64-unknown-linux-gnu/lib/liballoc-d0febb68c1c37b90.rlib" "/opt/rustwide/rustup-home/toolchains/beta-2024-12-08-x86_64-unknown-linux-gnu/lib/rustlib/x86_64-unknown-linux-gnu/lib/librustc_std_workspace_core-4cf833632aafa84c.rlib" "/opt/rustwide/rustup-home/toolchains/beta-2024-12-08-x86_64-unknown-linux-gnu/lib/rustlib/x86_64-unknown-linux-gnu/lib/libcore-65c2c6d2d6ae570b.rlib" "/opt/rustwide/rustup-home/toolchains/beta-2024-12-08-x86_64-unknown-linux-gnu/lib/rustlib/x86_64-unknown-linux-gnu/lib/libcompiler_builtins-97929cee0dcfe424.rlib" "-Wl,-Bdynamic" "-lgcc_s" "-lutil" "-lrt" "-lpthread" "-lm" "-ldl" "-lc" "-Wl,--eh-frame-hdr" "-Wl,-z,noexecstack" "-L" "/opt/rustwide/rustup-home/toolchains/beta-2024-12-08-x86_64-unknown-linux-gnu/lib/rustlib/x86_64-unknown-linux-gnu/lib" "-o" "/tmp/rustdoctestS0Kwjc/rust_out" "-Wl,--gc-sections" "-pie" "-Wl,-z,relro,-z,now" "-nodefaultlibs"
[INFO] [stdout]   = note: collect2: fatal error: ld terminated with signal 9 [Killed]
[INFO] [stdout]           compilation terminated.
[INFO] [stdout]           
[INFO] [stdout] 
[INFO] [stdout] error: aborting due to 1 previous error
[INFO] [stdout] 
[INFO] [stdout] Couldn't compile the test.
[INFO] [stdout] ---- src/views/dialog.rs - views::dialog::Dialog::text (line 217) stdout ----
[INFO] [stdout] error: linking with `cc` failed: exit status: 1
[INFO] [stdout]   |
[INFO] [stdout]   = note: LC_ALL="C" PATH="/opt/rustwide/rustup-home/toolchains/beta-2024-12-08-x86_64-unknown-linux-gnu/lib/rustlib/x86_64-unknown-linux-gnu/bin:/opt/rustwide/cargo-home/bin:/usr/local/sbin:/usr/local/bin:/usr/sbin:/usr/bin:/sbin:/bin" VSLANG="1033" "cc" "-m64" "/tmp/rustcho24NN/symbols.o" "/tmp/rustdoctestlSoiop/rust_out.rust_out.9242fac72db2cd11-cgu.0.rcgu.o" "/tmp/rustdoctestlSoiop/rust_out.2hl2tb9xdtge7mguxzn2q1kvi.rcgu.o" "-Wl,--as-needed" "-Wl,-Bstatic" "/opt/rustwide/target/debug/deps/libcursive_core-373f366b23729885.rlib" "/opt/rustwide/target/debug/deps/libcompact_str-7eb94887c3827165.rlib" "/opt/rustwide/target/debug/deps/libstatic_assertions-0ef270c4de502b0e.rlib" "/opt/rustwide/target/debug/deps/libcastaway-f3aeff81a610b72b.rlib" "/opt/rustwide/target/debug/deps/libnum-e6aebebef7c4a5c6.rlib" "/opt/rustwide/target/debug/deps/libnum_iter-7e76828d3588f871.rlib" "/opt/rustwide/target/debug/deps/libnum_rational-17ecc3d0979f2469.rlib" "/opt/rustwide/target/debug/deps/libnum_integer-f516243c021a5055.rlib" "/opt/rustwide/target/debug/deps/libnum_complex-04ee1f8b50fcfd2d.rlib" "/opt/rustwide/target/debug/deps/libnum_traits-de3d38f117f82dea.rlib" "/opt/rustwide/target/debug/deps/libenum_map-a59edb5a2afb7e3c.rlib" "/opt/rustwide/target/debug/deps/liblazy_static-34736fcc74b41a53.rlib" "/opt/rustwide/target/debug/deps/libparking_lot-abef767bd4787e4a.rlib" "/opt/rustwide/target/debug/deps/libparking_lot_core-9bfdf4c2c848bcf0.rlib" "/opt/rustwide/target/debug/deps/libsmallvec-cae3008cdb7d5db1.rlib" "/opt/rustwide/target/debug/deps/liblock_api-f13c52455762fa47.rlib" "/opt/rustwide/target/debug/deps/libscopeguard-f937485db0060aca.rlib" "/opt/rustwide/target/debug/deps/libxi_unicode-f639012217d5a261.rlib" "/opt/rustwide/target/debug/deps/libunicode_width-678b846d5dec6380.rlib" "/opt/rustwide/target/debug/deps/libunicode_segmentation-cb39aac4d70fdcf2.rlib" "/opt/rustwide/target/debug/deps/libserde_json-95159f5ab3d4ea7e.rlib" "/opt/rustwide/target/debug/deps/libmemchr-d6cb21f6c03ed32f.rlib" "/opt/rustwide/target/debug/deps/libryu-6e02dac7c3b6be75.rlib" "/opt/rustwide/target/debug/deps/libserde-57ec1cdc03f25ebc.rlib" "/opt/rustwide/target/debug/deps/libtime-df35143d2ced3f7a.rlib" "/opt/rustwide/target/debug/deps/libnum_threads-3ec4c6a90389312d.rlib" "/opt/rustwide/target/debug/deps/libitoa-87633a66effadcdd.rlib" "/opt/rustwide/target/debug/deps/libtime_core-f368596cca30f67d.rlib" "/opt/rustwide/target/debug/deps/libnum_conv-a312b8300ce88506.rlib" "/opt/rustwide/target/debug/deps/libderanged-7c3aacebfed7a85e.rlib" "/opt/rustwide/target/debug/deps/libpowerfmt-a584063b8a4e44a4.rlib" "/opt/rustwide/target/debug/deps/liblog-35c349e0e34201c2.rlib" "/opt/rustwide/target/debug/deps/libenumset-9c3d7d910fd87d05.rlib" "/opt/rustwide/target/debug/deps/libcrossbeam_channel-15bcda920dd2a2b8.rlib" "/opt/rustwide/target/debug/deps/libcrossbeam_utils-922404919385f485.rlib" "/opt/rustwide/target/debug/deps/libahash-49a4118d27315fc5.rlib" "/opt/rustwide/target/debug/deps/libgetrandom-a0db36ae950a52bb.rlib" "/opt/rustwide/target/debug/deps/liblibc-ab537429a1f68abe.rlib" "/opt/rustwide/target/debug/deps/libonce_cell-e8dd356c4f9e5246.rlib" "/opt/rustwide/target/debug/deps/libcfg_if-a3e7e701fcd1f47b.rlib" "/opt/rustwide/target/debug/deps/libzerocopy-7d07cba449ed1a54.rlib" "/opt/rustwide/rustup-home/toolchains/beta-2024-12-08-x86_64-unknown-linux-gnu/lib/rustlib/x86_64-unknown-linux-gnu/lib/libstd-02dc84f49135b6b8.rlib" "/opt/rustwide/rustup-home/toolchains/beta-2024-12-08-x86_64-unknown-linux-gnu/lib/rustlib/x86_64-unknown-linux-gnu/lib/libpanic_unwind-a8f45b397fae3f81.rlib" "/opt/rustwide/rustup-home/toolchains/beta-2024-12-08-x86_64-unknown-linux-gnu/lib/rustlib/x86_64-unknown-linux-gnu/lib/libobject-089607133c180609.rlib" "/opt/rustwide/rustup-home/toolchains/beta-2024-12-08-x86_64-unknown-linux-gnu/lib/rustlib/x86_64-unknown-linux-gnu/lib/libmemchr-fc89f091bcd86cbb.rlib" "/opt/rustwide/rustup-home/toolchains/beta-2024-12-08-x86_64-unknown-linux-gnu/lib/rustlib/x86_64-unknown-linux-gnu/lib/libaddr2line-5a60949f01c7340c.rlib" "/opt/rustwide/rustup-home/toolchains/beta-2024-12-08-x86_64-unknown-linux-gnu/lib/rustlib/x86_64-unknown-linux-gnu/lib/libgimli-d29e6a55ca253c8c.rlib" "/opt/rustwide/rustup-home/toolchains/beta-2024-12-08-x86_64-unknown-linux-gnu/lib/rustlib/x86_64-unknown-linux-gnu/lib/librustc_demangle-273c078d5f65de7a.rlib" "/opt/rustwide/rustup-home/toolchains/beta-2024-12-08-x86_64-unknown-linux-gnu/lib/rustlib/x86_64-unknown-linux-gnu/lib/libstd_detect-413c950ffbdd4454.rlib" "/opt/rustwide/rustup-home/toolchains/beta-2024-12-08-x86_64-unknown-linux-gnu/lib/rustlib/x86_64-unknown-linux-gnu/lib/libhashbrown-1853c0976a1d88a6.rlib" "/opt/rustwide/rustup-home/toolchains/beta-2024-12-08-x86_64-unknown-linux-gnu/lib/rustlib/x86_64-unknown-linux-gnu/lib/librustc_std_workspace_alloc-ccb3384ddacb0f9e.rlib" "/opt/rustwide/rustup-home/toolchains/beta-2024-12-08-x86_64-unknown-linux-gnu/lib/rustlib/x86_64-unknown-linux-gnu/lib/libminiz_oxide-0b901dfb0ca849e0.rlib" "/opt/rustwide/rustup-home/toolchains/beta-2024-12-08-x86_64-unknown-linux-gnu/lib/rustlib/x86_64-unknown-linux-gnu/lib/libadler-eebeb8d7c64543ad.rlib" "/opt/rustwide/rustup-home/toolchains/beta-2024-12-08-x86_64-unknown-linux-gnu/lib/rustlib/x86_64-unknown-linux-gnu/lib/libunwind-4723ef81d6079867.rlib" "/opt/rustwide/rustup-home/toolchains/beta-2024-12-08-x86_64-unknown-linux-gnu/lib/rustlib/x86_64-unknown-linux-gnu/lib/libcfg_if-54442f8b422f5a54.rlib" "/opt/rustwide/rustup-home/toolchains/beta-2024-12-08-x86_64-unknown-linux-gnu/lib/rustlib/x86_64-unknown-linux-gnu/lib/liblibc-e0bbe034b5282553.rlib" "/opt/rustwide/rustup-home/toolchains/beta-2024-12-08-x86_64-unknown-linux-gnu/lib/rustlib/x86_64-unknown-linux-gnu/lib/liballoc-d0febb68c1c37b90.rlib" "/opt/rustwide/rustup-home/toolchains/beta-2024-12-08-x86_64-unknown-linux-gnu/lib/rustlib/x86_64-unknown-linux-gnu/lib/librustc_std_workspace_core-4cf833632aafa84c.rlib" "/opt/rustwide/rustup-home/toolchains/beta-2024-12-08-x86_64-unknown-linux-gnu/lib/rustlib/x86_64-unknown-linux-gnu/lib/libcore-65c2c6d2d6ae570b.rlib" "/opt/rustwide/rustup-home/toolchains/beta-2024-12-08-x86_64-unknown-linux-gnu/lib/rustlib/x86_64-unknown-linux-gnu/lib/libcompiler_builtins-97929cee0dcfe424.rlib" "-Wl,-Bdynamic" "-lgcc_s" "-lutil" "-lrt" "-lpthread" "-lm" "-ldl" "-lc" "-Wl,--eh-frame-hdr" "-Wl,-z,noexecstack" "-L" "/opt/rustwide/rustup-home/toolchains/beta-2024-12-08-x86_64-unknown-linux-gnu/lib/rustlib/x86_64-unknown-linux-gnu/lib" "-o" "/tmp/rustdoctestlSoiop/rust_out" "-Wl,--gc-sections" "-pie" "-Wl,-z,relro,-z,now" "-nodefaultlibs"
[INFO] [stdout]   = note: collect2: fatal error: ld terminated with signal 9 [Killed]
[INFO] [stdout]           compilation terminated.
[INFO] [stdout]           
[INFO] [stdout] 
[INFO] [stdout] error: aborting due to 1 previous error
[INFO] [stdout] 
[INFO] [stdout] Couldn't compile the test.
[INFO] [stdout] ---- src/views/on_event_view.rs - views::on_event_view::OnEventView<T>::on_event (line 95) stdout ----
[INFO] [stdout] error: linking with `cc` failed: exit status: 1
[INFO] [stdout]   |
[INFO] [stdout]   = note: LC_ALL="C" PATH="/opt/rustwide/rustup-home/toolchains/beta-2024-12-08-x86_64-unknown-linux-gnu/lib/rustlib/x86_64-unknown-linux-gnu/bin:/opt/rustwide/cargo-home/bin:/usr/local/sbin:/usr/local/bin:/usr/sbin:/usr/bin:/sbin:/bin" VSLANG="1033" "cc" "-m64" "/tmp/rustcN2oj1w/symbols.o" "/tmp/rustdoctestXRrznE/rust_out.rust_out.9242fac72db2cd11-cgu.0.rcgu.o" "/tmp/rustdoctestXRrznE/rust_out.2hl2tb9xdtge7mguxzn2q1kvi.rcgu.o" "-Wl,--as-needed" "-Wl,-Bstatic" "/opt/rustwide/target/debug/deps/libcursive_core-373f366b23729885.rlib" "/opt/rustwide/target/debug/deps/libcompact_str-7eb94887c3827165.rlib" "/opt/rustwide/target/debug/deps/libstatic_assertions-0ef270c4de502b0e.rlib" "/opt/rustwide/target/debug/deps/libcastaway-f3aeff81a610b72b.rlib" "/opt/rustwide/target/debug/deps/libnum-e6aebebef7c4a5c6.rlib" "/opt/rustwide/target/debug/deps/libnum_iter-7e76828d3588f871.rlib" "/opt/rustwide/target/debug/deps/libnum_rational-17ecc3d0979f2469.rlib" "/opt/rustwide/target/debug/deps/libnum_integer-f516243c021a5055.rlib" "/opt/rustwide/target/debug/deps/libnum_complex-04ee1f8b50fcfd2d.rlib" "/opt/rustwide/target/debug/deps/libnum_traits-de3d38f117f82dea.rlib" "/opt/rustwide/target/debug/deps/libenum_map-a59edb5a2afb7e3c.rlib" "/opt/rustwide/target/debug/deps/liblazy_static-34736fcc74b41a53.rlib" "/opt/rustwide/target/debug/deps/libparking_lot-abef767bd4787e4a.rlib" "/opt/rustwide/target/debug/deps/libparking_lot_core-9bfdf4c2c848bcf0.rlib" "/opt/rustwide/target/debug/deps/libsmallvec-cae3008cdb7d5db1.rlib" "/opt/rustwide/target/debug/deps/liblock_api-f13c52455762fa47.rlib" "/opt/rustwide/target/debug/deps/libscopeguard-f937485db0060aca.rlib" "/opt/rustwide/target/debug/deps/libxi_unicode-f639012217d5a261.rlib" "/opt/rustwide/target/debug/deps/libunicode_width-678b846d5dec6380.rlib" "/opt/rustwide/target/debug/deps/libunicode_segmentation-cb39aac4d70fdcf2.rlib" "/opt/rustwide/target/debug/deps/libserde_json-95159f5ab3d4ea7e.rlib" "/opt/rustwide/target/debug/deps/libmemchr-d6cb21f6c03ed32f.rlib" "/opt/rustwide/target/debug/deps/libryu-6e02dac7c3b6be75.rlib" "/opt/rustwide/target/debug/deps/libserde-57ec1cdc03f25ebc.rlib" "/opt/rustwide/target/debug/deps/libtime-df35143d2ced3f7a.rlib" "/opt/rustwide/target/debug/deps/libnum_threads-3ec4c6a90389312d.rlib" "/opt/rustwide/target/debug/deps/libitoa-87633a66effadcdd.rlib" "/opt/rustwide/target/debug/deps/libtime_core-f368596cca30f67d.rlib" "/opt/rustwide/target/debug/deps/libnum_conv-a312b8300ce88506.rlib" "/opt/rustwide/target/debug/deps/libderanged-7c3aacebfed7a85e.rlib" "/opt/rustwide/target/debug/deps/libpowerfmt-a584063b8a4e44a4.rlib" "/opt/rustwide/target/debug/deps/liblog-35c349e0e34201c2.rlib" "/opt/rustwide/target/debug/deps/libenumset-9c3d7d910fd87d05.rlib" "/opt/rustwide/target/debug/deps/libcrossbeam_channel-15bcda920dd2a2b8.rlib" "/opt/rustwide/target/debug/deps/libcrossbeam_utils-922404919385f485.rlib" "/opt/rustwide/target/debug/deps/libahash-49a4118d27315fc5.rlib" "/opt/rustwide/target/debug/deps/libgetrandom-a0db36ae950a52bb.rlib" "/opt/rustwide/target/debug/deps/liblibc-ab537429a1f68abe.rlib" "/opt/rustwide/target/debug/deps/libonce_cell-e8dd356c4f9e5246.rlib" "/opt/rustwide/target/debug/deps/libcfg_if-a3e7e701fcd1f47b.rlib" "/opt/rustwide/target/debug/deps/libzerocopy-7d07cba449ed1a54.rlib" "/opt/rustwide/rustup-home/toolchains/beta-2024-12-08-x86_64-unknown-linux-gnu/lib/rustlib/x86_64-unknown-linux-gnu/lib/libstd-02dc84f49135b6b8.rlib" "/opt/rustwide/rustup-home/toolchains/beta-2024-12-08-x86_64-unknown-linux-gnu/lib/rustlib/x86_64-unknown-linux-gnu/lib/libpanic_unwind-a8f45b397fae3f81.rlib" "/opt/rustwide/rustup-home/toolchains/beta-2024-12-08-x86_64-unknown-linux-gnu/lib/rustlib/x86_64-unknown-linux-gnu/lib/libobject-089607133c180609.rlib" "/opt/rustwide/rustup-home/toolchains/beta-2024-12-08-x86_64-unknown-linux-gnu/lib/rustlib/x86_64-unknown-linux-gnu/lib/libmemchr-fc89f091bcd86cbb.rlib" "/opt/rustwide/rustup-home/toolchains/beta-2024-12-08-x86_64-unknown-linux-gnu/lib/rustlib/x86_64-unknown-linux-gnu/lib/libaddr2line-5a60949f01c7340c.rlib" "/opt/rustwide/rustup-home/toolchains/beta-2024-12-08-x86_64-unknown-linux-gnu/lib/rustlib/x86_64-unknown-linux-gnu/lib/libgimli-d29e6a55ca253c8c.rlib" "/opt/rustwide/rustup-home/toolchains/beta-2024-12-08-x86_64-unknown-linux-gnu/lib/rustlib/x86_64-unknown-linux-gnu/lib/librustc_demangle-273c078d5f65de7a.rlib" "/opt/rustwide/rustup-home/toolchains/beta-2024-12-08-x86_64-unknown-linux-gnu/lib/rustlib/x86_64-unknown-linux-gnu/lib/libstd_detect-413c950ffbdd4454.rlib" "/opt/rustwide/rustup-home/toolchains/beta-2024-12-08-x86_64-unknown-linux-gnu/lib/rustlib/x86_64-unknown-linux-gnu/lib/libhashbrown-1853c0976a1d88a6.rlib" "/opt/rustwide/rustup-home/toolchains/beta-2024-12-08-x86_64-unknown-linux-gnu/lib/rustlib/x86_64-unknown-linux-gnu/lib/librustc_std_workspace_alloc-ccb3384ddacb0f9e.rlib" "/opt/rustwide/rustup-home/toolchains/beta-2024-12-08-x86_64-unknown-linux-gnu/lib/rustlib/x86_64-unknown-linux-gnu/lib/libminiz_oxide-0b901dfb0ca849e0.rlib" "/opt/rustwide/rustup-home/toolchains/beta-2024-12-08-x86_64-unknown-linux-gnu/lib/rustlib/x86_64-unknown-linux-gnu/lib/libadler-eebeb8d7c64543ad.rlib" "/opt/rustwide/rustup-home/toolchains/beta-2024-12-08-x86_64-unknown-linux-gnu/lib/rustlib/x86_64-unknown-linux-gnu/lib/libunwind-4723ef81d6079867.rlib" "/opt/rustwide/rustup-home/toolchains/beta-2024-12-08-x86_64-unknown-linux-gnu/lib/rustlib/x86_64-unknown-linux-gnu/lib/libcfg_if-54442f8b422f5a54.rlib" "/opt/rustwide/rustup-home/toolchains/beta-2024-12-08-x86_64-unknown-linux-gnu/lib/rustlib/x86_64-unknown-linux-gnu/lib/liblibc-e0bbe034b5282553.rlib" "/opt/rustwide/rustup-home/toolchains/beta-2024-12-08-x86_64-unknown-linux-gnu/lib/rustlib/x86_64-unknown-linux-gnu/lib/liballoc-d0febb68c1c37b90.rlib" "/opt/rustwide/rustup-home/toolchains/beta-2024-12-08-x86_64-unknown-linux-gnu/lib/rustlib/x86_64-unknown-linux-gnu/lib/librustc_std_workspace_core-4cf833632aafa84c.rlib" "/opt/rustwide/rustup-home/toolchains/beta-2024-12-08-x86_64-unknown-linux-gnu/lib/rustlib/x86_64-unknown-linux-gnu/lib/libcore-65c2c6d2d6ae570b.rlib" "/opt/rustwide/rustup-home/toolchains/beta-2024-12-08-x86_64-unknown-linux-gnu/lib/rustlib/x86_64-unknown-linux-gnu/lib/libcompiler_builtins-97929cee0dcfe424.rlib" "-Wl,-Bdynamic" "-lgcc_s" "-lutil" "-lrt" "-lpthread" "-lm" "-ldl" "-lc" "-Wl,--eh-frame-hdr" "-Wl,-z,noexecstack" "-L" "/opt/rustwide/rustup-home/toolchains/beta-2024-12-08-x86_64-unknown-linux-gnu/lib/rustlib/x86_64-unknown-linux-gnu/lib" "-o" "/tmp/rustdoctestXRrznE/rust_out" "-Wl,--gc-sections" "-pie" "-Wl,-z,relro,-z,now" "-nodefaultlibs"
[INFO] [stdout]   = note: collect2: fatal error: ld terminated with signal 9 [Killed]
[INFO] [stdout]           compilation terminated.
[INFO] [stdout]           
[INFO] [stdout] 
[INFO] [stdout] error: aborting due to 1 previous error
[INFO] [stdout] 
[INFO] [stdout] Couldn't compile the test.
[INFO] [stdout] ---- src/views/select_view.rs - views::select_view::SelectView (line 28) stdout ----
[INFO] [stdout] error: linking with `cc` failed: exit status: 1
[INFO] [stdout]   |
[INFO] [stdout]   = note: LC_ALL="C" PATH="/opt/rustwide/rustup-home/toolchains/beta-2024-12-08-x86_64-unknown-linux-gnu/lib/rustlib/x86_64-unknown-linux-gnu/bin:/opt/rustwide/cargo-home/bin:/usr/local/sbin:/usr/local/bin:/usr/sbin:/usr/bin:/sbin:/bin" VSLANG="1033" "cc" "-m64" "/tmp/rustcEkKxqg/symbols.o" "/tmp/rustdoctestXzmRZG/rust_out.rust_out.9242fac72db2cd11-cgu.0.rcgu.o" "/tmp/rustdoctestXzmRZG/rust_out.2hl2tb9xdtge7mguxzn2q1kvi.rcgu.o" "-Wl,--as-needed" "-Wl,-Bstatic" "/opt/rustwide/target/debug/deps/libcursive_core-373f366b23729885.rlib" "/opt/rustwide/target/debug/deps/libcompact_str-7eb94887c3827165.rlib" "/opt/rustwide/target/debug/deps/libstatic_assertions-0ef270c4de502b0e.rlib" "/opt/rustwide/target/debug/deps/libcastaway-f3aeff81a610b72b.rlib" "/opt/rustwide/target/debug/deps/libnum-e6aebebef7c4a5c6.rlib" "/opt/rustwide/target/debug/deps/libnum_iter-7e76828d3588f871.rlib" "/opt/rustwide/target/debug/deps/libnum_rational-17ecc3d0979f2469.rlib" "/opt/rustwide/target/debug/deps/libnum_integer-f516243c021a5055.rlib" "/opt/rustwide/target/debug/deps/libnum_complex-04ee1f8b50fcfd2d.rlib" "/opt/rustwide/target/debug/deps/libnum_traits-de3d38f117f82dea.rlib" "/opt/rustwide/target/debug/deps/libenum_map-a59edb5a2afb7e3c.rlib" "/opt/rustwide/target/debug/deps/liblazy_static-34736fcc74b41a53.rlib" "/opt/rustwide/target/debug/deps/libparking_lot-abef767bd4787e4a.rlib" "/opt/rustwide/target/debug/deps/libparking_lot_core-9bfdf4c2c848bcf0.rlib" "/opt/rustwide/target/debug/deps/libsmallvec-cae3008cdb7d5db1.rlib" "/opt/rustwide/target/debug/deps/liblock_api-f13c52455762fa47.rlib" "/opt/rustwide/target/debug/deps/libscopeguard-f937485db0060aca.rlib" "/opt/rustwide/target/debug/deps/libxi_unicode-f639012217d5a261.rlib" "/opt/rustwide/target/debug/deps/libunicode_width-678b846d5dec6380.rlib" "/opt/rustwide/target/debug/deps/libunicode_segmentation-cb39aac4d70fdcf2.rlib" "/opt/rustwide/target/debug/deps/libserde_json-95159f5ab3d4ea7e.rlib" "/opt/rustwide/target/debug/deps/libmemchr-d6cb21f6c03ed32f.rlib" "/opt/rustwide/target/debug/deps/libryu-6e02dac7c3b6be75.rlib" "/opt/rustwide/target/debug/deps/libserde-57ec1cdc03f25ebc.rlib" "/opt/rustwide/target/debug/deps/libtime-df35143d2ced3f7a.rlib" "/opt/rustwide/target/debug/deps/libnum_threads-3ec4c6a90389312d.rlib" "/opt/rustwide/target/debug/deps/libitoa-87633a66effadcdd.rlib" "/opt/rustwide/target/debug/deps/libtime_core-f368596cca30f67d.rlib" "/opt/rustwide/target/debug/deps/libnum_conv-a312b8300ce88506.rlib" "/opt/rustwide/target/debug/deps/libderanged-7c3aacebfed7a85e.rlib" "/opt/rustwide/target/debug/deps/libpowerfmt-a584063b8a4e44a4.rlib" "/opt/rustwide/target/debug/deps/liblog-35c349e0e34201c2.rlib" "/opt/rustwide/target/debug/deps/libenumset-9c3d7d910fd87d05.rlib" "/opt/rustwide/target/debug/deps/libcrossbeam_channel-15bcda920dd2a2b8.rlib" "/opt/rustwide/target/debug/deps/libcrossbeam_utils-922404919385f485.rlib" "/opt/rustwide/target/debug/deps/libahash-49a4118d27315fc5.rlib" "/opt/rustwide/target/debug/deps/libgetrandom-a0db36ae950a52bb.rlib" "/opt/rustwide/target/debug/deps/liblibc-ab537429a1f68abe.rlib" "/opt/rustwide/target/debug/deps/libonce_cell-e8dd356c4f9e5246.rlib" "/opt/rustwide/target/debug/deps/libcfg_if-a3e7e701fcd1f47b.rlib" "/opt/rustwide/target/debug/deps/libzerocopy-7d07cba449ed1a54.rlib" "/opt/rustwide/rustup-home/toolchains/beta-2024-12-08-x86_64-unknown-linux-gnu/lib/rustlib/x86_64-unknown-linux-gnu/lib/libstd-02dc84f49135b6b8.rlib" "/opt/rustwide/rustup-home/toolchains/beta-2024-12-08-x86_64-unknown-linux-gnu/lib/rustlib/x86_64-unknown-linux-gnu/lib/libpanic_unwind-a8f45b397fae3f81.rlib" "/opt/rustwide/rustup-home/toolchains/beta-2024-12-08-x86_64-unknown-linux-gnu/lib/rustlib/x86_64-unknown-linux-gnu/lib/libobject-089607133c180609.rlib" "/opt/rustwide/rustup-home/toolchains/beta-2024-12-08-x86_64-unknown-linux-gnu/lib/rustlib/x86_64-unknown-linux-gnu/lib/libmemchr-fc89f091bcd86cbb.rlib" "/opt/rustwide/rustup-home/toolchains/beta-2024-12-08-x86_64-unknown-linux-gnu/lib/rustlib/x86_64-unknown-linux-gnu/lib/libaddr2line-5a60949f01c7340c.rlib" "/opt/rustwide/rustup-home/toolchains/beta-2024-12-08-x86_64-unknown-linux-gnu/lib/rustlib/x86_64-unknown-linux-gnu/lib/libgimli-d29e6a55ca253c8c.rlib" "/opt/rustwide/rustup-home/toolchains/beta-2024-12-08-x86_64-unknown-linux-gnu/lib/rustlib/x86_64-unknown-linux-gnu/lib/librustc_demangle-273c078d5f65de7a.rlib" "/opt/rustwide/rustup-home/toolchains/beta-2024-12-08-x86_64-unknown-linux-gnu/lib/rustlib/x86_64-unknown-linux-gnu/lib/libstd_detect-413c950ffbdd4454.rlib" "/opt/rustwide/rustup-home/toolchains/beta-2024-12-08-x86_64-unknown-linux-gnu/lib/rustlib/x86_64-unknown-linux-gnu/lib/libhashbrown-1853c0976a1d88a6.rlib" "/opt/rustwide/rustup-home/toolchains/beta-2024-12-08-x86_64-unknown-linux-gnu/lib/rustlib/x86_64-unknown-linux-gnu/lib/librustc_std_workspace_alloc-ccb3384ddacb0f9e.rlib" "/opt/rustwide/rustup-home/toolchains/beta-2024-12-08-x86_64-unknown-linux-gnu/lib/rustlib/x86_64-unknown-linux-gnu/lib/libminiz_oxide-0b901dfb0ca849e0.rlib" "/opt/rustwide/rustup-home/toolchains/beta-2024-12-08-x86_64-unknown-linux-gnu/lib/rustlib/x86_64-unknown-linux-gnu/lib/libadler-eebeb8d7c64543ad.rlib" "/opt/rustwide/rustup-home/toolchains/beta-2024-12-08-x86_64-unknown-linux-gnu/lib/rustlib/x86_64-unknown-linux-gnu/lib/libunwind-4723ef81d6079867.rlib" "/opt/rustwide/rustup-home/toolchains/beta-2024-12-08-x86_64-unknown-linux-gnu/lib/rustlib/x86_64-unknown-linux-gnu/lib/libcfg_if-54442f8b422f5a54.rlib" "/opt/rustwide/rustup-home/toolchains/beta-2024-12-08-x86_64-unknown-linux-gnu/lib/rustlib/x86_64-unknown-linux-gnu/lib/liblibc-e0bbe034b5282553.rlib" "/opt/rustwide/rustup-home/toolchains/beta-2024-12-08-x86_64-unknown-linux-gnu/lib/rustlib/x86_64-unknown-linux-gnu/lib/liballoc-d0febb68c1c37b90.rlib" "/opt/rustwide/rustup-home/toolchains/beta-2024-12-08-x86_64-unknown-linux-gnu/lib/rustlib/x86_64-unknown-linux-gnu/lib/librustc_std_workspace_core-4cf833632aafa84c.rlib" "/opt/rustwide/rustup-home/toolchains/beta-2024-12-08-x86_64-unknown-linux-gnu/lib/rustlib/x86_64-unknown-linux-gnu/lib/libcore-65c2c6d2d6ae570b.rlib" "/opt/rustwide/rustup-home/toolchains/beta-2024-12-08-x86_64-unknown-linux-gnu/lib/rustlib/x86_64-unknown-linux-gnu/lib/libcompiler_builtins-97929cee0dcfe424.rlib" "-Wl,-Bdynamic" "-lgcc_s" "-lutil" "-lrt" "-lpthread" "-lm" "-ldl" "-lc" "-Wl,--eh-frame-hdr" "-Wl,-z,noexecstack" "-L" "/opt/rustwide/rustup-home/toolchains/beta-2024-12-08-x86_64-unknown-linux-gnu/lib/rustlib/x86_64-unknown-linux-gnu/lib" "-o" "/tmp/rustdoctestXzmRZG/rust_out" "-Wl,--gc-sections" "-pie" "-Wl,-z,relro,-z,now" "-nodefaultlibs"
[INFO] [stdout]   = note: collect2: fatal error: ld terminated with signal 9 [Killed]
[INFO] [stdout]           compilation terminated.
[INFO] [stdout]           
[INFO] [stdout] 
[INFO] [stdout] error: aborting due to 1 previous error
[INFO] [stdout] 
[INFO] [stdout] Couldn't compile the test.
[INFO] [stdout] ---- src/xy.rs - xy::XY<T>::map (line 84) stdout ----
[INFO] [stdout] error: linking with `cc` failed: exit status: 1
[INFO] [stdout]   |
[INFO] [stdout]   = note: LC_ALL="C" PATH="/opt/rustwide/rustup-home/toolchains/beta-2024-12-08-x86_64-unknown-linux-gnu/lib/rustlib/x86_64-unknown-linux-gnu/bin:/opt/rustwide/cargo-home/bin:/usr/local/sbin:/usr/local/bin:/usr/sbin:/usr/bin:/sbin:/bin" VSLANG="1033" "cc" "-m64" "/tmp/rustcB8RwgE/symbols.o" "/tmp/rustdoctestqclQ8h/rust_out.rust_out.9242fac72db2cd11-cgu.0.rcgu.o" "/tmp/rustdoctestqclQ8h/rust_out.2hl2tb9xdtge7mguxzn2q1kvi.rcgu.o" "-Wl,--as-needed" "-Wl,-Bstatic" "/opt/rustwide/target/debug/deps/libcursive_core-373f366b23729885.rlib" "/opt/rustwide/target/debug/deps/libcompact_str-7eb94887c3827165.rlib" "/opt/rustwide/target/debug/deps/libstatic_assertions-0ef270c4de502b0e.rlib" "/opt/rustwide/target/debug/deps/libcastaway-f3aeff81a610b72b.rlib" "/opt/rustwide/target/debug/deps/libnum-e6aebebef7c4a5c6.rlib" "/opt/rustwide/target/debug/deps/libnum_iter-7e76828d3588f871.rlib" "/opt/rustwide/target/debug/deps/libnum_rational-17ecc3d0979f2469.rlib" "/opt/rustwide/target/debug/deps/libnum_integer-f516243c021a5055.rlib" "/opt/rustwide/target/debug/deps/libnum_complex-04ee1f8b50fcfd2d.rlib" "/opt/rustwide/target/debug/deps/libnum_traits-de3d38f117f82dea.rlib" "/opt/rustwide/target/debug/deps/libenum_map-a59edb5a2afb7e3c.rlib" "/opt/rustwide/target/debug/deps/liblazy_static-34736fcc74b41a53.rlib" "/opt/rustwide/target/debug/deps/libparking_lot-abef767bd4787e4a.rlib" "/opt/rustwide/target/debug/deps/libparking_lot_core-9bfdf4c2c848bcf0.rlib" "/opt/rustwide/target/debug/deps/libsmallvec-cae3008cdb7d5db1.rlib" "/opt/rustwide/target/debug/deps/liblock_api-f13c52455762fa47.rlib" "/opt/rustwide/target/debug/deps/libscopeguard-f937485db0060aca.rlib" "/opt/rustwide/target/debug/deps/libxi_unicode-f639012217d5a261.rlib" "/opt/rustwide/target/debug/deps/libunicode_width-678b846d5dec6380.rlib" "/opt/rustwide/target/debug/deps/libunicode_segmentation-cb39aac4d70fdcf2.rlib" "/opt/rustwide/target/debug/deps/libserde_json-95159f5ab3d4ea7e.rlib" "/opt/rustwide/target/debug/deps/libmemchr-d6cb21f6c03ed32f.rlib" "/opt/rustwide/target/debug/deps/libryu-6e02dac7c3b6be75.rlib" "/opt/rustwide/target/debug/deps/libserde-57ec1cdc03f25ebc.rlib" "/opt/rustwide/target/debug/deps/libtime-df35143d2ced3f7a.rlib" "/opt/rustwide/target/debug/deps/libnum_threads-3ec4c6a90389312d.rlib" "/opt/rustwide/target/debug/deps/libitoa-87633a66effadcdd.rlib" "/opt/rustwide/target/debug/deps/libtime_core-f368596cca30f67d.rlib" "/opt/rustwide/target/debug/deps/libnum_conv-a312b8300ce88506.rlib" "/opt/rustwide/target/debug/deps/libderanged-7c3aacebfed7a85e.rlib" "/opt/rustwide/target/debug/deps/libpowerfmt-a584063b8a4e44a4.rlib" "/opt/rustwide/target/debug/deps/liblog-35c349e0e34201c2.rlib" "/opt/rustwide/target/debug/deps/libenumset-9c3d7d910fd87d05.rlib" "/opt/rustwide/target/debug/deps/libcrossbeam_channel-15bcda920dd2a2b8.rlib" "/opt/rustwide/target/debug/deps/libcrossbeam_utils-922404919385f485.rlib" "/opt/rustwide/target/debug/deps/libahash-49a4118d27315fc5.rlib" "/opt/rustwide/target/debug/deps/libgetrandom-a0db36ae950a52bb.rlib" "/opt/rustwide/target/debug/deps/liblibc-ab537429a1f68abe.rlib" "/opt/rustwide/target/debug/deps/libonce_cell-e8dd356c4f9e5246.rlib" "/opt/rustwide/target/debug/deps/libcfg_if-a3e7e701fcd1f47b.rlib" "/opt/rustwide/target/debug/deps/libzerocopy-7d07cba449ed1a54.rlib" "/opt/rustwide/rustup-home/toolchains/beta-2024-12-08-x86_64-unknown-linux-gnu/lib/rustlib/x86_64-unknown-linux-gnu/lib/libstd-02dc84f49135b6b8.rlib" "/opt/rustwide/rustup-home/toolchains/beta-2024-12-08-x86_64-unknown-linux-gnu/lib/rustlib/x86_64-unknown-linux-gnu/lib/libpanic_unwind-a8f45b397fae3f81.rlib" "/opt/rustwide/rustup-home/toolchains/beta-2024-12-08-x86_64-unknown-linux-gnu/lib/rustlib/x86_64-unknown-linux-gnu/lib/libobject-089607133c180609.rlib" "/opt/rustwide/rustup-home/toolchains/beta-2024-12-08-x86_64-unknown-linux-gnu/lib/rustlib/x86_64-unknown-linux-gnu/lib/libmemchr-fc89f091bcd86cbb.rlib" "/opt/rustwide/rustup-home/toolchains/beta-2024-12-08-x86_64-unknown-linux-gnu/lib/rustlib/x86_64-unknown-linux-gnu/lib/libaddr2line-5a60949f01c7340c.rlib" "/opt/rustwide/rustup-home/toolchains/beta-2024-12-08-x86_64-unknown-linux-gnu/lib/rustlib/x86_64-unknown-linux-gnu/lib/libgimli-d29e6a55ca253c8c.rlib" "/opt/rustwide/rustup-home/toolchains/beta-2024-12-08-x86_64-unknown-linux-gnu/lib/rustlib/x86_64-unknown-linux-gnu/lib/librustc_demangle-273c078d5f65de7a.rlib" "/opt/rustwide/rustup-home/toolchains/beta-2024-12-08-x86_64-unknown-linux-gnu/lib/rustlib/x86_64-unknown-linux-gnu/lib/libstd_detect-413c950ffbdd4454.rlib" "/opt/rustwide/rustup-home/toolchains/beta-2024-12-08-x86_64-unknown-linux-gnu/lib/rustlib/x86_64-unknown-linux-gnu/lib/libhashbrown-1853c0976a1d88a6.rlib" "/opt/rustwide/rustup-home/toolchains/beta-2024-12-08-x86_64-unknown-linux-gnu/lib/rustlib/x86_64-unknown-linux-gnu/lib/librustc_std_workspace_alloc-ccb3384ddacb0f9e.rlib" "/opt/rustwide/rustup-home/toolchains/beta-2024-12-08-x86_64-unknown-linux-gnu/lib/rustlib/x86_64-unknown-linux-gnu/lib/libminiz_oxide-0b901dfb0ca849e0.rlib" "/opt/rustwide/rustup-home/toolchains/beta-2024-12-08-x86_64-unknown-linux-gnu/lib/rustlib/x86_64-unknown-linux-gnu/lib/libadler-eebeb8d7c64543ad.rlib" "/opt/rustwide/rustup-home/toolchains/beta-2024-12-08-x86_64-unknown-linux-gnu/lib/rustlib/x86_64-unknown-linux-gnu/lib/libunwind-4723ef81d6079867.rlib" "/opt/rustwide/rustup-home/toolchains/beta-2024-12-08-x86_64-unknown-linux-gnu/lib/rustlib/x86_64-unknown-linux-gnu/lib/libcfg_if-54442f8b422f5a54.rlib" "/opt/rustwide/rustup-home/toolchains/beta-2024-12-08-x86_64-unknown-linux-gnu/lib/rustlib/x86_64-unknown-linux-gnu/lib/liblibc-e0bbe034b5282553.rlib" "/opt/rustwide/rustup-home/toolchains/beta-2024-12-08-x86_64-unknown-linux-gnu/lib/rustlib/x86_64-unknown-linux-gnu/lib/liballoc-d0febb68c1c37b90.rlib" "/opt/rustwide/rustup-home/toolchains/beta-2024-12-08-x86_64-unknown-linux-gnu/lib/rustlib/x86_64-unknown-linux-gnu/lib/librustc_std_workspace_core-4cf833632aafa84c.rlib" "/opt/rustwide/rustup-home/toolchains/beta-2024-12-08-x86_64-unknown-linux-gnu/lib/rustlib/x86_64-unknown-linux-gnu/lib/libcore-65c2c6d2d6ae570b.rlib" "/opt/rustwide/rustup-home/toolchains/beta-2024-12-08-x86_64-unknown-linux-gnu/lib/rustlib/x86_64-unknown-linux-gnu/lib/libcompiler_builtins-97929cee0dcfe424.rlib" "-Wl,-Bdynamic" "-lgcc_s" "-lutil" "-lrt" "-lpthread" "-lm" "-ldl" "-lc" "-Wl,--eh-frame-hdr" "-Wl,-z,noexecstack" "-L" "/opt/rustwide/rustup-home/toolchains/beta-2024-12-08-x86_64-unknown-linux-gnu/lib/rustlib/x86_64-unknown-linux-gnu/lib" "-o" "/tmp/rustdoctestqclQ8h/rust_out" "-Wl,--gc-sections" "-pie" "-Wl,-z,relro,-z,now" "-nodefaultlibs"
[INFO] [stdout]   = note: collect2: fatal error: ld terminated with signal 9 [Killed]
[INFO] [stdout]           compilation terminated.
[INFO] [stdout]           
[INFO] [stdout] 
[INFO] [stdout] error: aborting due to 1 previous error
[INFO] [stdout] 
[INFO] [stdout] Couldn't compile the test.
[INFO] [stdout] 
[INFO] [stdout] failures:
[INFO] [stdout]     src/cursive_root.rs - cursive_root::Cursive::add_global_callback (line 630)
[INFO] [stdout]     src/cursive_root.rs - cursive_root::Cursive::call_on (line 500)
[INFO] [stdout]     src/cursive_root.rs - cursive_root::Cursive::find_name (line 568)
[INFO] [stdout]     src/cursive_root.rs - cursive_root::Cursive::toggle_debug_console (line 263)
[INFO] [stdout]     src/logger.rs - logger::CursiveLogger (line 17)
[INFO] [stdout]     src/style/color_style.rs - style::color_style::ColorStyle::front (line 54)
[INFO] [stdout]     src/vec.rs - vec::XY<T>::from (line 406)
[INFO] [stdout]     src/view/nameable.rs - view::nameable::Nameable::with_name (line 16)
[INFO] [stdout]     src/views/dialog.rs - views::dialog::Dialog::content (line 151)
[INFO] [stdout]     src/views/dialog.rs - views::dialog::Dialog::dismiss_button (line 339)
[INFO] [stdout]     src/views/dialog.rs - views::dialog::Dialog::padding (line 399)
[INFO] [stdout]     src/views/dialog.rs - views::dialog::Dialog::text (line 217)
[INFO] [stdout]     src/views/dialog.rs - views::dialog::Dialog::title (line 357)
[INFO] [stdout]     src/views/edit_view.rs - views::edit_view::EditView (line 33)
[INFO] [stdout]     src/views/on_event_view.rs - views::on_event_view::OnEventView<T>::on_event (line 95)
[INFO] [stdout]     src/views/select_view.rs - views::select_view::SelectView (line 28)
[INFO] [stdout]     src/xy.rs - xy::XY<T>::map (line 84)
[INFO] [stdout] 
[INFO] [stdout] test result: FAILED. 126 passed; 17 failed; 1 ignored; 0 measured; 0 filtered out; finished in 31.71s
[INFO] [stdout] 
[INFO] [stderr] error: doctest failed, to rerun pass `--doc`
[INFO] running `Command { std: "docker" "inspect" "4a86970faf6852019ffd45ac80e7e52750155e7a009e6705d1171939a161a3ce", kill_on_drop: false }`
[INFO] running `Command { std: "docker" "rm" "-f" "4a86970faf6852019ffd45ac80e7e52750155e7a009e6705d1171939a161a3ce", kill_on_drop: false }`
[INFO] [stdout] 4a86970faf6852019ffd45ac80e7e52750155e7a009e6705d1171939a161a3ce
